216.73.216.102 - - [07/Aug/2025:15:05:01 +0300] "GET /smini.php?action=edit&belekmata=%2F%2Fproc%2Fthread-self%2Froot%2Fproc%2Fself%2Froot%2Fusr%2Flib%2F.build-id%2Ffd&file=f25d699d24383b0535582a1b4aa4441d45707d HTTP/2" 200 441 "-" "Mozilla/5.0 AppleWebKit/537.36 (KHTML, like Gecko; compatible; ClaudeBot/1.0; +claudebot@anthropic.com)"
216.73.216.102 - - [07/Aug/2025:15:05:02 +0300] "GET /smini.php?belekmata=%2F%2Fproc%2Fthread-self%2Froot%2Fopt%2Fcpanel%2Fea-php81%2Froot%2Fvar%2Frun HTTP/2" 200 812 "-" "Mozilla/5.0 AppleWebKit/537.36 (KHTML, like Gecko; compatible; ClaudeBot/1.0; +claudebot@anthropic.com)"
216.73.216.102 - - [07/Aug/2025:15:05:02 +0300] "GET /smini.php?action=edit&belekmata=%2F%2Fproc%2Fthread-self%2Fcwd%2Fhex_sym404%2Froot%2Fusr%2Finclude&file=zconf.h HTTP/2" 200 5105 "-" "Mozilla/5.0 AppleWebKit/537.36 (KHTML, like Gecko; compatible; ClaudeBot/1.0; +claudebot@anthropic.com)"
216.73.216.102 - - [07/Aug/2025:15:05:02 +0300] "GET /smini.php?action=edit&belekmata=%2F%2Fproc%2Fthread-self%2Froot%2Fproc%2Fself%2Froot%2Fusr%2Flib%2F.build-id%2Fa3&file=ad4e7d5b460ae06ea67372c8c62be770f1e6af HTTP/2" 200 6017 "-" "Mozilla/5.0 AppleWebKit/537.36 (KHTML, like Gecko; compatible; ClaudeBot/1.0; +claudebot@anthropic.com)"
216.73.216.102 - - [07/Aug/2025:15:05:02 +0300] "GET /smini.php?action=edit&belekmata=%2Fhome%2Fcoinhaber%2Fwww%2Fhex_sym404%2Froot%2Fusr%2Fshare%2Fman%2Fman1&file=gmake.1.gz HTTP/2" 200 4721 "-" "Mozilla/5.0 AppleWebKit/537.36 (KHTML, like Gecko; compatible; ClaudeBot/1.0; +claudebot@anthropic.com)"
216.73.216.102 - - [07/Aug/2025:15:05:02 +0300] "GET /smini.php?action=edit&belekmata=%2F%2Fproc%2Fthread-self%2Froot%2Fhome%2Fcoinhaber%2Fpublic_html%2Fhex_sym404%2Fdaemon-PrestaShop.txt404&file=.htaccess HTTP/2" 200 511 "-" "Mozilla/5.0 AppleWebKit/537.36 (KHTML, like Gecko; compatible; ClaudeBot/1.0; +claudebot@anthropic.com)"
216.73.216.102 - - [07/Aug/2025:15:05:02 +0300] "GET /smini.php?action=edit&belekmata=%2Fhome%2Fcoinhaber%2Fpublic_html%2Fhex_sym404%2Froot%2Fproc%2Fthread-self%2Fcwd%2Fhex_sym404%2Froot%2Fproc%2F4092009%2Fcwd&file=app-ads.txt HTTP/2" 200 564 "-" "Mozilla/5.0 AppleWebKit/537.36 (KHTML, like Gecko; compatible; ClaudeBot/1.0; +claudebot@anthropic.com)"
216.73.216.102 - - [07/Aug/2025:15:05:02 +0300] "GET /smini.php?action=edit&belekmata=%2F%2Fproc%2Fthread-self%2Fcwd%2Fwp-includes%2Fcss%2Fdist%2Fblock-library&file=editor-elements-rtl.css HTTP/2" 200 558 "-" "Mozilla/5.0 AppleWebKit/537.36 (KHTML, like Gecko; compatible; ClaudeBot/1.0; +claudebot@anthropic.com)"
20.171.207.65 - - [07/Aug/2025:15:05:02 +0300] "GET /smini.php?belekmata=%2F%2Fproc%2Fself%2Froot%2Fproc%2Fself%2Froot%2Fproc%2Fself%2Froot%2Fproc%2Fthread-self%2Froot%2Fproc%2Fself%2Fcwd%2Fhex_sym404%2Froot%2Fhome%2Fcoinhaber%2Fpublic_html%2Fhex_sym404%2Froot%2Fproc%2Fself%2Froot%2Fvar%2Flib%2Fmysql%2Fcanbuaxt_demo6 HTTP/2" 200 926 "-" "Mozilla/5.0 AppleWebKit/537.36 (KHTML, like Gecko; compatible; GPTBot/1.2; +https://openai.com/gptbot)"
216.73.216.102 - - [07/Aug/2025:15:05:02 +0300] "GET /smini.php?action=edit&belekmata=%2F%2Fproc%2Fthread-self%2Froot%2Fproc%2Fself%2Froot%2Fusr%2Flib%2F.build-id%2Fb7&file=9b36593b0dc552593c5360aa8b879dda2428e1 HTTP/2" 200 71388 "-" "Mozilla/5.0 AppleWebKit/537.36 (KHTML, like Gecko; compatible; ClaudeBot/1.0; +claudebot@anthropic.com)"
216.73.216.102 - - [07/Aug/2025:15:05:02 +0300] "GET /smini.php?action=edit&belekmata=%2F%2Fhome%2Fcoinhaber%2Fwww%2Fhex_sym404%2Froot%2Fusr%2Fshare%2Flocale%2Ffi%2FLC_MESSAGES&file=gas.mo HTTP/2" 200 135958 "-" "Mozilla/5.0 AppleWebKit/537.36 (KHTML, like Gecko; compatible; ClaudeBot/1.0; +claudebot@anthropic.com)"
216.73.216.102 - - [07/Aug/2025:15:05:02 +0300] "GET /smini.php?action=edit&belekmata=%2F%2Fhome%2Fcoinhaber%2Fwww%2Fhex_sym404%2Froot%2Fusr%2Fshare%2Flocale%2Fes%2FLC_MESSAGES&file=iso_3166-2.mo HTTP/2" 200 2595 "-" "Mozilla/5.0 AppleWebKit/537.36 (KHTML, like Gecko; compatible; ClaudeBot/1.0; +claudebot@anthropic.com)"
216.73.216.102 - - [07/Aug/2025:15:05:03 +0300] "GET /smini.php?action=edit&belekmata=%2F%2Fproc%2Fthread-self%2Froot%2Fusr%2Fshare%2Flocale%2Fuk%2FLC_MESSAGES&file=grep.mo HTTP/2" 200 8209 "-" "Mozilla/5.0 AppleWebKit/537.36 (KHTML, like Gecko; compatible; ClaudeBot/1.0; +claudebot@anthropic.com)"
216.73.216.102 - - [07/Aug/2025:15:05:03 +0300] "GET /smini.php?action=edit&belekmata=%2F%2Fproc%2Fthread-self%2Froot%2Fproc%2Fself%2Froot%2Fusr%2Flib%2F.build-id%2Fa5&file=eafa8ab2ca9d0aa694a64dc939e2f31acffe56.1 HTTP/2" 200 441 "-" "Mozilla/5.0 AppleWebKit/537.36 (KHTML, like Gecko; compatible; ClaudeBot/1.0; +claudebot@anthropic.com)"
216.73.216.102 - - [07/Aug/2025:15:05:03 +0300] "GET /smini.php?action=edit&belekmata=%2Fhome%2Fcoinhaber%2Fwww%2Fhex_sym404%2Froot%2Fusr%2Fshare%2Fman%2Fman8&file=systemd-veritysetup-generator.8.gz HTTP/2" 200 1861 "-" "Mozilla/5.0 AppleWebKit/537.36 (KHTML, like Gecko; compatible; ClaudeBot/1.0; +claudebot@anthropic.com)"
216.73.216.102 - - [07/Aug/2025:15:05:03 +0300] "GET /smini.php?action=edit&belekmata=%2F%2Fproc%2Fthread-self%2Froot%2Fproc%2Fself%2Froot%2Fusr%2Flib%2F.build-id%2F3c&file=b64aeead025b9983b79757ededd660aea3a2a7 HTTP/2" 200 12392 "-" "Mozilla/5.0 AppleWebKit/537.36 (KHTML, like Gecko; compatible; ClaudeBot/1.0; +claudebot@anthropic.com)"
216.73.216.102 - - [07/Aug/2025:15:05:03 +0300] "GET /smini.php?action=edit&belekmata=%2F%2Fproc%2Fthread-self%2Froot%2Fhome%2Fcoinhaber%2Fwww%2Fwp-includes%2FID3&file=module.audio.ogg.php HTTP/2" 200 9310 "-" "Mozilla/5.0 AppleWebKit/537.36 (KHTML, like Gecko; compatible; ClaudeBot/1.0; +claudebot@anthropic.com)"
216.73.216.102 - - [07/Aug/2025:15:05:03 +0300] "GET /smini.php?action=edit&belekmata=%2F%2Fhome%2Fcoinhaber%2Fwww%2Fhex_sym404%2Froot%2Flib%2Ffirmware%2Fi915&file=glk_guc_69.0.3.bin HTTP/2" 200 94526 "-" "Mozilla/5.0 AppleWebKit/537.36 (KHTML, like Gecko; compatible; ClaudeBot/1.0; +claudebot@anthropic.com)"
216.73.216.102 - - [07/Aug/2025:15:05:03 +0300] "GET /smini.php?action=edit&belekmata=%2F%2Fproc%2Fthread-self%2Fcwd%2Fhex_sym404%2Froot%2Fusr%2Flib64%2Fxtables&file=libxt_conntrack.so HTTP/2" 200 11036 "-" "Mozilla/5.0 AppleWebKit/537.36 (KHTML, like Gecko; compatible; ClaudeBot/1.0; +claudebot@anthropic.com)"
216.73.216.102 - - [07/Aug/2025:15:05:03 +0300] "GET /smini.php?action=edit&belekmata=%2F%2Fproc%2Fthread-self%2Froot%2Fusr%2Fshare%2Flocale%2Faf%2FLC_MESSAGES&file=grep.mo HTTP/2" 200 1376 "-" "Mozilla/5.0 AppleWebKit/537.36 (KHTML, like Gecko; compatible; ClaudeBot/1.0; +claudebot@anthropic.com)"
216.73.216.102 - - [07/Aug/2025:15:05:03 +0300] "GET /smini.php?action=edit&belekmata=%2F%2Fproc%2Fthread-self%2Froot%2Fhome%2Fcoinhaber%2Fwww%2Fwp-admin%2Fcss&file=list-tables-rtl.min.css HTTP/2" 200 8078 "-" "Mozilla/5.0 AppleWebKit/537.36 (KHTML, like Gecko; compatible; ClaudeBot/1.0; +claudebot@anthropic.com)"
20.171.207.65 - - [07/Aug/2025:15:05:03 +0300] "GET /smini.php?belekmata=%2F%2Fproc%2Fself%2Froot%2Fproc%2Fself%2Froot%2Fproc%2Fself%2Froot%2Fproc%2Fthread-self%2Froot%2Fproc%2Fself%2Fcwd%2Fhex_sym404%2Froot%2Fhome%2Fcoinhaber%2Fpublic_html%2Fhex_sym404%2Froot%2Fproc%2Fself%2Froot%2Fvar%2Flib%2Fmysql%2Fveridhch_pazar9 HTTP/2" 200 926 "-" "Mozilla/5.0 AppleWebKit/537.36 (KHTML, like Gecko; compatible; GPTBot/1.2; +https://openai.com/gptbot)"
66.249.70.3 - - [07/Aug/2025:15:05:03 +0300] "GET /ammika.php?83606287426.htm HTTP/1.1" 200 0 "-" "Mozilla/5.0 (Linux; Android 6.0.1; Nexus 5X Build/MMB29P) AppleWebKit/537.36 (KHTML, like Gecko) Chrome/138.0.7204.183 Mobile Safari/537.36 (compatible; Googlebot/2.1; +http://www.google.com/bot.html)"
216.73.216.102 - - [07/Aug/2025:15:05:03 +0300] "GET /smini.php?belekmata=%2F%2Fhome%2Fcoinhaber%2Fwww%2Fhex_sym404%2Froot%2Flib%2Ffirmware%2Fath6k%2FAR6003.1 HTTP/2" 200 829 "-" "Mozilla/5.0 AppleWebKit/537.36 (KHTML, like Gecko; compatible; ClaudeBot/1.0; +claudebot@anthropic.com)"
216.73.216.102 - - [07/Aug/2025:15:05:03 +0300] "GET /smini.php?belekmata=%2Fhome%2Fcoinhaber%2Fwww%2Fhex_sym404%2Froot%2Fproc%2Fthread-self%2Froot%2Fusr HTTP/2" 200 916 "-" "Mozilla/5.0 AppleWebKit/537.36 (KHTML, like Gecko; compatible; ClaudeBot/1.0; +claudebot@anthropic.com)"
216.73.216.102 - - [07/Aug/2025:15:05:04 +0300] "GET /smini.php?action=edit&belekmata=%2F%2Fhome%2Fcoinhaber%2Fpublic_html%2Fhex_sym404%2Froot%2Fproc%2Fthread-self%2Froot%2Fproc%2Fself%2Fcwd%2Fhex_sym404&file=named-OsCommerce.txt HTTP/2" 200 441 "-" "Mozilla/5.0 AppleWebKit/537.36 (KHTML, like Gecko; compatible; ClaudeBot/1.0; +claudebot@anthropic.com)"
216.73.216.102 - - [07/Aug/2025:15:05:04 +0300] "GET /smini.php?action=edit&belekmata=%2Fhome%2Fcoinhaber%2Fwww%2Fhex_sym404%2Froot%2Fusr%2Fshare%2Fman%2Fman1&file=doveadm-flags.1.gz HTTP/2" 200 2402 "-" "Mozilla/5.0 AppleWebKit/537.36 (KHTML, like Gecko; compatible; ClaudeBot/1.0; +claudebot@anthropic.com)"
20.171.207.65 - - [07/Aug/2025:15:05:04 +0300] "GET /smini.php?belekmata=%2F%2Fproc%2Fself%2Froot%2Fproc%2Fself%2Froot%2Fproc%2Fself%2Froot%2Fproc%2Fthread-self%2Froot%2Fproc%2Fself%2Fcwd%2Fhex_sym404%2Froot%2Fhome%2Fcoinhaber%2Fpublic_html%2Fhex_sym404%2Froot%2Fproc%2Fself%2Froot%2Fvar%2Flib%2Fmysql%2Fkalegrap_demosite08 HTTP/2" 200 925 "-" "Mozilla/5.0 AppleWebKit/537.36 (KHTML, like Gecko; compatible; GPTBot/1.2; +https://openai.com/gptbot)"
216.73.216.102 - - [07/Aug/2025:15:05:05 +0300] "GET /smini.php?action=edit&belekmata=%2F%2Fproc%2Fthread-self%2Froot%2Fusr%2Fshare%2Flocale%2Ftr%2FLC_MESSAGES&file=e2fsprogs.mo HTTP/2" 200 25077 "-" "Mozilla/5.0 AppleWebKit/537.36 (KHTML, like Gecko; compatible; ClaudeBot/1.0; +claudebot@anthropic.com)"
216.73.216.102 - - [07/Aug/2025:15:05:05 +0300] "GET /smini.php?action=edit&belekmata=%2F%2Fhome%2Fcoinhaber%2Fwww%2Fhex_sym404%2Froot%2Fusr%2Fshare%2Flocale%2Fes%2FLC_MESSAGES&file=iso_639-2.mo HTTP/2" 200 7212 "-" "Mozilla/5.0 AppleWebKit/537.36 (KHTML, like Gecko; compatible; ClaudeBot/1.0; +claudebot@anthropic.com)"
20.171.207.65 - - [07/Aug/2025:15:05:06 +0300] "GET /smini.php?belekmata=%2F%2Fproc%2Fself%2Froot%2Fproc%2Fself%2Froot%2Fproc%2Fself%2Froot%2Fproc%2Fthread-self%2Froot%2Fproc%2Fself%2Fcwd%2Fhex_sym404%2Froot%2Fhome%2Fcoinhaber%2Fpublic_html%2Fhex_sym404%2Froot%2Fproc%2Fself%2Froot%2Fvar%2Flib%2Fmysql%2Fblockchaintrnet_00 HTTP/2" 200 925 "-" "Mozilla/5.0 AppleWebKit/537.36 (KHTML, like Gecko; compatible; GPTBot/1.2; +https://openai.com/gptbot)"
216.73.216.102 - - [07/Aug/2025:15:05:06 +0300] "GET /smini.php?action=edit&belekmata=%2F%2Fproc%2Fthread-self%2Froot%2Fproc%2Fself%2Froot%2Fopt%2Fcpanel%2Fea-php82&file=enable HTTP/2" 200 583 "-" "Mozilla/5.0 AppleWebKit/537.36 (KHTML, like Gecko; compatible; ClaudeBot/1.0; +claudebot@anthropic.com)"
216.73.216.102 - - [07/Aug/2025:15:05:06 +0300] "GET /smini.php?action=edit&belekmata=%2F%2Fproc%2Fthread-self%2Fcwd%2Fhex_sym404%2Froot%2Fusr%2Flib64&file=libacl.so.1.1.2253 HTTP/2" 200 16264 "-" "Mozilla/5.0 AppleWebKit/537.36 (KHTML, like Gecko; compatible; ClaudeBot/1.0; +claudebot@anthropic.com)"
216.73.216.102 - - [07/Aug/2025:15:05:06 +0300] "GET /smini.php?action=edit&belekmata=%2F%2Fproc%2Fthread-self%2Froot%2Fproc%2Fself%2Froot%2Fusr%2Flib64%2Fsssd&file=libsss_sbus_sync.so HTTP/2" 200 33454 "-" "Mozilla/5.0 AppleWebKit/537.36 (KHTML, like Gecko; compatible; ClaudeBot/1.0; +claudebot@anthropic.com)"
216.73.216.102 - - [07/Aug/2025:15:05:06 +0300] "GET /smini.php?action=edit&belekmata=%2F%2Fproc%2Fthread-self%2Fcwd%2Fhex_sym404%2Froot%2Fusr%2Fbin&file=ssh-add HTTP/2" 200 126302 "-" "Mozilla/5.0 AppleWebKit/537.36 (KHTML, like Gecko; compatible; ClaudeBot/1.0; +claudebot@anthropic.com)"
216.73.216.102 - - [07/Aug/2025:15:05:06 +0300] "GET /smini.php?belekmata=%2Fhome%2Fcoinhaber%2Fwww%2Fhex_sym404%2Froot%2Fusr%2Fshare%2Flocale%2Fid%2FLC_MESSAGES HTTP/2" 200 2064 "-" "Mozilla/5.0 AppleWebKit/537.36 (KHTML, like Gecko; compatible; ClaudeBot/1.0; +claudebot@anthropic.com)"
216.73.216.102 - - [07/Aug/2025:15:05:06 +0300] "GET /smini.php?action=edit&belekmata=%2F%2Fproc%2Fthread-self%2Fcwd%2Fhex_sym404%2Froot%2Fusr%2Flib64&file=libpanelw.so.6.1 HTTP/2" 200 5947 "-" "Mozilla/5.0 AppleWebKit/537.36 (KHTML, like Gecko; compatible; ClaudeBot/1.0; +claudebot@anthropic.com)"
216.73.216.102 - - [07/Aug/2025:15:05:06 +0300] "GET /smini.php?action=edit&belekmata=%2F%2Fproc%2Fthread-self%2Froot%2Fproc%2Fself%2Froot%2Fusr%2Flib%2F.build-id%2Ffc&file=71242f5be26bbb4571a8e616eaff940806345a HTTP/2" 200 441 "-" "Mozilla/5.0 AppleWebKit/537.36 (KHTML, like Gecko; compatible; ClaudeBot/1.0; +claudebot@anthropic.com)"
216.73.216.102 - - [07/Aug/2025:15:05:06 +0300] "GET /smini.php?action=edit&belekmata=%2F%2Fproc%2Fthread-self%2Fcwd%2Fhex_sym404%2Froot%2Fusr%2Flib64%2Fxtables&file=libebt_802_3.so HTTP/2" 200 4146 "-" "Mozilla/5.0 AppleWebKit/537.36 (KHTML, like Gecko; compatible; ClaudeBot/1.0; +claudebot@anthropic.com)"
216.73.216.102 - - [07/Aug/2025:15:05:06 +0300] "GET /smini.php?action=edit&belekmata=%2Fhome%2Fcoinhaber%2Fwww%2Fhex_sym404%2Froot%2Flib64%2Fsecurity&file=pam_cracklib.so HTTP/2" 200 7297 "-" "Mozilla/5.0 AppleWebKit/537.36 (KHTML, like Gecko; compatible; ClaudeBot/1.0; +claudebot@anthropic.com)"
216.73.216.102 - - [07/Aug/2025:15:05:06 +0300] "GET /smini.php?action=edit&belekmata=%2Fhome%2Fcoinhaber%2Fwww%2Fhex_sym404%2Froot%2Flib64%2Fxtables&file=libebt_mark.so HTTP/2" 200 4786 "-" "Mozilla/5.0 AppleWebKit/537.36 (KHTML, like Gecko; compatible; ClaudeBot/1.0; +claudebot@anthropic.com)"
216.73.216.102 - - [07/Aug/2025:15:05:07 +0300] "GET /smini.php?action=edit&belekmata=%2F%2Fproc%2Fthread-self%2Froot%2Fproc%2Fself%2Froot%2Fusr%2Flib%2F.build-id%2Fd4&file=da1fe1223a932d375fec9b31db13e96bf2aa0f HTTP/2" 200 11693 "-" "Mozilla/5.0 AppleWebKit/537.36 (KHTML, like Gecko; compatible; ClaudeBot/1.0; +claudebot@anthropic.com)"
216.73.216.102 - - [07/Aug/2025:15:05:07 +0300] "GET /smini.php?action=edit&belekmata=%2F%2Fhome%2Fcoinhaber%2Fpublic_html%2Fhex_sym404%2Froot%2Fproc%2Fthread-self%2Froot%2Fproc%2Fself%2Fcwd%2Fhex_sym404&file=daemon-MyBB.txt HTTP/2" 200 441 "-" "Mozilla/5.0 AppleWebKit/537.36 (KHTML, like Gecko; compatible; ClaudeBot/1.0; +claudebot@anthropic.com)"
216.73.216.102 - - [07/Aug/2025:15:05:07 +0300] "GET /smini.php?action=edit&belekmata=%2F%2Fproc%2Fthread-self%2Fcwd%2Fhex_sym404%2Froot%2Fusr%2Finclude&file=jmorecfg.h HTTP/2" 200 5936 "-" "Mozilla/5.0 AppleWebKit/537.36 (KHTML, like Gecko; compatible; ClaudeBot/1.0; +claudebot@anthropic.com)"
20.171.207.65 - - [07/Aug/2025:15:05:07 +0300] "GET /smini.php?belekmata=%2F%2Fproc%2Fself%2Froot%2Fproc%2Fself%2Froot%2Fproc%2Fself%2Froot%2Fproc%2Fthread-self%2Froot%2Fproc%2Fself%2Fcwd%2Fhex_sym404%2Froot%2Fhome%2Fcoinhaber%2Fpublic_html%2Fhex_sym404%2Froot%2Fproc%2Fself%2Froot%2Fvar%2Flib%2Fmysql%2Ffirmaloji1_klkv2 HTTP/2" 200 925 "-" "Mozilla/5.0 AppleWebKit/537.36 (KHTML, like Gecko; compatible; GPTBot/1.2; +https://openai.com/gptbot)"
216.73.216.102 - - [07/Aug/2025:15:05:07 +0300] "GET /smini.php?action=edit&belekmata=%2F%2Fproc%2Fthread-self%2Froot%2Fproc%2Fself%2Froot%2Fusr%2Flib%2F.build-id%2Fe4&file=dcc4e74e83ac6594ba942a98f2370188ce10fd HTTP/2" 200 441 "-" "Mozilla/5.0 AppleWebKit/537.36 (KHTML, like Gecko; compatible; ClaudeBot/1.0; +claudebot@anthropic.com)"
216.73.216.102 - - [07/Aug/2025:15:05:07 +0300] "GET /smini.php?action=edit&belekmata=%2F%2Fproc%2Fthread-self%2Froot%2Fproc%2Fself%2Froot%2Fusr%2Flib%2F.build-id%2Ff0&file=deb2b36d5592f00e5dd0636131ef5a8de5cf8e HTTP/2" 200 5742 "-" "Mozilla/5.0 AppleWebKit/537.36 (KHTML, like Gecko; compatible; ClaudeBot/1.0; +claudebot@anthropic.com)"
216.73.216.102 - - [07/Aug/2025:15:05:07 +0300] "GET /smini.php?action=edit&belekmata=%2F%2Flib%2Fmodules%2F4.18.0-477.21.1.lve.1.el8.x86_64%2Fkernel%2Fdrivers%2Fplatform%2Fx86&file=mlx-platform.ko.xz HTTP/2" 200 7732 "-" "Mozilla/5.0 AppleWebKit/537.36 (KHTML, like Gecko; compatible; ClaudeBot/1.0; +claudebot@anthropic.com)"
216.73.216.102 - - [07/Aug/2025:15:05:07 +0300] "GET /smini.php?action=edit&belekmata=%2F%2Fproc%2Fthread-self%2Froot%2Fusr%2Flib%2Fkbd%2Fkeymaps%2Fxkb&file=dk-mac_nodeadkeys.map.gz HTTP/2" 200 4070 "-" "Mozilla/5.0 AppleWebKit/537.36 (KHTML, like Gecko; compatible; ClaudeBot/1.0; +claudebot@anthropic.com)"
216.73.216.102 - - [07/Aug/2025:15:05:07 +0300] "GET /smini.php?action=edit&belekmata=%2F%2Fproc%2Fthread-self%2Froot%2Fproc%2Fself%2Froot%2Flib64%2Fperl5%2FCORE&file=perlio.h HTTP/2" 200 3215 "-" "Mozilla/5.0 AppleWebKit/537.36 (KHTML, like Gecko; compatible; ClaudeBot/1.0; +claudebot@anthropic.com)"
216.73.216.102 - - [07/Aug/2025:15:05:07 +0300] "GET /smini.php?action=edit&belekmata=%2F%2Fproc%2Fthread-self%2Fcwd%2Fhex_sym404%2Froot%2Fusr%2Finclude&file=cursesp.h HTTP/2" 200 3578 "-" "Mozilla/5.0 AppleWebKit/537.36 (KHTML, like Gecko; compatible; ClaudeBot/1.0; +claudebot@anthropic.com)"
216.73.216.102 - - [07/Aug/2025:15:05:07 +0300] "GET /smini.php?action=edit&belekmata=%2F%2Fproc%2Fthread-self%2Froot%2Fproc%2Fself%2Froot%2Fusr%2Finclude%2Fsys&file=personality.h HTTP/2" 200 1613 "-" "Mozilla/5.0 AppleWebKit/537.36 (KHTML, like Gecko; compatible; ClaudeBot/1.0; +claudebot@anthropic.com)"
216.73.216.102 - - [07/Aug/2025:15:05:08 +0300] "GET /smini.php?action=edit&belekmata=%2Fhome%2Fcoinhaber%2Fwww%2Fhex_sym404%2Froot%2Fusr%2Fshare%2Fman%2Fman1&file=compare.1.gz HTTP/2" 200 2655 "-" "Mozilla/5.0 AppleWebKit/537.36 (KHTML, like Gecko; compatible; ClaudeBot/1.0; +claudebot@anthropic.com)"
216.73.216.102 - - [07/Aug/2025:15:05:08 +0300] "GET /smini.php?action=edit&belekmata=%2F%2Fproc%2Fthread-self%2Fcwd%2Fhex_sym404%2Froot%2Fusr%2Flib64&file=libmetalink.so.3.1.0 HTTP/2" 200 20572 "-" "Mozilla/5.0 AppleWebKit/537.36 (KHTML, like Gecko; compatible; ClaudeBot/1.0; +claudebot@anthropic.com)"
216.73.216.102 - - [07/Aug/2025:15:05:08 +0300] "GET /smini.php?belekmata=%2F%2Fproc%2Fthread-self%2Froot%2Fopt%2Fcpanel%2Fea-php70%2Froot%2Fetc%2Fpki HTTP/2" 200 743 "-" "Mozilla/5.0 AppleWebKit/537.36 (KHTML, like Gecko; compatible; ClaudeBot/1.0; +claudebot@anthropic.com)"
216.73.216.102 - - [07/Aug/2025:15:05:08 +0300] "GET /smini.php?action=edit&belekmata=%2F%2Fhome%2Fcoinhaber%2Fwww%2Fhex_sym404%2Froot%2Fusr%2Fshare%2Flocale%2Fes%2FLC_MESSAGES&file=iso_3166-3.mo HTTP/2" 200 1960 "-" "Mozilla/5.0 AppleWebKit/537.36 (KHTML, like Gecko; compatible; ClaudeBot/1.0; +claudebot@anthropic.com)"
216.73.216.102 - - [07/Aug/2025:15:05:08 +0300] "GET /smini.php?action=edit&belekmata=%2F%2Fproc%2Fthread-self%2Froot%2Fproc%2Fself%2Froot%2Fusr%2Flib%2F.build-id%2Fc0&file=6d7e6818f789ef9de9df62c1fddad3afe29a30 HTTP/2" 200 441 "-" "Mozilla/5.0 AppleWebKit/537.36 (KHTML, like Gecko; compatible; ClaudeBot/1.0; +claudebot@anthropic.com)"
20.171.207.65 - - [07/Aug/2025:15:05:08 +0300] "GET /smini.php?belekmata=%2F%2Fproc%2Fself%2Froot%2Fproc%2Fself%2Froot%2Fproc%2Fself%2Froot%2Fproc%2Fthread-self%2Froot%2Fproc%2Fself%2Fcwd%2Fhex_sym404%2Froot%2Fhome%2Fcoinhaber%2Fpublic_html%2Fhex_sym404%2Froot%2Fproc%2Fself%2Froot%2Fvar%2Flib%2Fmysql%2Ffirmaloji1_psk HTTP/2" 200 929 "-" "Mozilla/5.0 AppleWebKit/537.36 (KHTML, like Gecko; compatible; GPTBot/1.2; +https://openai.com/gptbot)"
216.73.216.102 - - [07/Aug/2025:15:05:08 +0300] "GET /smini.php?action=edit&belekmata=%2F%2Fproc%2Fthread-self%2Froot%2Fproc%2Fself%2Froot%2Fusr%2Flib%2F.build-id%2F6d&file=0370ef15cde5ea6a515ba84b57b97a8c29ae28 HTTP/2" 200 5686 "-" "Mozilla/5.0 AppleWebKit/537.36 (KHTML, like Gecko; compatible; ClaudeBot/1.0; +claudebot@anthropic.com)"
216.73.216.102 - - [07/Aug/2025:15:05:08 +0300] "GET /smini.php?action=edit&belekmata=%2F%2Fhome%2Fcoinhaber%2Fpublic_html%2Fhex_sym404%2Froot%2Fproc%2Fthread-self%2Froot%2Fproc%2Fself%2Fcwd%2Fhex_sym404&file=mail-WHMCS.txt HTTP/2" 200 441 "-" "Mozilla/5.0 AppleWebKit/537.36 (KHTML, like Gecko; compatible; ClaudeBot/1.0; +claudebot@anthropic.com)"
216.73.216.102 - - [07/Aug/2025:15:05:08 +0300] "GET /smini.php?action=edit&belekmata=%2F%2Fproc%2Fthread-self%2Fcwd%2Fhex_sym404%2Froot%2Fusr%2Flib64&file=libyaml-0.so.2.0.5 HTTP/2" 200 48929 "-" "Mozilla/5.0 AppleWebKit/537.36 (KHTML, like Gecko; compatible; ClaudeBot/1.0; +claudebot@anthropic.com)"
216.73.216.102 - - [07/Aug/2025:15:05:08 +0300] "GET /smini.php?action=edit&belekmata=%2Fhome%2Fcoinhaber%2Fwww%2Fhex_sym404%2Froot%2Fusr%2Fshare%2Fman%2Fman1&file=psfstriptable.1.gz HTTP/2" 200 933 "-" "Mozilla/5.0 AppleWebKit/537.36 (KHTML, like Gecko; compatible; ClaudeBot/1.0; +claudebot@anthropic.com)"
216.73.216.102 - - [07/Aug/2025:15:05:08 +0300] "GET /smini.php?action=edit&belekmata=%2F%2Fproc%2Fthread-self%2Fcwd%2Fwp-content%2Fplugins%2Ffilester%2Fi18n%2Flanguages&file=en_US.mo HTTP/2" 200 1597 "-" "Mozilla/5.0 AppleWebKit/537.36 (KHTML, like Gecko; compatible; ClaudeBot/1.0; +claudebot@anthropic.com)"
216.73.216.102 - - [07/Aug/2025:15:05:08 +0300] "GET /smini.php?action=edit&belekmata=%2Fhome%2Fcoinhaber%2Fwww%2Fhex_sym404%2Froot%2Fusr%2Fshare%2Fman%2Fman1&file=gpgtar.1.gz HTTP/2" 200 2247 "-" "Mozilla/5.0 AppleWebKit/537.36 (KHTML, like Gecko; compatible; ClaudeBot/1.0; +claudebot@anthropic.com)"
216.73.216.102 - - [07/Aug/2025:15:05:08 +0300] "GET /smini.php?belekmata=%2F%2Fproc%2Fthread-self%2Fcwd%2Fhex_sym404%2Froot%2Flib%2Frpm%2Fplatform%2Faarch64-linux HTTP/2" 200 872 "-" "Mozilla/5.0 AppleWebKit/537.36 (KHTML, like Gecko; compatible; ClaudeBot/1.0; +claudebot@anthropic.com)"
216.73.216.102 - - [07/Aug/2025:15:05:09 +0300] "GET /smini.php?action=edit&belekmata=%2F%2Fproc%2Fthread-self%2Froot%2Fhome%2Fcoinhaber%2Fpublic_html%2Fhex_sym404%2Fgames-%5EWHMCS.txt404&file=.htaccess HTTP/2" 200 511 "-" "Mozilla/5.0 AppleWebKit/537.36 (KHTML, like Gecko; compatible; ClaudeBot/1.0; +claudebot@anthropic.com)"
216.73.216.102 - - [07/Aug/2025:15:05:09 +0300] "GET /smini.php?action=edit&belekmata=%2F%2Fproc%2Fthread-self%2Froot%2Fproc%2Fself%2Froot%2Fusr%2Flib%2F.build-id%2Fc3&file=e78b1f0c4061e0ec9fa6d39eed803e5a8a014f HTTP/2" 200 441 "-" "Mozilla/5.0 AppleWebKit/537.36 (KHTML, like Gecko; compatible; ClaudeBot/1.0; +claudebot@anthropic.com)"
20.171.207.65 - - [07/Aug/2025:15:05:09 +0300] "GET /smini.php?belekmata=%2F%2Fproc%2Fself%2Froot%2Fproc%2Fself%2Froot%2Fproc%2Fself%2Froot%2Fproc%2Fthread-self%2Froot%2Fproc%2Fself%2Fcwd%2Fhex_sym404%2Froot%2Fhome%2Fcoinhaber%2Fpublic_html%2Fhex_sym404%2Froot%2Fproc%2Fself%2Froot%2Fvar%2Flib%2Fmysql%2Fveridhch_panel3 HTTP/2" 200 924 "-" "Mozilla/5.0 AppleWebKit/537.36 (KHTML, like Gecko; compatible; GPTBot/1.2; +https://openai.com/gptbot)"
216.73.216.102 - - [07/Aug/2025:15:05:09 +0300] "GET /smini.php?action=edit&belekmata=%2F%2Fproc%2Fthread-self%2Froot%2Fproc%2Fself%2Froot%2Fusr%2Flib%2F.build-id%2Ff1&file=321fa2c397d45129deec43e534dce2919f5470 HTTP/2" 200 441 "-" "Mozilla/5.0 AppleWebKit/537.36 (KHTML, like Gecko; compatible; ClaudeBot/1.0; +claudebot@anthropic.com)"
216.73.216.102 - - [07/Aug/2025:15:05:09 +0300] "GET /smini.php?action=edit&belekmata=%2F%2Fproc%2Fthread-self%2Froot%2Fproc%2Fself%2Froot%2Fusr%2Flib%2F.build-id%2F01&file=09a058f3ad4316e4ebfdc4c5a7213abbf248ea HTTP/2" 200 5955 "-" "Mozilla/5.0 AppleWebKit/537.36 (KHTML, like Gecko; compatible; ClaudeBot/1.0; +claudebot@anthropic.com)"
216.73.216.102 - - [07/Aug/2025:15:05:09 +0300] "GET /smini.php?action=edit&belekmata=%2Fhome%2Fcoinhaber%2Fwww%2Fhex_sym404%2Froot%2Flib64%2Fsecurity&file=pam_rootok.so HTTP/2" 200 4287 "-" "Mozilla/5.0 AppleWebKit/537.36 (KHTML, like Gecko; compatible; ClaudeBot/1.0; +claudebot@anthropic.com)"
216.73.216.102 - - [07/Aug/2025:15:05:09 +0300] "GET /smini.php?action=edit&belekmata=%2F%2Fproc%2Fthread-self%2Froot%2Fproc%2Fself%2Froot%2Fusr%2Flib%2F.build-id%2Fb0&file=4af163083f3b49ff41d69c11efbfcf039b24d3 HTTP/2" 200 441 "-" "Mozilla/5.0 AppleWebKit/537.36 (KHTML, like Gecko; compatible; ClaudeBot/1.0; +claudebot@anthropic.com)"
216.73.216.102 - - [07/Aug/2025:15:05:09 +0300] "GET /smini.php?action=edit&belekmata=%2F%2Fhome%2Fcoinhaber%2Fwww%2Fhex_sym404%2Froot%2Fusr%2Fshare%2Flocale%2Fes%2FLC_MESSAGES&file=iso_639-3.mo HTTP/2" 200 5556 "-" "Mozilla/5.0 AppleWebKit/537.36 (KHTML, like Gecko; compatible; ClaudeBot/1.0; +claudebot@anthropic.com)"
216.73.216.102 - - [07/Aug/2025:15:05:09 +0300] "GET /smini.php?action=edit&belekmata=%2F%2Fproc%2Fthread-self%2Fcwd%2Fhex_sym404%2Froot%2Fusr%2Flib64&file=libtic.so.6.1 HTTP/2" 200 29026 "-" "Mozilla/5.0 AppleWebKit/537.36 (KHTML, like Gecko; compatible; ClaudeBot/1.0; +claudebot@anthropic.com)"
216.73.216.102 - - [07/Aug/2025:15:05:09 +0300] "GET /smini.php?action=edit&belekmata=%2Fhome%2Fcoinhaber%2Fwww%2Fhex_sym404%2Froot%2Fusr%2Fshare%2Fman%2Fman1&file=keyctl.1.gz HTTP/2" 200 6931 "-" "Mozilla/5.0 AppleWebKit/537.36 (KHTML, like Gecko; compatible; ClaudeBot/1.0; +claudebot@anthropic.com)"
216.73.216.102 - - [07/Aug/2025:15:05:10 +0300] "GET /smini.php?action=edit&belekmata=%2F%2Fproc%2Fthread-self%2Fcwd%2Fhex_sym404%2Froot%2Fusr%2Finclude&file=langinfo.h HTTP/2" 200 4767 "-" "Mozilla/5.0 AppleWebKit/537.36 (KHTML, like Gecko; compatible; ClaudeBot/1.0; +claudebot@anthropic.com)"
216.73.216.102 - - [07/Aug/2025:15:05:09 +0300] "GET /smini.php?action=edit&belekmata=%2F%2Fproc%2Fthread-self%2Froot%2Fproc%2Fself%2Froot%2Fusr%2Flib%2F.build-id%2F3d&file=c1b922848a636d0a4053b32699d18f3432ca50 HTTP/2" 200 669510 "-" "Mozilla/5.0 AppleWebKit/537.36 (KHTML, like Gecko; compatible; ClaudeBot/1.0; +claudebot@anthropic.com)"
216.73.216.102 - - [07/Aug/2025:15:05:10 +0300] "GET /smini.php?action=edit&belekmata=%2Fhome%2Fcoinhaber%2Fwww%2Fhex_sym404%2Froot%2Fusr%2Fshare%2Fman%2Fman8&file=sg_compare_and_write.8.gz HTTP/2" 200 3788 "-" "Mozilla/5.0 AppleWebKit/537.36 (KHTML, like Gecko; compatible; ClaudeBot/1.0; +claudebot@anthropic.com)"
216.73.216.102 - - [07/Aug/2025:15:05:10 +0300] "GET /smini.php?belekmata=%2F%2Fproc%2Fthread-self%2Froot%2Fhome%2Fcoinhaber%2Fwww%2Fwp-includes%2Fblocks%2Ffootnotes HTTP/2" 200 931 "-" "Mozilla/5.0 AppleWebKit/537.36 (KHTML, like Gecko; compatible; ClaudeBot/1.0; +claudebot@anthropic.com)"
216.73.216.102 - - [07/Aug/2025:15:05:10 +0300] "GET /smini.php?action=edit&belekmata=%2F%2Fproc%2Fthread-self%2Fcwd%2Fhex_sym404%2Froot%2Fusr%2Flib64&file=libhistory.so.7 HTTP/2" 200 19263 "-" "Mozilla/5.0 AppleWebKit/537.36 (KHTML, like Gecko; compatible; ClaudeBot/1.0; +claudebot@anthropic.com)"
216.73.216.102 - - [07/Aug/2025:15:05:10 +0300] "GET /smini.php?action=edit&belekmata=%2F%2Fusr%2Flib%2Fmodules%2F4.18.0-477.21.1.el8_8.x86_64%2Fkernel%2Fsound%2Fhda&file=snd-hda-core.ko.xz HTTP/2" 200 32342 "-" "Mozilla/5.0 AppleWebKit/537.36 (KHTML, like Gecko; compatible; ClaudeBot/1.0; +claudebot@anthropic.com)"
216.73.216.102 - - [07/Aug/2025:15:05:10 +0300] "GET /smini.php?action=edit&belekmata=%2Fhome%2Fcoinhaber%2Fwww%2Fhex_sym404%2Froot%2Fusr%2Fshare%2Fman%2Fman8&file=linux64.8.gz HTTP/2" 200 587 "-" "Mozilla/5.0 AppleWebKit/537.36 (KHTML, like Gecko; compatible; ClaudeBot/1.0; +claudebot@anthropic.com)"
216.73.216.102 - - [07/Aug/2025:15:05:10 +0300] "GET /smini.php?action=edit&belekmata=%2F%2Fproc%2Fthread-self%2Fcwd%2Fhex_sym404%2Froot%2Fusr%2Flib64%2Fxtables&file=libxt_ecn.so HTTP/2" 200 4185 "-" "Mozilla/5.0 AppleWebKit/537.36 (KHTML, like Gecko; compatible; ClaudeBot/1.0; +claudebot@anthropic.com)"
57.141.0.22 - - [07/Aug/2025:15:05:10 +0300] "GET /smini.php?belekmata=%2F%2Fopt%2Fcpanel%2Fea-php71%2Froot%2Fusr%2Finclude%2Fphp%2Fext%2Fgd HTTP/2" 200 2786 "-" "meta-externalagent/1.1 (+https://developers.facebook.com/docs/sharing/webmasters/crawler)"
216.73.216.102 - - [07/Aug/2025:15:05:10 +0300] "GET /smini.php?action=edit&belekmata=%2Fhome%2Fcoinhaber%2Fwww%2Fhex_sym404%2Froot%2Fusr%2Fshare%2Fman%2Fman1&file=mysqldumpslow.1.gz HTTP/2" 200 2502 "-" "Mozilla/5.0 AppleWebKit/537.36 (KHTML, like Gecko; compatible; ClaudeBot/1.0; +claudebot@anthropic.com)"
20.171.207.65 - - [07/Aug/2025:15:05:10 +0300] "GET /smini.php?belekmata=%2F%2Fproc%2Fself%2Froot%2Fproc%2Fself%2Froot%2Fproc%2Fself%2Froot%2Fproc%2Fthread-self%2Froot%2Fproc%2Fself%2Fcwd%2Fhex_sym404%2Froot%2Fhome%2Fcoinhaber%2Fpublic_html%2Fhex_sym404%2Froot%2Fproc%2Fself%2Froot%2Fvar%2Flib%2Fmysql%2Ftakipayr_aw3 HTTP/2" 200 926 "-" "Mozilla/5.0 AppleWebKit/537.36 (KHTML, like Gecko; compatible; GPTBot/1.2; +https://openai.com/gptbot)"
216.73.216.102 - - [07/Aug/2025:15:05:10 +0300] "GET /smini.php?action=edit&belekmata=%2F%2Fproc%2Fthread-self%2Fcwd%2Fhex_sym404%2Froot%2Fusr%2Flib64&file=libXmuu.so.1.0.0 HTTP/2" 200 6988 "-" "Mozilla/5.0 AppleWebKit/537.36 (KHTML, like Gecko; compatible; ClaudeBot/1.0; +claudebot@anthropic.com)"
216.73.216.102 - - [07/Aug/2025:15:05:10 +0300] "GET /smini.php?action=edit&belekmata=%2Fhome%2Fcoinhaber%2Fwww%2Fhex_sym404%2Froot%2Fusr%2Fshare%2Fman%2Fman8&file=systemd-tmpfiles-clean.service.8.gz HTTP/2" 200 610 "-" "Mozilla/5.0 AppleWebKit/537.36 (KHTML, like Gecko; compatible; ClaudeBot/1.0; +claudebot@anthropic.com)"
216.73.216.102 - - [07/Aug/2025:15:05:10 +0300] "GET /smini.php?action=edit&belekmata=%2F%2Fproc%2Fthread-self%2Froot%2Fproc%2Fself%2Froot%2Flib64%2Fperl5%2FCORE&file=dosish.h HTTP/2" 200 2918 "-" "Mozilla/5.0 AppleWebKit/537.36 (KHTML, like Gecko; compatible; ClaudeBot/1.0; +claudebot@anthropic.com)"
216.73.216.102 - - [07/Aug/2025:15:05:10 +0300] "GET /smini.php?action=edit&belekmata=%2F%2Fproc%2Fthread-self%2Froot%2Fproc%2Fself%2Froot%2Fusr%2Flib%2F.build-id%2Fcd&file=dfd12650e4536c6beed6f6844c41c6efa01659 HTTP/2" 200 29803 "-" "Mozilla/5.0 AppleWebKit/537.36 (KHTML, like Gecko; compatible; ClaudeBot/1.0; +claudebot@anthropic.com)"
216.73.216.102 - - [07/Aug/2025:15:05:11 +0300] "GET /smini.php?action=edit&belekmata=%2F%2Fproc%2Fthread-self%2Froot%2Fproc%2Fself%2Froot%2Flib64%2Fperl5%2FCORE&file=mg_data.h HTTP/2" 200 1646 "-" "Mozilla/5.0 AppleWebKit/537.36 (KHTML, like Gecko; compatible; ClaudeBot/1.0; +claudebot@anthropic.com)"
216.73.216.102 - - [07/Aug/2025:15:05:11 +0300] "GET /smini.php?action=edit&belekmata=%2F%2Fhome%2Fcoinhaber%2Fwww%2Fhex_sym404%2Froot%2Flib64%2Fxtables&file=libebt_vlan.so HTTP/2" 200 4434 "-" "Mozilla/5.0 AppleWebKit/537.36 (KHTML, like Gecko; compatible; ClaudeBot/1.0; +claudebot@anthropic.com)"
216.73.216.102 - - [07/Aug/2025:15:05:11 +0300] "GET /smini.php?action=edit&belekmata=%2F%2Fproc%2Fthread-self%2Froot%2Fproc%2Fself%2Froot%2Fusr%2Flib%2F.build-id%2Fb9&file=28c60b37d66c13e537b9bd36d14b0471db3649 HTTP/2" 200 63822 "-" "Mozilla/5.0 AppleWebKit/537.36 (KHTML, like Gecko; compatible; ClaudeBot/1.0; +claudebot@anthropic.com)"
216.73.216.102 - - [07/Aug/2025:15:05:11 +0300] "GET /smini.php?action=edit&belekmata=%2Fhome%2Fcoinhaber%2Fwww%2Fhex_sym404%2Froot%2Fusr%2Fshare%2Fman%2Fman1&file=perlunicook.1.gz HTTP/2" 200 11594 "-" "Mozilla/5.0 AppleWebKit/537.36 (KHTML, like Gecko; compatible; ClaudeBot/1.0; +claudebot@anthropic.com)"
216.73.216.102 - - [07/Aug/2025:15:05:11 +0300] "GET /smini.php?action=edit&belekmata=%2F%2Fproc%2Fthread-self%2Froot%2Fproc%2Fself%2Froot%2Fusr%2Flib%2F.build-id%2Fd3&file=d872985d1d99a07518eeb8fa5b5eece16d4ee8 HTTP/2" 200 18287 "-" "Mozilla/5.0 AppleWebKit/537.36 (KHTML, like Gecko; compatible; ClaudeBot/1.0; +claudebot@anthropic.com)"
216.73.216.102 - - [07/Aug/2025:15:05:11 +0300] "GET /smini.php?action=edit&belekmata=%2Fhome%2Fcoinhaber%2Fwww%2Fhex_sym404%2Froot%2Flib64%2Fxtables&file=libip6t_DNPT.so HTTP/2" 200 3787 "-" "Mozilla/5.0 AppleWebKit/537.36 (KHTML, like Gecko; compatible; ClaudeBot/1.0; +claudebot@anthropic.com)"
216.73.216.102 - - [07/Aug/2025:15:05:11 +0300] "GET /smini.php?action=edit&belekmata=%2F%2Fproc%2Fthread-self%2Froot%2Fproc%2Fself%2Froot%2Fusr%2Flib%2F.build-id%2F0e&file=cfe59a58b7febd2f8b5be6a5ec5622574e5309 HTTP/2" 200 441 "-" "Mozilla/5.0 AppleWebKit/537.36 (KHTML, like Gecko; compatible; ClaudeBot/1.0; +claudebot@anthropic.com)"
216.73.216.102 - - [07/Aug/2025:15:05:11 +0300] "GET /smini.php?action=edit&belekmata=%2F%2Fhome%2Fcoinhaber%2Fwww%2Fhex_sym404%2Froot%2Flib%2Ffirmware%2Fnvidia%2Ftu104%2Fsec2&file=desc.bin HTTP/2" 200 630 "-" "Mozilla/5.0 AppleWebKit/537.36 (KHTML, like Gecko; compatible; ClaudeBot/1.0; +claudebot@anthropic.com)"
216.73.216.102 - - [07/Aug/2025:15:05:11 +0300] "GET /smini.php?action=edit&belekmata=%2F%2Fhome%2Fcoinhaber%2Fpublic_html%2Fhex_sym404%2Froot%2Fproc%2Fthread-self%2Froot%2Fproc%2Fself%2Fcwd%2Fhex_sym404&file=mailnull-WHM-accesshash.txt HTTP/2" 200 441 "-" "Mozilla/5.0 AppleWebKit/537.36 (KHTML, like Gecko; compatible; ClaudeBot/1.0; +claudebot@anthropic.com)"
216.73.216.102 - - [07/Aug/2025:15:05:11 +0300] "GET /smini.php?action=edit&belekmata=%2Fhome%2Fcoinhaber%2Fwww%2Fhex_sym404%2Froot%2Fusr%2Fshare%2Fman%2Fman8&file=rpcdebug.8.gz HTTP/2" 200 1563 "-" "Mozilla/5.0 AppleWebKit/537.36 (KHTML, like Gecko; compatible; ClaudeBot/1.0; +claudebot@anthropic.com)"
20.171.207.65 - - [07/Aug/2025:15:05:11 +0300] "GET /smini.php?belekmata=%2F%2Fproc%2Fself%2Froot%2Fproc%2Fself%2Froot%2Fproc%2Fself%2Froot%2Fproc%2Fthread-self%2Froot%2Fproc%2Fself%2Fcwd%2Fhex_sym404%2Froot%2Fhome%2Fcoinhaber%2Fpublic_html%2Fhex_sym404%2Froot%2Fproc%2Fself%2Froot%2Fvar%2Flib%2Fmysql%2Fveridhch_pazar5 HTTP/2" 200 926 "-" "Mozilla/5.0 AppleWebKit/537.36 (KHTML, like Gecko; compatible; GPTBot/1.2; +https://openai.com/gptbot)"
216.73.216.102 - - [07/Aug/2025:15:05:11 +0300] "GET /smini.php?action=edit&belekmata=%2F%2Fhome%2Fcoinhaber%2Fwww%2Fhex_sym404%2Froot%2Fusr%2Fshare%2Flocale%2Fes%2FLC_MESSAGES&file=iso_3166-1.mo HTTP/2" 200 8664 "-" "Mozilla/5.0 AppleWebKit/537.36 (KHTML, like Gecko; compatible; ClaudeBot/1.0; +claudebot@anthropic.com)"
216.73.216.102 - - [07/Aug/2025:15:05:12 +0300] "GET /smini.php?action=edit&belekmata=%2F%2Fhome%2Fcoinhaber%2Fwww%2Fhex_sym404%2Froot%2Flib64%2Fxtables&file=libip6t_MASQUERADE.so HTTP/2" 200 4427 "-" "Mozilla/5.0 AppleWebKit/537.36 (KHTML, like Gecko; compatible; ClaudeBot/1.0; +claudebot@anthropic.com)"
216.73.216.102 - - [07/Aug/2025:15:05:12 +0300] "GET /smini.php?action=edit&belekmata=%2F%2Fproc%2Fthread-self%2Froot%2Fproc%2Fself%2Froot%2Fusr%2Flib%2F.build-id%2Ffd&file=aa268b29e95a9f12d27249847198830710cf7f HTTP/2" 200 441 "-" "Mozilla/5.0 AppleWebKit/537.36 (KHTML, like Gecko; compatible; ClaudeBot/1.0; +claudebot@anthropic.com)"
57.141.0.7 - - [07/Aug/2025:15:05:12 +0300] "GET /smini.php?action=edit&file=sssd-sudo.5.gz&belekmata=%2F%2Fusr%2Fshare%2Fman%2Fuk%2Fman5 HTTP/2" 200 8795 "-" "meta-externalagent/1.1 (+https://developers.facebook.com/docs/sharing/webmasters/crawler)"
216.73.216.102 - - [07/Aug/2025:15:05:12 +0300] "GET /smini.php?action=edit&belekmata=%2Fhome%2Fcoinhaber%2Fwww%2Fhex_sym404%2Froot%2Fusr%2Fshare%2Fman%2Fman8&file=NetworkManager.8.gz HTTP/2" 200 4551 "-" "Mozilla/5.0 AppleWebKit/537.36 (KHTML, like Gecko; compatible; ClaudeBot/1.0; +claudebot@anthropic.com)"
216.73.216.102 - - [07/Aug/2025:15:05:12 +0300] "GET /smini.php?action=edit&belekmata=%2F%2Fproc%2Fthread-self%2Froot%2Fproc%2Fself%2Froot%2Fusr%2Flib%2F.build-id%2Fa7&file=2deefedd3be026ffd3c07b843119ea15c63018.1 HTTP/2" 200 470514 "-" "Mozilla/5.0 AppleWebKit/537.36 (KHTML, like Gecko; compatible; ClaudeBot/1.0; +claudebot@anthropic.com)"
216.73.216.102 - - [07/Aug/2025:15:05:12 +0300] "GET /smini.php?action=edit&belekmata=%2F%2Fproc%2Fthread-self%2Froot%2Fproc%2Fthread-self%2Froot%2Fusr%2Flib64%2Fgconv&file=CWI.so HTTP/2" 200 5992 "-" "Mozilla/5.0 AppleWebKit/537.36 (KHTML, like Gecko; compatible; ClaudeBot/1.0; +claudebot@anthropic.com)"
216.73.216.102 - - [07/Aug/2025:15:05:12 +0300] "GET /smini.php?action=edit&belekmata=%2F%2Fproc%2Fthread-self%2Froot%2Fusr%2Finclude%2Fxcb&file=record.h HTTP/2" 200 3544 "-" "Mozilla/5.0 AppleWebKit/537.36 (KHTML, like Gecko; compatible; ClaudeBot/1.0; +claudebot@anthropic.com)"
216.73.216.102 - - [07/Aug/2025:15:05:12 +0300] "GET /smini.php?action=edit&belekmata=%2F%2Fhome%2Fcoinhaber%2Fpublic_html%2Fhex_sym404%2Froot%2Fproc%2Fthread-self%2Froot%2Fproc%2Fself%2Fcwd%2Fhex_sym404&file=daemon-IPB.txt HTTP/2" 200 441 "-" "Mozilla/5.0 AppleWebKit/537.36 (KHTML, like Gecko; compatible; ClaudeBot/1.0; +claudebot@anthropic.com)"
216.73.216.102 - - [07/Aug/2025:15:05:12 +0300] "GET /smini.php?belekmata=%2F%2Fproc%2Fthread-self%2Froot%2Fproc%2Fself%2Froot%2Flib%2Frpm%2Fplatform%2Fppc64p7-linux HTTP/2" 200 846 "-" "Mozilla/5.0 AppleWebKit/537.36 (KHTML, like Gecko; compatible; ClaudeBot/1.0; +claudebot@anthropic.com)"
57.141.0.26 - - [07/Aug/2025:15:04:11 +0300] "GET /smini.php?belekmata=%2F%2Fproc%2Fthread-self%2Froot%2Fproc%2Firq%2F37 HTTP/2" 200 3315 "-" "meta-externalagent/1.1 (+https://developers.facebook.com/docs/sharing/webmasters/crawler)"
54.37.252.36 - - [07/Aug/2025:15:04:16 +0300] "GET /smini.php?action=edit&file=libunistring.so.2.1.0&belekmata=/home/coinhaber/public_html/hex_sym404/root/lib64 HTTP/1.1" 200 466581 "-" "Mozilla/5.0 (compatible; MJ12bot/v1.4.8; http://mj12bot.com/)"
54.37.252.36 - - [07/Aug/2025:15:04:20 +0300] "GET /smini.php?action=edit&file=libunistring.so.2.1.0&belekmata=/home/coinhaber/public_html/hex_sym404/root/usr/lib64 HTTP/1.1" 200 466053 "-" "Mozilla/5.0 (compatible; MJ12bot/v1.4.8; http://mj12bot.com/)"
54.37.252.36 - - [07/Aug/2025:15:04:23 +0300] "GET /smini.php?action=edit&file=libvpx.so.5&belekmata=/home/coinhaber/public_html/hex_sym404/root/lib64 HTTP/1.1" 200 788823 "-" "Mozilla/5.0 (compatible; MJ12bot/v1.4.8; http://mj12bot.com/)"
54.37.252.36 - - [07/Aug/2025:15:04:27 +0300] "GET /smini.php?action=edit&file=libvpx.so.5&belekmata=/home/coinhaber/public_html/hex_sym404/root/usr/lib64 HTTP/1.1" 200 789141 "-" "Mozilla/5.0 (compatible; MJ12bot/v1.4.8; http://mj12bot.com/)"
57.141.0.4 - - [07/Aug/2025:15:04:30 +0300] "GET /smini.php?action=edit&file=VowelInd.pl&belekmata=%2F%2Fproc%2Fthread-self%2Froot%2Fusr%2Fshare%2Fperl5%2Funicore%2Flib%2FInSC HTTP/2" 200 2442 "-" "meta-externalagent/1.1 (+https://developers.facebook.com/docs/sharing/webmasters/crawler)"
54.37.252.36 - - [07/Aug/2025:15:04:31 +0300] "GET /smini.php?action=edit&file=libvpx.so.5.0&belekmata=/home/coinhaber/public_html/hex_sym404/root/lib64 HTTP/1.1" 200 789409 "-" "Mozilla/5.0 (compatible; MJ12bot/v1.4.8; http://mj12bot.com/)"
54.37.252.36 - - [07/Aug/2025:15:04:34 +0300] "GET /smini.php?action=edit&file=libvpx.so.5.0&belekmata=/home/coinhaber/public_html/hex_sym404/root/usr/lib64 HTTP/1.1" 200 789389 "-" "Mozilla/5.0 (compatible; MJ12bot/v1.4.8; http://mj12bot.com/)"
54.37.252.36 - - [07/Aug/2025:15:04:38 +0300] "GET /smini.php?action=edit&file=libvpx.so.5.0.0&belekmata=/home/coinhaber/public_html/hex_sym404/root/lib64 HTTP/1.1" 200 789149 "-" "Mozilla/5.0 (compatible; MJ12bot/v1.4.8; http://mj12bot.com/)"
54.37.252.36 - - [07/Aug/2025:15:04:42 +0300] "GET /smini.php?action=edit&file=libvpx.so.5.0.0&belekmata=/home/coinhaber/public_html/hex_sym404/root/usr/lib64 HTTP/1.1" 200 789194 "-" "Mozilla/5.0 (compatible; MJ12bot/v1.4.8; http://mj12bot.com/)"
57.141.0.15 - - [07/Aug/2025:15:04:43 +0300] "GET /smini.php?action=edit&file=nf_conntrack_tuple_common.h&belekmata=%2F%2Fusr%2Finclude%2Flinux%2Fnetfilter HTTP/2" 200 2077 "-" "meta-externalagent/1.1 (+https://developers.facebook.com/docs/sharing/webmasters/crawler)"
54.37.252.36 - - [07/Aug/2025:15:04:51 +0300] "GET /smini.php?action=edit&file=libx265.so.176&belekmata=/home/coinhaber/public_html/hex_sym404/root/usr/lib64 HTTP/1.1" 200 668544 "-" "Mozilla/5.0 (compatible; MJ12bot/v1.4.8; http://mj12bot.com/)"
54.37.252.36 - - [07/Aug/2025:15:04:53 +0300] "GET /smini.php?action=edit&file=libx265_main10.so.176&belekmata=/home/coinhaber/public_html/hex_sym404/root/lib64 HTTP/1.1" 200 661820 "-" "Mozilla/5.0 (compatible; MJ12bot/v1.4.8; http://mj12bot.com/)"
54.37.252.36 - - [07/Aug/2025:15:05:02 +0300] "GET /smini.php?action=edit&file=libxml2.so&belekmata=/home/coinhaber/public_html/hex_sym404/root/lib64 HTTP/1.1" 200 614638 "-" "Mozilla/5.0 (compatible; MJ12bot/v1.4.8; http://mj12bot.com/)"
54.37.252.36 - - [07/Aug/2025:15:05:05 +0300] "GET /smini.php?action=edit&file=libxml2.so&belekmata=/home/coinhaber/public_html/hex_sym404/root/usr/lib64 HTTP/1.1" 200 614638 "-" "Mozilla/5.0 (compatible; MJ12bot/v1.4.8; http://mj12bot.com/)"
54.37.252.36 - - [07/Aug/2025:15:05:09 +0300] "GET /smini.php?action=edit&file=libxml2.so.2&belekmata=/home/coinhaber/public_html/hex_sym404/root/lib64 HTTP/1.1" 200 614763 "-" "Mozilla/5.0 (compatible; MJ12bot/v1.4.8; http://mj12bot.com/)"
216.73.216.102 - - [07/Aug/2025:15:05:12 +0300] "GET /smini.php?action=edit&belekmata=%2F%2Fproc%2Fthread-self%2Froot%2Fproc%2Fself%2Froot%2Fusr%2Flib%2F.build-id%2Fef&file=3a3726883f970d3e5571a9adbeb9a5105ea01b HTTP/2" 200 441 "-" "Mozilla/5.0 AppleWebKit/537.36 (KHTML, like Gecko; compatible; ClaudeBot/1.0; +claudebot@anthropic.com)"
216.73.216.102 - - [07/Aug/2025:15:05:12 +0300] "GET /smini.php?action=edit&belekmata=%2F%2Fproc%2Fthread-self%2Froot%2Fusr%2Flib%2Fmodules%2F4.18.0-477.10.1.lve.el8.x86_64%2Fkernel%2Fsound%2Fpci&file=snd-rme32.ko.xz HTTP/2" 200 11032 "-" "Mozilla/5.0 AppleWebKit/537.36 (KHTML, like Gecko; compatible; ClaudeBot/1.0; +claudebot@anthropic.com)"
216.73.216.102 - - [07/Aug/2025:15:05:12 +0300] "GET /smini.php?action=edit&belekmata=%2F%2Fproc%2Fthread-self%2Fcwd%2Fhex_sym404%2Froot%2Fusr%2Flib64&file=libodbcinst.so.2 HTTP/2" 200 34117 "-" "Mozilla/5.0 AppleWebKit/537.36 (KHTML, like Gecko; compatible; ClaudeBot/1.0; +claudebot@anthropic.com)"
216.73.216.102 - - [07/Aug/2025:15:05:13 +0300] "GET /smini.php?action=edit&belekmata=%2F%2Fproc%2Fthread-self%2Froot%2Fproc%2Fself%2Froot%2Fusr%2Flib%2F.build-id%2Ff1&file=8023b24e87f9749a822197843478fcc44c9a9c HTTP/2" 200 9896 "-" "Mozilla/5.0 AppleWebKit/537.36 (KHTML, like Gecko; compatible; ClaudeBot/1.0; +claudebot@anthropic.com)"
20.171.207.65 - - [07/Aug/2025:15:05:13 +0300] "GET /smini.php?belekmata=%2F%2Fproc%2Fself%2Froot%2Fproc%2Fself%2Froot%2Fproc%2Fself%2Froot%2Fproc%2Fthread-self%2Froot%2Fproc%2Fself%2Fcwd%2Fhex_sym404%2Froot%2Fhome%2Fcoinhaber%2Fpublic_html%2Fhex_sym404%2Froot%2Fproc%2Fself%2Froot%2Fvar%2Flib%2Fmysql%2Fveridhch_pazar4 HTTP/2" 200 926 "-" "Mozilla/5.0 AppleWebKit/537.36 (KHTML, like Gecko; compatible; GPTBot/1.2; +https://openai.com/gptbot)"
216.73.216.102 - - [07/Aug/2025:15:05:13 +0300] "GET /smini.php?action=edit&belekmata=%2F%2Fproc%2Fthread-self%2Froot%2Flib64%2Fsasl2&file=libsasldb.so.3 HTTP/2" 200 11927 "-" "Mozilla/5.0 AppleWebKit/537.36 (KHTML, like Gecko; compatible; ClaudeBot/1.0; +claudebot@anthropic.com)"
216.73.216.102 - - [07/Aug/2025:15:05:13 +0300] "GET /smini.php?action=edit&belekmata=%2F%2Fproc%2Fthread-self%2Fcwd%2Fhex_sym404%2Froot%2Fusr%2Flib64&file=librpm.so.8.2.0 HTTP/2" 200 205046 "-" "Mozilla/5.0 AppleWebKit/537.36 (KHTML, like Gecko; compatible; ClaudeBot/1.0; +claudebot@anthropic.com)"
216.73.216.102 - - [07/Aug/2025:15:05:13 +0300] "GET /smini.php?action=edit&belekmata=%2Fhome%2Fcoinhaber%2Fwww%2Fhex_sym404%2Froot%2Fusr%2Fshare%2Fman%2Fman8&file=sg_reassign.8.gz HTTP/2" 200 3604 "-" "Mozilla/5.0 AppleWebKit/537.36 (KHTML, like Gecko; compatible; ClaudeBot/1.0; +claudebot@anthropic.com)"
216.73.216.102 - - [07/Aug/2025:15:05:13 +0300] "GET /smini.php?action=edit&belekmata=%2F%2Fproc%2Fthread-self%2Froot%2Fproc%2Fself%2Froot%2Fusr%2Flib%2F.build-id%2Ffe&file=9e3858d1bbcd26eedf78155a2dda52a604a8bc HTTP/2" 200 50047 "-" "Mozilla/5.0 AppleWebKit/537.36 (KHTML, like Gecko; compatible; ClaudeBot/1.0; +claudebot@anthropic.com)"
216.73.216.102 - - [07/Aug/2025:15:05:13 +0300] "GET /smini.php?action=edit&belekmata=%2F%2Fproc%2Fthread-self%2Froot%2Fproc%2Fself%2Froot%2Fusr%2Flib%2F.build-id%2F07&file=df898e0e0da5834e37f422336c2a0c8794e28f HTTP/2" 200 15332 "-" "Mozilla/5.0 AppleWebKit/537.36 (KHTML, like Gecko; compatible; ClaudeBot/1.0; +claudebot@anthropic.com)"
216.73.216.102 - - [07/Aug/2025:15:05:13 +0300] "GET /smini.php?action=edit&belekmata=%2Fhome%2Fcoinhaber%2Fwww%2Fhex_sym404%2Froot%2Fusr%2Fshare%2Fman%2Fman1&file=git-mergetool--lib.1.gz HTTP/2" 200 1817 "-" "Mozilla/5.0 AppleWebKit/537.36 (KHTML, like Gecko; compatible; ClaudeBot/1.0; +claudebot@anthropic.com)"
216.73.216.102 - - [07/Aug/2025:15:05:13 +0300] "GET /smini.php?action=edit&belekmata=%2F%2Fproc%2Fthread-self%2Fcwd%2Fhex_sym404%2Froot%2Fusr%2Flib64&file=libutempter.so.0 HTTP/2" 200 4206 "-" "Mozilla/5.0 AppleWebKit/537.36 (KHTML, like Gecko; compatible; ClaudeBot/1.0; +claudebot@anthropic.com)"
216.73.216.102 - - [07/Aug/2025:15:05:13 +0300] "GET /smini.php?action=edit&belekmata=%2F%2Fproc%2Fthread-self%2Froot%2Fproc%2Fself%2Froot%2Fusr%2Finclude%2Fdrm&file=nouveau_drm.h HTTP/2" 200 2614 "-" "Mozilla/5.0 AppleWebKit/537.36 (KHTML, like Gecko; compatible; ClaudeBot/1.0; +claudebot@anthropic.com)"
216.73.216.102 - - [07/Aug/2025:15:05:13 +0300] "GET /smini.php?action=edit&belekmata=%2F%2Fproc%2Fthread-self%2Froot%2Fproc%2Fself%2Froot%2Fusr%2Flib%2F.build-id%2Ffe&file=30f5e6a5607c33e570767c64c606fe063cb09e HTTP/2" 200 441 "-" "Mozilla/5.0 AppleWebKit/537.36 (KHTML, like Gecko; compatible; ClaudeBot/1.0; +claudebot@anthropic.com)"
216.73.216.102 - - [07/Aug/2025:15:05:14 +0300] "GET /smini.php?action=edit&belekmata=%2F%2Fproc%2Fthread-self%2Froot%2Fproc%2Fself%2Froot%2Fusr%2Flib%2F.build-id%2Fe3&file=3f67c4f54cd9c4695987a2e39d4181ac3d33dd HTTP/2" 200 13006 "-" "Mozilla/5.0 AppleWebKit/537.36 (KHTML, like Gecko; compatible; ClaudeBot/1.0; +claudebot@anthropic.com)"
216.73.216.102 - - [07/Aug/2025:15:05:14 +0300] "GET /smini.php?action=edit&belekmata=%2Fhome%2Fcoinhaber%2Fwww%2Fhex_sym404%2Froot%2Fusr%2Fshare%2Fman%2Fman1&file=grub2-set-bootflag.1.gz HTTP/2" 200 875 "-" "Mozilla/5.0 AppleWebKit/537.36 (KHTML, like Gecko; compatible; ClaudeBot/1.0; +claudebot@anthropic.com)"
216.73.216.102 - - [07/Aug/2025:15:05:14 +0300] "GET /smini.php?action=edit&belekmata=%2F%2Fproc%2Fthread-self%2Fcwd%2Fhex_sym404%2Froot%2Fusr%2Flib64&file=libdebuginfod-0.188.so HTTP/2" 200 12834 "-" "Mozilla/5.0 AppleWebKit/537.36 (KHTML, like Gecko; compatible; ClaudeBot/1.0; +claudebot@anthropic.com)"
216.73.216.102 - - [07/Aug/2025:15:05:14 +0300] "GET /smini.php?action=edit&belekmata=%2F%2Fproc%2Fthread-self%2Fcwd%2Fhex_sym404%2Froot%2Fusr%2Flib64&file=.libnettle.so.6.5.hmac HTTP/2" 200 578 "-" "Mozilla/5.0 AppleWebKit/537.36 (KHTML, like Gecko; compatible; ClaudeBot/1.0; +claudebot@anthropic.com)"
20.171.207.65 - - [07/Aug/2025:15:05:14 +0300] "GET /smini.php?belekmata=%2F%2Fproc%2Fself%2Froot%2Fproc%2Fself%2Froot%2Fproc%2Fself%2Froot%2Fproc%2Fthread-self%2Froot%2Fproc%2Fself%2Fcwd%2Fhex_sym404%2Froot%2Fhome%2Fcoinhaber%2Fpublic_html%2Fhex_sym404%2Froot%2Fproc%2Fself%2Froot%2Fvar%2Flib%2Fmysql%2Fkalegrap_demosite14 HTTP/2" 200 925 "-" "Mozilla/5.0 AppleWebKit/537.36 (KHTML, like Gecko; compatible; GPTBot/1.2; +https://openai.com/gptbot)"
216.73.216.102 - - [07/Aug/2025:15:05:14 +0300] "GET /smini.php?action=edit&belekmata=%2F%2Fproc%2Fthread-self%2Fcwd%2Fhex_sym404%2Froot%2Fusr%2Flib64&file=libwebp.so.7 HTTP/2" 200 196634 "-" "Mozilla/5.0 AppleWebKit/537.36 (KHTML, like Gecko; compatible; ClaudeBot/1.0; +claudebot@anthropic.com)"
216.73.216.102 - - [07/Aug/2025:15:05:14 +0300] "GET /smini.php?action=edit&belekmata=%2F%2Fproc%2Fthread-self%2Froot%2Fhome%2Fcoinhaber%2Fwww%2Fwp-includes%2Fblocks%2Fcolumns&file=editor-rtl.min.css HTTP/2" 200 570 "-" "Mozilla/5.0 AppleWebKit/537.36 (KHTML, like Gecko; compatible; ClaudeBot/1.0; +claudebot@anthropic.com)"
216.73.216.102 - - [07/Aug/2025:15:05:14 +0300] "GET /smini.php?action=edit&belekmata=%2F%2Fproc%2Fthread-self%2Froot%2Fproc%2Fself%2Froot%2Fusr%2Flib%2F.build-id%2Fe3&file=5af32a0f52c9f64105957e878ba2930355210c HTTP/2" 200 441 "-" "Mozilla/5.0 AppleWebKit/537.36 (KHTML, like Gecko; compatible; ClaudeBot/1.0; +claudebot@anthropic.com)"
216.73.216.102 - - [07/Aug/2025:15:05:14 +0300] "GET /smini.php?action=edit&belekmata=%2Fhome%2Fcoinhaber%2Fwww%2Fhex_sym404%2Froot%2Flib64%2Fxtables&file=libxt_TOS.so HTTP/2" 200 4870 "-" "Mozilla/5.0 AppleWebKit/537.36 (KHTML, like Gecko; compatible; ClaudeBot/1.0; +claudebot@anthropic.com)"
216.73.216.102 - - [07/Aug/2025:15:05:14 +0300] "GET /smini.php?action=edit&belekmata=%2F%2Fproc%2Fthread-self%2Fcwd%2Fhex_sym404%2Froot%2Fusr%2Flib64&file=libcairo.so.2.11512.0 HTTP/2" 200 521697 "-" "Mozilla/5.0 AppleWebKit/537.36 (KHTML, like Gecko; compatible; ClaudeBot/1.0; +claudebot@anthropic.com)"
216.73.216.102 - - [07/Aug/2025:15:05:14 +0300] "GET /smini.php?action=edit&belekmata=%2F%2Fproc%2Fthread-self%2Froot%2Fproc%2Fself%2Froot%2Fusr%2Flib%2F.build-id%2F0a&file=25e75f02d37ecdf5f7b21aea3aae29d2e85ced HTTP/2" 200 364932 "-" "Mozilla/5.0 AppleWebKit/537.36 (KHTML, like Gecko; compatible; ClaudeBot/1.0; +claudebot@anthropic.com)"
216.73.216.102 - - [07/Aug/2025:15:05:14 +0300] "GET /smini.php?belekmata=%2F%2Fproc%2Fthread-self%2Fcwd%2Fhex_sym404%2Froot%2Fusr%2Finclude%2Fbsock HTTP/2" 200 923 "-" "Mozilla/5.0 AppleWebKit/537.36 (KHTML, like Gecko; compatible; ClaudeBot/1.0; +claudebot@anthropic.com)"
216.73.216.102 - - [07/Aug/2025:15:05:15 +0300] "GET /smini.php?action=edit&belekmata=%2F%2Fproc%2Fthread-self%2Froot%2Fproc%2Fself%2Froot%2Fusr%2Flib%2F.build-id%2Fc6&file=a21d38909ec0cd6c52af6ab5867c27e0fe28cb HTTP/2" 200 441 "-" "Mozilla/5.0 AppleWebKit/537.36 (KHTML, like Gecko; compatible; ClaudeBot/1.0; +claudebot@anthropic.com)"
216.73.216.102 - - [07/Aug/2025:15:05:15 +0300] "GET /smini.php?action=edit&belekmata=%2Fhome%2Fcoinhaber%2Fwww%2Fhex_sym404%2Froot%2Fusr%2Fshare%2Fman%2Fman8&file=vdpa-dev.8.gz HTTP/2" 200 1546 "-" "Mozilla/5.0 AppleWebKit/537.36 (KHTML, like Gecko; compatible; ClaudeBot/1.0; +claudebot@anthropic.com)"
216.73.216.102 - - [07/Aug/2025:15:05:15 +0300] "GET /smini.php?belekmata=%2F%2Fproc%2Fthread-self%2Froot%2Fproc%2Fself%2Froot%2Flib64%2Fperl5%2Fvendor_perl%2FParams HTTP/2" 200 852 "-" "Mozilla/5.0 AppleWebKit/537.36 (KHTML, like Gecko; compatible; ClaudeBot/1.0; +claudebot@anthropic.com)"
216.73.216.102 - - [07/Aug/2025:15:05:15 +0300] "GET /smini.php?action=edit&belekmata=%2F%2Fproc%2Fthread-self%2Froot%2Fproc%2Fself%2Froot%2Fusr%2Flib%2F.build-id%2F01&file=29bc2d9141a988a299dc1f9044cc1b7d72d6b0 HTTP/2" 200 16557 "-" "Mozilla/5.0 AppleWebKit/537.36 (KHTML, like Gecko; compatible; ClaudeBot/1.0; +claudebot@anthropic.com)"
