57.141.0.22 - - [14/Jun/2025:19:54:03 +0300] "GET /index.php?shopdetail/60862182359 HTTP/2" 404 1251 "-" "meta-externalagent/1.1 (+https://developers.facebook.com/docs/sharing/webmasters/crawler)"
207.46.13.51 - - [14/Jun/2025:19:54:32 +0300] "GET /index.php?shopdetail/75291214021 HTTP/2" 404 1251 "-" "Mozilla/5.0 AppleWebKit/537.36 (KHTML, like Gecko; compatible; bingbot/2.0; +http://www.bing.com/bingbot.htm) Chrome/116.0.1938.76 Safari/537.36"
207.46.13.52 - - [14/Jun/2025:19:50:31 +0300] "GET /index.php?shopdetail/60862374506 HTTP/2" 404 1251 "-" "Mozilla/5.0 AppleWebKit/537.36 (KHTML, like Gecko; compatible; bingbot/2.0; +http://www.bing.com/bingbot.htm) Chrome/116.0.1938.76 Safari/537.36"
40.77.167.13 - - [14/Jun/2025:19:50:41 +0300] "GET /index.php?shopdetail/9839478936 HTTP/2" 404 1251 "-" "Mozilla/5.0 AppleWebKit/537.36 (KHTML, like Gecko; compatible; bingbot/2.0; +http://www.bing.com/bingbot.htm) Chrome/116.0.1938.76 Safari/537.36"
66.249.64.129 - - [14/Jun/2025:19:50:44 +0300] "GET /ammika.php?63944208918.htm HTTP/1.1" 404 1251 "-" "Mozilla/5.0 (Linux; Android 6.0.1; Nexus 5X Build/MMB29P) AppleWebKit/537.36 (KHTML, like Gecko) Chrome/136.0.7103.113 Mobile Safari/537.36 (compatible; Googlebot/2.1; +http://www.google.com/bot.html)"
40.77.167.13 - - [14/Jun/2025:19:51:52 +0300] "GET /index.php?shopdetail/129759433 HTTP/2" 404 1251 "-" "Mozilla/5.0 AppleWebKit/537.36 (KHTML, like Gecko; compatible; bingbot/2.0; +http://www.bing.com/bingbot.htm) Chrome/116.0.1938.76 Safari/537.36"
57.141.0.22 - - [14/Jun/2025:19:52:59 +0300] "GET /index.php?shopdetail/48730325828 HTTP/2" 404 1251 "-" "meta-externalagent/1.1 (+https://developers.facebook.com/docs/sharing/webmasters/crawler)"
40.77.167.13 - - [14/Jun/2025:19:53:13 +0300] "GET /index.php?shopdetail/12975201859 HTTP/2" 404 1251 "-" "Mozilla/5.0 AppleWebKit/537.36 (KHTML, like Gecko; compatible; bingbot/2.0; +http://www.bing.com/bingbot.htm) Chrome/116.0.1938.76 Safari/537.36"
57.141.0.12 - - [14/Jun/2025:19:53:26 +0300] "GET /index.php?shopdetail/13459273915 HTTP/2" 404 1251 "-" "meta-externalagent/1.1 (+https://developers.facebook.com/docs/sharing/webmasters/crawler)"
40.77.167.13 - - [14/Jun/2025:19:54:13 +0300] "GET /index.php?shopdetail/75291256207 HTTP/2" 404 1251 "-" "Mozilla/5.0 AppleWebKit/537.36 (KHTML, like Gecko; compatible; bingbot/2.0; +http://www.bing.com/bingbot.htm) Chrome/116.0.1938.76 Safari/537.36"
40.77.167.13 - - [14/Jun/2025:19:54:41 +0300] "GET /index.php?shopdetail/4475486446 HTTP/2" 404 1251 "-" "Mozilla/5.0 AppleWebKit/537.36 (KHTML, like Gecko; compatible; bingbot/2.0; +http://www.bing.com/bingbot.htm) Chrome/116.0.1938.76 Safari/537.36"
40.77.167.13 - - [14/Jun/2025:19:55:12 +0300] "GET /index.php?shopdetail/3441961650 HTTP/2" 404 1251 "-" "Mozilla/5.0 AppleWebKit/537.36 (KHTML, like Gecko; compatible; bingbot/2.0; +http://www.bing.com/bingbot.htm) Chrome/116.0.1938.76 Safari/537.36"
40.77.167.13 - - [14/Jun/2025:19:55:13 +0300] "GET /index.php?shopdetail/13459221566 HTTP/2" 404 1251 "-" "Mozilla/5.0 AppleWebKit/537.36 (KHTML, like Gecko; compatible; bingbot/2.0; +http://www.bing.com/bingbot.htm) Chrome/116.0.1938.76 Safari/537.36"
40.77.167.13 - - [14/Jun/2025:19:55:16 +0300] "GET /index.php?shopdetail/4475464865 HTTP/2" 404 1251 "-" "Mozilla/5.0 AppleWebKit/537.36 (KHTML, like Gecko; compatible; bingbot/2.0; +http://www.bing.com/bingbot.htm) Chrome/116.0.1938.76 Safari/537.36"
40.77.167.13 - - [14/Jun/2025:19:55:43 +0300] "GET /index.php?shopdetail/34419172242 HTTP/2" 404 1251 "-" "Mozilla/5.0 AppleWebKit/537.36 (KHTML, like Gecko; compatible; bingbot/2.0; +http://www.bing.com/bingbot.htm) Chrome/116.0.1938.76 Safari/537.36"
57.141.0.16 - - [14/Jun/2025:19:57:04 +0300] "GET /index.php?shopdetail/75291301387 HTTP/2" 404 1251 "-" "meta-externalagent/1.1 (+https://developers.facebook.com/docs/sharing/webmasters/crawler)"
40.77.167.13 - - [14/Jun/2025:19:57:13 +0300] "GET /index.php?shopdetail/67994111530 HTTP/2" 404 1251 "-" "Mozilla/5.0 AppleWebKit/537.36 (KHTML, like Gecko; compatible; bingbot/2.0; +http://www.bing.com/bingbot.htm) Chrome/116.0.1938.76 Safari/537.36"
51.75.116.202 - - [14/Jun/2025:19:57:25 +0300] "GET /robots.txt HTTP/1.1" 200 322 "-" "Mozilla/5.0 (compatible; MJ12bot/v1.4.8; http://mj12bot.com/)"
57.141.0.9 - - [14/Jun/2025:19:57:29 +0300] "GET /index.php?shopdetail/4873073746 HTTP/2" 404 1251 "-" "meta-externalagent/1.1 (+https://developers.facebook.com/docs/sharing/webmasters/crawler)"
57.141.0.24 - - [14/Jun/2025:19:57:31 +0300] "GET /index.php?shopdetail/13459298830 HTTP/2" 404 1251 "-" "meta-externalagent/1.1 (+https://developers.facebook.com/docs/sharing/webmasters/crawler)"
51.75.116.202 - - [14/Jun/2025:19:57:33 +0300] "GET /smini.php?action=edit&file=named-%5EWHMCS.txt&belekmata=/home/coinhaber/www/hex_sym404 HTTP/1.1" 200 441 "-" "Mozilla/5.0 (compatible; MJ12bot/v1.4.8; http://mj12bot.com/)"
51.75.116.202 - - [14/Jun/2025:19:57:43 +0300] "GET /smini.php?action=edit&file=operator-PrestaShop.txt&belekmata=/home/coinhaber/www/hex_sym404 HTTP/1.1" 200 441 "-" "Mozilla/5.0 (compatible; MJ12bot/v1.4.8; http://mj12bot.com/)"
51.75.116.202 - - [14/Jun/2025:19:57:49 +0300] "GET /smini.php?action=edit&file=options-general.php&belekmata=/home/coinhaber/www/wp-admin HTTP/1.1" 200 7608 "-" "Mozilla/5.0 (compatible; MJ12bot/v1.4.8; http://mj12bot.com/)"
57.141.0.19 - - [14/Jun/2025:19:57:53 +0300] "GET /index.php?shopdetail/48730202532 HTTP/2" 404 1251 "-" "meta-externalagent/1.1 (+https://developers.facebook.com/docs/sharing/webmasters/crawler)"
51.75.116.202 - - [14/Jun/2025:19:57:55 +0300] "GET /smini.php?action=edit&file=options-head.php&belekmata=/home/coinhaber/www/wp-admin HTTP/1.1" 200 880 "-" "Mozilla/5.0 (compatible; MJ12bot/v1.4.8; http://mj12bot.com/)"
51.75.116.202 - - [14/Jun/2025:19:58:00 +0300] "GET /smini.php?action=edit&file=options-permalink.php&belekmata=/home/coinhaber/www/wp-admin HTTP/1.1" 200 6607 "-" "Mozilla/5.0 (compatible; MJ12bot/v1.4.8; http://mj12bot.com/)"
51.75.116.202 - - [14/Jun/2025:19:58:04 +0300] "GET /smini.php?action=edit&file=options-privacy.php&belekmata=/home/coinhaber/www/wp-admin HTTP/1.1" 200 3990 "-" "Mozilla/5.0 (compatible; MJ12bot/v1.4.8; http://mj12bot.com/)"
51.75.116.202 - - [14/Jun/2025:19:58:09 +0300] "GET /smini.php?action=edit&file=options-reading.php&belekmata=/home/coinhaber/www/wp-admin HTTP/1.1" 200 3817 "-" "Mozilla/5.0 (compatible; MJ12bot/v1.4.8; http://mj12bot.com/)"
51.75.116.202 - - [14/Jun/2025:19:58:13 +0300] "GET /smini.php?action=edit&file=options-writing.php&belekmata=/home/coinhaber/www/wp-admin HTTP/1.1" 200 3769 "-" "Mozilla/5.0 (compatible; MJ12bot/v1.4.8; http://mj12bot.com/)"
51.75.116.202 - - [14/Jun/2025:19:58:17 +0300] "GET /smini.php?action=edit&file=options.php&belekmata=/home/coinhaber/www/wp-admin HTTP/1.1" 200 5252 "-" "Mozilla/5.0 (compatible; MJ12bot/v1.4.8; http://mj12bot.com/)"
51.75.116.202 - - [14/Jun/2025:19:58:22 +0300] "GET /smini.php?action=edit&file=org.png&belekmata=/home/coinhaber/tmp/analog HTTP/1.1" 200 1808 "-" "Mozilla/5.0 (compatible; MJ12bot/v1.4.8; http://mj12bot.com/)"
51.75.116.202 - - [14/Jun/2025:19:58:26 +0300] "GET /smini.php?action=edit&file=os.png&belekmata=/home/coinhaber/tmp/analog HTTP/1.1" 200 1859 "-" "Mozilla/5.0 (compatible; MJ12bot/v1.4.8; http://mj12bot.com/)"
51.75.116.202 - - [14/Jun/2025:19:58:31 +0300] "GET /smini.php?action=edit&file=p11-kit-proxy.so&belekmata=/home/coinhaber/public_html/hex_sym404/root/lib64 HTTP/1.1" 200 266059 "-" "Mozilla/5.0 (compatible; MJ12bot/v1.4.8; http://mj12bot.com/)"
57.141.0.27 - - [14/Jun/2025:19:56:10 +0300] "GET /index.php?shopdetail/4873032886 HTTP/2" 404 1251 "-" "meta-externalagent/1.1 (+https://developers.facebook.com/docs/sharing/webmasters/crawler)"
40.77.167.13 - - [14/Jun/2025:19:56:42 +0300] "GET /index.php?shopdetail/60862199146 HTTP/2" 404 1251 "-" "Mozilla/5.0 AppleWebKit/537.36 (KHTML, like Gecko; compatible; bingbot/2.0; +http://www.bing.com/bingbot.htm) Chrome/116.0.1938.76 Safari/537.36"
207.46.13.51 - - [14/Jun/2025:19:56:46 +0300] "GET /index.php?shopdetail/26964205114 HTTP/2" 404 1251 "-" "Mozilla/5.0 AppleWebKit/537.36 (KHTML, like Gecko; compatible; bingbot/2.0; +http://www.bing.com/bingbot.htm) Chrome/116.0.1938.76 Safari/537.36"
57.141.0.19 - - [14/Jun/2025:19:57:29 +0300] "GET /index.php?shopdetail/60862212677 HTTP/2" 404 1251 "-" "meta-externalagent/1.1 (+https://developers.facebook.com/docs/sharing/webmasters/crawler)"
66.249.64.129 - - [14/Jun/2025:19:57:32 +0300] "GET /ammika.php?28305188073.htm HTTP/1.1" 404 1251 "-" "Mozilla/5.0 (Linux; Android 6.0.1; Nexus 5X Build/MMB29P) AppleWebKit/537.36 (KHTML, like Gecko) Chrome/136.0.7103.113 Mobile Safari/537.36 (compatible; Googlebot/2.1; +http://www.google.com/bot.html)"
66.249.64.130 - - [14/Jun/2025:19:57:32 +0300] "GET /ammika.php?63944282722.htm HTTP/1.1" 404 1251 "-" "Mozilla/5.0 (Linux; Android 6.0.1; Nexus 5X Build/MMB29P) AppleWebKit/537.36 (KHTML, like Gecko) Chrome/136.0.7103.113 Mobile Safari/537.36 (compatible; Googlebot/2.1; +http://www.google.com/bot.html)"
57.141.0.16 - - [14/Jun/2025:19:57:36 +0300] "GET /index.php?shopdetail/12975222164 HTTP/2" 404 1251 "-" "meta-externalagent/1.1 (+https://developers.facebook.com/docs/sharing/webmasters/crawler)"
66.249.64.129 - - [14/Jun/2025:19:58:40 +0300] "GET /ammika.php?74434297997.htm HTTP/1.1" 404 1251 "-" "Mozilla/5.0 (Linux; Android 6.0.1; Nexus 5X Build/MMB29P) AppleWebKit/537.36 (KHTML, like Gecko) Chrome/136.0.7103.113 Mobile Safari/537.36 (compatible; Googlebot/2.1; +http://www.google.com/bot.html)"
216.73.216.64 - - [14/Jun/2025:19:59:20 +0300] "GET /shopdetail/12975135076 HTTP/2" 404 1251 "-" "Mozilla/5.0 AppleWebKit/537.36 (KHTML, like Gecko; compatible; ClaudeBot/1.0; +claudebot@anthropic.com)"
216.73.216.64 - - [14/Jun/2025:19:59:20 +0300] "GET /shopdetail/12975253400 HTTP/2" 404 1251 "-" "Mozilla/5.0 AppleWebKit/537.36 (KHTML, like Gecko; compatible; ClaudeBot/1.0; +claudebot@anthropic.com)"
216.73.216.64 - - [14/Jun/2025:19:59:20 +0300] "GET /shopdetail/12975129303 HTTP/2" 404 1251 "-" "Mozilla/5.0 AppleWebKit/537.36 (KHTML, like Gecko; compatible; ClaudeBot/1.0; +claudebot@anthropic.com)"
216.73.216.64 - - [14/Jun/2025:19:59:20 +0300] "GET /shopdetail/1345967078 HTTP/2" 404 1251 "-" "Mozilla/5.0 AppleWebKit/537.36 (KHTML, like Gecko; compatible; ClaudeBot/1.0; +claudebot@anthropic.com)"
216.73.216.64 - - [14/Jun/2025:19:59:20 +0300] "GET /shopdetail/12975222602 HTTP/2" 404 1251 "-" "Mozilla/5.0 AppleWebKit/537.36 (KHTML, like Gecko; compatible; ClaudeBot/1.0; +claudebot@anthropic.com)"
216.73.216.64 - - [14/Jun/2025:19:59:21 +0300] "GET /shopdetail/48730334887 HTTP/2" 404 1251 "-" "Mozilla/5.0 AppleWebKit/537.36 (KHTML, like Gecko; compatible; ClaudeBot/1.0; +claudebot@anthropic.com)"
216.73.216.64 - - [14/Jun/2025:19:59:21 +0300] "GET /shopdetail/75291159062 HTTP/2" 404 1251 "-" "Mozilla/5.0 AppleWebKit/537.36 (KHTML, like Gecko; compatible; ClaudeBot/1.0; +claudebot@anthropic.com)"
216.73.216.64 - - [14/Jun/2025:19:59:21 +0300] "GET /shopdetail/75291222505 HTTP/2" 404 1251 "-" "Mozilla/5.0 AppleWebKit/537.36 (KHTML, like Gecko; compatible; ClaudeBot/1.0; +claudebot@anthropic.com)"
216.73.216.64 - - [14/Jun/2025:19:59:21 +0300] "GET /shopdetail/13459137785 HTTP/2" 404 1251 "-" "Mozilla/5.0 AppleWebKit/537.36 (KHTML, like Gecko; compatible; ClaudeBot/1.0; +claudebot@anthropic.com)"
216.73.216.64 - - [14/Jun/2025:19:59:21 +0300] "GET /shopdetail/34419172661 HTTP/2" 404 1251 "-" "Mozilla/5.0 AppleWebKit/537.36 (KHTML, like Gecko; compatible; ClaudeBot/1.0; +claudebot@anthropic.com)"
51.75.116.202 - - [14/Jun/2025:19:58:35 +0300] "GET /smini.php?action=edit&file=p11-kit-trust.so&belekmata=/home/coinhaber/public_html/hex_sym404/root/lib64 HTTP/1.1" 200 84568 "-" "Mozilla/5.0 (compatible; MJ12bot/v1.4.8; http://mj12bot.com/)"
51.75.116.202 - - [14/Jun/2025:19:58:37 +0300] "GET /smini.php?action=edit&file=page-home.php&belekmata=/home/coinhaber/public_html/wp-content/themes/Oruno HTTP/1.1" 200 1204 "-" "Mozilla/5.0 (compatible; MJ12bot/v1.4.8; http://mj12bot.com/)"
51.75.116.202 - - [14/Jun/2025:19:58:40 +0300] "GET /smini.php?action=edit&file=page.php&belekmata=/home/coinhaber/public_html/wp-content/themes/Oruno HTTP/1.1" 200 747 "-" "Mozilla/5.0 (compatible; MJ12bot/v1.4.8; http://mj12bot.com/)"
51.75.116.202 - - [14/Jun/2025:19:58:44 +0300] "GET /smini.php?action=edit&file=pagetypeinfo&belekmata=/home/coinhaber/public_html/hex_sym404/root/proc HTTP/1.1" 200 441 "-" "Mozilla/5.0 (compatible; MJ12bot/v1.4.8; http://mj12bot.com/)"
51.75.116.202 - - [14/Jun/2025:19:58:48 +0300] "GET /smini.php?action=edit&file=pam_console_apply&belekmata=/home/coinhaber/public_html/hex_sym404/root/sbin HTTP/1.1" 200 15488 "-" "Mozilla/5.0 (compatible; MJ12bot/v1.4.8; http://mj12bot.com/)"
51.75.116.202 - - [14/Jun/2025:19:58:51 +0300] "GET /smini.php?action=edit&file=pam_timestamp_check&belekmata=/home/coinhaber/public_html/hex_sym404/root/sbin HTTP/1.1" 200 5370 "-" "Mozilla/5.0 (compatible; MJ12bot/v1.4.8; http://mj12bot.com/)"
51.75.116.202 - - [14/Jun/2025:19:58:55 +0300] "GET /smini.php?action=edit&file=pango-list&belekmata=/home/coinhaber/public_html/hex_sym404/root/bin HTTP/1.1" 200 4224 "-" "Mozilla/5.0 (compatible; MJ12bot/v1.4.8; http://mj12bot.com/)"
51.75.116.202 - - [14/Jun/2025:19:58:59 +0300] "GET /smini.php?action=edit&file=pango-view&belekmata=/home/coinhaber/public_html/hex_sym404/root/bin HTTP/1.1" 200 18795 "-" "Mozilla/5.0 (compatible; MJ12bot/v1.4.8; http://mj12bot.com/)"
51.75.116.202 - - [14/Jun/2025:19:59:03 +0300] "GET /smini.php?action=edit&file=partitions&belekmata=/home/coinhaber/public_html/hex_sym404/root/proc HTTP/1.1" 200 441 "-" "Mozilla/5.0 (compatible; MJ12bot/v1.4.8; http://mj12bot.com/)"
40.77.167.13 - - [14/Jun/2025:19:59:03 +0300] "GET /index.php?shopdetail/3441971390 HTTP/2" 404 1251 "-" "Mozilla/5.0 AppleWebKit/537.36 (KHTML, like Gecko; compatible; bingbot/2.0; +http://www.bing.com/bingbot.htm) Chrome/116.0.1938.76 Safari/537.36"
51.75.116.202 - - [14/Jun/2025:19:59:06 +0300] "GET /smini.php?action=edit&file=passwd&belekmata=/home/coinhaber/public_html/hex_sym404/root/bin HTTP/1.1" 200 1056 "-" "Mozilla/5.0 (compatible; MJ12bot/v1.4.8; http://mj12bot.com/)"
51.75.116.202 - - [14/Jun/2025:19:59:10 +0300] "GET /smini.php?action=edit&file=passwd&belekmata=/home/coinhaber/public_html/hex_sym404/root/etc HTTP/1.1" 200 510 "-" "Mozilla/5.0 (compatible; MJ12bot/v1.4.8; http://mj12bot.com/)"
51.75.116.202 - - [14/Jun/2025:19:59:13 +0300] "GET /smini.php?action=edit&file=past.php&belekmata=/home/coinhaber/public_html/wp-content/plugins/ijouytt HTTP/1.1" 200 513 "-" "Mozilla/5.0 (compatible; MJ12bot/v1.4.8; http://mj12bot.com/)"
51.75.116.202 - - [14/Jun/2025:19:59:16 +0300] "GET /smini.php?action=edit&file=paste&belekmata=/home/coinhaber/public_html/hex_sym404/root/bin HTTP/1.1" 200 15697 "-" "Mozilla/5.0 (compatible; MJ12bot/v1.4.8; http://mj12bot.com/)"
57.141.0.13 - - [14/Jun/2025:19:59:18 +0300] "GET /index.php?shopdetail/48730216671 HTTP/2" 404 1251 "-" "meta-externalagent/1.1 (+https://developers.facebook.com/docs/sharing/webmasters/crawler)"
51.75.116.202 - - [14/Jun/2025:19:59:20 +0300] "GET /smini.php?action=edit&file=patch&belekmata=/home/coinhaber/public_html/hex_sym404/root/bin HTTP/1.1" 200 89134 "-" "Mozilla/5.0 (compatible; MJ12bot/v1.4.8; http://mj12bot.com/)"
51.75.116.202 - - [14/Jun/2025:19:59:23 +0300] "GET /smini.php?action=edit&file=pathchk&belekmata=/home/coinhaber/public_html/hex_sym404/root/bin HTTP/1.1" 200 14567 "-" "Mozilla/5.0 (compatible; MJ12bot/v1.4.8; http://mj12bot.com/)"
51.75.116.202 - - [14/Jun/2025:19:59:27 +0300] "GET /smini.php?action=edit&file=patterns.js&belekmata=/home/coinhaber/public_html/wp-includes/js/dist HTTP/1.1" 200 14195 "-" "Mozilla/5.0 (compatible; MJ12bot/v1.4.8; http://mj12bot.com/)"
51.75.116.202 - - [14/Jun/2025:19:59:31 +0300] "GET /smini.php?action=edit&file=patterns.min.js&belekmata=/home/coinhaber/public_html/wp-includes/js/dist HTTP/1.1" 200 8135 "-" "Mozilla/5.0 (compatible; MJ12bot/v1.4.8; http://mj12bot.com/)"
51.75.116.202 - - [14/Jun/2025:19:59:34 +0300] "GET /smini.php?action=edit&file=pdf2dsc&belekmata=/home/coinhaber/public_html/hex_sym404/root/bin HTTP/1.1" 200 964 "-" "Mozilla/5.0 (compatible; MJ12bot/v1.4.8; http://mj12bot.com/)"
51.75.116.202 - - [14/Jun/2025:19:59:38 +0300] "GET /smini.php?action=edit&file=pdf2ps&belekmata=/home/coinhaber/public_html/hex_sym404/root/bin HTTP/1.1" 200 1081 "-" "Mozilla/5.0 (compatible; MJ12bot/v1.4.8; http://mj12bot.com/)"
51.75.116.202 - - [14/Jun/2025:19:59:42 +0300] "GET /smini.php?action=edit&file=perl&belekmata=/home/coinhaber/public_html/hex_sym404/root/bin HTTP/1.1" 200 4322 "-" "Mozilla/5.0 (compatible; MJ12bot/v1.4.8; http://mj12bot.com/)"
51.75.116.202 - - [14/Jun/2025:19:59:45 +0300] "GET /smini.php?action=edit&file=perl5.26.3&belekmata=/home/coinhaber/public_html/hex_sym404/root/bin HTTP/1.1" 200 4364 "-" "Mozilla/5.0 (compatible; MJ12bot/v1.4.8; http://mj12bot.com/)"
51.75.116.202 - - [14/Jun/2025:19:59:49 +0300] "GET /smini.php?action=edit&file=perlbug&belekmata=/home/coinhaber/public_html/hex_sym404/root/bin HTTP/1.1" 200 17258 "-" "Mozilla/5.0 (compatible; MJ12bot/v1.4.8; http://mj12bot.com/)"
51.75.116.202 - - [14/Jun/2025:19:59:52 +0300] "GET /smini.php?action=edit&file=perldoc&belekmata=/home/coinhaber/public_html/hex_sym404/root/bin HTTP/1.1" 200 606 "-" "Mozilla/5.0 (compatible; MJ12bot/v1.4.8; http://mj12bot.com/)"
51.75.116.202 - - [14/Jun/2025:19:59:56 +0300] "GET /smini.php?action=edit&file=perlivp&belekmata=/home/coinhaber/public_html/hex_sym404/root/bin HTTP/1.1" 200 4280 "-" "Mozilla/5.0 (compatible; MJ12bot/v1.4.8; http://mj12bot.com/)"
51.75.116.202 - - [14/Jun/2025:19:59:59 +0300] "GET /smini.php?action=edit&file=perlthanks&belekmata=/home/coinhaber/public_html/hex_sym404/root/bin HTTP/1.1" 200 17316 "-" "Mozilla/5.0 (compatible; MJ12bot/v1.4.8; http://mj12bot.com/)"
51.75.116.202 - - [14/Jun/2025:20:00:02 +0300] "GET /smini.php?action=edit&file=pgrep&belekmata=/home/coinhaber/public_html/hex_sym404/root/bin HTTP/1.1" 200 11254 "-" "Mozilla/5.0 (compatible; MJ12bot/v1.4.8; http://mj12bot.com/)"
51.75.116.202 - - [14/Jun/2025:20:00:05 +0300] "GET /smini.php?action=edit&file=php&belekmata=/home/coinhaber/public_html/hex_sym404/root/bin HTTP/1.1" 200 938 "-" "Mozilla/5.0 (compatible; MJ12bot/v1.4.8; http://mj12bot.com/)"
51.75.116.202 - - [14/Jun/2025:20:00:09 +0300] "GET /smini.php?action=edit&file=php72compat.php&belekmata=/home/coinhaber/public_html/wp-includes/sodium_compat/lib HTTP/1.1" 200 5435 "-" "Mozilla/5.0 (compatible; MJ12bot/v1.4.8; http://mj12bot.com/)"
51.75.116.202 - - [14/Jun/2025:20:00:13 +0300] "GET /smini.php?action=edit&file=php72compat_const.php&belekmata=/home/coinhaber/public_html/wp-includes/sodium_compat/lib HTTP/1.1" 200 1334 "-" "Mozilla/5.0 (compatible; MJ12bot/v1.4.8; http://mj12bot.com/)"
51.75.116.202 - - [14/Jun/2025:20:00:16 +0300] "GET /smini.php?action=edit&file=php84compat.php&belekmata=/home/coinhaber/public_html/wp-includes/sodium_compat/lib HTTP/1.1" 200 1207 "-" "Mozilla/5.0 (compatible; MJ12bot/v1.4.8; http://mj12bot.com/)"
51.75.116.202 - - [14/Jun/2025:20:00:20 +0300] "GET /smini.php?action=edit&file=php84compat_const.php&belekmata=/home/coinhaber/public_html/wp-includes/sodium_compat/lib HTTP/1.1" 200 623 "-" "Mozilla/5.0 (compatible; MJ12bot/v1.4.8; http://mj12bot.com/)"
57.141.0.6 - - [14/Jun/2025:20:00:23 +0300] "GET /index.php?shopdetail/48730245501 HTTP/2" 404 1251 "-" "meta-externalagent/1.1 (+https://developers.facebook.com/docs/sharing/webmasters/crawler)"
51.75.116.202 - - [14/Jun/2025:20:00:23 +0300] "GET /smini.php?action=edit&file=pic&belekmata=/home/coinhaber/public_html/hex_sym404/root/bin HTTP/1.1" 200 88208 "-" "Mozilla/5.0 (compatible; MJ12bot/v1.4.8; http://mj12bot.com/)"
51.75.116.202 - - [14/Jun/2025:20:00:27 +0300] "GET /smini.php?action=edit&file=piconv&belekmata=/home/coinhaber/public_html/hex_sym404/root/bin HTTP/1.1" 200 3635 "-" "Mozilla/5.0 (compatible; MJ12bot/v1.4.8; http://mj12bot.com/)"
51.75.116.202 - - [14/Jun/2025:20:00:30 +0300] "GET /smini.php?action=edit&file=pinentry&belekmata=/home/coinhaber/public_html/hex_sym404/root/bin HTTP/1.1" 200 1449 "-" "Mozilla/5.0 (compatible; MJ12bot/v1.4.8; http://mj12bot.com/)"
51.75.116.202 - - [14/Jun/2025:20:00:34 +0300] "GET /smini.php?action=edit&file=pinentry-curses&belekmata=/home/coinhaber/public_html/hex_sym404/root/bin HTTP/1.1" 200 31090 "-" "Mozilla/5.0 (compatible; MJ12bot/v1.4.8; http://mj12bot.com/)"
51.75.116.202 - - [14/Jun/2025:20:00:37 +0300] "GET /smini.php?action=edit&file=ping&belekmata=/home/coinhaber/public_html/hex_sym404/root/bin HTTP/1.1" 200 1053 "-" "Mozilla/5.0 (compatible; MJ12bot/v1.4.8; http://mj12bot.com/)"
51.75.116.202 - - [14/Jun/2025:20:00:40 +0300] "GET /smini.php?action=edit&file=pinky&belekmata=/home/coinhaber/public_html/hex_sym404/root/bin HTTP/1.1" 200 17165 "-" "Mozilla/5.0 (compatible; MJ12bot/v1.4.8; http://mj12bot.com/)"
51.75.116.202 - - [14/Jun/2025:20:00:44 +0300] "GET /smini.php?action=edit&file=pip-3&belekmata=/home/coinhaber/public_html/hex_sym404/root/bin HTTP/1.1" 200 441 "-" "Mozilla/5.0 (compatible; MJ12bot/v1.4.8; http://mj12bot.com/)"
51.75.116.202 - - [14/Jun/2025:20:00:47 +0300] "GET /smini.php?action=edit&file=pip3&belekmata=/home/coinhaber/public_html/hex_sym404/root/bin HTTP/1.1" 200 441 "-" "Mozilla/5.0 (compatible; MJ12bot/v1.4.8; http://mj12bot.com/)"
51.75.116.202 - - [14/Jun/2025:20:00:51 +0300] "GET /smini.php?action=edit&file=pkg-config&belekmata=/home/coinhaber/public_html/hex_sym404/root/bin HTTP/1.1" 200 14851 "-" "Mozilla/5.0 (compatible; MJ12bot/v1.4.8; http://mj12bot.com/)"
52.167.144.189 - - [14/Jun/2025:20:00:54 +0300] "GET /index.php?shopdetail/12975289107 HTTP/2" 404 1251 "-" "Mozilla/5.0 AppleWebKit/537.36 (KHTML, like Gecko; compatible; bingbot/2.0; +http://www.bing.com/bingbot.htm) Chrome/116.0.1938.76 Safari/537.36"
51.75.116.202 - - [14/Jun/2025:20:00:54 +0300] "GET /smini.php?action=edit&file=pkgconf&belekmata=/home/coinhaber/public_html/hex_sym404/root/bin HTTP/1.1" 200 14794 "-" "Mozilla/5.0 (compatible; MJ12bot/v1.4.8; http://mj12bot.com/)"
52.167.144.189 - - [14/Jun/2025:20:00:54 +0300] "GET /index.php?shopdetail/9839460310 HTTP/2" 404 1251 "-" "Mozilla/5.0 AppleWebKit/537.36 (KHTML, like Gecko; compatible; bingbot/2.0; +http://www.bing.com/bingbot.htm) Chrome/116.0.1938.76 Safari/537.36"
51.75.116.202 - - [14/Jun/2025:20:00:58 +0300] "GET /smini.php?action=edit&file=pkill&belekmata=/home/coinhaber/public_html/hex_sym404/root/bin HTTP/1.1" 200 11277 "-" "Mozilla/5.0 (compatible; MJ12bot/v1.4.8; http://mj12bot.com/)"
51.75.116.202 - - [14/Jun/2025:20:01:01 +0300] "GET /smini.php?action=edit&file=pl2pm&belekmata=/home/coinhaber/public_html/hex_sym404/root/bin HTTP/1.1" 200 2739 "-" "Mozilla/5.0 (compatible; MJ12bot/v1.4.8; http://mj12bot.com/)"
51.75.116.202 - - [14/Jun/2025:20:01:04 +0300] "GET /smini.php?action=edit&file=pluggable-deprecated.php&belekmata=/home/coinhaber/www/wp-includes HTTP/1.1" 200 2456 "-" "Mozilla/5.0 (compatible; MJ12bot/v1.4.8; http://mj12bot.com/)"
51.75.116.202 - - [14/Jun/2025:20:01:08 +0300] "GET /smini.php?action=edit&file=pluggable.php&belekmata=/home/coinhaber/www/wp-includes HTTP/1.1" 200 29981 "-" "Mozilla/5.0 (compatible; MJ12bot/v1.4.8; http://mj12bot.com/)"
51.75.116.202 - - [14/Jun/2025:20:01:11 +0300] "GET /smini.php?action=edit&file=plugin-editor.php&belekmata=/home/coinhaber/www/wp-admin HTTP/1.1" 200 5588 "-" "Mozilla/5.0 (compatible; MJ12bot/v1.4.8; http://mj12bot.com/)"
51.75.116.202 - - [14/Jun/2025:20:01:15 +0300] "GET /smini.php?action=edit&file=plugin-install.php&belekmata=/home/coinhaber/www/wp-admin HTTP/1.1" 200 3206 "-" "Mozilla/5.0 (compatible; MJ12bot/v1.4.8; http://mj12bot.com/)"
51.75.116.202 - - [14/Jun/2025:20:01:18 +0300] "GET /smini.php?action=edit&file=plugin.php&belekmata=/home/coinhaber/www/wp-includes HTTP/1.1" 200 8055 "-" "Mozilla/5.0 (compatible; MJ12bot/v1.4.8; http://mj12bot.com/)"
51.75.116.202 - - [14/Jun/2025:20:01:21 +0300] "GET /smini.php?action=edit&file=plugins.js&belekmata=/home/coinhaber/public_html/wp-includes/js/dist HTTP/1.1" 200 5903 "-" "Mozilla/5.0 (compatible; MJ12bot/v1.4.8; http://mj12bot.com/)"
51.75.116.202 - - [14/Jun/2025:20:01:24 +0300] "GET /smini.php?action=edit&file=plugins.min.js&belekmata=/home/coinhaber/public_html/wp-includes/js/dist HTTP/1.1" 200 2398 "-" "Mozilla/5.0 (compatible; MJ12bot/v1.4.8; http://mj12bot.com/)"
51.75.116.202 - - [14/Jun/2025:20:01:28 +0300] "GET /smini.php?action=edit&file=plugins.php&belekmata=/home/coinhaber/www/wp-admin HTTP/1.1" 200 8625 "-" "Mozilla/5.0 (compatible; MJ12bot/v1.4.8; http://mj12bot.com/)"
51.75.116.202 - - [14/Jun/2025:20:01:31 +0300] "GET /smini.php?action=edit&file=pluginviewer&belekmata=/home/coinhaber/public_html/hex_sym404/root/sbin HTTP/1.1" 200 7187 "-" "Mozilla/5.0 (compatible; MJ12bot/v1.4.8; http://mj12bot.com/)"
51.75.116.202 - - [14/Jun/2025:20:01:34 +0300] "GET /smini.php?action=edit&file=plupload.js&belekmata=/home/coinhaber/public_html/wp-includes/js/plupload HTTP/1.1" 200 18098 "-" "Mozilla/5.0 (compatible; MJ12bot/v1.4.8; http://mj12bot.com/)"
51.75.116.202 - - [14/Jun/2025:20:01:37 +0300] "GET /smini.php?action=edit&file=plupload.min.js&belekmata=/home/coinhaber/public_html/wp-includes/js/plupload HTTP/1.1" 200 6448 "-" "Mozilla/5.0 (compatible; MJ12bot/v1.4.8; http://mj12bot.com/)"
57.141.0.14 - - [14/Jun/2025:20:01:40 +0300] "GET /index.php?shopdetail/48730233841 HTTP/2" 404 1251 "-" "meta-externalagent/1.1 (+https://developers.facebook.com/docs/sharing/webmasters/crawler)"
51.75.116.202 - - [14/Jun/2025:20:01:41 +0300] "GET /smini.php?action=edit&file=pmap&belekmata=/home/coinhaber/public_html/hex_sym404/root/bin HTTP/1.1" 200 12921 "-" "Mozilla/5.0 (compatible; MJ12bot/v1.4.8; http://mj12bot.com/)"
51.75.116.202 - - [14/Jun/2025:20:01:44 +0300] "GET /smini.php?action=edit&file=pod2html&belekmata=/home/coinhaber/public_html/hex_sym404/root/bin HTTP/1.1" 200 2079 "-" "Mozilla/5.0 (compatible; MJ12bot/v1.4.8; http://mj12bot.com/)"
51.75.116.202 - - [14/Jun/2025:20:01:47 +0300] "GET /smini.php?action=edit&file=pod2man&belekmata=/home/coinhaber/public_html/hex_sym404/root/bin HTTP/1.1" 200 6630 "-" "Mozilla/5.0 (compatible; MJ12bot/v1.4.8; http://mj12bot.com/)"
51.75.116.202 - - [14/Jun/2025:20:01:51 +0300] "GET /smini.php?action=edit&file=pod2text&belekmata=/home/coinhaber/public_html/hex_sym404/root/bin HTTP/1.1" 200 5114 "-" "Mozilla/5.0 (compatible; MJ12bot/v1.4.8; http://mj12bot.com/)"
51.75.116.202 - - [14/Jun/2025:20:01:54 +0300] "GET /smini.php?action=edit&file=pod2usage&belekmata=/home/coinhaber/public_html/hex_sym404/root/bin HTTP/1.1" 200 2290 "-" "Mozilla/5.0 (compatible; MJ12bot/v1.4.8; http://mj12bot.com/)"
51.75.116.202 - - [14/Jun/2025:20:01:57 +0300] "GET /smini.php?action=edit&file=podchecker&belekmata=/home/coinhaber/public_html/hex_sym404/root/bin HTTP/1.1" 200 2174 "-" "Mozilla/5.0 (compatible; MJ12bot/v1.4.8; http://mj12bot.com/)"
51.75.116.202 - - [14/Jun/2025:20:02:00 +0300] "GET /smini.php?action=edit&file=podselect&belekmata=/home/coinhaber/public_html/hex_sym404/root/bin HTTP/1.1" 200 1723 "-" "Mozilla/5.0 (compatible; MJ12bot/v1.4.8; http://mj12bot.com/)"
51.75.116.202 - - [14/Jun/2025:20:02:04 +0300] "GET /smini.php?action=edit&file=post-formats.php&belekmata=/home/coinhaber/www/wp-includes HTTP/1.1" 200 2479 "-" "Mozilla/5.0 (compatible; MJ12bot/v1.4.8; http://mj12bot.com/)"
51.75.116.202 - - [14/Jun/2025:20:02:07 +0300] "GET /smini.php?action=edit&file=post-grohtml&belekmata=/home/coinhaber/public_html/hex_sym404/root/bin HTTP/1.1" 200 93579 "-" "Mozilla/5.0 (compatible; MJ12bot/v1.4.8; http://mj12bot.com/)"
51.75.116.202 - - [14/Jun/2025:20:02:11 +0300] "GET /smini.php?action=edit&file=post-new.php&belekmata=/home/coinhaber/www/wp-admin HTTP/1.1" 200 1579 "-" "Mozilla/5.0 (compatible; MJ12bot/v1.4.8; http://mj12bot.com/)"
51.75.116.202 - - [14/Jun/2025:20:02:14 +0300] "GET /smini.php?action=edit&file=post-template.php&belekmata=/home/coinhaber/www/wp-includes HTTP/1.1" 200 18144 "-" "Mozilla/5.0 (compatible; MJ12bot/v1.4.8; http://mj12bot.com/)"
52.167.144.189 - - [14/Jun/2025:20:02:14 +0300] "GET /index.php?category/1289-4873000728.html HTTP/2" 404 1251 "-" "Mozilla/5.0 AppleWebKit/537.36 (KHTML, like Gecko; compatible; bingbot/2.0; +http://www.bing.com/bingbot.htm) Chrome/116.0.1938.76 Safari/537.36"
52.167.144.189 - - [14/Jun/2025:20:02:15 +0300] "GET /index.php?shopdetail/4873087902 HTTP/2" 404 1251 "-" "Mozilla/5.0 AppleWebKit/537.36 (KHTML, like Gecko; compatible; bingbot/2.0; +http://www.bing.com/bingbot.htm) Chrome/116.0.1938.76 Safari/537.36"
51.75.116.202 - - [14/Jun/2025:20:02:17 +0300] "GET /smini.php?action=edit&file=post-thumbnail-template.php&belekmata=/home/coinhaber/www/wp-includes HTTP/1.1" 200 2939 "-" "Mozilla/5.0 (compatible; MJ12bot/v1.4.8; http://mj12bot.com/)"
51.75.116.202 - - [14/Jun/2025:20:02:20 +0300] "GET /smini.php?action=edit&file=post.php&belekmata=/home/coinhaber/www/wp-admin HTTP/1.1" 200 3717 "-" "Mozilla/5.0 (compatible; MJ12bot/v1.4.8; http://mj12bot.com/)"
51.75.116.202 - - [14/Jun/2025:20:02:24 +0300] "GET /smini.php?action=edit&file=post.php&belekmata=/home/coinhaber/www/wp-includes HTTP/1.1" 200 66362 "-" "Mozilla/5.0 (compatible; MJ12bot/v1.4.8; http://mj12bot.com/)"
52.167.144.189 - - [14/Jun/2025:20:02:24 +0300] "GET /index.php?shopdetail/4873095349 HTTP/2" 404 1251 "-" "Mozilla/5.0 AppleWebKit/537.36 (KHTML, like Gecko; compatible; bingbot/2.0; +http://www.bing.com/bingbot.htm) Chrome/116.0.1938.76 Safari/537.36"
51.75.116.202 - - [14/Jun/2025:20:02:27 +0300] "GET /smini.php?action=edit&file=pr&belekmata=/home/coinhaber/public_html/hex_sym404/root/bin HTTP/1.1" 200 34643 "-" "Mozilla/5.0 (compatible; MJ12bot/v1.4.8; http://mj12bot.com/)"
51.75.116.202 - - [14/Jun/2025:20:02:30 +0300] "GET /smini.php?action=edit&file=pre-grohtml&belekmata=/home/coinhaber/public_html/hex_sym404/root/bin HTTP/1.1" 200 45005 "-" "Mozilla/5.0 (compatible; MJ12bot/v1.4.8; http://mj12bot.com/)"
57.141.0.3 - - [14/Jun/2025:20:02:31 +0300] "GET /index.php?shopdetail/13459137309 HTTP/2" 404 1251 "-" "meta-externalagent/1.1 (+https://developers.facebook.com/docs/sharing/webmasters/crawler)"
207.46.13.51 - - [14/Jun/2025:20:02:34 +0300] "GET /index.php?shopdetail/48730322293 HTTP/2" 404 1251 "-" "Mozilla/5.0 AppleWebKit/537.36 (KHTML, like Gecko; compatible; bingbot/2.0; +http://www.bing.com/bingbot.htm) Chrome/116.0.1938.76 Safari/537.36"
51.75.116.202 - - [14/Jun/2025:20:02:34 +0300] "GET /smini.php?action=edit&file=precat&belekmata=/home/coinhaber/public_html/hex_sym404/root/bin HTTP/1.1" 200 2461 "-" "Mozilla/5.0 (compatible; MJ12bot/v1.4.8; http://mj12bot.com/)"
51.75.116.202 - - [14/Jun/2025:20:02:37 +0300] "GET /smini.php?action=edit&file=preferences-persistence.js&belekmata=/home/coinhaber/public_html/wp-includes/js/dist HTTP/1.1" 200 8014 "-" "Mozilla/5.0 (compatible; MJ12bot/v1.4.8; http://mj12bot.com/)"
51.75.116.202 - - [14/Jun/2025:20:02:40 +0300] "GET /smini.php?action=edit&file=preferences-persistence.min.js&belekmata=/home/coinhaber/public_html/wp-includes/js/dist HTTP/1.1" 200 2644 "-" "Mozilla/5.0 (compatible; MJ12bot/v1.4.8; http://mj12bot.com/)"
51.75.116.202 - - [14/Jun/2025:20:02:43 +0300] "GET /smini.php?action=edit&file=preferences.js&belekmata=/home/coinhaber/public_html/wp-includes/js/dist HTTP/1.1" 200 6592 "-" "Mozilla/5.0 (compatible; MJ12bot/v1.4.8; http://mj12bot.com/)"
216.73.216.64 - - [14/Jun/2025:19:59:22 +0300] "GET /shopdetail/75291228951 HTTP/2" 404 1251 "-" "Mozilla/5.0 AppleWebKit/537.36 (KHTML, like Gecko; compatible; ClaudeBot/1.0; +claudebot@anthropic.com)"
216.73.216.64 - - [14/Jun/2025:19:59:22 +0300] "GET /shopdetail/60862177767 HTTP/2" 404 1251 "-" "Mozilla/5.0 AppleWebKit/537.36 (KHTML, like Gecko; compatible; ClaudeBot/1.0; +claudebot@anthropic.com)"
216.73.216.64 - - [14/Jun/2025:19:59:22 +0300] "GET /shopdetail/34419158930 HTTP/2" 404 1251 "-" "Mozilla/5.0 AppleWebKit/537.36 (KHTML, like Gecko; compatible; ClaudeBot/1.0; +claudebot@anthropic.com)"
216.73.216.64 - - [14/Jun/2025:19:59:22 +0300] "GET /shopdetail/67994148983 HTTP/2" 404 1251 "-" "Mozilla/5.0 AppleWebKit/537.36 (KHTML, like Gecko; compatible; ClaudeBot/1.0; +claudebot@anthropic.com)"
216.73.216.64 - - [14/Jun/2025:19:59:22 +0300] "GET /shopdetail/48730102536 HTTP/2" 404 1251 "-" "Mozilla/5.0 AppleWebKit/537.36 (KHTML, like Gecko; compatible; ClaudeBot/1.0; +claudebot@anthropic.com)"
216.73.216.64 - - [14/Jun/2025:19:59:23 +0300] "GET /shopdetail/75291202757 HTTP/2" 404 1251 "-" "Mozilla/5.0 AppleWebKit/537.36 (KHTML, like Gecko; compatible; ClaudeBot/1.0; +claudebot@anthropic.com)"
216.73.216.64 - - [14/Jun/2025:19:59:23 +0300] "GET /shopdetail/48730266200 HTTP/2" 404 1251 "-" "Mozilla/5.0 AppleWebKit/537.36 (KHTML, like Gecko; compatible; ClaudeBot/1.0; +claudebot@anthropic.com)"
216.73.216.64 - - [14/Jun/2025:19:59:23 +0300] "GET /shopdetail/13459169776 HTTP/2" 404 1251 "-" "Mozilla/5.0 AppleWebKit/537.36 (KHTML, like Gecko; compatible; ClaudeBot/1.0; +claudebot@anthropic.com)"
216.73.216.64 - - [14/Jun/2025:19:59:23 +0300] "GET /shopdetail/26964148724 HTTP/2" 404 1251 "-" "Mozilla/5.0 AppleWebKit/537.36 (KHTML, like Gecko; compatible; ClaudeBot/1.0; +claudebot@anthropic.com)"
57.141.0.22 - - [14/Jun/2025:19:59:58 +0300] "GET /index.php?shopdetail/4475499307 HTTP/2" 404 1251 "-" "meta-externalagent/1.1 (+https://developers.facebook.com/docs/sharing/webmasters/crawler)"
57.141.0.22 - - [14/Jun/2025:20:00:18 +0300] "GET /index.php?shopdetail/44754183711 HTTP/2" 404 1251 "-" "meta-externalagent/1.1 (+https://developers.facebook.com/docs/sharing/webmasters/crawler)"
52.167.144.189 - - [14/Jun/2025:20:00:32 +0300] "GET /index.php?shopdetail/98394278575 HTTP/2" 404 1251 "-" "Mozilla/5.0 AppleWebKit/537.36 (KHTML, like Gecko; compatible; bingbot/2.0; +http://www.bing.com/bingbot.htm) Chrome/116.0.1938.76 Safari/537.36"
52.167.144.189 - - [14/Jun/2025:20:00:33 +0300] "GET /index.php?shopdetail/75291190871 HTTP/2" 404 1251 "-" "Mozilla/5.0 AppleWebKit/537.36 (KHTML, like Gecko; compatible; bingbot/2.0; +http://www.bing.com/bingbot.htm) Chrome/116.0.1938.76 Safari/537.36"
207.46.13.51 - - [14/Jun/2025:20:00:37 +0300] "GET /index.php?shopdetail/48730247500 HTTP/2" 404 1251 "-" "Mozilla/5.0 AppleWebKit/537.36 (KHTML, like Gecko; compatible; bingbot/2.0; +http://www.bing.com/bingbot.htm) Chrome/116.0.1938.76 Safari/537.36"
57.141.0.15 - - [14/Jun/2025:20:00:41 +0300] "GET /index.php?shopdetail/48730222559 HTTP/2" 404 1251 "-" "meta-externalagent/1.1 (+https://developers.facebook.com/docs/sharing/webmasters/crawler)"
57.141.0.28 - - [14/Jun/2025:20:01:07 +0300] "GET /index.php?shopdetail/98394257022 HTTP/2" 404 1251 "-" "meta-externalagent/1.1 (+https://developers.facebook.com/docs/sharing/webmasters/crawler)"
57.141.0.12 - - [14/Jun/2025:20:01:10 +0300] "GET /index.php?shopdetail/48730236966 HTTP/2" 404 1251 "-" "meta-externalagent/1.1 (+https://developers.facebook.com/docs/sharing/webmasters/crawler)"
52.167.144.189 - - [14/Jun/2025:20:01:14 +0300] "GET /index.php?shopdetail/129755175 HTTP/2" 404 1251 "-" "Mozilla/5.0 AppleWebKit/537.36 (KHTML, like Gecko; compatible; bingbot/2.0; +http://www.bing.com/bingbot.htm) Chrome/116.0.1938.76 Safari/537.36"
52.167.144.189 - - [14/Jun/2025:20:01:54 +0300] "GET /index.php?shopdetail/12975194402 HTTP/2" 404 1251 "-" "Mozilla/5.0 AppleWebKit/537.36 (KHTML, like Gecko; compatible; bingbot/2.0; +http://www.bing.com/bingbot.htm) Chrome/116.0.1938.76 Safari/537.36"
51.75.116.202 - - [14/Jun/2025:20:02:46 +0300] "GET /smini.php?action=edit&file=preferences.min.js&belekmata=/home/coinhaber/public_html/wp-includes/js/dist HTTP/1.1" 200 3451 "-" "Mozilla/5.0 (compatible; MJ12bot/v1.4.8; http://mj12bot.com/)"
51.75.116.202 - - [14/Jun/2025:20:02:49 +0300] "GET /smini.php?action=edit&file=preloadable_libintl.so&belekmata=/home/coinhaber/public_html/hex_sym404/root/lib64 HTTP/1.1" 200 20260 "-" "Mozilla/5.0 (compatible; MJ12bot/v1.4.8; http://mj12bot.com/)"
51.75.116.202 - - [14/Jun/2025:20:02:53 +0300] "GET /smini.php?action=edit&file=press-this.php&belekmata=/home/coinhaber/www/wp-admin HTTP/1.1" 200 1500 "-" "Mozilla/5.0 (compatible; MJ12bot/v1.4.8; http://mj12bot.com/)"
51.75.116.202 - - [14/Jun/2025:20:02:56 +0300] "GET /smini.php?action=edit&file=preunzip&belekmata=/home/coinhaber/public_html/hex_sym404/root/bin HTTP/1.1" 200 2461 "-" "Mozilla/5.0 (compatible; MJ12bot/v1.4.8; http://mj12bot.com/)"
51.75.116.202 - - [14/Jun/2025:20:02:59 +0300] "GET /smini.php?action=edit&file=prezip&belekmata=/home/coinhaber/public_html/hex_sym404/root/bin HTTP/1.1" 200 2459 "-" "Mozilla/5.0 (compatible; MJ12bot/v1.4.8; http://mj12bot.com/)"
51.75.116.202 - - [14/Jun/2025:20:03:02 +0300] "GET /smini.php?action=edit&file=prezip-bin&belekmata=/home/coinhaber/public_html/hex_sym404/root/bin HTTP/1.1" 200 5012 "-" "Mozilla/5.0 (compatible; MJ12bot/v1.4.8; http://mj12bot.com/)"
51.75.116.202 - - [14/Jun/2025:20:03:05 +0300] "GET /smini.php?action=edit&file=primitives.js&belekmata=/home/coinhaber/public_html/wp-includes/js/dist HTTP/1.1" 200 2379 "-" "Mozilla/5.0 (compatible; MJ12bot/v1.4.8; http://mj12bot.com/)"
51.75.116.202 - - [14/Jun/2025:20:03:08 +0300] "GET /smini.php?action=edit&file=primitives.min.js&belekmata=/home/coinhaber/public_html/wp-includes/js/dist HTTP/1.1" 200 1336 "-" "Mozilla/5.0 (compatible; MJ12bot/v1.4.8; http://mj12bot.com/)"
51.75.116.202 - - [14/Jun/2025:20:03:11 +0300] "GET /smini.php?action=edit&file=printenv&belekmata=/home/coinhaber/public_html/hex_sym404/root/bin HTTP/1.1" 200 13871 "-" "Mozilla/5.0 (compatible; MJ12bot/v1.4.8; http://mj12bot.com/)"
51.75.116.202 - - [14/Jun/2025:20:03:14 +0300] "GET /smini.php?action=edit&file=printf&belekmata=/home/coinhaber/public_html/hex_sym404/root/bin HTTP/1.1" 200 23253 "-" "Mozilla/5.0 (compatible; MJ12bot/v1.4.8; http://mj12bot.com/)"
45.61.188.211 - - [14/Jun/2025:20:03:11 +0300] "GET /wp-login.php HTTP/1.1" 302 0 "-" "Mozilla/5.0 (Macintosh; Intel Mac OS X 10.9; rv:31.0) Gecko/20100101 Firefox/31.0"
51.75.116.202 - - [14/Jun/2025:20:03:17 +0300] "GET /smini.php?action=edit&file=priority-queue.js&belekmata=/home/coinhaber/public_html/wp-includes/js/dist HTTP/1.1" 200 4811 "-" "Mozilla/5.0 (compatible; MJ12bot/v1.4.8; http://mj12bot.com/)"
57.141.0.25 - - [14/Jun/2025:20:03:19 +0300] "GET /index.php?shopdetail/4873085327 HTTP/2" 404 1251 "-" "meta-externalagent/1.1 (+https://developers.facebook.com/docs/sharing/webmasters/crawler)"
51.75.116.202 - - [14/Jun/2025:20:03:20 +0300] "GET /smini.php?action=edit&file=priority-queue.min.js&belekmata=/home/coinhaber/public_html/wp-includes/js/dist HTTP/1.1" 200 2080 "-" "Mozilla/5.0 (compatible; MJ12bot/v1.4.8; http://mj12bot.com/)"
51.75.116.202 - - [14/Jun/2025:20:03:23 +0300] "GET /smini.php?action=edit&file=privacy-policy-guide.php&belekmata=/home/coinhaber/www/wp-admin HTTP/1.1" 200 1961 "-" "Mozilla/5.0 (compatible; MJ12bot/v1.4.8; http://mj12bot.com/)"
51.75.116.202 - - [14/Jun/2025:20:03:26 +0300] "GET /smini.php?action=edit&file=privacy.php&belekmata=/home/coinhaber/www/wp-admin HTTP/1.1" 200 1533 "-" "Mozilla/5.0 (compatible; MJ12bot/v1.4.8; http://mj12bot.com/)"
51.75.116.202 - - [14/Jun/2025:20:03:29 +0300] "GET /smini.php?action=edit&file=private-apis.js&belekmata=/home/coinhaber/public_html/wp-includes/js/dist HTTP/1.1" 200 3216 "-" "Mozilla/5.0 (compatible; MJ12bot/v1.4.8; http://mj12bot.com/)"
51.75.116.202 - - [14/Jun/2025:20:03:32 +0300] "GET /smini.php?action=edit&file=private-apis.min.js&belekmata=/home/coinhaber/public_html/wp-includes/js/dist HTTP/1.1" 200 1495 "-" "Mozilla/5.0 (compatible; MJ12bot/v1.4.8; http://mj12bot.com/)"
51.75.116.202 - - [14/Jun/2025:20:03:35 +0300] "GET /smini.php?action=edit&file=profile&belekmata=/home/coinhaber/public_html/hex_sym404/root/etc HTTP/1.1" 200 1748 "-" "Mozilla/5.0 (compatible; MJ12bot/v1.4.8; http://mj12bot.com/)"
51.75.116.202 - - [14/Jun/2025:20:03:38 +0300] "GET /smini.php?action=edit&file=profile.php&belekmata=/home/coinhaber/www/wp-admin HTTP/1.1" 200 685 "-" "Mozilla/5.0 (compatible; MJ12bot/v1.4.8; http://mj12bot.com/)"
45.61.188.211 - - [14/Jun/2025:20:03:15 +0300] "GET /wp-admin/install.php HTTP/1.1" 200 13408 "-" "Mozilla/5.0 (Macintosh; Intel Mac OS X 10.9; rv:31.0) Gecko/20100101 Firefox/31.0"
51.75.116.202 - - [14/Jun/2025:20:03:41 +0300] "GET /smini.php?action=edit&file=protect-uploads.php&belekmata=/home/coinhaber/public_html/wp-content/plugins/protect-uploads HTTP/1.1" 200 1029 "-" "Mozilla/5.0 (compatible; MJ12bot/v1.4.8; http://mj12bot.com/)"
45.61.188.211 - - [14/Jun/2025:20:03:43 +0300] "POST /wp-login.php HTTP/1.1" 403 1242 "-" "Mozilla/5.0 (Macintosh; Intel Mac OS X 10.9; rv:31.0) Gecko/20100101 Firefox/31.0"
51.75.116.202 - - [14/Jun/2025:20:03:44 +0300] "GET /smini.php?action=edit&file=protocols&belekmata=/home/coinhaber/public_html/hex_sym404/root/etc HTTP/1.1" 200 3772 "-" "Mozilla/5.0 (compatible; MJ12bot/v1.4.8; http://mj12bot.com/)"
51.75.116.202 - - [14/Jun/2025:20:03:48 +0300] "GET /smini.php?action=edit&file=prove&belekmata=/home/coinhaber/public_html/hex_sym404/root/bin HTTP/1.1" 200 5915 "-" "Mozilla/5.0 (compatible; MJ12bot/v1.4.8; http://mj12bot.com/)"
45.61.188.211 - - [14/Jun/2025:20:03:46 +0300] "GET /wp-admin/themes.php HTTP/1.1" 302 0 "-" "python-requests/2.27.1"
51.75.116.202 - - [14/Jun/2025:20:03:50 +0300] "GET /smini.php?action=edit&file=proxyexec&belekmata=/home/coinhaber/public_html/hex_sym404/root/sbin HTTP/1.1" 200 8872 "-" "Mozilla/5.0 (compatible; MJ12bot/v1.4.8; http://mj12bot.com/)"
51.75.116.202 - - [14/Jun/2025:20:03:54 +0300] "GET /smini.php?action=edit&file=ps&belekmata=/home/coinhaber/public_html/hex_sym404/root/bin HTTP/1.1" 200 44072 "-" "Mozilla/5.0 (compatible; MJ12bot/v1.4.8; http://mj12bot.com/)"
207.46.13.51 - - [14/Jun/2025:20:03:55 +0300] "GET /index.php?shopdetail/6086262471 HTTP/2" 404 1251 "-" "Mozilla/5.0 AppleWebKit/537.36 (KHTML, like Gecko; compatible; bingbot/2.0; +http://www.bing.com/bingbot.htm) Chrome/116.0.1938.76 Safari/537.36"
51.75.116.202 - - [14/Jun/2025:20:03:57 +0300] "GET /smini.php?action=edit&file=ps2ascii&belekmata=/home/coinhaber/public_html/hex_sym404/root/bin HTTP/1.1" 200 864 "-" "Mozilla/5.0 (compatible; MJ12bot/v1.4.8; http://mj12bot.com/)"
51.75.116.202 - - [14/Jun/2025:20:04:00 +0300] "GET /smini.php?action=edit&file=ps2epsi&belekmata=/home/coinhaber/public_html/hex_sym404/root/bin HTTP/1.1" 200 1784 "-" "Mozilla/5.0 (compatible; MJ12bot/v1.4.8; http://mj12bot.com/)"
51.75.116.202 - - [14/Jun/2025:20:04:03 +0300] "GET /smini.php?action=edit&file=ps2pdf&belekmata=/home/coinhaber/public_html/hex_sym404/root/bin HTTP/1.1" 200 671 "-" "Mozilla/5.0 (compatible; MJ12bot/v1.4.8; http://mj12bot.com/)"
51.75.116.202 - - [14/Jun/2025:20:04:06 +0300] "GET /smini.php?action=edit&file=ps2pdf12&belekmata=/home/coinhaber/public_html/hex_sym404/root/bin HTTP/1.1" 200 647 "-" "Mozilla/5.0 (compatible; MJ12bot/v1.4.8; http://mj12bot.com/)"
51.75.116.202 - - [14/Jun/2025:20:04:10 +0300] "GET /smini.php?action=edit&file=ps2pdf13&belekmata=/home/coinhaber/public_html/hex_sym404/root/bin HTTP/1.1" 200 648 "-" "Mozilla/5.0 (compatible; MJ12bot/v1.4.8; http://mj12bot.com/)"
51.75.116.202 - - [14/Jun/2025:20:04:13 +0300] "GET /smini.php?action=edit&file=ps2pdf14&belekmata=/home/coinhaber/public_html/hex_sym404/root/bin HTTP/1.1" 200 649 "-" "Mozilla/5.0 (compatible; MJ12bot/v1.4.8; http://mj12bot.com/)"
45.61.188.211 - - [14/Jun/2025:20:03:50 +0300] "GET /wp-admin/install.php HTTP/1.1" 200 4585 "-" "python-requests/2.27.1"
51.75.116.202 - - [14/Jun/2025:20:04:16 +0300] "GET /smini.php?action=edit&file=ps2pdfwr&belekmata=/home/coinhaber/public_html/hex_sym404/root/bin HTTP/1.1" 200 1106 "-" "Mozilla/5.0 (compatible; MJ12bot/v1.4.8; http://mj12bot.com/)"
51.75.116.202 - - [14/Jun/2025:20:04:19 +0300] "GET /smini.php?action=edit&file=ps2ps&belekmata=/home/coinhaber/public_html/hex_sym404/root/bin HTTP/1.1" 200 905 "-" "Mozilla/5.0 (compatible; MJ12bot/v1.4.8; http://mj12bot.com/)"
45.61.188.211 - - [14/Jun/2025:20:04:15 +0300] "GET /wp-admin/plugin-install.php?tab=upload HTTP/1.1" 302 0 "-" "python-requests/2.27.1"
51.75.116.202 - - [14/Jun/2025:20:04:22 +0300] "GET /smini.php?action=edit&file=ps2ps2&belekmata=/home/coinhaber/public_html/hex_sym404/root/bin HTTP/1.1" 200 937 "-" "Mozilla/5.0 (compatible; MJ12bot/v1.4.8; http://mj12bot.com/)"
45.61.188.211 - - [14/Jun/2025:20:04:19 +0300] "GET /wp-admin/install.php HTTP/1.1" 200 4585 "-" "python-requests/2.27.1"
66.249.64.128 - - [14/Jun/2025:20:05:06 +0300] "GET /saiga/saiga.php?17419208935.htm HTTP/1.1" 404 1251 "-" "Mozilla/5.0 (compatible; Googlebot/2.1; +http://www.google.com/bot.html)"
57.141.0.3 - - [14/Jun/2025:20:05:24 +0300] "GET /index.php?shopdetail/48730203898 HTTP/2" 404 1251 "-" "meta-externalagent/1.1 (+https://developers.facebook.com/docs/sharing/webmasters/crawler)"
51.75.116.202 - - [14/Jun/2025:20:05:49 +0300] "GET /smini.php?action=edit&file=ptx&belekmata=/home/coinhaber/public_html/hex_sym404/root/bin HTTP/1.1" 200 32974 "-" "Mozilla/5.0 (compatible; MJ12bot/v1.4.8; http://mj12bot.com/)"
57.141.0.19 - - [14/Jun/2025:20:05:49 +0300] "GET /index.php?shopdetail/12975235783 HTTP/2" 404 1251 "-" "meta-externalagent/1.1 (+https://developers.facebook.com/docs/sharing/webmasters/crawler)"
51.75.116.202 - - [14/Jun/2025:20:05:52 +0300] "GET /smini.php?action=edit&file=pwd&belekmata=/home/coinhaber/public_html/hex_sym404/root/bin HTTP/1.1" 200 15329 "-" "Mozilla/5.0 (compatible; MJ12bot/v1.4.8; http://mj12bot.com/)"
51.75.116.202 - - [14/Jun/2025:20:05:55 +0300] "GET /smini.php?action=edit&file=pwdx&belekmata=/home/coinhaber/public_html/hex_sym404/root/bin HTTP/1.1" 200 5442 "-" "Mozilla/5.0 (compatible; MJ12bot/v1.4.8; http://mj12bot.com/)"
51.75.116.202 - - [14/Jun/2025:20:05:59 +0300] "GET /smini.php?action=edit&file=pwhistory_helper&belekmata=/home/coinhaber/public_html/hex_sym404/root/sbin HTTP/1.1" 200 7032 "-" "Mozilla/5.0 (compatible; MJ12bot/v1.4.8; http://mj12bot.com/)"
51.75.116.202 - - [14/Jun/2025:20:06:02 +0300] "GET /smini.php?action=edit&file=pydoc-3&belekmata=/home/coinhaber/public_html/hex_sym404/root/bin HTTP/1.1" 200 441 "-" "Mozilla/5.0 (compatible; MJ12bot/v1.4.8; http://mj12bot.com/)"
51.75.116.202 - - [14/Jun/2025:20:06:05 +0300] "GET /smini.php?action=edit&file=pydoc3&belekmata=/home/coinhaber/public_html/hex_sym404/root/bin HTTP/1.1" 200 441 "-" "Mozilla/5.0 (compatible; MJ12bot/v1.4.8; http://mj12bot.com/)"
51.75.116.202 - - [14/Jun/2025:20:06:09 +0300] "GET /smini.php?action=edit&file=python2&belekmata=/home/coinhaber/public_html/hex_sym404/root/bin HTTP/1.1" 200 3685 "-" "Mozilla/5.0 (compatible; MJ12bot/v1.4.8; http://mj12bot.com/)"
51.75.116.202 - - [14/Jun/2025:20:06:12 +0300] "GET /smini.php?action=edit&file=python2.7&belekmata=/home/coinhaber/public_html/hex_sym404/root/bin HTTP/1.1" 200 3655 "-" "Mozilla/5.0 (compatible; MJ12bot/v1.4.8; http://mj12bot.com/)"
51.75.116.202 - - [14/Jun/2025:20:06:15 +0300] "GET /smini.php?action=edit&file=python3&belekmata=/home/coinhaber/public_html/hex_sym404/root/bin HTTP/1.1" 200 4240 "-" "Mozilla/5.0 (compatible; MJ12bot/v1.4.8; http://mj12bot.com/)"
51.75.116.202 - - [14/Jun/2025:20:06:18 +0300] "GET /smini.php?action=edit&file=python3.6&belekmata=/home/coinhaber/public_html/hex_sym404/root/bin HTTP/1.1" 200 4229 "-" "Mozilla/5.0 (compatible; MJ12bot/v1.4.8; http://mj12bot.com/)"
66.249.64.129 - - [14/Jun/2025:20:06:20 +0300] "GET /ammika.php?63944241719.htm HTTP/1.1" 404 1251 "-" "Mozilla/5.0 (Linux; Android 6.0.1; Nexus 5X Build/MMB29P) AppleWebKit/537.36 (KHTML, like Gecko) Chrome/136.0.7103.113 Mobile Safari/537.36 (compatible; Googlebot/2.1; +http://www.google.com/bot.html)"
51.75.116.202 - - [14/Jun/2025:20:06:22 +0300] "GET /smini.php?action=edit&file=python3.6m&belekmata=/home/coinhaber/public_html/hex_sym404/root/bin HTTP/1.1" 200 4253 "-" "Mozilla/5.0 (compatible; MJ12bot/v1.4.8; http://mj12bot.com/)"
51.75.116.202 - - [14/Jun/2025:20:06:25 +0300] "GET /smini.php?action=edit&file=pyvenv-3&belekmata=/home/coinhaber/public_html/hex_sym404/root/bin HTTP/1.1" 200 441 "-" "Mozilla/5.0 (compatible; MJ12bot/v1.4.8; http://mj12bot.com/)"
51.75.116.202 - - [14/Jun/2025:20:06:28 +0300] "GET /smini.php?action=edit&file=query.php&belekmata=/home/coinhaber/www/wp-includes HTTP/1.1" 200 5721 "-" "Mozilla/5.0 (compatible; MJ12bot/v1.4.8; http://mj12bot.com/)"
51.75.116.202 - - [14/Jun/2025:20:06:31 +0300] "GET /smini.php?action=edit&file=radio.php&belekmata=/home/coinhaber/public_html/wp-content/plugins/anmljuvtly HTTP/1.1" 200 5774 "-" "Mozilla/5.0 (compatible; MJ12bot/v1.4.8; http://mj12bot.com/)"
51.75.116.202 - - [14/Jun/2025:20:06:35 +0300] "GET /smini.php?action=edit&file=radio.php&belekmata=/home/coinhaber/public_html/wp-content/plugins/anrwapylyo HTTP/1.1" 200 512 "-" "Mozilla/5.0 (compatible; MJ12bot/v1.4.8; http://mj12bot.com/)"
51.75.116.202 - - [14/Jun/2025:20:06:38 +0300] "GET /smini.php?action=edit&file=radio.php&belekmata=/home/coinhaber/public_html/wp-content/plugins/ckyjgzqidz HTTP/1.1" 200 512 "-" "Mozilla/5.0 (compatible; MJ12bot/v1.4.8; http://mj12bot.com/)"
51.75.116.202 - - [14/Jun/2025:20:06:41 +0300] "GET /smini.php?action=edit&file=radio.php&belekmata=/home/coinhaber/public_html/wp-content/plugins/erjzyjyssc HTTP/1.1" 200 512 "-" "Mozilla/5.0 (compatible; MJ12bot/v1.4.8; http://mj12bot.com/)"
51.75.116.202 - - [14/Jun/2025:20:06:45 +0300] "GET /smini.php?action=edit&file=radio.php&belekmata=/home/coinhaber/public_html/wp-content/plugins/htygruqimr HTTP/1.1" 200 512 "-" "Mozilla/5.0 (compatible; MJ12bot/v1.4.8; http://mj12bot.com/)"
