207.46.13.153 - - [14/Jun/2025:22:13:27 +0300] "GET /index.php?shopdetail/75291215279 HTTP/2" 404 1251 "-" "Mozilla/5.0 AppleWebKit/537.36 (KHTML, like Gecko; compatible; bingbot/2.0; +http://www.bing.com/bingbot.htm) Chrome/116.0.1938.76 Safari/537.36"
66.249.64.129 - - [14/Jun/2025:22:14:19 +0300] "GET /ammika.php?53920224800.htm HTTP/1.1" 404 1251 "-" "Mozilla/5.0 (Linux; Android 6.0.1; Nexus 5X Build/MMB29P) AppleWebKit/537.36 (KHTML, like Gecko) Chrome/136.0.7103.113 Mobile Safari/537.36 (compatible; Googlebot/2.1; +http://www.google.com/bot.html)"
57.141.0.10 - - [14/Jun/2025:22:14:22 +0300] "GET /index.php?shopdetail/1345939246 HTTP/2" 404 1251 "-" "meta-externalagent/1.1 (+https://developers.facebook.com/docs/sharing/webmasters/crawler)"
216.73.216.171 - - [14/Jun/2025:22:14:47 +0300] "GET /smini.php?action=edit&belekmata=%2Fhome%2Fcoinhaber%2Fpublic_html%2Fwp-admin%2Fimages&file=comment-grey-bubble.png HTTP/2" 200 660 "-" "Mozilla/5.0 AppleWebKit/537.36 (KHTML, like Gecko; compatible; ClaudeBot/1.0; +claudebot@anthropic.com)"
57.141.0.5 - - [14/Jun/2025:22:14:51 +0300] "GET /index.php?shopdetail/48730241949 HTTP/2" 404 1251 "-" "meta-externalagent/1.1 (+https://developers.facebook.com/docs/sharing/webmasters/crawler)"
216.73.216.171 - - [14/Jun/2025:22:15:34 +0300] "GET /smini.php?action=edit&belekmata=%2Fhome%2Fcoinhaber%2Fpublic_html%2Fwp-admin%2Fimages&file=stars.png HTTP/2" 200 1531 "-" "Mozilla/5.0 AppleWebKit/537.36 (KHTML, like Gecko; compatible; ClaudeBot/1.0; +claudebot@anthropic.com)"
52.167.144.181 - - [14/Jun/2025:22:15:44 +0300] "GET /index.php?shopdetail/75291278127 HTTP/2" 404 1251 "-" "Mozilla/5.0 AppleWebKit/537.36 (KHTML, like Gecko; compatible; bingbot/2.0; +http://www.bing.com/bingbot.htm) Chrome/116.0.1938.76 Safari/537.36"
207.46.13.153 - - [14/Jun/2025:22:16:12 +0300] "GET /index.php?shopdetail/752911411 HTTP/2" 404 1251 "-" "Mozilla/5.0 AppleWebKit/537.36 (KHTML, like Gecko; compatible; bingbot/2.0; +http://www.bing.com/bingbot.htm) Chrome/116.0.1938.76 Safari/537.36"
216.73.216.171 - - [14/Jun/2025:22:11:02 +0300] "GET /smini.php?action=edit&belekmata=%2Fhome%2Fcoinhaber%2Fpublic_html%2Fwp-admin%2Fimages&file=freedom-3.svg HTTP/2" 200 1179 "-" "Mozilla/5.0 AppleWebKit/537.36 (KHTML, like Gecko; compatible; ClaudeBot/1.0; +claudebot@anthropic.com)"
207.46.13.153 - - [14/Jun/2025:22:11:16 +0300] "GET /index.php?shopdetail/4873091628 HTTP/2" 404 1251 "-" "Mozilla/5.0 AppleWebKit/537.36 (KHTML, like Gecko; compatible; bingbot/2.0; +http://www.bing.com/bingbot.htm) Chrome/116.0.1938.76 Safari/537.36"
66.249.64.128 - - [14/Jun/2025:22:11:58 +0300] "GET /ammika.php?43468277714.htm HTTP/1.1" 404 1251 "-" "Mozilla/5.0 (Linux; Android 6.0.1; Nexus 5X Build/MMB29P) AppleWebKit/537.36 (KHTML, like Gecko) Chrome/136.0.7103.113 Mobile Safari/537.36 (compatible; Googlebot/2.1; +http://www.google.com/bot.html)"
207.46.13.153 - - [14/Jun/2025:22:12:18 +0300] "GET /index.php?shopdetail/1297527641 HTTP/2" 404 1251 "-" "Mozilla/5.0 AppleWebKit/537.36 (KHTML, like Gecko; compatible; bingbot/2.0; +http://www.bing.com/bingbot.htm) Chrome/116.0.1938.76 Safari/537.36"
207.46.13.153 - - [14/Jun/2025:22:12:19 +0300] "GET /index.php?shopdetail/1297526983 HTTP/2" 404 1251 "-" "Mozilla/5.0 AppleWebKit/537.36 (KHTML, like Gecko; compatible; bingbot/2.0; +http://www.bing.com/bingbot.htm) Chrome/116.0.1938.76 Safari/537.36"
216.73.216.171 - - [14/Jun/2025:22:12:34 +0300] "GET /smini.php?action=edit&belekmata=%2Fhome%2Fcoinhaber%2Fpublic_html%2Fwp-admin%2Fimages&file=arrows-2x.png HTTP/2" 200 1261 "-" "Mozilla/5.0 AppleWebKit/537.36 (KHTML, like Gecko; compatible; ClaudeBot/1.0; +claudebot@anthropic.com)"
57.141.0.30 - - [14/Jun/2025:22:12:42 +0300] "GET /index.php?shopdetail/44754191105 HTTP/2" 404 1251 "-" "meta-externalagent/1.1 (+https://developers.facebook.com/docs/sharing/webmasters/crawler)"
57.141.0.18 - - [14/Jun/2025:22:13:36 +0300] "GET /index.php?shopdetail/60862272389 HTTP/2" 404 1251 "-" "meta-externalagent/1.1 (+https://developers.facebook.com/docs/sharing/webmasters/crawler)"
57.141.0.25 - - [14/Jun/2025:22:13:57 +0300] "GET /index.php?shopdetail/48730232228 HTTP/2" 404 1251 "-" "meta-externalagent/1.1 (+https://developers.facebook.com/docs/sharing/webmasters/crawler)"
52.167.144.181 - - [14/Jun/2025:22:15:06 +0300] "GET /index.php?shopdetail/12975267879 HTTP/2" 404 1251 "-" "Mozilla/5.0 AppleWebKit/537.36 (KHTML, like Gecko; compatible; bingbot/2.0; +http://www.bing.com/bingbot.htm) Chrome/116.0.1938.76 Safari/537.36"
57.141.0.11 - - [14/Jun/2025:22:15:34 +0300] "GET /index.php?shopdetail/13459270860 HTTP/2" 404 1251 "-" "meta-externalagent/1.1 (+https://developers.facebook.com/docs/sharing/webmasters/crawler)"
216.73.216.171 - - [14/Jun/2025:22:16:18 +0300] "GET /smini.php?action=edit&belekmata=%2Fhome%2Fcoinhaber%2Fpublic_html%2Fwp-admin%2Fimages&file=menu.png HTTP/2" 200 5178 "-" "Mozilla/5.0 AppleWebKit/537.36 (KHTML, like Gecko; compatible; ClaudeBot/1.0; +claudebot@anthropic.com)"
57.141.0.23 - - [14/Jun/2025:22:16:42 +0300] "GET /index.php?shopdetail/487304271 HTTP/2" 404 1251 "-" "meta-externalagent/1.1 (+https://developers.facebook.com/docs/sharing/webmasters/crawler)"
66.249.64.128 - - [14/Jun/2025:22:17:32 +0300] "GET /ammika.php?7443462502.htm HTTP/1.1" 404 1251 "-" "Mozilla/5.0 (Linux; Android 6.0.1; Nexus 5X Build/MMB29P) AppleWebKit/537.36 (KHTML, like Gecko) Chrome/136.0.7103.113 Mobile Safari/537.36 (compatible; Googlebot/2.1; +http://www.google.com/bot.html)"
52.167.144.181 - - [14/Jun/2025:22:17:35 +0300] "GET /index.php?shopdetail/12975217879 HTTP/2" 404 1251 "-" "Mozilla/5.0 AppleWebKit/537.36 (KHTML, like Gecko; compatible; bingbot/2.0; +http://www.bing.com/bingbot.htm) Chrome/116.0.1938.76 Safari/537.36"
52.167.144.181 - - [14/Jun/2025:22:17:35 +0300] "GET /index.php?shopdetail/44754258057 HTTP/2" 404 1251 "-" "Mozilla/5.0 AppleWebKit/537.36 (KHTML, like Gecko; compatible; bingbot/2.0; +http://www.bing.com/bingbot.htm) Chrome/116.0.1938.76 Safari/537.36"
207.46.13.153 - - [14/Jun/2025:22:16:14 +0300] "GET /index.php?shopdetail/44754244820 HTTP/2" 404 1251 "-" "Mozilla/5.0 AppleWebKit/537.36 (KHTML, like Gecko; compatible; bingbot/2.0; +http://www.bing.com/bingbot.htm) Chrome/116.0.1938.76 Safari/537.36"
207.46.13.153 - - [14/Jun/2025:22:16:25 +0300] "GET /index.php?shopdetail/13459204273 HTTP/2" 404 1251 "-" "Mozilla/5.0 AppleWebKit/537.36 (KHTML, like Gecko; compatible; bingbot/2.0; +http://www.bing.com/bingbot.htm) Chrome/116.0.1938.76 Safari/537.36"
52.167.144.181 - - [14/Jun/2025:22:16:30 +0300] "GET /index.php?shopdetail/67994172359 HTTP/2" 404 1251 "-" "Mozilla/5.0 AppleWebKit/537.36 (KHTML, like Gecko; compatible; bingbot/2.0; +http://www.bing.com/bingbot.htm) Chrome/116.0.1938.76 Safari/537.36"
66.249.64.130 - - [14/Jun/2025:22:16:44 +0300] "GET /ammika.php?6394449537.htm HTTP/1.1" 404 1251 "-" "Mozilla/5.0 (Linux; Android 6.0.1; Nexus 5X Build/MMB29P) AppleWebKit/537.36 (KHTML, like Gecko) Chrome/136.0.7103.113 Mobile Safari/537.36 (compatible; Googlebot/2.1; +http://www.google.com/bot.html)"
207.46.13.153 - - [14/Jun/2025:22:16:56 +0300] "GET /index.php?shopdetail/67994193003 HTTP/2" 404 1251 "-" "Mozilla/5.0 AppleWebKit/537.36 (KHTML, like Gecko; compatible; bingbot/2.0; +http://www.bing.com/bingbot.htm) Chrome/116.0.1938.76 Safari/537.36"
66.249.64.129 - - [14/Jun/2025:22:17:33 +0300] "GET /ammika.php?5340476553.htm HTTP/1.1" 404 1251 "-" "Mozilla/5.0 (Linux; Android 6.0.1; Nexus 5X Build/MMB29P) AppleWebKit/537.36 (KHTML, like Gecko) Chrome/136.0.7103.113 Mobile Safari/537.36 (compatible; Googlebot/2.1; +http://www.google.com/bot.html)"
52.167.144.181 - - [14/Jun/2025:22:18:06 +0300] "GET /index.php?shopdetail/4475490091 HTTP/2" 404 1251 "-" "Mozilla/5.0 AppleWebKit/537.36 (KHTML, like Gecko; compatible; bingbot/2.0; +http://www.bing.com/bingbot.htm) Chrome/116.0.1938.76 Safari/537.36"
216.73.216.38 - - [14/Jun/2025:22:18:21 +0300] "GET /shopdetail/13459147758 HTTP/2" 404 1251 "-" "Mozilla/5.0 AppleWebKit/537.36 (KHTML, like Gecko; compatible; ClaudeBot/1.0; +claudebot@anthropic.com)"
216.73.216.38 - - [14/Jun/2025:22:18:21 +0300] "GET /shopdetail/6799433914 HTTP/2" 404 1251 "-" "Mozilla/5.0 AppleWebKit/537.36 (KHTML, like Gecko; compatible; ClaudeBot/1.0; +claudebot@anthropic.com)"
216.73.216.38 - - [14/Jun/2025:22:18:21 +0300] "GET /shopdetail/98394109422 HTTP/2" 404 1251 "-" "Mozilla/5.0 AppleWebKit/537.36 (KHTML, like Gecko; compatible; ClaudeBot/1.0; +claudebot@anthropic.com)"
216.73.216.38 - - [14/Jun/2025:22:18:21 +0300] "GET /shopdetail/26964256172 HTTP/2" 404 1251 "-" "Mozilla/5.0 AppleWebKit/537.36 (KHTML, like Gecko; compatible; ClaudeBot/1.0; +claudebot@anthropic.com)"
216.73.216.38 - - [14/Jun/2025:22:18:21 +0300] "GET /shopdetail/1297511826 HTTP/2" 404 1251 "-" "Mozilla/5.0 AppleWebKit/537.36 (KHTML, like Gecko; compatible; ClaudeBot/1.0; +claudebot@anthropic.com)"
216.73.216.38 - - [14/Jun/2025:22:18:22 +0300] "GET /shopdetail/9839424873 HTTP/2" 404 1251 "-" "Mozilla/5.0 AppleWebKit/537.36 (KHTML, like Gecko; compatible; ClaudeBot/1.0; +claudebot@anthropic.com)"
216.73.216.38 - - [14/Jun/2025:22:18:22 +0300] "GET /shopdetail/60862221155 HTTP/2" 404 1251 "-" "Mozilla/5.0 AppleWebKit/537.36 (KHTML, like Gecko; compatible; ClaudeBot/1.0; +claudebot@anthropic.com)"
216.73.216.38 - - [14/Jun/2025:22:18:22 +0300] "GET /shopdetail/2696489854 HTTP/2" 404 1251 "-" "Mozilla/5.0 AppleWebKit/537.36 (KHTML, like Gecko; compatible; ClaudeBot/1.0; +claudebot@anthropic.com)"
216.73.216.38 - - [14/Jun/2025:22:18:22 +0300] "GET /shopdetail/48730149777 HTTP/2" 404 1251 "-" "Mozilla/5.0 AppleWebKit/537.36 (KHTML, like Gecko; compatible; ClaudeBot/1.0; +claudebot@anthropic.com)"
216.73.216.38 - - [14/Jun/2025:22:18:22 +0300] "GET /shopdetail/34419206073 HTTP/2" 404 1251 "-" "Mozilla/5.0 AppleWebKit/537.36 (KHTML, like Gecko; compatible; ClaudeBot/1.0; +claudebot@anthropic.com)"
57.141.0.30 - - [14/Jun/2025:22:18:23 +0300] "GET /index.php?shopdetail/6086244277 HTTP/2" 404 1251 "-" "meta-externalagent/1.1 (+https://developers.facebook.com/docs/sharing/webmasters/crawler)"
216.73.216.38 - - [14/Jun/2025:22:18:23 +0300] "GET /shopdetail/13459232185 HTTP/2" 404 1251 "-" "Mozilla/5.0 AppleWebKit/537.36 (KHTML, like Gecko; compatible; ClaudeBot/1.0; +claudebot@anthropic.com)"
216.73.216.38 - - [14/Jun/2025:22:18:24 +0300] "GET /shopdetail/60862261114 HTTP/2" 404 1251 "-" "Mozilla/5.0 AppleWebKit/537.36 (KHTML, like Gecko; compatible; ClaudeBot/1.0; +claudebot@anthropic.com)"
216.73.216.38 - - [14/Jun/2025:22:18:24 +0300] "GET /shopdetail/44754222278 HTTP/2" 404 1251 "-" "Mozilla/5.0 AppleWebKit/537.36 (KHTML, like Gecko; compatible; ClaudeBot/1.0; +claudebot@anthropic.com)"
216.73.216.38 - - [14/Jun/2025:22:18:24 +0300] "GET /shopdetail/1297563954 HTTP/2" 404 1251 "-" "Mozilla/5.0 AppleWebKit/537.36 (KHTML, like Gecko; compatible; ClaudeBot/1.0; +claudebot@anthropic.com)"
216.73.216.38 - - [14/Jun/2025:22:18:24 +0300] "GET /shopdetail/34419207911 HTTP/2" 404 1251 "-" "Mozilla/5.0 AppleWebKit/537.36 (KHTML, like Gecko; compatible; ClaudeBot/1.0; +claudebot@anthropic.com)"
216.73.216.38 - - [14/Jun/2025:22:18:27 +0300] "GET /shopdetail/48730170496 HTTP/2" 404 1251 "-" "Mozilla/5.0 AppleWebKit/537.36 (KHTML, like Gecko; compatible; ClaudeBot/1.0; +claudebot@anthropic.com)"
216.73.216.38 - - [14/Jun/2025:22:18:27 +0300] "GET /shopdetail/13459237854 HTTP/2" 404 1251 "-" "Mozilla/5.0 AppleWebKit/537.36 (KHTML, like Gecko; compatible; ClaudeBot/1.0; +claudebot@anthropic.com)"
216.73.216.38 - - [14/Jun/2025:22:18:27 +0300] "GET /shopdetail/98394293156 HTTP/2" 404 1251 "-" "Mozilla/5.0 AppleWebKit/537.36 (KHTML, like Gecko; compatible; ClaudeBot/1.0; +claudebot@anthropic.com)"
216.73.216.38 - - [14/Jun/2025:22:18:27 +0300] "GET /shopdetail/12975296010 HTTP/2" 404 1251 "-" "Mozilla/5.0 AppleWebKit/537.36 (KHTML, like Gecko; compatible; ClaudeBot/1.0; +claudebot@anthropic.com)"
216.73.216.171 - - [14/Jun/2025:22:18:30 +0300] "GET /smini.php?action=edit&belekmata=%2Fhome%2Fcoinhaber%2Fpublic_html%2Fwp-admin%2Fimages&file=browser.png HTTP/2" 200 36300 "-" "Mozilla/5.0 AppleWebKit/537.36 (KHTML, like Gecko; compatible; ClaudeBot/1.0; +claudebot@anthropic.com)"
57.141.0.10 - - [14/Jun/2025:22:19:03 +0300] "GET /index.php?shopdetail/4873037986 HTTP/2" 404 1251 "-" "meta-externalagent/1.1 (+https://developers.facebook.com/docs/sharing/webmasters/crawler)"
57.141.0.28 - - [14/Jun/2025:22:19:15 +0300] "GET /index.php?shopdetail/4475467732 HTTP/2" 404 1251 "-" "meta-externalagent/1.1 (+https://developers.facebook.com/docs/sharing/webmasters/crawler)"
57.141.0.4 - - [14/Jun/2025:22:19:44 +0300] "GET /index.php?shopdetail/48730251970 HTTP/2" 404 1251 "-" "meta-externalagent/1.1 (+https://developers.facebook.com/docs/sharing/webmasters/crawler)"
57.141.0.16 - - [14/Jun/2025:22:20:13 +0300] "GET /index.php?shopdetail/48730303329 HTTP/2" 404 1251 "-" "meta-externalagent/1.1 (+https://developers.facebook.com/docs/sharing/webmasters/crawler)"
157.55.39.192 - - [14/Jun/2025:22:20:47 +0300] "GET /index.php?shopdetail/26964107061 HTTP/2" 404 1251 "-" "Mozilla/5.0 AppleWebKit/537.36 (KHTML, like Gecko; compatible; bingbot/2.0; +http://www.bing.com/bingbot.htm) Chrome/116.0.1938.76 Safari/537.36"
57.141.0.16 - - [14/Jun/2025:22:21:08 +0300] "GET /index.php?shopdetail/1345951622 HTTP/2" 404 1251 "-" "meta-externalagent/1.1 (+https://developers.facebook.com/docs/sharing/webmasters/crawler)"
52.167.144.181 - - [14/Jun/2025:22:21:45 +0300] "GET /index.php?shopdetail/34419167974 HTTP/2" 404 1251 "-" "Mozilla/5.0 AppleWebKit/537.36 (KHTML, like Gecko; compatible; bingbot/2.0; +http://www.bing.com/bingbot.htm) Chrome/116.0.1938.76 Safari/537.36"
52.167.144.181 - - [14/Jun/2025:22:21:45 +0300] "GET /index.php?shopdetail/44754206808 HTTP/2" 404 1251 "-" "Mozilla/5.0 AppleWebKit/537.36 (KHTML, like Gecko; compatible; bingbot/2.0; +http://www.bing.com/bingbot.htm) Chrome/116.0.1938.76 Safari/537.36"
57.141.0.2 - - [14/Jun/2025:22:18:07 +0300] "GET /index.php?shopdetail/60862221053 HTTP/2" 404 1251 "-" "meta-externalagent/1.1 (+https://developers.facebook.com/docs/sharing/webmasters/crawler)"
52.167.144.181 - - [14/Jun/2025:22:18:37 +0300] "GET /index.php?shopdetail/3441963691 HTTP/2" 404 1251 "-" "Mozilla/5.0 AppleWebKit/537.36 (KHTML, like Gecko; compatible; bingbot/2.0; +http://www.bing.com/bingbot.htm) Chrome/116.0.1938.76 Safari/537.36"
216.73.216.171 - - [14/Jun/2025:22:19:17 +0300] "GET /smini.php?action=edit&belekmata=%2Fhome%2Fcoinhaber%2Fpublic_html%2Fwp-admin%2Fimages&file=wpspin_light.gif HTTP/2" 200 2279 "-" "Mozilla/5.0 AppleWebKit/537.36 (KHTML, like Gecko; compatible; ClaudeBot/1.0; +claudebot@anthropic.com)"
57.141.0.4 - - [14/Jun/2025:22:19:20 +0300] "GET /index.php?shopdetail/4873059978 HTTP/2" 404 1251 "-" "meta-externalagent/1.1 (+https://developers.facebook.com/docs/sharing/webmasters/crawler)"
57.141.0.28 - - [14/Jun/2025:22:19:47 +0300] "GET /index.php?shopdetail/4873056746 HTTP/2" 404 1251 "-" "meta-externalagent/1.1 (+https://developers.facebook.com/docs/sharing/webmasters/crawler)"
57.141.0.15 - - [14/Jun/2025:22:20:53 +0300] "GET /index.php?shopdetail/48730243364 HTTP/2" 404 1251 "-" "meta-externalagent/1.1 (+https://developers.facebook.com/docs/sharing/webmasters/crawler)"
157.55.39.192 - - [14/Jun/2025:22:21:10 +0300] "GET /index.php?shopdetail/48730269426 HTTP/2" 404 1251 "-" "Mozilla/5.0 AppleWebKit/537.36 (KHTML, like Gecko; compatible; bingbot/2.0; +http://www.bing.com/bingbot.htm) Chrome/116.0.1938.76 Safari/537.36"
57.141.0.5 - - [14/Jun/2025:22:21:23 +0300] "GET /index.php?shopdetail/48730263216 HTTP/2" 404 1251 "-" "meta-externalagent/1.1 (+https://developers.facebook.com/docs/sharing/webmasters/crawler)"
157.55.39.192 - - [14/Jun/2025:22:21:27 +0300] "GET /index.php?shopdetail/67994172254 HTTP/2" 404 1251 "-" "Mozilla/5.0 AppleWebKit/537.36 (KHTML, like Gecko; compatible; bingbot/2.0; +http://www.bing.com/bingbot.htm) Chrome/116.0.1938.76 Safari/537.36"
157.55.39.192 - - [14/Jun/2025:22:21:56 +0300] "GET /index.php?shopdetail/7529164467 HTTP/2" 404 1251 "-" "Mozilla/5.0 AppleWebKit/537.36 (KHTML, like Gecko; compatible; bingbot/2.0; +http://www.bing.com/bingbot.htm) Chrome/116.0.1938.76 Safari/537.36"
57.141.0.22 - - [14/Jun/2025:22:22:11 +0300] "GET /index.php?shopdetail/4873042921 HTTP/2" 404 1251 "-" "meta-externalagent/1.1 (+https://developers.facebook.com/docs/sharing/webmasters/crawler)"
57.141.0.17 - - [14/Jun/2025:22:22:14 +0300] "GET /index.php?shopdetail/48730258548 HTTP/2" 404 1251 "-" "meta-externalagent/1.1 (+https://developers.facebook.com/docs/sharing/webmasters/crawler)"
157.55.39.192 - - [14/Jun/2025:22:22:27 +0300] "GET /index.php?shopdetail/9839475518 HTTP/2" 404 1251 "-" "Mozilla/5.0 AppleWebKit/537.36 (KHTML, like Gecko; compatible; bingbot/2.0; +http://www.bing.com/bingbot.htm) Chrome/116.0.1938.76 Safari/537.36"
66.249.64.130 - - [14/Jun/2025:22:22:39 +0300] "GET /ammika.php?63944201853.htm HTTP/1.1" 404 1251 "-" "Mozilla/5.0 (Linux; Android 6.0.1; Nexus 5X Build/MMB29P) AppleWebKit/537.36 (KHTML, like Gecko) Chrome/136.0.7103.113 Mobile Safari/537.36 (compatible; Googlebot/2.1; +http://www.google.com/bot.html)"
57.141.0.6 - - [14/Jun/2025:22:22:59 +0300] "GET /index.php?shopdetail/134591401 HTTP/2" 404 1251 "-" "meta-externalagent/1.1 (+https://developers.facebook.com/docs/sharing/webmasters/crawler)"
157.55.39.192 - - [14/Jun/2025:22:23:27 +0300] "GET /index.php?shopdetail/6799412775 HTTP/2" 404 1251 "-" "Mozilla/5.0 AppleWebKit/537.36 (KHTML, like Gecko; compatible; bingbot/2.0; +http://www.bing.com/bingbot.htm) Chrome/116.0.1938.76 Safari/537.36"
52.167.144.24 - - [14/Jun/2025:22:23:47 +0300] "GET /index.php?shopdetail/26964260177 HTTP/2" 404 1251 "-" "Mozilla/5.0 AppleWebKit/537.36 (KHTML, like Gecko; compatible; bingbot/2.0; +http://www.bing.com/bingbot.htm) Chrome/116.0.1938.76 Safari/537.36"
52.167.144.181 - - [14/Jun/2025:22:22:15 +0300] "GET /index.php?shopdetail/67994254944 HTTP/2" 404 1251 "-" "Mozilla/5.0 AppleWebKit/537.36 (KHTML, like Gecko; compatible; bingbot/2.0; +http://www.bing.com/bingbot.htm) Chrome/116.0.1938.76 Safari/537.36"
52.167.144.181 - - [14/Jun/2025:22:22:31 +0300] "GET /index.php?shopdetail/4873049569 HTTP/2" 404 1251 "-" "Mozilla/5.0 AppleWebKit/537.36 (KHTML, like Gecko; compatible; bingbot/2.0; +http://www.bing.com/bingbot.htm) Chrome/116.0.1938.76 Safari/537.36"
57.141.0.10 - - [14/Jun/2025:22:22:43 +0300] "GET /index.php?shopdetail/48730265454 HTTP/2" 404 1251 "-" "meta-externalagent/1.1 (+https://developers.facebook.com/docs/sharing/webmasters/crawler)"
216.73.216.171 - - [14/Jun/2025:22:22:54 +0300] "GET /robots.txt HTTP/2" 200 94 "-" "Mozilla/5.0 AppleWebKit/537.36 (KHTML, like Gecko; compatible; ClaudeBot/1.0; +claudebot@anthropic.com)"
216.73.216.171 - - [14/Jun/2025:22:22:55 +0300] "GET /smini.php?action=edit&belekmata=%2Fhome%2Fcoinhaber%2Fpublic_html%2Fwp-admin%2Fimages&file=align-none.png HTTP/2" 200 1007 "-" "Mozilla/5.0 AppleWebKit/537.36 (KHTML, like Gecko; compatible; ClaudeBot/1.0; +claudebot@anthropic.com)"
216.73.216.171 - - [14/Jun/2025:22:22:55 +0300] "GET /smini.php?action=edit&belekmata=%2Fhome%2Fcoinhaber%2Fpublic_html%2Fwp-admin%2Fimages&file=privacy.svg HTTP/2" 200 896 "-" "Mozilla/5.0 AppleWebKit/537.36 (KHTML, like Gecko; compatible; ClaudeBot/1.0; +claudebot@anthropic.com)"
216.73.216.171 - - [14/Jun/2025:22:23:36 +0300] "GET /smini.php?action=edit&belekmata=%2Fhome%2Fcoinhaber%2Fpublic_html%2Fwp-admin%2Fimages&file=list-2x.png HTTP/2" 200 1793 "-" "Mozilla/5.0 AppleWebKit/537.36 (KHTML, like Gecko; compatible; ClaudeBot/1.0; +claudebot@anthropic.com)"
216.73.216.171 - - [14/Jun/2025:22:23:36 +0300] "GET /smini.php?action=edit&belekmata=%2Fhome%2Fcoinhaber%2Fpublic_html%2Fwp-admin%2Fimages&file=browser-rtl.png HTTP/2" 200 35927 "-" "Mozilla/5.0 AppleWebKit/537.36 (KHTML, like Gecko; compatible; ClaudeBot/1.0; +claudebot@anthropic.com)"
216.73.216.171 - - [14/Jun/2025:22:23:36 +0300] "GET /smini.php?action=edit&belekmata=%2Fhome%2Fcoinhaber%2Fpublic_html%2Fwp-admin%2Fimages&file=wpspin_light-2x.gif HTTP/2" 200 8221 "-" "Mozilla/5.0 AppleWebKit/537.36 (KHTML, like Gecko; compatible; ClaudeBot/1.0; +claudebot@anthropic.com)"
52.167.144.24 - - [14/Jun/2025:22:24:08 +0300] "GET /index.php?shopdetail/1345956421 HTTP/2" 404 1251 "-" "Mozilla/5.0 AppleWebKit/537.36 (KHTML, like Gecko; compatible; bingbot/2.0; +http://www.bing.com/bingbot.htm) Chrome/116.0.1938.76 Safari/537.36"
66.249.64.128 - - [14/Jun/2025:22:24:32 +0300] "GET /ammika.php?2496049488.htm HTTP/1.1" 404 1251 "-" "Mozilla/5.0 (Linux; Android 6.0.1; Nexus 5X Build/MMB29P) AppleWebKit/537.36 (KHTML, like Gecko) Chrome/136.0.7103.113 Mobile Safari/537.36 (compatible; Googlebot/2.1; +http://www.google.com/bot.html)"
57.141.0.28 - - [14/Jun/2025:22:24:33 +0300] "GET /index.php?shopdetail/4873062366 HTTP/2" 404 1251 "-" "meta-externalagent/1.1 (+https://developers.facebook.com/docs/sharing/webmasters/crawler)"
57.141.0.17 - - [14/Jun/2025:22:25:16 +0300] "GET /index.php?shopdetail/75291165049 HTTP/2" 404 1251 "-" "meta-externalagent/1.1 (+https://developers.facebook.com/docs/sharing/webmasters/crawler)"
52.167.144.24 - - [14/Jun/2025:22:25:17 +0300] "GET /index.php?shopdetail/2696475529 HTTP/2" 404 1251 "-" "Mozilla/5.0 AppleWebKit/537.36 (KHTML, like Gecko; compatible; bingbot/2.0; +http://www.bing.com/bingbot.htm) Chrome/116.0.1938.76 Safari/537.36"
157.55.39.192 - - [14/Jun/2025:22:25:21 +0300] "GET /index.php?shopdetail/4873010880 HTTP/2" 404 1251 "-" "Mozilla/5.0 AppleWebKit/537.36 (KHTML, like Gecko; compatible; bingbot/2.0; +http://www.bing.com/bingbot.htm) Chrome/116.0.1938.76 Safari/537.36"
157.55.39.192 - - [14/Jun/2025:22:25:22 +0300] "GET /index.php?shopdetail/34419235907 HTTP/2" 404 1251 "-" "Mozilla/5.0 AppleWebKit/537.36 (KHTML, like Gecko; compatible; bingbot/2.0; +http://www.bing.com/bingbot.htm) Chrome/116.0.1938.76 Safari/537.36"
157.55.39.192 - - [14/Jun/2025:22:23:52 +0300] "GET /index.php?shopdetail/12975190961 HTTP/2" 404 1251 "-" "Mozilla/5.0 AppleWebKit/537.36 (KHTML, like Gecko; compatible; bingbot/2.0; +http://www.bing.com/bingbot.htm) Chrome/116.0.1938.76 Safari/537.36"
57.141.0.18 - - [14/Jun/2025:22:24:04 +0300] "GET /index.php?shopdetail/4873045087 HTTP/2" 404 1251 "-" "meta-externalagent/1.1 (+https://developers.facebook.com/docs/sharing/webmasters/crawler)"
216.73.216.171 - - [14/Jun/2025:22:24:19 +0300] "GET /smini.php?action=edit&belekmata=%2Fhome%2Fcoinhaber%2Fpublic_html%2Fwp-admin%2Fimages&file=imgedit-icons.png HTTP/2" 200 4133 "-" "Mozilla/5.0 AppleWebKit/537.36 (KHTML, like Gecko; compatible; ClaudeBot/1.0; +claudebot@anthropic.com)"
66.249.64.130 - - [14/Jun/2025:22:24:32 +0300] "GET /ammika.php?43468118434.htm HTTP/1.1" 404 1251 "-" "Mozilla/5.0 (Linux; Android 6.0.1; Nexus 5X Build/MMB29P) AppleWebKit/537.36 (KHTML, like Gecko) Chrome/136.0.7103.113 Mobile Safari/537.36 (compatible; Googlebot/2.1; +http://www.google.com/bot.html)"
57.141.0.7 - - [14/Jun/2025:22:25:18 +0300] "GET /index.php?shopdetail/48730208460 HTTP/2" 404 1251 "-" "meta-externalagent/1.1 (+https://developers.facebook.com/docs/sharing/webmasters/crawler)"
57.141.0.23 - - [14/Jun/2025:22:26:21 +0300] "GET /index.php?shopdetail/4475417620 HTTP/2" 404 1251 "-" "meta-externalagent/1.1 (+https://developers.facebook.com/docs/sharing/webmasters/crawler)"
157.55.39.192 - - [14/Jun/2025:22:26:23 +0300] "GET /index.php?shopdetail/75291308413 HTTP/2" 404 1251 "-" "Mozilla/5.0 AppleWebKit/537.36 (KHTML, like Gecko; compatible; bingbot/2.0; +http://www.bing.com/bingbot.htm) Chrome/116.0.1938.76 Safari/537.36"
216.73.216.171 - - [14/Jun/2025:22:26:34 +0300] "GET /smini.php?action=edit&belekmata=%2Fhome%2Fcoinhaber%2Fpublic_html%2Fwp-admin%2Fimages&file=marker.png HTTP/2" 200 918 "-" "Mozilla/5.0 AppleWebKit/537.36 (KHTML, like Gecko; compatible; ClaudeBot/1.0; +claudebot@anthropic.com)"
157.55.39.192 - - [14/Jun/2025:22:26:51 +0300] "GET /index.php?shopdetail/44754120108 HTTP/2" 404 1251 "-" "Mozilla/5.0 AppleWebKit/537.36 (KHTML, like Gecko; compatible; bingbot/2.0; +http://www.bing.com/bingbot.htm) Chrome/116.0.1938.76 Safari/537.36"
57.141.0.18 - - [14/Jun/2025:22:26:55 +0300] "GET /index.php?shopdetail/48730254100 HTTP/2" 404 1251 "-" "meta-externalagent/1.1 (+https://developers.facebook.com/docs/sharing/webmasters/crawler)"
57.141.0.12 - - [14/Jun/2025:22:27:07 +0300] "GET /index.php?shopdetail/4873037591 HTTP/2" 404 1251 "-" "meta-externalagent/1.1 (+https://developers.facebook.com/docs/sharing/webmasters/crawler)"
157.55.39.192 - - [14/Jun/2025:22:25:49 +0300] "GET /index.php?shopdetail/7529159411 HTTP/2" 404 1251 "-" "Mozilla/5.0 AppleWebKit/537.36 (KHTML, like Gecko; compatible; bingbot/2.0; +http://www.bing.com/bingbot.htm) Chrome/116.0.1938.76 Safari/537.36"
52.167.144.24 - - [14/Jun/2025:22:26:18 +0300] "GET /index.php?shopdetail/2696463672 HTTP/2" 404 1251 "-" "Mozilla/5.0 AppleWebKit/537.36 (KHTML, like Gecko; compatible; bingbot/2.0; +http://www.bing.com/bingbot.htm) Chrome/116.0.1938.76 Safari/537.36"
52.167.144.24 - - [14/Jun/2025:22:26:46 +0300] "GET /index.php?shopdetail/1345932349 HTTP/2" 404 1251 "-" "Mozilla/5.0 AppleWebKit/537.36 (KHTML, like Gecko; compatible; bingbot/2.0; +http://www.bing.com/bingbot.htm) Chrome/116.0.1938.76 Safari/537.36"
52.167.144.24 - - [14/Jun/2025:22:26:46 +0300] "GET /index.php?shopdetail/9839453435 HTTP/2" 404 1251 "-" "Mozilla/5.0 AppleWebKit/537.36 (KHTML, like Gecko; compatible; bingbot/2.0; +http://www.bing.com/bingbot.htm) Chrome/116.0.1938.76 Safari/537.36"
57.141.0.30 - - [14/Jun/2025:22:27:13 +0300] "GET /index.php?shopdetail/75291198807 HTTP/2" 404 1251 "-" "meta-externalagent/1.1 (+https://developers.facebook.com/docs/sharing/webmasters/crawler)"
216.73.216.171 - - [14/Jun/2025:22:28:03 +0300] "GET /smini.php?action=edit&belekmata=%2Fhome%2Fcoinhaber%2Fpublic_html%2Fwp-admin%2Fimages&file=icons32-vs.png HTTP/2" 200 7556 "-" "Mozilla/5.0 AppleWebKit/537.36 (KHTML, like Gecko; compatible; ClaudeBot/1.0; +claudebot@anthropic.com)"
57.141.0.12 - - [14/Jun/2025:22:28:11 +0300] "GET /index.php?shopdetail/1345987332 HTTP/2" 404 1251 "-" "meta-externalagent/1.1 (+https://developers.facebook.com/docs/sharing/webmasters/crawler)"
52.167.144.24 - - [14/Jun/2025:22:28:26 +0300] "GET /index.php?shopdetail/44754200810 HTTP/2" 404 1251 "-" "Mozilla/5.0 AppleWebKit/537.36 (KHTML, like Gecko; compatible; bingbot/2.0; +http://www.bing.com/bingbot.htm) Chrome/116.0.1938.76 Safari/537.36"
52.167.144.24 - - [14/Jun/2025:22:28:27 +0300] "GET /index.php?shopdetail/98394152376 HTTP/2" 404 1251 "-" "Mozilla/5.0 AppleWebKit/537.36 (KHTML, like Gecko; compatible; bingbot/2.0; +http://www.bing.com/bingbot.htm) Chrome/116.0.1938.76 Safari/537.36"
178.150.14.250 - - [14/Jun/2025:22:28:43 +0300] "GET /robots.txt HTTP/1.1" 200 322 "-" "Mozilla/5.0 (compatible; MJ12bot/v1.4.8; http://mj12bot.com/)"
216.73.216.171 - - [14/Jun/2025:22:28:44 +0300] "GET /wp-includes/js/jquery/jquery.form.js HTTP/2" 200 12740 "-" "Mozilla/5.0 AppleWebKit/537.36 (KHTML, like Gecko; compatible; ClaudeBot/1.0; +claudebot@anthropic.com)"
216.73.216.171 - - [14/Jun/2025:22:28:44 +0300] "GET /wp-includes/Requests/src/Autoload.php HTTP/2" 200 0 "-" "Mozilla/5.0 AppleWebKit/537.36 (KHTML, like Gecko; compatible; ClaudeBot/1.0; +claudebot@anthropic.com)"
216.73.216.171 - - [14/Jun/2025:22:28:44 +0300] "GET /smini.php?action=edit&belekmata=%2Fhome%2Fcoinhaber%2Fpublic_html%2Fwp-includes%2Fjs&file=api-request.js HTTP/2" 200 1840 "-" "Mozilla/5.0 AppleWebKit/537.36 (KHTML, like Gecko; compatible; ClaudeBot/1.0; +claudebot@anthropic.com)"
216.73.216.171 - - [14/Jun/2025:22:28:44 +0300] "GET /wp-includes/rest-api/fields/class-wp-rest-user-meta-fields.php HTTP/2" 500 0 "-" "Mozilla/5.0 AppleWebKit/537.36 (KHTML, like Gecko; compatible; ClaudeBot/1.0; +claudebot@anthropic.com)"
216.73.216.171 - - [14/Jun/2025:22:28:44 +0300] "GET /wp-includes/js/jquery/jquery.ui.touch-punch.js HTTP/2" 200 509 "-" "Mozilla/5.0 AppleWebKit/537.36 (KHTML, like Gecko; compatible; ClaudeBot/1.0; +claudebot@anthropic.com)"
216.73.216.171 - - [14/Jun/2025:22:28:45 +0300] "GET /wp-includes/js/jquery/jquery.query.js HTTP/2" 200 1534 "-" "Mozilla/5.0 AppleWebKit/537.36 (KHTML, like Gecko; compatible; ClaudeBot/1.0; +claudebot@anthropic.com)"
216.73.216.171 - - [14/Jun/2025:22:28:45 +0300] "GET /wp-includes/js/jquery/jquery.js HTTP/2" 200 81316 "-" "Mozilla/5.0 AppleWebKit/537.36 (KHTML, like Gecko; compatible; ClaudeBot/1.0; +claudebot@anthropic.com)"
178.150.14.250 - - [14/Jun/2025:22:28:45 +0300] "GET /smini.php?action=edit&file=ssh-keyscan&belekmata=/home/coinhaber/public_html/hex_sym404/root/bin HTTP/1.1" 200 163198 "-" "Mozilla/5.0 (compatible; MJ12bot/v1.4.8; http://mj12bot.com/)"
216.73.216.171 - - [14/Jun/2025:22:28:45 +0300] "GET /wp-includes/js/jquery/jquery.serialize-object.js HTTP/2" 200 390 "-" "Mozilla/5.0 AppleWebKit/537.36 (KHTML, like Gecko; compatible; ClaudeBot/1.0; +claudebot@anthropic.com)"
216.73.216.171 - - [14/Jun/2025:22:28:45 +0300] "GET /wp-includes/js/jquery/jquery-migrate.js HTTP/2" 200 9712 "-" "Mozilla/5.0 AppleWebKit/537.36 (KHTML, like Gecko; compatible; ClaudeBot/1.0; +claudebot@anthropic.com)"
216.73.216.171 - - [14/Jun/2025:22:28:45 +0300] "GET /wp-includes/js/jquery/jquery.schedule.js HTTP/2" 200 931 "-" "Mozilla/5.0 AppleWebKit/537.36 (KHTML, like Gecko; compatible; ClaudeBot/1.0; +claudebot@anthropic.com)"
52.167.144.24 - - [14/Jun/2025:22:28:47 +0300] "GET /index.php?shopdetail/4873072796 HTTP/2" 404 1251 "-" "Mozilla/5.0 AppleWebKit/537.36 (KHTML, like Gecko; compatible; bingbot/2.0; +http://www.bing.com/bingbot.htm) Chrome/116.0.1938.76 Safari/537.36"
52.167.144.24 - - [14/Jun/2025:22:28:48 +0300] "GET /index.php?shopdetail/26964277647 HTTP/2" 404 1251 "-" "Mozilla/5.0 AppleWebKit/537.36 (KHTML, like Gecko; compatible; bingbot/2.0; +http://www.bing.com/bingbot.htm) Chrome/116.0.1938.76 Safari/537.36"
52.167.144.24 - - [14/Jun/2025:22:28:48 +0300] "GET /index.php?shopdetail/34419207044 HTTP/2" 404 1251 "-" "Mozilla/5.0 AppleWebKit/537.36 (KHTML, like Gecko; compatible; bingbot/2.0; +http://www.bing.com/bingbot.htm) Chrome/116.0.1938.76 Safari/537.36"
178.150.14.250 - - [14/Jun/2025:22:28:48 +0300] "GET /smini.php?action=edit&file=sshd-BoxBilling.txt&belekmata=/home/coinhaber/www/hex_sym404 HTTP/1.1" 200 441 "-" "Mozilla/5.0 (compatible; MJ12bot/v1.4.8; http://mj12bot.com/)"
52.167.144.24 - - [14/Jun/2025:22:28:49 +0300] "GET /index.php?shopdetail/34419173476 HTTP/2" 404 1251 "-" "Mozilla/5.0 AppleWebKit/537.36 (KHTML, like Gecko; compatible; bingbot/2.0; +http://www.bing.com/bingbot.htm) Chrome/116.0.1938.76 Safari/537.36"
178.150.14.250 - - [14/Jun/2025:22:28:51 +0300] "GET /smini.php?action=edit&file=sshd-Drupal.txt&belekmata=/home/coinhaber/www/hex_sym404 HTTP/1.1" 200 441 "-" "Mozilla/5.0 (compatible; MJ12bot/v1.4.8; http://mj12bot.com/)"
178.150.14.250 - - [14/Jun/2025:22:28:54 +0300] "GET /smini.php?action=edit&file=sshd-Ellislab.txt&belekmata=/home/coinhaber/www/hex_sym404 HTTP/1.1" 200 441 "-" "Mozilla/5.0 (compatible; MJ12bot/v1.4.8; http://mj12bot.com/)"
57.141.0.30 - - [14/Jun/2025:22:28:56 +0300] "GET /index.php?shopdetail/7529152721 HTTP/2" 404 1251 "-" "meta-externalagent/1.1 (+https://developers.facebook.com/docs/sharing/webmasters/crawler)"
178.150.14.250 - - [14/Jun/2025:22:28:57 +0300] "GET /smini.php?action=edit&file=sshd-Hostbills.txt&belekmata=/home/coinhaber/www/hex_sym404 HTTP/1.1" 200 441 "-" "Mozilla/5.0 (compatible; MJ12bot/v1.4.8; http://mj12bot.com/)"
178.150.14.250 - - [14/Jun/2025:22:29:00 +0300] "GET /smini.php?action=edit&file=sshd-IPB.txt&belekmata=/home/coinhaber/www/hex_sym404 HTTP/1.1" 200 441 "-" "Mozilla/5.0 (compatible; MJ12bot/v1.4.8; http://mj12bot.com/)"
178.150.14.250 - - [14/Jun/2025:22:29:03 +0300] "GET /smini.php?action=edit&file=sshd-Joomla.txt&belekmata=/home/coinhaber/www/hex_sym404 HTTP/1.1" 200 441 "-" "Mozilla/5.0 (compatible; MJ12bot/v1.4.8; http://mj12bot.com/)"
178.150.14.250 - - [14/Jun/2025:22:29:06 +0300] "GET /smini.php?action=edit&file=sshd-Lokomedia.txt&belekmata=/home/coinhaber/www/hex_sym404 HTTP/1.1" 200 441 "-" "Mozilla/5.0 (compatible; MJ12bot/v1.4.8; http://mj12bot.com/)"
178.150.14.250 - - [14/Jun/2025:22:29:09 +0300] "GET /smini.php?action=edit&file=sshd-Magento.txt&belekmata=/home/coinhaber/www/hex_sym404 HTTP/1.1" 200 441 "-" "Mozilla/5.0 (compatible; MJ12bot/v1.4.8; http://mj12bot.com/)"
178.150.14.250 - - [14/Jun/2025:22:29:12 +0300] "GET /smini.php?action=edit&file=sshd-MyBB.txt&belekmata=/home/coinhaber/www/hex_sym404 HTTP/1.1" 200 441 "-" "Mozilla/5.0 (compatible; MJ12bot/v1.4.8; http://mj12bot.com/)"
57.141.0.6 - - [14/Jun/2025:22:29:14 +0300] "GET /index.php?shopdetail/48730235873 HTTP/2" 404 1251 "-" "meta-externalagent/1.1 (+https://developers.facebook.com/docs/sharing/webmasters/crawler)"
178.150.14.250 - - [14/Jun/2025:22:29:15 +0300] "GET /smini.php?action=edit&file=sshd-OpenCart.txt&belekmata=/home/coinhaber/www/hex_sym404 HTTP/1.1" 200 441 "-" "Mozilla/5.0 (compatible; MJ12bot/v1.4.8; http://mj12bot.com/)"
178.150.14.250 - - [14/Jun/2025:22:29:18 +0300] "GET /smini.php?action=edit&file=sshd-OsCommerce.txt&belekmata=/home/coinhaber/www/hex_sym404 HTTP/1.1" 200 441 "-" "Mozilla/5.0 (compatible; MJ12bot/v1.4.8; http://mj12bot.com/)"
66.249.64.129 - - [14/Jun/2025:22:29:21 +0300] "GET /ammika.php?4346851587.htm HTTP/1.1" 404 1251 "-" "Mozilla/5.0 (Linux; Android 6.0.1; Nexus 5X Build/MMB29P) AppleWebKit/537.36 (KHTML, like Gecko) Chrome/136.0.7103.113 Mobile Safari/537.36 (compatible; Googlebot/2.1; +http://www.google.com/bot.html)"
178.150.14.250 - - [14/Jun/2025:22:29:21 +0300] "GET /smini.php?action=edit&file=sshd-PrestaShop.txt&belekmata=/home/coinhaber/www/hex_sym404 HTTP/1.1" 200 441 "-" "Mozilla/5.0 (compatible; MJ12bot/v1.4.8; http://mj12bot.com/)"
178.150.14.250 - - [14/Jun/2025:22:29:24 +0300] "GET /smini.php?action=edit&file=sshd-Vbulletin.txt&belekmata=/home/coinhaber/www/hex_sym404 HTTP/1.1" 200 441 "-" "Mozilla/5.0 (compatible; MJ12bot/v1.4.8; http://mj12bot.com/)"
178.150.14.250 - - [14/Jun/2025:22:29:27 +0300] "GET /smini.php?action=edit&file=sshd-WHM-accesshash.txt&belekmata=/home/coinhaber/www/hex_sym404 HTTP/1.1" 200 441 "-" "Mozilla/5.0 (compatible; MJ12bot/v1.4.8; http://mj12bot.com/)"
178.150.14.250 - - [14/Jun/2025:22:29:30 +0300] "GET /smini.php?action=edit&file=sshd-WHMCS.txt&belekmata=/home/coinhaber/www/hex_sym404 HTTP/1.1" 200 441 "-" "Mozilla/5.0 (compatible; MJ12bot/v1.4.8; http://mj12bot.com/)"
178.150.14.250 - - [14/Jun/2025:22:29:33 +0300] "GET /smini.php?action=edit&file=sshd-Wordpress.txt&belekmata=/home/coinhaber/www/hex_sym404 HTTP/1.1" 200 441 "-" "Mozilla/5.0 (compatible; MJ12bot/v1.4.8; http://mj12bot.com/)"
178.150.14.250 - - [14/Jun/2025:22:29:36 +0300] "GET /smini.php?action=edit&file=sshd-Zencart.txt&belekmata=/home/coinhaber/www/hex_sym404 HTTP/1.1" 200 441 "-" "Mozilla/5.0 (compatible; MJ12bot/v1.4.8; http://mj12bot.com/)"
178.150.14.250 - - [14/Jun/2025:22:29:39 +0300] "GET /smini.php?action=edit&file=sshd-%5EWHMCS.txt&belekmata=/home/coinhaber/www/hex_sym404 HTTP/1.1" 200 441 "-" "Mozilla/5.0 (compatible; MJ12bot/v1.4.8; http://mj12bot.com/)"
178.150.14.250 - - [14/Jun/2025:22:29:42 +0300] "GET /smini.php?action=edit&file=sshd-phpBB.txt&belekmata=/home/coinhaber/www/hex_sym404 HTTP/1.1" 200 441 "-" "Mozilla/5.0 (compatible; MJ12bot/v1.4.8; http://mj12bot.com/)"
178.150.14.250 - - [14/Jun/2025:22:29:45 +0300] "GET /smini.php?action=edit&file=stat&belekmata=/home/coinhaber/public_html/hex_sym404/root/bin HTTP/1.1" 200 38364 "-" "Mozilla/5.0 (compatible; MJ12bot/v1.4.8; http://mj12bot.com/)"
178.150.14.250 - - [14/Jun/2025:22:29:48 +0300] "GET /smini.php?action=edit&file=stat&belekmata=/home/coinhaber/public_html/hex_sym404/root/proc HTTP/1.1" 200 1336 "-" "Mozilla/5.0 (compatible; MJ12bot/v1.4.8; http://mj12bot.com/)"
216.73.216.171 - - [14/Jun/2025:22:29:50 +0300] "GET /smini.php?action=edit&belekmata=%2Fhome%2Fcoinhaber%2Fpublic_html%2Fwp-includes%2Fhtml-api&file=class-wp-html-open-elements.php HTTP/2" 200 5385 "-" "Mozilla/5.0 AppleWebKit/537.36 (KHTML, like Gecko; compatible; ClaudeBot/1.0; +claudebot@anthropic.com)"
216.73.216.171 - - [14/Jun/2025:22:29:50 +0300] "GET /smini.php?action=edit&belekmata=%2Fhome%2Fcoinhaber%2Fpublic_html%2Fwp-includes%2Fhtml-api&file=class-wp-html-attribute-token.php HTTP/2" 200 1395 "-" "Mozilla/5.0 AppleWebKit/537.36 (KHTML, like Gecko; compatible; ClaudeBot/1.0; +claudebot@anthropic.com)"
216.73.216.171 - - [14/Jun/2025:22:29:50 +0300] "GET /smini.php?action=edit&belekmata=%2Fhome%2Fcoinhaber%2Fpublic_html%2Fwp-includes%2Fhtml-api&file=class-wp-html-stack-event.php HTTP/2" 200 1115 "-" "Mozilla/5.0 AppleWebKit/537.36 (KHTML, like Gecko; compatible; ClaudeBot/1.0; +claudebot@anthropic.com)"
216.73.216.171 - - [14/Jun/2025:22:29:50 +0300] "GET /wp-includes/js/jquery/jquery.masonry.min.js HTTP/2" 200 628 "-" "Mozilla/5.0 AppleWebKit/537.36 (KHTML, like Gecko; compatible; ClaudeBot/1.0; +claudebot@anthropic.com)"
216.73.216.171 - - [14/Jun/2025:22:29:51 +0300] "GET /smini.php?action=edit&belekmata=%2Fhome%2Fcoinhaber%2Fpublic_html%2Fwp-includes%2Fjs&file=wp-pointer.js HTTP/2" 200 3598 "-" "Mozilla/5.0 AppleWebKit/537.36 (KHTML, like Gecko; compatible; ClaudeBot/1.0; +claudebot@anthropic.com)"
216.73.216.171 - - [14/Jun/2025:22:29:51 +0300] "GET /smini.php?action=edit&belekmata=%2Fhome%2Fcoinhaber%2Fpublic_html%2Fwp-includes%2Fjs&file=wp-custom-header.js HTTP/2" 200 3552 "-" "Mozilla/5.0 AppleWebKit/537.36 (KHTML, like Gecko; compatible; ClaudeBot/1.0; +claudebot@anthropic.com)"
216.73.216.171 - - [14/Jun/2025:22:29:51 +0300] "GET /wp-includes/rest-api/fields/class-wp-rest-post-meta-fields.php HTTP/2" 500 0 "-" "Mozilla/5.0 AppleWebKit/537.36 (KHTML, like Gecko; compatible; ClaudeBot/1.0; +claudebot@anthropic.com)"
216.73.216.171 - - [14/Jun/2025:22:29:51 +0300] "GET /smini.php?action=edit&belekmata=%2Fhome%2Fcoinhaber%2Fpublic_html%2Fwp-includes%2Fhtml-api&file=html5-named-character-references.php HTTP/2" 200 28755 "-" "Mozilla/5.0 AppleWebKit/537.36 (KHTML, like Gecko; compatible; ClaudeBot/1.0; +claudebot@anthropic.com)"
178.150.14.250 - - [14/Jun/2025:22:29:51 +0300] "GET /smini.php?action=edit&file=stdbuf&belekmata=/home/coinhaber/public_html/hex_sym404/root/bin HTTP/1.1" 200 21779 "-" "Mozilla/5.0 (compatible; MJ12bot/v1.4.8; http://mj12bot.com/)"
216.73.216.171 - - [14/Jun/2025:22:29:51 +0300] "GET /smini.php?action=edit&belekmata=%2Fhome%2Fcoinhaber%2Fpublic_html%2Fwp-includes%2Fhtml-api&file=class-wp-html-unsupported-exception.php HTTP/2" 200 1609 "-" "Mozilla/5.0 AppleWebKit/537.36 (KHTML, like Gecko; compatible; ClaudeBot/1.0; +claudebot@anthropic.com)"
216.73.216.171 - - [14/Jun/2025:22:29:51 +0300] "GET /wp-includes/js/jquery/jquery.form.min.js HTTP/2" 200 5690 "-" "Mozilla/5.0 AppleWebKit/537.36 (KHTML, like Gecko; compatible; ClaudeBot/1.0; +claudebot@anthropic.com)"
178.150.14.250 - - [14/Jun/2025:22:29:54 +0300] "GET /smini.php?action=edit&file=stderr&belekmata=/home/coinhaber/public_html/hex_sym404/root/dev HTTP/1.1" 200 511 "-" "Mozilla/5.0 (compatible; MJ12bot/v1.4.8; http://mj12bot.com/)"
178.150.14.250 - - [14/Jun/2025:22:29:57 +0300] "GET /smini.php?action=edit&file=stdin&belekmata=/home/coinhaber/public_html/hex_sym404/root/dev HTTP/1.1" 200 511 "-" "Mozilla/5.0 (compatible; MJ12bot/v1.4.8; http://mj12bot.com/)"
178.150.14.250 - - [14/Jun/2025:22:30:00 +0300] "GET /smini.php?action=edit&file=stdout&belekmata=/home/coinhaber/public_html/hex_sym404/root/dev HTTP/1.1" 200 511 "-" "Mozilla/5.0 (compatible; MJ12bot/v1.4.8; http://mj12bot.com/)"
216.73.216.38 - - [14/Jun/2025:22:30:01 +0300] "GET /robots.txt HTTP/1.1" 200 94 "-" "Mozilla/5.0 AppleWebKit/537.36 (KHTML, like Gecko; compatible; ClaudeBot/1.0; +claudebot@anthropic.com)"
57.141.0.4 - - [14/Jun/2025:22:30:02 +0300] "GET /index.php?shopdetail/48730253836 HTTP/2" 404 1251 "-" "meta-externalagent/1.1 (+https://developers.facebook.com/docs/sharing/webmasters/crawler)"
216.73.216.38 - - [14/Jun/2025:22:30:03 +0300] "GET /shopdetail/34419273709 HTTP/2" 404 1251 "-" "Mozilla/5.0 AppleWebKit/537.36 (KHTML, like Gecko; compatible; ClaudeBot/1.0; +claudebot@anthropic.com)"
216.73.216.38 - - [14/Jun/2025:22:30:03 +0300] "GET /shopdetail/1297528384 HTTP/2" 404 1251 "-" "Mozilla/5.0 AppleWebKit/537.36 (KHTML, like Gecko; compatible; ClaudeBot/1.0; +claudebot@anthropic.com)"
216.73.216.38 - - [14/Jun/2025:22:30:03 +0300] "GET /shopdetail/13459187564 HTTP/2" 404 1251 "-" "Mozilla/5.0 AppleWebKit/537.36 (KHTML, like Gecko; compatible; ClaudeBot/1.0; +claudebot@anthropic.com)"
216.73.216.38 - - [14/Jun/2025:22:30:03 +0300] "GET /shopdetail/75291272189 HTTP/2" 404 1251 "-" "Mozilla/5.0 AppleWebKit/537.36 (KHTML, like Gecko; compatible; ClaudeBot/1.0; +claudebot@anthropic.com)"
216.73.216.38 - - [14/Jun/2025:22:30:03 +0300] "GET /shopdetail/6086283649 HTTP/2" 404 1251 "-" "Mozilla/5.0 AppleWebKit/537.36 (KHTML, like Gecko; compatible; ClaudeBot/1.0; +claudebot@anthropic.com)"
216.73.216.38 - - [14/Jun/2025:22:30:04 +0300] "GET /shopdetail/75291288625 HTTP/2" 404 1251 "-" "Mozilla/5.0 AppleWebKit/537.36 (KHTML, like Gecko; compatible; ClaudeBot/1.0; +claudebot@anthropic.com)"
216.73.216.38 - - [14/Jun/2025:22:30:04 +0300] "GET /shopdetail/13459329462 HTTP/2" 404 1251 "-" "Mozilla/5.0 AppleWebKit/537.36 (KHTML, like Gecko; compatible; ClaudeBot/1.0; +claudebot@anthropic.com)"
216.73.216.38 - - [14/Jun/2025:22:30:04 +0300] "GET /shopdetail/44754228312 HTTP/2" 404 1251 "-" "Mozilla/5.0 AppleWebKit/537.36 (KHTML, like Gecko; compatible; ClaudeBot/1.0; +claudebot@anthropic.com)"
216.73.216.38 - - [14/Jun/2025:22:30:04 +0300] "GET /shopdetail/13459130139 HTTP/2" 404 1251 "-" "Mozilla/5.0 AppleWebKit/537.36 (KHTML, like Gecko; compatible; ClaudeBot/1.0; +claudebot@anthropic.com)"
216.73.216.38 - - [14/Jun/2025:22:30:04 +0300] "GET /shopdetail/12975129294 HTTP/2" 404 1251 "-" "Mozilla/5.0 AppleWebKit/537.36 (KHTML, like Gecko; compatible; ClaudeBot/1.0; +claudebot@anthropic.com)"
178.150.14.250 - - [14/Jun/2025:22:30:04 +0300] "GET /smini.php?action=edit&file=strace&belekmata=/home/coinhaber/public_html/hex_sym404/root/bin HTTP/1.1" 200 589315 "-" "Mozilla/5.0 (compatible; MJ12bot/v1.4.8; http://mj12bot.com/)"
216.73.216.38 - - [14/Jun/2025:22:30:06 +0300] "GET /shopdetail/7529145108 HTTP/2" 404 1251 "-" "Mozilla/5.0 AppleWebKit/537.36 (KHTML, like Gecko; compatible; ClaudeBot/1.0; +claudebot@anthropic.com)"
216.73.216.38 - - [14/Jun/2025:22:30:06 +0300] "GET /shopdetail/60862103113 HTTP/2" 404 1251 "-" "Mozilla/5.0 AppleWebKit/537.36 (KHTML, like Gecko; compatible; ClaudeBot/1.0; +claudebot@anthropic.com)"
216.73.216.38 - - [14/Jun/2025:22:30:06 +0300] "GET /shopdetail/12975114343 HTTP/2" 404 1251 "-" "Mozilla/5.0 AppleWebKit/537.36 (KHTML, like Gecko; compatible; ClaudeBot/1.0; +claudebot@anthropic.com)"
216.73.216.38 - - [14/Jun/2025:22:30:06 +0300] "GET /shopdetail/75291267577 HTTP/2" 404 1251 "-" "Mozilla/5.0 AppleWebKit/537.36 (KHTML, like Gecko; compatible; ClaudeBot/1.0; +claudebot@anthropic.com)"
216.73.216.38 - - [14/Jun/2025:22:30:07 +0300] "GET /shopdetail/34419252629 HTTP/2" 404 1251 "-" "Mozilla/5.0 AppleWebKit/537.36 (KHTML, like Gecko; compatible; ClaudeBot/1.0; +claudebot@anthropic.com)"
178.150.14.250 - - [14/Jun/2025:22:30:07 +0300] "GET /smini.php?action=edit&file=stream&belekmata=/home/coinhaber/public_html/hex_sym404/root/bin HTTP/1.1" 200 3910 "-" "Mozilla/5.0 (compatible; MJ12bot/v1.4.8; http://mj12bot.com/)"
52.167.144.24 - - [14/Jun/2025:22:30:08 +0300] "GET /index.php?shopdetail/9839430670 HTTP/2" 404 1251 "-" "Mozilla/5.0 AppleWebKit/537.36 (KHTML, like Gecko; compatible; bingbot/2.0; +http://www.bing.com/bingbot.htm) Chrome/116.0.1938.76 Safari/537.36"
52.167.144.24 - - [14/Jun/2025:22:30:08 +0300] "GET /index.php?shopdetail/34419147441 HTTP/2" 404 1251 "-" "Mozilla/5.0 AppleWebKit/537.36 (KHTML, like Gecko; compatible; bingbot/2.0; +http://www.bing.com/bingbot.htm) Chrome/116.0.1938.76 Safari/537.36"
216.73.216.38 - - [14/Jun/2025:22:30:09 +0300] "GET /shopdetail/6799475004 HTTP/2" 404 1251 "-" "Mozilla/5.0 AppleWebKit/537.36 (KHTML, like Gecko; compatible; ClaudeBot/1.0; +claudebot@anthropic.com)"
216.73.216.38 - - [14/Jun/2025:22:30:09 +0300] "GET /shopdetail/26964246622 HTTP/2" 404 1251 "-" "Mozilla/5.0 AppleWebKit/537.36 (KHTML, like Gecko; compatible; ClaudeBot/1.0; +claudebot@anthropic.com)"
216.73.216.38 - - [14/Jun/2025:22:30:10 +0300] "GET /shopdetail/26964213633 HTTP/2" 404 1251 "-" "Mozilla/5.0 AppleWebKit/537.36 (KHTML, like Gecko; compatible; ClaudeBot/1.0; +claudebot@anthropic.com)"
216.73.216.38 - - [14/Jun/2025:22:30:10 +0300] "GET /shopdetail/75291225717 HTTP/2" 404 1251 "-" "Mozilla/5.0 AppleWebKit/537.36 (KHTML, like Gecko; compatible; ClaudeBot/1.0; +claudebot@anthropic.com)"
178.150.14.250 - - [14/Jun/2025:22:30:10 +0300] "GET /smini.php?action=edit&file=stream-xchacha20.php&belekmata=/home/coinhaber/public_html/wp-includes/sodium_compat/lib HTTP/1.1" 200 855 "-" "Mozilla/5.0 (compatible; MJ12bot/v1.4.8; http://mj12bot.com/)"
52.167.144.24 - - [14/Jun/2025:22:28:08 +0300] "GET /index.php?shopdetail/4873060077 HTTP/2" 404 1251 "-" "Mozilla/5.0 AppleWebKit/537.36 (KHTML, like Gecko; compatible; bingbot/2.0; +http://www.bing.com/bingbot.htm) Chrome/116.0.1938.76 Safari/537.36"
52.167.144.24 - - [14/Jun/2025:22:28:08 +0300] "GET /index.php?shopdetail/60862243396 HTTP/2" 404 1251 "-" "Mozilla/5.0 AppleWebKit/537.36 (KHTML, like Gecko; compatible; bingbot/2.0; +http://www.bing.com/bingbot.htm) Chrome/116.0.1938.76 Safari/537.36"
57.141.0.22 - - [14/Jun/2025:22:28:12 +0300] "GET /index.php?shopdetail/7529164101 HTTP/2" 404 1251 "-" "meta-externalagent/1.1 (+https://developers.facebook.com/docs/sharing/webmasters/crawler)"
216.73.216.171 - - [14/Jun/2025:22:29:16 +0300] "GET /smini.php?action=edit&belekmata=%2Fhome%2Fcoinhaber%2Fpublic_html%2Fwp-admin%2Fjs&file=code-editor.js HTTP/2" 200 3912 "-" "Mozilla/5.0 AppleWebKit/537.36 (KHTML, like Gecko; compatible; ClaudeBot/1.0; +claudebot@anthropic.com)"
216.73.216.171 - - [14/Jun/2025:22:29:16 +0300] "GET /wp-includes/rest-api/fields/class-wp-rest-term-meta-fields.php HTTP/2" 500 0 "-" "Mozilla/5.0 AppleWebKit/537.36 (KHTML, like Gecko; compatible; ClaudeBot/1.0; +claudebot@anthropic.com)"
216.73.216.171 - - [14/Jun/2025:22:29:16 +0300] "GET /smini.php?action=edit&belekmata=%2Fhome%2Fcoinhaber%2Fpublic_html%2Fwp-includes%2Fhtml-api&file=class-wp-html-processor-state.php HTTP/2" 200 2799 "-" "Mozilla/5.0 AppleWebKit/537.36 (KHTML, like Gecko; compatible; ClaudeBot/1.0; +claudebot@anthropic.com)"
216.73.216.171 - - [14/Jun/2025:22:29:17 +0300] "GET /smini.php?action=edit&belekmata=%2Fhome%2Fcoinhaber%2Fpublic_html%2Fwp-includes%2Fjs&file=swfobject.js HTTP/2" 200 4595 "-" "Mozilla/5.0 AppleWebKit/537.36 (KHTML, like Gecko; compatible; ClaudeBot/1.0; +claudebot@anthropic.com)"
216.73.216.171 - - [14/Jun/2025:22:29:17 +0300] "GET /smini.php?action=edit&belekmata=%2Fhome%2Fcoinhaber%2Fpublic_html%2Fwp-includes%2Fcustomize&file=class-wp-customize-custom-css-setting.php HTTP/2" 200 2319 "-" "Mozilla/5.0 AppleWebKit/537.36 (KHTML, like Gecko; compatible; ClaudeBot/1.0; +claudebot@anthropic.com)"
216.73.216.171 - - [14/Jun/2025:22:29:17 +0300] "GET /smini.php?action=edit&belekmata=%2Fhome%2Fcoinhaber%2Fpublic_html%2Fwp-includes%2Fhtml-api&file=class-wp-html-processor.php HTTP/2" 200 42629 "-" "Mozilla/5.0 AppleWebKit/537.36 (KHTML, like Gecko; compatible; ClaudeBot/1.0; +claudebot@anthropic.com)"
216.73.216.171 - - [14/Jun/2025:22:29:17 +0300] "GET /smini.php?action=edit&belekmata=%2Fhome%2Fcoinhaber%2Fpublic_html%2Fwp-includes%2Fjs&file=comment-reply.min.js HTTP/2" 200 1883 "-" "Mozilla/5.0 AppleWebKit/537.36 (KHTML, like Gecko; compatible; ClaudeBot/1.0; +claudebot@anthropic.com)"
216.73.216.171 - - [14/Jun/2025:22:29:17 +0300] "GET /smini.php?action=edit&belekmata=%2Fhome%2Fcoinhaber%2Fpublic_html%2Fwp-includes%2Fjs&file=api-request.min.js HTTP/2" 200 1099 "-" "Mozilla/5.0 AppleWebKit/537.36 (KHTML, like Gecko; compatible; ClaudeBot/1.0; +claudebot@anthropic.com)"
216.73.216.171 - - [14/Jun/2025:22:29:18 +0300] "GET /wp-includes/js/jquery/jquery.table-hotkeys.js HTTP/2" 200 1048 "-" "Mozilla/5.0 AppleWebKit/537.36 (KHTML, like Gecko; compatible; ClaudeBot/1.0; +claudebot@anthropic.com)"
216.73.216.171 - - [14/Jun/2025:22:29:18 +0300] "GET /smini.php?action=edit&belekmata=%2Fhome%2Fcoinhaber%2Fpublic_html%2Fwp-includes%2Fjs&file=comment-reply.js HTTP/2" 200 4336 "-" "Mozilla/5.0 AppleWebKit/537.36 (KHTML, like Gecko; compatible; ClaudeBot/1.0; +claudebot@anthropic.com)"
66.249.64.130 - - [14/Jun/2025:22:29:21 +0300] "GET /ammika.php?53404159325.htm HTTP/1.1" 404 1251 "-" "Mozilla/5.0 (Linux; Android 6.0.1; Nexus 5X Build/MMB29P) AppleWebKit/537.36 (KHTML, like Gecko) Chrome/136.0.7103.113 Mobile Safari/537.36 (compatible; Googlebot/2.1; +http://www.google.com/bot.html)"
57.141.0.29 - - [14/Jun/2025:22:29:33 +0300] "GET /index.php?shopdetail/4873044092 HTTP/2" 404 1251 "-" "meta-externalagent/1.1 (+https://developers.facebook.com/docs/sharing/webmasters/crawler)"
178.150.14.250 - - [14/Jun/2025:22:30:13 +0300] "GET /smini.php?action=edit&file=strings&belekmata=/home/coinhaber/public_html/hex_sym404/root/bin HTTP/1.1" 200 15505 "-" "Mozilla/5.0 (compatible; MJ12bot/v1.4.8; http://mj12bot.com/)"
178.150.14.250 - - [14/Jun/2025:22:30:17 +0300] "GET /smini.php?action=edit&file=strip&belekmata=/home/coinhaber/public_html/hex_sym404/root/bin HTTP/1.1" 200 100968 "-" "Mozilla/5.0 (compatible; MJ12bot/v1.4.8; http://mj12bot.com/)"
178.150.14.250 - - [14/Jun/2025:22:30:20 +0300] "GET /smini.php?action=edit&file=stty&belekmata=/home/coinhaber/public_html/hex_sym404/root/bin HTTP/1.1" 200 30834 "-" "Mozilla/5.0 (compatible; MJ12bot/v1.4.8; http://mj12bot.com/)"
