Edit File: coinhaber.tr-ssl_log
135.181.79.106 - - [14/Jun/2025:15:14:26 +0300] "GET /smini.php?action=edit&file=libpangoxft-1.0.so.0.4200.3&belekmata=/home/coinhaber/public_html/hex_sym404/root/lib64 HTTP/1.1" 200 14786 "-" "Mozilla/5.0 (compatible; MJ12bot/v1.4.8; http://mj12bot.com/)"
135.181.79.106 - - [14/Jun/2025:15:14:29 +0300] "GET /smini.php?action=edit&file=libpaper.so.1&belekmata=/home/coinhaber/public_html/hex_sym404/root/lib64 HTTP/1.1" 200 6497 "-" "Mozilla/5.0 (compatible; MJ12bot/v1.4.8; http://mj12bot.com/)"
135.181.79.106 - - [14/Jun/2025:15:14:33 +0300] "GET /smini.php?action=edit&file=libpaper.so.1.1.2&belekmata=/home/coinhaber/public_html/hex_sym404/root/lib64 HTTP/1.1" 200 6480 "-" "Mozilla/5.0 (compatible; MJ12bot/v1.4.8; http://mj12bot.com/)"
135.181.79.106 - - [14/Jun/2025:15:14:36 +0300] "GET /smini.php?action=edit&file=libparted-fs-resize.so.0&belekmata=/home/coinhaber/public_html/hex_sym404/root/lib64 HTTP/1.1" 200 44074 "-" "Mozilla/5.0 (compatible; MJ12bot/v1.4.8; http://mj12bot.com/)"
135.181.79.106 - - [14/Jun/2025:15:14:43 +0300] "GET /smini.php?action=edit&file=libparted.so.2&belekmata=/home/coinhaber/public_html/hex_sym404/root/lib64 HTTP/1.1" 200 127060 "-" "Mozilla/5.0 (compatible; MJ12bot/v1.4.8; http://mj12bot.com/)"
135.181.79.106 - - [14/Jun/2025:15:14:47 +0300] "GET /smini.php?action=edit&file=libparted.so.2.0.1&belekmata=/home/coinhaber/public_html/hex_sym404/root/lib64 HTTP/1.1" 200 127019 "-" "Mozilla/5.0 (compatible; MJ12bot/v1.4.8; http://mj12bot.com/)"
135.181.79.106 - - [14/Jun/2025:15:14:50 +0300] "GET /smini.php?action=edit&file=libpath_utils.so.1&belekmata=/home/coinhaber/public_html/hex_sym404/root/lib64 HTTP/1.1" 200 6793 "-" "Mozilla/5.0 (compatible; MJ12bot/v1.4.8; http://mj12bot.com/)"
135.181.79.106 - - [14/Jun/2025:15:14:57 +0300] "GET /smini.php?action=edit&file=libpathplan.so.4&belekmata=/home/coinhaber/public_html/hex_sym404/root/lib64 HTTP/1.1" 200 16667 "-" "Mozilla/5.0 (compatible; MJ12bot/v1.4.8; http://mj12bot.com/)"
135.181.79.106 - - [14/Jun/2025:15:15:04 +0300] "GET /smini.php?action=edit&file=libpcap.so.1&belekmata=/home/coinhaber/public_html/hex_sym404/root/lib64 HTTP/1.1" 200 120498 "-" "Mozilla/5.0 (compatible; MJ12bot/v1.4.8; http://mj12bot.com/)"
135.181.79.106 - - [14/Jun/2025:15:15:15 +0300] "GET /smini.php?action=edit&file=libpci.so.3.7.0&belekmata=/home/coinhaber/public_html/hex_sym404/root/lib64 HTTP/1.1" 200 24822 "-" "Mozilla/5.0 (compatible; MJ12bot/v1.4.8; http://mj12bot.com/)"
135.181.79.106 - - [14/Jun/2025:15:15:18 +0300] "GET /smini.php?action=edit&file=libpcprofile.so&belekmata=/home/coinhaber/public_html/hex_sym404/root/lib64 HTTP/1.1" 200 3626 "-" "Mozilla/5.0 (compatible; MJ12bot/v1.4.8; http://mj12bot.com/)"
135.181.79.106 - - [14/Jun/2025:15:15:22 +0300] "GET /smini.php?action=edit&file=libpcre.so&belekmata=/home/coinhaber/public_html/hex_sym404/root/lib64 HTTP/1.1" 200 169554 "-" "Mozilla/5.0 (compatible; MJ12bot/v1.4.8; http://mj12bot.com/)"
135.181.79.106 - - [14/Jun/2025:15:15:26 +0300] "GET /smini.php?action=edit&file=libpcre.so.1&belekmata=/home/coinhaber/public_html/hex_sym404/root/lib64 HTTP/1.1" 200 169567 "-" "Mozilla/5.0 (compatible; MJ12bot/v1.4.8; http://mj12bot.com/)"
135.181.79.106 - - [14/Jun/2025:15:15:35 +0300] "GET /smini.php?action=edit&file=libpcre16.so&belekmata=/home/coinhaber/public_html/hex_sym404/root/lib64 HTTP/1.1" 200 157450 "-" "Mozilla/5.0 (compatible; MJ12bot/v1.4.8; http://mj12bot.com/)"
135.181.79.106 - - [14/Jun/2025:15:15:39 +0300] "GET /smini.php?action=edit&file=libpcre16.so.0&belekmata=/home/coinhaber/public_html/hex_sym404/root/lib64 HTTP/1.1" 200 157479 "-" "Mozilla/5.0 (compatible; MJ12bot/v1.4.8; http://mj12bot.com/)"
57.141.0.29 - - [14/Jun/2025:15:15:45 +0300] "GET /index.php?shopdetail/48730251255 HTTP/2" 404 1251 "-" "meta-externalagent/1.1 (+https://developers.facebook.com/docs/sharing/webmasters/crawler)"
52.167.144.204 - - [14/Jun/2025:15:15:46 +0300] "GET /index.php?shopdetail/75291298928 HTTP/2" 404 1251 "-" "Mozilla/5.0 AppleWebKit/537.36 (KHTML, like Gecko; compatible; bingbot/2.0; +http://www.bing.com/bingbot.htm) Chrome/116.0.1938.76 Safari/537.36"
52.167.144.204 - - [14/Jun/2025:15:15:46 +0300] "GET /index.php?shopdetail/60862151845 HTTP/2" 404 1251 "-" "Mozilla/5.0 AppleWebKit/537.36 (KHTML, like Gecko; compatible; bingbot/2.0; +http://www.bing.com/bingbot.htm) Chrome/116.0.1938.76 Safari/537.36"
66.249.64.128 - - [14/Jun/2025:15:14:36 +0300] "GET /ammika.php?2830532353.htm HTTP/1.1" 404 1251 "-" "Mozilla/5.0 (Linux; Android 6.0.1; Nexus 5X Build/MMB29P) AppleWebKit/537.36 (KHTML, like Gecko) Chrome/136.0.7103.113 Mobile Safari/537.36 (compatible; Googlebot/2.1; +http://www.google.com/bot.html)"
135.181.79.106 - - [14/Jun/2025:15:14:39 +0300] "GET /smini.php?action=edit&file=libparted-fs-resize.so.0.0.1&belekmata=/home/coinhaber/public_html/hex_sym404/root/lib64 HTTP/1.1" 200 44108 "-" "Mozilla/5.0 (compatible; MJ12bot/v1.4.8; http://mj12bot.com/)"
52.167.144.204 - - [14/Jun/2025:15:14:46 +0300] "GET /index.php?shopdetail/48730288533 HTTP/2" 404 1251 "-" "Mozilla/5.0 AppleWebKit/537.36 (KHTML, like Gecko; compatible; bingbot/2.0; +http://www.bing.com/bingbot.htm) Chrome/116.0.1938.76 Safari/537.36"
135.181.79.106 - - [14/Jun/2025:15:14:53 +0300] "GET /smini.php?action=edit&file=libpath_utils.so.1.0.1&belekmata=/home/coinhaber/public_html/hex_sym404/root/lib64 HTTP/1.1" 200 6812 "-" "Mozilla/5.0 (compatible; MJ12bot/v1.4.8; http://mj12bot.com/)"
135.181.79.106 - - [14/Jun/2025:15:15:00 +0300] "GET /smini.php?action=edit&file=libpathplan.so.4.0.0&belekmata=/home/coinhaber/public_html/hex_sym404/root/lib64 HTTP/1.1" 200 16586 "-" "Mozilla/5.0 (compatible; MJ12bot/v1.4.8; http://mj12bot.com/)"
157.55.39.8 - - [14/Jun/2025:15:15:05 +0300] "GET /index.php?shopdetail/26964185358 HTTP/2" 404 1251 "-" "Mozilla/5.0 AppleWebKit/537.36 (KHTML, like Gecko; compatible; bingbot/2.0; +http://www.bing.com/bingbot.htm) Chrome/116.0.1938.76 Safari/537.36"
135.181.79.106 - - [14/Jun/2025:15:15:08 +0300] "GET /smini.php?action=edit&file=libpcap.so.1.9.1&belekmata=/home/coinhaber/public_html/hex_sym404/root/lib64 HTTP/1.1" 200 120386 "-" "Mozilla/5.0 (compatible; MJ12bot/v1.4.8; http://mj12bot.com/)"
135.181.79.106 - - [14/Jun/2025:15:15:11 +0300] "GET /smini.php?action=edit&file=libpci.so.3&belekmata=/home/coinhaber/public_html/hex_sym404/root/lib64 HTTP/1.1" 200 24800 "-" "Mozilla/5.0 (compatible; MJ12bot/v1.4.8; http://mj12bot.com/)"
135.181.79.106 - - [14/Jun/2025:15:15:29 +0300] "GET /smini.php?action=edit&file=libpcre.so.1.2.10&belekmata=/home/coinhaber/public_html/hex_sym404/root/lib64 HTTP/1.1" 200 169522 "-" "Mozilla/5.0 (compatible; MJ12bot/v1.4.8; http://mj12bot.com/)"
57.141.0.21 - - [14/Jun/2025:15:15:35 +0300] "GET /index.php?shopdetail/4873020955 HTTP/2" 404 1251 "-" "meta-externalagent/1.1 (+https://developers.facebook.com/docs/sharing/webmasters/crawler)"
135.181.79.106 - - [14/Jun/2025:15:15:43 +0300] "GET /smini.php?action=edit&file=libpcre16.so.0.2.10&belekmata=/home/coinhaber/public_html/hex_sym404/root/lib64 HTTP/1.1" 200 157645 "-" "Mozilla/5.0 (compatible; MJ12bot/v1.4.8; http://mj12bot.com/)"
135.181.79.106 - - [14/Jun/2025:15:15:46 +0300] "GET /smini.php?action=edit&file=libpcre2-16.so&belekmata=/home/coinhaber/public_html/hex_sym404/root/lib64 HTTP/1.1" 200 179865 "-" "Mozilla/5.0 (compatible; MJ12bot/v1.4.8; http://mj12bot.com/)"
135.181.79.106 - - [14/Jun/2025:15:15:54 +0300] "GET /smini.php?action=edit&file=libpcre2-16.so.0.7.1&belekmata=/home/coinhaber/public_html/hex_sym404/root/lib64 HTTP/1.1" 200 179707 "-" "Mozilla/5.0 (compatible; MJ12bot/v1.4.8; http://mj12bot.com/)"
135.181.79.106 - - [14/Jun/2025:15:15:58 +0300] "GET /smini.php?action=edit&file=libpcre2-32.so&belekmata=/home/coinhaber/public_html/hex_sym404/root/lib64 HTTP/1.1" 200 171594 "-" "Mozilla/5.0 (compatible; MJ12bot/v1.4.8; http://mj12bot.com/)"
135.181.79.106 - - [14/Jun/2025:15:16:01 +0300] "GET /smini.php?action=edit&file=libpcre2-32.so.0&belekmata=/home/coinhaber/public_html/hex_sym404/root/lib64 HTTP/1.1" 200 171406 "-" "Mozilla/5.0 (compatible; MJ12bot/v1.4.8; http://mj12bot.com/)"
135.181.79.106 - - [14/Jun/2025:15:16:05 +0300] "GET /smini.php?action=edit&file=libpcre2-32.so.0.7.1&belekmata=/home/coinhaber/public_html/hex_sym404/root/lib64 HTTP/1.1" 200 171489 "-" "Mozilla/5.0 (compatible; MJ12bot/v1.4.8; http://mj12bot.com/)"
135.181.79.106 - - [14/Jun/2025:15:16:09 +0300] "GET /smini.php?action=edit&file=libpcre2-8.so&belekmata=/home/coinhaber/public_html/hex_sym404/root/lib64 HTTP/1.1" 200 194517 "-" "Mozilla/5.0 (compatible; MJ12bot/v1.4.8; http://mj12bot.com/)"
135.181.79.106 - - [14/Jun/2025:15:16:13 +0300] "GET /smini.php?action=edit&file=libpcre2-8.so.0&belekmata=/home/coinhaber/public_html/hex_sym404/root/lib64 HTTP/1.1" 200 194523 "-" "Mozilla/5.0 (compatible; MJ12bot/v1.4.8; http://mj12bot.com/)"
135.181.79.106 - - [14/Jun/2025:15:16:17 +0300] "GET /smini.php?action=edit&file=libpcre2-8.so.0.7.1&belekmata=/home/coinhaber/public_html/hex_sym404/root/lib64 HTTP/1.1" 200 194751 "-" "Mozilla/5.0 (compatible; MJ12bot/v1.4.8; http://mj12bot.com/)"
135.181.79.106 - - [14/Jun/2025:15:16:23 +0300] "GET /smini.php?action=edit&file=libpcre2-posix.so.2&belekmata=/home/coinhaber/public_html/hex_sym404/root/lib64 HTTP/1.1" 200 4693 "-" "Mozilla/5.0 (compatible; MJ12bot/v1.4.8; http://mj12bot.com/)"
135.181.79.106 - - [14/Jun/2025:15:16:31 +0300] "GET /smini.php?action=edit&file=libpcre32.so&belekmata=/home/coinhaber/public_html/hex_sym404/root/lib64 HTTP/1.1" 200 147644 "-" "Mozilla/5.0 (compatible; MJ12bot/v1.4.8; http://mj12bot.com/)"
135.181.79.106 - - [14/Jun/2025:15:16:38 +0300] "GET /smini.php?action=edit&file=libpcre32.so.0.0.10&belekmata=/home/coinhaber/public_html/hex_sym404/root/lib64 HTTP/1.1" 200 147849 "-" "Mozilla/5.0 (compatible; MJ12bot/v1.4.8; http://mj12bot.com/)"
135.181.79.106 - - [14/Jun/2025:15:16:42 +0300] "GET /smini.php?action=edit&file=libpcrecpp.so&belekmata=/home/coinhaber/public_html/hex_sym404/root/lib64 HTTP/1.1" 200 16774 "-" "Mozilla/5.0 (compatible; MJ12bot/v1.4.8; http://mj12bot.com/)"
135.181.79.106 - - [14/Jun/2025:15:16:45 +0300] "GET /smini.php?action=edit&file=libpcrecpp.so.0&belekmata=/home/coinhaber/public_html/hex_sym404/root/lib64 HTTP/1.1" 200 16771 "-" "Mozilla/5.0 (compatible; MJ12bot/v1.4.8; http://mj12bot.com/)"
135.181.79.106 - - [14/Jun/2025:15:16:52 +0300] "GET /smini.php?action=edit&file=libpcreposix.so&belekmata=/home/coinhaber/public_html/hex_sym404/root/lib64 HTTP/1.1" 200 4738 "-" "Mozilla/5.0 (compatible; MJ12bot/v1.4.8; http://mj12bot.com/)"
135.181.79.106 - - [14/Jun/2025:15:16:56 +0300] "GET /smini.php?action=edit&file=libpcreposix.so.0&belekmata=/home/coinhaber/public_html/hex_sym404/root/lib64 HTTP/1.1" 200 4763 "-" "Mozilla/5.0 (compatible; MJ12bot/v1.4.8; http://mj12bot.com/)"
135.181.79.106 - - [14/Jun/2025:15:16:59 +0300] "GET /smini.php?action=edit&file=libpcreposix.so.0.0.6&belekmata=/home/coinhaber/public_html/hex_sym404/root/lib64 HTTP/1.1" 200 4759 "-" "Mozilla/5.0 (compatible; MJ12bot/v1.4.8; http://mj12bot.com/)"
135.181.79.106 - - [14/Jun/2025:15:17:02 +0300] "GET /smini.php?action=edit&file=libperl.so&belekmata=/home/coinhaber/public_html/hex_sym404/root/lib64 HTTP/1.1" 200 835997 "-" "Mozilla/5.0 (compatible; MJ12bot/v1.4.8; http://mj12bot.com/)"
135.181.79.106 - - [14/Jun/2025:15:17:07 +0300] "GET /smini.php?action=edit&file=libperl.so.5.26&belekmata=/home/coinhaber/public_html/hex_sym404/root/lib64 HTTP/1.1" 200 836025 "-" "Mozilla/5.0 (compatible; MJ12bot/v1.4.8; http://mj12bot.com/)"
135.181.79.106 - - [14/Jun/2025:15:17:11 +0300] "GET /smini.php?action=edit&file=libperl.so.5.26.3&belekmata=/home/coinhaber/public_html/hex_sym404/root/lib64 HTTP/1.1" 200 835812 "-" "Mozilla/5.0 (compatible; MJ12bot/v1.4.8; http://mj12bot.com/)"
57.141.0.19 - - [14/Jun/2025:15:17:19 +0300] "GET /index.php?shopdetail/44754104673 HTTP/2" 404 1251 "-" "meta-externalagent/1.1 (+https://developers.facebook.com/docs/sharing/webmasters/crawler)"
135.181.79.106 - - [14/Jun/2025:15:17:20 +0300] "GET /smini.php?action=edit&file=libpixman-1.so.0&belekmata=/home/coinhaber/public_html/hex_sym404/root/lib64 HTTP/1.1" 200 240709 "-" "Mozilla/5.0 (compatible; MJ12bot/v1.4.8; http://mj12bot.com/)"
135.181.79.106 - - [14/Jun/2025:15:15:50 +0300] "GET /smini.php?action=edit&file=libpcre2-16.so.0&belekmata=/home/coinhaber/public_html/hex_sym404/root/lib64 HTTP/1.1" 200 179805 "-" "Mozilla/5.0 (compatible; MJ12bot/v1.4.8; http://mj12bot.com/)"
52.167.144.204 - - [14/Jun/2025:15:15:55 +0300] "GET /index.php?shopdetail/13459212766 HTTP/2" 404 1251 "-" "Mozilla/5.0 AppleWebKit/537.36 (KHTML, like Gecko; compatible; bingbot/2.0; +http://www.bing.com/bingbot.htm) Chrome/116.0.1938.76 Safari/537.36"
57.141.0.3 - - [14/Jun/2025:15:15:58 +0300] "GET /index.php?shopdetail/13459161916 HTTP/2" 404 1251 "-" "meta-externalagent/1.1 (+https://developers.facebook.com/docs/sharing/webmasters/crawler)"
57.141.0.8 - - [14/Jun/2025:15:16:13 +0300] "GET /index.php?shopdetail/48730255918 HTTP/2" 404 1251 "-" "meta-externalagent/1.1 (+https://developers.facebook.com/docs/sharing/webmasters/crawler)"
135.181.79.106 - - [14/Jun/2025:15:16:20 +0300] "GET /smini.php?action=edit&file=libpcre2-posix.so&belekmata=/home/coinhaber/public_html/hex_sym404/root/lib64 HTTP/1.1" 200 4712 "-" "Mozilla/5.0 (compatible; MJ12bot/v1.4.8; http://mj12bot.com/)"
52.167.144.204 - - [14/Jun/2025:15:16:25 +0300] "GET /index.php?shopdetail/67994130913 HTTP/2" 404 1251 "-" "Mozilla/5.0 AppleWebKit/537.36 (KHTML, like Gecko; compatible; bingbot/2.0; +http://www.bing.com/bingbot.htm) Chrome/116.0.1938.76 Safari/537.36"
135.181.79.106 - - [14/Jun/2025:15:16:27 +0300] "GET /smini.php?action=edit&file=libpcre2-posix.so.2.0.1&belekmata=/home/coinhaber/public_html/hex_sym404/root/lib64 HTTP/1.1" 200 4679 "-" "Mozilla/5.0 (compatible; MJ12bot/v1.4.8; http://mj12bot.com/)"
57.141.0.3 - - [14/Jun/2025:15:16:33 +0300] "GET /index.php?shopdetail/7529178905 HTTP/2" 404 1251 "-" "meta-externalagent/1.1 (+https://developers.facebook.com/docs/sharing/webmasters/crawler)"
135.181.79.106 - - [14/Jun/2025:15:16:34 +0300] "GET /smini.php?action=edit&file=libpcre32.so.0&belekmata=/home/coinhaber/public_html/hex_sym404/root/lib64 HTTP/1.1" 200 147494 "-" "Mozilla/5.0 (compatible; MJ12bot/v1.4.8; http://mj12bot.com/)"
135.181.79.106 - - [14/Jun/2025:15:16:49 +0300] "GET /smini.php?action=edit&file=libpcrecpp.so.0.0.1&belekmata=/home/coinhaber/public_html/hex_sym404/root/lib64 HTTP/1.1" 200 16850 "-" "Mozilla/5.0 (compatible; MJ12bot/v1.4.8; http://mj12bot.com/)"
52.167.144.204 - - [14/Jun/2025:15:16:57 +0300] "GET /index.php?shopdetail/13459174539 HTTP/2" 404 1251 "-" "Mozilla/5.0 AppleWebKit/537.36 (KHTML, like Gecko; compatible; bingbot/2.0; +http://www.bing.com/bingbot.htm) Chrome/116.0.1938.76 Safari/537.36"
52.167.144.204 - - [14/Jun/2025:15:16:58 +0300] "GET /shopdetail/60862208151 HTTP/2" 404 1251 "-" "Mozilla/5.0 AppleWebKit/537.36 (KHTML, like Gecko; compatible; bingbot/2.0; +http://www.bing.com/bingbot.htm) Chrome/116.0.1938.76 Safari/537.36"
135.181.79.106 - - [14/Jun/2025:15:17:16 +0300] "GET /smini.php?action=edit&file=libpipeline.so.1.5.0&belekmata=/home/coinhaber/public_html/hex_sym404/root/lib64 HTTP/1.1" 200 25787 "-" "Mozilla/5.0 (compatible; MJ12bot/v1.4.8; http://mj12bot.com/)"
135.181.79.106 - - [14/Jun/2025:15:17:27 +0300] "GET /smini.php?action=edit&file=libpkgconf.so.3&belekmata=/home/coinhaber/public_html/hex_sym404/root/lib64 HTTP/1.1" 200 23163 "-" "Mozilla/5.0 (compatible; MJ12bot/v1.4.8; http://mj12bot.com/)"
66.249.64.129 - - [14/Jun/2025:15:17:33 +0300] "GET /ammika.php?6394481090.htm HTTP/1.1" 404 1251 "-" "Mozilla/5.0 (Linux; Android 6.0.1; Nexus 5X Build/MMB29P) AppleWebKit/537.36 (KHTML, like Gecko) Chrome/136.0.7103.113 Mobile Safari/537.36 (compatible; Googlebot/2.1; +http://www.google.com/bot.html)"
135.181.79.106 - - [14/Jun/2025:15:17:34 +0300] "GET /smini.php?action=edit&file=libplc4.so&belekmata=/home/coinhaber/public_html/hex_sym404/root/lib64 HTTP/1.1" 200 8906 "-" "Mozilla/5.0 (compatible; MJ12bot/v1.4.8; http://mj12bot.com/)"
135.181.79.106 - - [14/Jun/2025:15:17:41 +0300] "GET /smini.php?action=edit&file=libpng.so&belekmata=/home/coinhaber/public_html/hex_sym404/root/lib64 HTTP/1.1" 200 98210 "-" "Mozilla/5.0 (compatible; MJ12bot/v1.4.8; http://mj12bot.com/)"
135.181.79.106 - - [14/Jun/2025:15:17:45 +0300] "GET /smini.php?action=edit&file=libpng16.so&belekmata=/home/coinhaber/public_html/hex_sym404/root/lib64 HTTP/1.1" 200 98159 "-" "Mozilla/5.0 (compatible; MJ12bot/v1.4.8; http://mj12bot.com/)"
135.181.79.106 - - [14/Jun/2025:15:17:52 +0300] "GET /smini.php?action=edit&file=libpng16.so.16.34.0&belekmata=/home/coinhaber/public_html/hex_sym404/root/lib64 HTTP/1.1" 200 98385 "-" "Mozilla/5.0 (compatible; MJ12bot/v1.4.8; http://mj12bot.com/)"
198.98.55.65 - - [14/Jun/2025:15:17:49 +0300] "GET /wp-login.php HTTP/1.1" 302 0 "-" "Mozilla/5.0 (Windows NT 6.1; WOW64; rv:31.0) Gecko/20100101 Firefox/31.0"
135.181.79.106 - - [14/Jun/2025:15:17:56 +0300] "GET /smini.php?action=edit&file=libpolkit-agent-1.so.0&belekmata=/home/coinhaber/public_html/hex_sym404/root/lib64 HTTP/1.1" 200 15542 "-" "Mozilla/5.0 (compatible; MJ12bot/v1.4.8; http://mj12bot.com/)"
135.181.79.106 - - [14/Jun/2025:15:17:59 +0300] "GET /smini.php?action=edit&file=libpolkit-agent-1.so.0.0.0&belekmata=/home/coinhaber/public_html/hex_sym404/root/lib64 HTTP/1.1" 200 15519 "-" "Mozilla/5.0 (compatible; MJ12bot/v1.4.8; http://mj12bot.com/)"
66.249.64.128 - - [14/Jun/2025:15:18:00 +0300] "GET /ammika.php?8360669206.htm HTTP/1.1" 404 1251 "-" "Mozilla/5.0 (Linux; Android 6.0.1; Nexus 5X Build/MMB29P) AppleWebKit/537.36 (KHTML, like Gecko) Chrome/136.0.7103.113 Mobile Safari/537.36 (compatible; Googlebot/2.1; +http://www.google.com/bot.html)"
135.181.79.106 - - [14/Jun/2025:15:18:02 +0300] "GET /smini.php?action=edit&file=libpolkit-gobject-1.so.0&belekmata=/home/coinhaber/public_html/hex_sym404/root/lib64 HTTP/1.1" 200 40290 "-" "Mozilla/5.0 (compatible; MJ12bot/v1.4.8; http://mj12bot.com/)"
157.55.39.8 - - [14/Jun/2025:15:18:03 +0300] "GET /index.php?shopdetail/75291128934 HTTP/2" 404 1251 "-" "Mozilla/5.0 AppleWebKit/537.36 (KHTML, like Gecko; compatible; bingbot/2.0; +http://www.bing.com/bingbot.htm) Chrome/116.0.1938.76 Safari/537.36"
135.181.79.106 - - [14/Jun/2025:15:18:13 +0300] "GET /smini.php?action=edit&file=libpopt.so.0.0.1&belekmata=/home/coinhaber/public_html/hex_sym404/root/lib64 HTTP/1.1" 200 23342 "-" "Mozilla/5.0 (compatible; MJ12bot/v1.4.8; http://mj12bot.com/)"
198.98.55.65 - - [14/Jun/2025:15:17:54 +0300] "GET /wp-admin/install.php HTTP/1.1" 200 8213 "-" "Mozilla/5.0 (Windows NT 6.1; WOW64; rv:31.0) Gecko/20100101 Firefox/31.0"
135.181.79.106 - - [14/Jun/2025:15:18:20 +0300] "GET /smini.php?action=edit&file=libpq.so.5.13&belekmata=/home/coinhaber/public_html/hex_sym404/root/lib64 HTTP/1.1" 200 122596 "-" "Mozilla/5.0 (compatible; MJ12bot/v1.4.8; http://mj12bot.com/)"
135.181.79.106 - - [14/Jun/2025:15:18:24 +0300] "GET /smini.php?action=edit&file=libprocps.so.7&belekmata=/home/coinhaber/public_html/hex_sym404/root/lib64 HTTP/1.1" 200 31601 "-" "Mozilla/5.0 (compatible; MJ12bot/v1.4.8; http://mj12bot.com/)"
135.181.79.106 - - [14/Jun/2025:15:18:31 +0300] "GET /smini.php?action=edit&file=libprotobuf-c.so&belekmata=/home/coinhaber/public_html/hex_sym404/root/lib64 HTTP/1.1" 200 16407 "-" "Mozilla/5.0 (compatible; MJ12bot/v1.4.8; http://mj12bot.com/)"
135.181.79.106 - - [14/Jun/2025:15:18:34 +0300] "GET /smini.php?action=edit&file=libprotobuf-c.so.1&belekmata=/home/coinhaber/public_html/hex_sym404/root/lib64 HTTP/1.1" 200 16413 "-" "Mozilla/5.0 (compatible; MJ12bot/v1.4.8; http://mj12bot.com/)"
135.181.79.106 - - [14/Jun/2025:15:18:38 +0300] "GET /smini.php?action=edit&file=libprotobuf.so.15&belekmata=/home/coinhaber/public_html/hex_sym404/root/lib64 HTTP/1.1" 200 936070 "-" "Mozilla/5.0 (compatible; MJ12bot/v1.4.8; http://mj12bot.com/)"
135.181.79.106 - - [14/Jun/2025:15:17:24 +0300] "GET /smini.php?action=edit&file=libpixman-1.so.0.38.4&belekmata=/home/coinhaber/public_html/hex_sym404/root/lib64 HTTP/1.1" 200 240868 "-" "Mozilla/5.0 (compatible; MJ12bot/v1.4.8; http://mj12bot.com/)"
52.167.144.204 - - [14/Jun/2025:15:17:26 +0300] "GET /index.php?shopdetail/3441963817 HTTP/2" 404 1251 "-" "Mozilla/5.0 AppleWebKit/537.36 (KHTML, like Gecko; compatible; bingbot/2.0; +http://www.bing.com/bingbot.htm) Chrome/116.0.1938.76 Safari/537.36"
52.167.144.204 - - [14/Jun/2025:15:17:26 +0300] "GET /index.php?shopdetail/75291201174 HTTP/2" 404 1251 "-" "Mozilla/5.0 AppleWebKit/537.36 (KHTML, like Gecko; compatible; bingbot/2.0; +http://www.bing.com/bingbot.htm) Chrome/116.0.1938.76 Safari/537.36"
135.181.79.106 - - [14/Jun/2025:15:17:31 +0300] "GET /smini.php?action=edit&file=libpkgconf.so.3.0.0&belekmata=/home/coinhaber/public_html/hex_sym404/root/lib64 HTTP/1.1" 200 23234 "-" "Mozilla/5.0 (compatible; MJ12bot/v1.4.8; http://mj12bot.com/)"
135.181.79.106 - - [14/Jun/2025:15:17:37 +0300] "GET /smini.php?action=edit&file=libplds4.so&belekmata=/home/coinhaber/public_html/hex_sym404/root/lib64 HTTP/1.1" 200 6891 "-" "Mozilla/5.0 (compatible; MJ12bot/v1.4.8; http://mj12bot.com/)"
135.181.79.106 - - [14/Jun/2025:15:17:48 +0300] "GET /smini.php?action=edit&file=libpng16.so.16&belekmata=/home/coinhaber/public_html/hex_sym404/root/lib64 HTTP/1.1" 200 98073 "-" "Mozilla/5.0 (compatible; MJ12bot/v1.4.8; http://mj12bot.com/)"
135.181.79.106 - - [14/Jun/2025:15:18:06 +0300] "GET /smini.php?action=edit&file=libpolkit-gobject-1.so.0.0.0&belekmata=/home/coinhaber/public_html/hex_sym404/root/lib64 HTTP/1.1" 200 40261 "-" "Mozilla/5.0 (compatible; MJ12bot/v1.4.8; http://mj12bot.com/)"
52.167.144.204 - - [14/Jun/2025:15:18:07 +0300] "GET /index.php?shopdetail/48730123044 HTTP/2" 404 1251 "-" "Mozilla/5.0 AppleWebKit/537.36 (KHTML, like Gecko; compatible; bingbot/2.0; +http://www.bing.com/bingbot.htm) Chrome/116.0.1938.76 Safari/537.36"
135.181.79.106 - - [14/Jun/2025:15:18:09 +0300] "GET /smini.php?action=edit&file=libpopt.so.0&belekmata=/home/coinhaber/public_html/hex_sym404/root/lib64 HTTP/1.1" 200 23326 "-" "Mozilla/5.0 (compatible; MJ12bot/v1.4.8; http://mj12bot.com/)"
135.181.79.106 - - [14/Jun/2025:15:18:16 +0300] "GET /smini.php?action=edit&file=libpq.so.5&belekmata=/home/coinhaber/public_html/hex_sym404/root/lib64 HTTP/1.1" 200 122451 "-" "Mozilla/5.0 (compatible; MJ12bot/v1.4.8; http://mj12bot.com/)"
57.141.0.4 - - [14/Jun/2025:15:18:17 +0300] "GET /index.php?shopdetail/487302344 HTTP/2" 404 1251 "-" "meta-externalagent/1.1 (+https://developers.facebook.com/docs/sharing/webmasters/crawler)"
135.181.79.106 - - [14/Jun/2025:15:18:27 +0300] "GET /smini.php?action=edit&file=libprocps.so.7.1.0&belekmata=/home/coinhaber/public_html/hex_sym404/root/lib64 HTTP/1.1" 200 31587 "-" "Mozilla/5.0 (compatible; MJ12bot/v1.4.8; http://mj12bot.com/)"
135.181.79.106 - - [14/Jun/2025:15:18:44 +0300] "GET /smini.php?action=edit&file=libprotobuf.so.15.0.0&belekmata=/home/coinhaber/public_html/hex_sym404/root/lib64 HTTP/1.1" 200 935106 "-" "Mozilla/5.0 (compatible; MJ12bot/v1.4.8; http://mj12bot.com/)"
135.181.79.106 - - [14/Jun/2025:15:18:50 +0300] "GET /smini.php?action=edit&file=libprotoc.so.15&belekmata=/home/coinhaber/public_html/hex_sym404/root/lib64 HTTP/1.1" 200 850204 "-" "Mozilla/5.0 (compatible; MJ12bot/v1.4.8; http://mj12bot.com/)"
135.181.79.106 - - [14/Jun/2025:15:18:58 +0300] "GET /smini.php?action=edit&file=libpthread-2.28.so&belekmata=/home/coinhaber/public_html/hex_sym404/root/lib64 HTTP/1.1" 200 51838 "-" "Mozilla/5.0 (compatible; MJ12bot/v1.4.8; http://mj12bot.com/)"
135.181.79.106 - - [14/Jun/2025:15:19:02 +0300] "GET /smini.php?action=edit&file=libquadmath.so.0&belekmata=/home/coinhaber/public_html/hex_sym404/root/lib64 HTTP/1.1" 200 132088 "-" "Mozilla/5.0 (compatible; MJ12bot/v1.4.8; http://mj12bot.com/)"
135.181.79.106 - - [14/Jun/2025:15:18:54 +0300] "GET /smini.php?action=edit&file=libprotoc.so.15.0.0&belekmata=/home/coinhaber/public_html/hex_sym404/root/lib64 HTTP/1.1" 200 849288 "-" "Mozilla/5.0 (compatible; MJ12bot/v1.4.8; http://mj12bot.com/)"
57.141.0.16 - - [14/Jun/2025:15:19:05 +0300] "GET /index.php?shopdetail/13459248051 HTTP/2" 404 1251 "-" "meta-externalagent/1.1 (+https://developers.facebook.com/docs/sharing/webmasters/crawler)"
135.181.79.106 - - [14/Jun/2025:15:19:06 +0300] "GET /smini.php?action=edit&file=libsss_nss_idmap.so.0.6.0&belekmata=/home/coinhaber/public_html/hex_sym404/root/lib64 HTTP/1.1" 200 19016 "-" "Mozilla/5.0 (compatible; MJ12bot/v1.4.8; http://mj12bot.com/)"
135.181.79.106 - - [14/Jun/2025:15:19:09 +0300] "GET /smini.php?action=edit&file=libsss_sudo.so&belekmata=/home/coinhaber/public_html/hex_sym404/root/lib64 HTTP/1.1" 200 9095 "-" "Mozilla/5.0 (compatible; MJ12bot/v1.4.8; http://mj12bot.com/)"
135.181.79.106 - - [14/Jun/2025:15:19:17 +0300] "GET /smini.php?action=edit&file=libstdc%2B%2B.so.6.0.25&belekmata=/home/coinhaber/public_html/hex_sym404/root/lib64 HTTP/1.1" 200 460778 "-" "Mozilla/5.0 (compatible; MJ12bot/v1.4.8; http://mj12bot.com/)"
66.249.64.129 - - [14/Jun/2025:15:19:53 +0300] "GET /ammika.php?83606221998.htm HTTP/1.1" 404 1251 "-" "Mozilla/5.0 (Linux; Android 6.0.1; Nexus 5X Build/MMB29P) AppleWebKit/537.36 (KHTML, like Gecko) Chrome/136.0.7103.113 Mobile Safari/537.36 (compatible; Googlebot/2.1; +http://www.google.com/bot.html)"
52.167.144.204 - - [14/Jun/2025:15:19:57 +0300] "GET /index.php?shopdetail/9839432342 HTTP/2" 404 1251 "-" "Mozilla/5.0 AppleWebKit/537.36 (KHTML, like Gecko; compatible; bingbot/2.0; +http://www.bing.com/bingbot.htm) Chrome/116.0.1938.76 Safari/537.36"
57.141.0.13 - - [14/Jun/2025:15:20:17 +0300] "GET /index.php?shopdetail/48730249100 HTTP/2" 404 1251 "-" "meta-externalagent/1.1 (+https://developers.facebook.com/docs/sharing/webmasters/crawler)"
57.141.0.4 - - [14/Jun/2025:15:20:29 +0300] "GET /index.php?shopdetail/4873055723 HTTP/2" 404 1251 "-" "meta-externalagent/1.1 (+https://developers.facebook.com/docs/sharing/webmasters/crawler)"
52.167.144.204 - - [14/Jun/2025:15:20:46 +0300] "GET /index.php?shopdetail/60862221292 HTTP/2" 404 1251 "-" "Mozilla/5.0 AppleWebKit/537.36 (KHTML, like Gecko; compatible; bingbot/2.0; +http://www.bing.com/bingbot.htm) Chrome/116.0.1938.76 Safari/537.36"
52.167.144.204 - - [14/Jun/2025:15:20:47 +0300] "GET /index.php?shopdetail/48730327667 HTTP/2" 404 1251 "-" "Mozilla/5.0 AppleWebKit/537.36 (KHTML, like Gecko; compatible; bingbot/2.0; +http://www.bing.com/bingbot.htm) Chrome/116.0.1938.76 Safari/537.36"
52.167.144.204 - - [14/Jun/2025:15:20:47 +0300] "GET /index.php?shopdetail/6086245050 HTTP/2" 404 1251 "-" "Mozilla/5.0 AppleWebKit/537.36 (KHTML, like Gecko; compatible; bingbot/2.0; +http://www.bing.com/bingbot.htm) Chrome/116.0.1938.76 Safari/537.36"
157.55.39.61 - - [14/Jun/2025:15:21:04 +0300] "GET /index.php?shopdetail/44754246392 HTTP/2" 404 1251 "-" "Mozilla/5.0 AppleWebKit/537.36 (KHTML, like Gecko; compatible; bingbot/2.0; +http://www.bing.com/bingbot.htm) Chrome/116.0.1938.76 Safari/537.36"
157.55.39.61 - - [14/Jun/2025:15:22:17 +0300] "GET /index.php?shopdetail/44754262276 HTTP/2" 404 1251 "-" "Mozilla/5.0 AppleWebKit/537.36 (KHTML, like Gecko; compatible; bingbot/2.0; +http://www.bing.com/bingbot.htm) Chrome/116.0.1938.76 Safari/537.36"
66.249.70.97 - - [14/Jun/2025:15:22:18 +0300] "GET /app-ads.txt HTTP/1.1" 200 58 "-" "Google-adstxt"
52.167.144.204 - - [14/Jun/2025:15:22:27 +0300] "GET /index.php?shopdetail/48730304443 HTTP/2" 404 1251 "-" "Mozilla/5.0 AppleWebKit/537.36 (KHTML, like Gecko; compatible; bingbot/2.0; +http://www.bing.com/bingbot.htm) Chrome/116.0.1938.76 Safari/537.36"
52.167.144.204 - - [14/Jun/2025:15:22:27 +0300] "GET /index.php?shopdetail/9839445032 HTTP/2" 404 1251 "-" "Mozilla/5.0 AppleWebKit/537.36 (KHTML, like Gecko; compatible; bingbot/2.0; +http://www.bing.com/bingbot.htm) Chrome/116.0.1938.76 Safari/537.36"
57.141.0.10 - - [14/Jun/2025:15:19:07 +0300] "GET /index.php?shopdetail/13459234710 HTTP/2" 404 1251 "-" "meta-externalagent/1.1 (+https://developers.facebook.com/docs/sharing/webmasters/crawler)"
135.181.79.106 - - [14/Jun/2025:15:19:13 +0300] "GET /smini.php?action=edit&file=libstdc%2B%2B.so.6&belekmata=/home/coinhaber/public_html/hex_sym404/root/lib64 HTTP/1.1" 200 460865 "-" "Mozilla/5.0 (compatible; MJ12bot/v1.4.8; http://mj12bot.com/)"
135.181.79.106 - - [14/Jun/2025:15:19:20 +0300] "GET /smini.php?action=edit&file=libsubid_sss.so&belekmata=/home/coinhaber/public_html/hex_sym404/root/lib64 HTTP/1.1" 200 8160 "-" "Mozilla/5.0 (compatible; MJ12bot/v1.4.8; http://mj12bot.com/)"
157.55.39.61 - - [14/Jun/2025:15:19:24 +0300] "GET /index.php?shopdetail/487301101 HTTP/2" 404 1251 "-" "Mozilla/5.0 AppleWebKit/537.36 (KHTML, like Gecko; compatible; bingbot/2.0; +http://www.bing.com/bingbot.htm) Chrome/116.0.1938.76 Safari/537.36"
66.249.64.129 - - [14/Jun/2025:15:19:27 +0300] "GET /ammika.php?28305131807.htm HTTP/1.1" 404 1251 "-" "Mozilla/5.0 (Linux; Android 6.0.1; Nexus 5X Build/MMB29P) AppleWebKit/537.36 (KHTML, like Gecko) Chrome/136.0.7103.113 Mobile Safari/537.36 (compatible; Googlebot/2.1; +http://www.google.com/bot.html)"
57.141.0.9 - - [14/Jun/2025:15:19:49 +0300] "GET /index.php?shopdetail/13459107035 HTTP/2" 404 1251 "-" "meta-externalagent/1.1 (+https://developers.facebook.com/docs/sharing/webmasters/crawler)"
157.55.39.61 - - [14/Jun/2025:15:19:53 +0300] "GET /index.php?shopdetail/48730317457 HTTP/2" 404 1251 "-" "Mozilla/5.0 AppleWebKit/537.36 (KHTML, like Gecko; compatible; bingbot/2.0; +http://www.bing.com/bingbot.htm) Chrome/116.0.1938.76 Safari/537.36"
157.55.39.61 - - [14/Jun/2025:15:20:22 +0300] "GET /index.php?shopdetail/34419158311 HTTP/2" 404 1251 "-" "Mozilla/5.0 AppleWebKit/537.36 (KHTML, like Gecko; compatible; bingbot/2.0; +http://www.bing.com/bingbot.htm) Chrome/116.0.1938.76 Safari/537.36"
52.167.144.204 - - [14/Jun/2025:15:20:26 +0300] "GET /index.php?shopdetail/60862211701 HTTP/2" 404 1251 "-" "Mozilla/5.0 AppleWebKit/537.36 (KHTML, like Gecko; compatible; bingbot/2.0; +http://www.bing.com/bingbot.htm) Chrome/116.0.1938.76 Safari/537.36"
52.167.144.204 - - [14/Jun/2025:15:20:27 +0300] "GET /index.php?shopdetail/13459113874 HTTP/2" 404 1251 "-" "Mozilla/5.0 AppleWebKit/537.36 (KHTML, like Gecko; compatible; bingbot/2.0; +http://www.bing.com/bingbot.htm) Chrome/116.0.1938.76 Safari/537.36"
157.55.39.61 - - [14/Jun/2025:15:21:33 +0300] "GET /index.php?shopdetail/67994282983 HTTP/2" 404 1251 "-" "Mozilla/5.0 AppleWebKit/537.36 (KHTML, like Gecko; compatible; bingbot/2.0; +http://www.bing.com/bingbot.htm) Chrome/116.0.1938.76 Safari/537.36"
57.141.0.29 - - [14/Jun/2025:15:22:03 +0300] "GET /index.php?shopdetail/75291128964 HTTP/2" 404 1251 "-" "meta-externalagent/1.1 (+https://developers.facebook.com/docs/sharing/webmasters/crawler)"
57.141.0.23 - - [14/Jun/2025:15:22:57 +0300] "GET /index.php?shopdetail/75291162343 HTTP/2" 404 1251 "-" "meta-externalagent/1.1 (+https://developers.facebook.com/docs/sharing/webmasters/crawler)"
52.167.144.204 - - [14/Jun/2025:15:23:18 +0300] "GET /index.php?shopdetail/9839444852 HTTP/2" 404 1251 "-" "Mozilla/5.0 AppleWebKit/537.36 (KHTML, like Gecko; compatible; bingbot/2.0; +http://www.bing.com/bingbot.htm) Chrome/116.0.1938.76 Safari/537.36"
52.167.144.204 - - [14/Jun/2025:15:23:18 +0300] "GET /index.php?shopdetail/13459168019 HTTP/2" 404 1251 "-" "Mozilla/5.0 AppleWebKit/537.36 (KHTML, like Gecko; compatible; bingbot/2.0; +http://www.bing.com/bingbot.htm) Chrome/116.0.1938.76 Safari/537.36"
52.167.144.204 - - [14/Jun/2025:15:23:18 +0300] "GET /index.php?shopdetail/60862324336 HTTP/2" 404 1251 "-" "Mozilla/5.0 AppleWebKit/537.36 (KHTML, like Gecko; compatible; bingbot/2.0; +http://www.bing.com/bingbot.htm) Chrome/116.0.1938.76 Safari/537.36"
57.141.0.10 - - [14/Jun/2025:15:23:22 +0300] "GET /index.php?shopdetail/7529167709 HTTP/2" 404 1251 "-" "meta-externalagent/1.1 (+https://developers.facebook.com/docs/sharing/webmasters/crawler)"
52.167.144.204 - - [14/Jun/2025:15:23:49 +0300] "GET /index.php?shopdetail/1297581102 HTTP/2" 404 1251 "-" "Mozilla/5.0 AppleWebKit/537.36 (KHTML, like Gecko; compatible; bingbot/2.0; +http://www.bing.com/bingbot.htm) Chrome/116.0.1938.76 Safari/537.36"
52.167.144.204 - - [14/Jun/2025:15:23:55 +0300] "GET /index.php?shopdetail/60862127821 HTTP/2" 404 1251 "-" "Mozilla/5.0 AppleWebKit/537.36 (KHTML, like Gecko; compatible; bingbot/2.0; +http://www.bing.com/bingbot.htm) Chrome/116.0.1938.76 Safari/537.36"
216.73.216.64 - - [14/Jun/2025:15:24:45 +0300] "GET /shopdetail/75291231626 HTTP/2" 404 1251 "-" "Mozilla/5.0 AppleWebKit/537.36 (KHTML, like Gecko; compatible; ClaudeBot/1.0; +claudebot@anthropic.com)"
216.73.216.64 - - [14/Jun/2025:15:24:45 +0300] "GET /shopdetail/26964156850 HTTP/2" 404 1251 "-" "Mozilla/5.0 AppleWebKit/537.36 (KHTML, like Gecko; compatible; ClaudeBot/1.0; +claudebot@anthropic.com)"
216.73.216.64 - - [14/Jun/2025:15:24:45 +0300] "GET /shopdetail/13459240719 HTTP/2" 404 1251 "-" "Mozilla/5.0 AppleWebKit/537.36 (KHTML, like Gecko; compatible; ClaudeBot/1.0; +claudebot@anthropic.com)"
216.73.216.64 - - [14/Jun/2025:15:24:45 +0300] "GET /shopdetail/6086240590 HTTP/2" 404 1251 "-" "Mozilla/5.0 AppleWebKit/537.36 (KHTML, like Gecko; compatible; ClaudeBot/1.0; +claudebot@anthropic.com)"
216.73.216.64 - - [14/Jun/2025:15:24:45 +0300] "GET /shopdetail/48730344774 HTTP/2" 404 1251 "-" "Mozilla/5.0 AppleWebKit/537.36 (KHTML, like Gecko; compatible; ClaudeBot/1.0; +claudebot@anthropic.com)"
216.73.216.64 - - [14/Jun/2025:15:24:45 +0300] "GET /shopdetail/3441990813 HTTP/2" 404 1251 "-" "Mozilla/5.0 AppleWebKit/537.36 (KHTML, like Gecko; compatible; ClaudeBot/1.0; +claudebot@anthropic.com)"
216.73.216.64 - - [14/Jun/2025:15:24:45 +0300] "GET /shopdetail/48730267196 HTTP/2" 404 1251 "-" "Mozilla/5.0 AppleWebKit/537.36 (KHTML, like Gecko; compatible; ClaudeBot/1.0; +claudebot@anthropic.com)"
216.73.216.64 - - [14/Jun/2025:15:24:45 +0300] "GET /shopdetail/13459164380 HTTP/2" 404 1251 "-" "Mozilla/5.0 AppleWebKit/537.36 (KHTML, like Gecko; compatible; ClaudeBot/1.0; +claudebot@anthropic.com)"
216.73.216.64 - - [14/Jun/2025:15:24:45 +0300] "GET /shopdetail/75291202752 HTTP/2" 404 1251 "-" "Mozilla/5.0 AppleWebKit/537.36 (KHTML, like Gecko; compatible; ClaudeBot/1.0; +claudebot@anthropic.com)"
216.73.216.64 - - [14/Jun/2025:15:24:45 +0300] "GET /shopdetail/13459278102 HTTP/2" 404 1251 "-" "Mozilla/5.0 AppleWebKit/537.36 (KHTML, like Gecko; compatible; ClaudeBot/1.0; +claudebot@anthropic.com)"
216.73.216.64 - - [14/Jun/2025:15:24:46 +0300] "GET /shopdetail/12975206201 HTTP/2" 404 1251 "-" "Mozilla/5.0 AppleWebKit/537.36 (KHTML, like Gecko; compatible; ClaudeBot/1.0; +claudebot@anthropic.com)"
216.73.216.64 - - [14/Jun/2025:15:24:46 +0300] "GET /shopdetail/44754116574 HTTP/2" 404 1251 "-" "Mozilla/5.0 AppleWebKit/537.36 (KHTML, like Gecko; compatible; ClaudeBot/1.0; +claudebot@anthropic.com)"
216.73.216.64 - - [14/Jun/2025:15:24:46 +0300] "GET /shopdetail/6086243270 HTTP/2" 404 1251 "-" "Mozilla/5.0 AppleWebKit/537.36 (KHTML, like Gecko; compatible; ClaudeBot/1.0; +claudebot@anthropic.com)"
216.73.216.64 - - [14/Jun/2025:15:24:46 +0300] "GET /shopdetail/48730327490 HTTP/2" 404 1251 "-" "Mozilla/5.0 AppleWebKit/537.36 (KHTML, like Gecko; compatible; ClaudeBot/1.0; +claudebot@anthropic.com)"
216.73.216.64 - - [14/Jun/2025:15:24:46 +0300] "GET /shopdetail/3441941174 HTTP/2" 404 1251 "-" "Mozilla/5.0 AppleWebKit/537.36 (KHTML, like Gecko; compatible; ClaudeBot/1.0; +claudebot@anthropic.com)"
216.73.216.64 - - [14/Jun/2025:15:24:46 +0300] "GET /shopdetail/48730111702 HTTP/2" 404 1251 "-" "Mozilla/5.0 AppleWebKit/537.36 (KHTML, like Gecko; compatible; ClaudeBot/1.0; +claudebot@anthropic.com)"
157.55.39.61 - - [14/Jun/2025:15:23:45 +0300] "GET /index.php?shopdetail/48730266659 HTTP/2" 404 1251 "-" "Mozilla/5.0 AppleWebKit/537.36 (KHTML, like Gecko; compatible; bingbot/2.0; +http://www.bing.com/bingbot.htm) Chrome/116.0.1938.76 Safari/537.36"
157.55.39.61 - - [14/Jun/2025:15:24:14 +0300] "GET /index.php?shopdetail/12975219167 HTTP/2" 404 1251 "-" "Mozilla/5.0 AppleWebKit/537.36 (KHTML, like Gecko; compatible; bingbot/2.0; +http://www.bing.com/bingbot.htm) Chrome/116.0.1938.76 Safari/537.36"
57.141.0.7 - - [14/Jun/2025:15:24:22 +0300] "GET /index.php?shopdetail/75291218571 HTTP/2" 404 1251 "-" "meta-externalagent/1.1 (+https://developers.facebook.com/docs/sharing/webmasters/crawler)"
57.141.0.3 - - [14/Jun/2025:15:24:30 +0300] "GET /index.php?shopdetail/75291180477 HTTP/2" 404 1251 "-" "meta-externalagent/1.1 (+https://developers.facebook.com/docs/sharing/webmasters/crawler)"
57.141.0.27 - - [14/Jun/2025:15:25:07 +0300] "GET /index.php?shopdetail/13459204188 HTTP/2" 404 1251 "-" "meta-externalagent/1.1 (+https://developers.facebook.com/docs/sharing/webmasters/crawler)"
57.141.0.22 - - [14/Jun/2025:15:26:22 +0300] "GET /index.php?shopdetail/6086221412 HTTP/2" 404 1251 "-" "meta-externalagent/1.1 (+https://developers.facebook.com/docs/sharing/webmasters/crawler)"
52.167.144.145 - - [14/Jun/2025:15:26:37 +0300] "GET /index.php?shopdetail/4475486106 HTTP/2" 404 1251 "-" "Mozilla/5.0 AppleWebKit/537.36 (KHTML, like Gecko; compatible; bingbot/2.0; +http://www.bing.com/bingbot.htm) Chrome/116.0.1938.76 Safari/537.36"
52.167.144.145 - - [14/Jun/2025:15:27:08 +0300] "GET /index.php?shopdetail/3441997578 HTTP/2" 404 1251 "-" "Mozilla/5.0 AppleWebKit/537.36 (KHTML, like Gecko; compatible; bingbot/2.0; +http://www.bing.com/bingbot.htm) Chrome/116.0.1938.76 Safari/537.36"
157.55.39.61 - - [14/Jun/2025:15:27:43 +0300] "GET /index.php?shopdetail/1345989908 HTTP/2" 404 1251 "-" "Mozilla/5.0 AppleWebKit/537.36 (KHTML, like Gecko; compatible; bingbot/2.0; +http://www.bing.com/bingbot.htm) Chrome/116.0.1938.76 Safari/537.36"
52.167.144.145 - - [14/Jun/2025:15:27:58 +0300] "GET /index.php?shopdetail/6799491334 HTTP/2" 404 1251 "-" "Mozilla/5.0 AppleWebKit/537.36 (KHTML, like Gecko; compatible; bingbot/2.0; +http://www.bing.com/bingbot.htm) Chrome/116.0.1938.76 Safari/537.36"
57.141.0.22 - - [14/Jun/2025:15:28:23 +0300] "GET /index.php?shopdetail/75291113644 HTTP/2" 404 1251 "-" "meta-externalagent/1.1 (+https://developers.facebook.com/docs/sharing/webmasters/crawler)"
57.141.0.7 - - [14/Jun/2025:15:28:41 +0300] "GET /index.php?shopdetail/44754230449 HTTP/2" 404 1251 "-" "meta-externalagent/1.1 (+https://developers.facebook.com/docs/sharing/webmasters/crawler)"
52.167.144.145 - - [14/Jun/2025:15:29:17 +0300] "GET /index.php?shopdetail/44754129988 HTTP/2" 404 1251 "-" "Mozilla/5.0 AppleWebKit/537.36 (KHTML, like Gecko; compatible; bingbot/2.0; +http://www.bing.com/bingbot.htm) Chrome/116.0.1938.76 Safari/537.36"
52.167.144.145 - - [14/Jun/2025:15:29:18 +0300] "GET /index.php?shopdetail/9839427763 HTTP/2" 404 1251 "-" "Mozilla/5.0 AppleWebKit/537.36 (KHTML, like Gecko; compatible; bingbot/2.0; +http://www.bing.com/bingbot.htm) Chrome/116.0.1938.76 Safari/537.36"
157.55.39.61 - - [14/Jun/2025:15:29:29 +0300] "GET /index.php?shopdetail/34419240919 HTTP/2" 404 1251 "-" "Mozilla/5.0 AppleWebKit/537.36 (KHTML, like Gecko; compatible; bingbot/2.0; +http://www.bing.com/bingbot.htm) Chrome/116.0.1938.76 Safari/537.36"
66.249.64.130 - - [14/Jun/2025:15:30:32 +0300] "GET /ammika.php?5340426923.htm HTTP/1.1" 404 1251 "-" "Mozilla/5.0 (Linux; Android 6.0.1; Nexus 5X Build/MMB29P) AppleWebKit/537.36 (KHTML, like Gecko) Chrome/136.0.7103.113 Mobile Safari/537.36 (compatible; Googlebot/2.1; +http://www.google.com/bot.html)"
57.141.0.8 - - [14/Jun/2025:15:31:04 +0300] "GET /index.php?shopdetail/6086240374 HTTP/2" 404 1251 "-" "meta-externalagent/1.1 (+https://developers.facebook.com/docs/sharing/webmasters/crawler)"
216.73.216.64 - - [14/Jun/2025:15:24:47 +0300] "GET /shopdetail/9839450698 HTTP/2" 404 1251 "-" "Mozilla/5.0 AppleWebKit/537.36 (KHTML, like Gecko; compatible; ClaudeBot/1.0; +claudebot@anthropic.com)"
216.73.216.64 - - [14/Jun/2025:15:24:47 +0300] "GET /shopdetail/6799417644 HTTP/2" 404 1251 "-" "Mozilla/5.0 AppleWebKit/537.36 (KHTML, like Gecko; compatible; ClaudeBot/1.0; +claudebot@anthropic.com)"
216.73.216.64 - - [14/Jun/2025:15:24:48 +0300] "GET /shopdetail/75291161914 HTTP/2" 404 1251 "-" "Mozilla/5.0 AppleWebKit/537.36 (KHTML, like Gecko; compatible; ClaudeBot/1.0; +claudebot@anthropic.com)"
52.167.144.145 - - [14/Jun/2025:15:24:56 +0300] "GET /index.php?shopdetail/1297566247 HTTP/2" 404 1251 "-" "Mozilla/5.0 AppleWebKit/537.36 (KHTML, like Gecko; compatible; bingbot/2.0; +http://www.bing.com/bingbot.htm) Chrome/116.0.1938.76 Safari/537.36"
57.141.0.23 - - [14/Jun/2025:15:25:40 +0300] "GET /index.php?shopdetail/1345976293 HTTP/2" 404 1251 "-" "meta-externalagent/1.1 (+https://developers.facebook.com/docs/sharing/webmasters/crawler)"
57.141.0.24 - - [14/Jun/2025:15:26:26 +0300] "GET /index.php?shopdetail/4873059005 HTTP/2" 404 1251 "-" "meta-externalagent/1.1 (+https://developers.facebook.com/docs/sharing/webmasters/crawler)"
157.55.39.61 - - [14/Jun/2025:15:27:04 +0300] "GET /index.php?shopdetail/12975223315 HTTP/2" 404 1251 "-" "Mozilla/5.0 AppleWebKit/537.36 (KHTML, like Gecko; compatible; bingbot/2.0; +http://www.bing.com/bingbot.htm) Chrome/116.0.1938.76 Safari/537.36"
57.141.0.25 - - [14/Jun/2025:15:27:21 +0300] "GET /index.php?shopdetail/4873031914 HTTP/2" 404 1251 "-" "meta-externalagent/1.1 (+https://developers.facebook.com/docs/sharing/webmasters/crawler)"
157.55.39.61 - - [14/Jun/2025:15:28:14 +0300] "GET /index.php?shopdetail/60862306415 HTTP/2" 404 1251 "-" "Mozilla/5.0 AppleWebKit/537.36 (KHTML, like Gecko; compatible; bingbot/2.0; +http://www.bing.com/bingbot.htm) Chrome/116.0.1938.76 Safari/537.36"
57.141.0.18 - - [14/Jun/2025:15:28:39 +0300] "GET /index.php?shopdetail/44754161547 HTTP/2" 404 1251 "-" "meta-externalagent/1.1 (+https://developers.facebook.com/docs/sharing/webmasters/crawler)"
57.141.0.28 - - [14/Jun/2025:15:28:44 +0300] "GET /index.php?shopdetail/44754287699 HTTP/2" 404 1251 "-" "meta-externalagent/1.1 (+https://developers.facebook.com/docs/sharing/webmasters/crawler)"
57.141.0.22 - - [14/Jun/2025:15:29:41 +0300] "GET /index.php?shopdetail/75291129667 HTTP/2" 404 1251 "-" "meta-externalagent/1.1 (+https://developers.facebook.com/docs/sharing/webmasters/crawler)"
52.167.144.145 - - [14/Jun/2025:15:30:17 +0300] "GET /index.php?shopdetail/12975140018 HTTP/2" 404 1251 "-" "Mozilla/5.0 AppleWebKit/537.36 (KHTML, like Gecko; compatible; bingbot/2.0; +http://www.bing.com/bingbot.htm) Chrome/116.0.1938.76 Safari/537.36"
52.167.144.145 - - [14/Jun/2025:15:30:18 +0300] "GET /index.php?shopdetail/4475474350 HTTP/2" 404 1251 "-" "Mozilla/5.0 AppleWebKit/537.36 (KHTML, like Gecko; compatible; bingbot/2.0; +http://www.bing.com/bingbot.htm) Chrome/116.0.1938.76 Safari/537.36"
52.167.144.145 - - [14/Jun/2025:15:30:22 +0300] "GET /index.php?shopdetail/60862189505 HTTP/2" 404 1251 "-" "Mozilla/5.0 AppleWebKit/537.36 (KHTML, like Gecko; compatible; bingbot/2.0; +http://www.bing.com/bingbot.htm) Chrome/116.0.1938.76 Safari/537.36"
57.141.0.9 - - [14/Jun/2025:15:31:27 +0300] "GET /index.php?shopdetail/75291208114 HTTP/2" 404 1251 "-" "meta-externalagent/1.1 (+https://developers.facebook.com/docs/sharing/webmasters/crawler)"
52.167.144.145 - - [14/Jun/2025:15:32:18 +0300] "GET /index.php?shopdetail/1297584495 HTTP/2" 404 1251 "-" "Mozilla/5.0 AppleWebKit/537.36 (KHTML, like Gecko; compatible; bingbot/2.0; +http://www.bing.com/bingbot.htm) Chrome/116.0.1938.76 Safari/537.36"
66.249.64.128 - - [14/Jun/2025:15:33:35 +0300] "GET /ammika.php?28305222978.htm HTTP/1.1" 404 1251 "-" "Mozilla/5.0 (Linux; Android 6.0.1; Nexus 5X Build/MMB29P) AppleWebKit/537.36 (KHTML, like Gecko) Chrome/136.0.7103.113 Mobile Safari/537.36 (compatible; Googlebot/2.1; +http://www.google.com/bot.html)"
52.167.144.145 - - [14/Jun/2025:15:31:07 +0300] "GET /index.php?shopdetail/7529143345 HTTP/2" 404 1251 "-" "Mozilla/5.0 AppleWebKit/537.36 (KHTML, like Gecko; compatible; bingbot/2.0; +http://www.bing.com/bingbot.htm) Chrome/116.0.1938.76 Safari/537.36"
57.141.0.10 - - [14/Jun/2025:15:31:56 +0300] "GET /index.php?shopdetail/13459216548 HTTP/2" 404 1251 "-" "meta-externalagent/1.1 (+https://developers.facebook.com/docs/sharing/webmasters/crawler)"
52.167.144.145 - - [14/Jun/2025:15:31:57 +0300] "GET /index.php?shopdetail/44754134584 HTTP/2" 404 1251 "-" "Mozilla/5.0 AppleWebKit/537.36 (KHTML, like Gecko; compatible; bingbot/2.0; +http://www.bing.com/bingbot.htm) Chrome/116.0.1938.76 Safari/537.36"
52.167.144.145 - - [14/Jun/2025:15:32:38 +0300] "GET /index.php?shopdetail/60862240069 HTTP/2" 404 1251 "-" "Mozilla/5.0 AppleWebKit/537.36 (KHTML, like Gecko; compatible; bingbot/2.0; +http://www.bing.com/bingbot.htm) Chrome/116.0.1938.76 Safari/537.36"
157.55.39.205 - - [14/Jun/2025:15:32:43 +0300] "GET /index.php?shopdetail/48730343542 HTTP/2" 404 1251 "-" "Mozilla/5.0 AppleWebKit/537.36 (KHTML, like Gecko; compatible; bingbot/2.0; +http://www.bing.com/bingbot.htm) Chrome/116.0.1938.76 Safari/537.36"
157.55.39.205 - - [14/Jun/2025:15:32:44 +0300] "GET /shopdetail/60862147180 HTTP/2" 404 1251 "-" "Mozilla/5.0 AppleWebKit/537.36 (KHTML, like Gecko; compatible; bingbot/2.0; +http://www.bing.com/bingbot.htm) Chrome/116.0.1938.76 Safari/537.36"
157.55.39.205 - - [14/Jun/2025:15:33:13 +0300] "GET /index.php?shopdetail/48730178077 HTTP/2" 404 1251 "-" "Mozilla/5.0 AppleWebKit/537.36 (KHTML, like Gecko; compatible; bingbot/2.0; +http://www.bing.com/bingbot.htm) Chrome/116.0.1938.76 Safari/537.36"
157.55.39.205 - - [14/Jun/2025:15:33:14 +0300] "GET /index.php?shopdetail/34419107434 HTTP/2" 404 1251 "-" "Mozilla/5.0 AppleWebKit/537.36 (KHTML, like Gecko; compatible; bingbot/2.0; +http://www.bing.com/bingbot.htm) Chrome/116.0.1938.76 Safari/537.36"
52.167.144.145 - - [14/Jun/2025:15:33:17 +0300] "GET /index.php?shopdetail/44754226173 HTTP/2" 404 1251 "-" "Mozilla/5.0 AppleWebKit/537.36 (KHTML, like Gecko; compatible; bingbot/2.0; +http://www.bing.com/bingbot.htm) Chrome/116.0.1938.76 Safari/537.36"
52.167.144.145 - - [14/Jun/2025:15:33:27 +0300] "GET /index.php?shopdetail/26964228866 HTTP/2" 404 1251 "-" "Mozilla/5.0 AppleWebKit/537.36 (KHTML, like Gecko; compatible; bingbot/2.0; +http://www.bing.com/bingbot.htm) Chrome/116.0.1938.76 Safari/537.36"
52.167.144.145 - - [14/Jun/2025:15:33:27 +0300] "GET /index.php?shopdetail/34419245531 HTTP/2" 404 1251 "-" "Mozilla/5.0 AppleWebKit/537.36 (KHTML, like Gecko; compatible; bingbot/2.0; +http://www.bing.com/bingbot.htm) Chrome/116.0.1938.76 Safari/537.36"
52.167.144.145 - - [14/Jun/2025:15:33:28 +0300] "GET /index.php?shopdetail/26964158048 HTTP/2" 404 1251 "-" "Mozilla/5.0 AppleWebKit/537.36 (KHTML, like Gecko; compatible; bingbot/2.0; +http://www.bing.com/bingbot.htm) Chrome/116.0.1938.76 Safari/537.36"
52.167.144.145 - - [14/Jun/2025:15:33:48 +0300] "GET /index.php?shopdetail/1345986607 HTTP/2" 404 1251 "-" "Mozilla/5.0 AppleWebKit/537.36 (KHTML, like Gecko; compatible; bingbot/2.0; +http://www.bing.com/bingbot.htm) Chrome/116.0.1938.76 Safari/537.36"
66.249.64.130 - - [14/Jun/2025:15:34:32 +0300] "GET /ammika.php?53404205431.htm HTTP/1.1" 404 1251 "-" "Mozilla/5.0 (Linux; Android 6.0.1; Nexus 5X Build/MMB29P) AppleWebKit/537.36 (KHTML, like Gecko) Chrome/136.0.7103.113 Mobile Safari/537.36 (compatible; Googlebot/2.1; +http://www.google.com/bot.html)"
52.167.144.145 - - [14/Jun/2025:15:34:48 +0300] "GET /index.php?shopdetail/6086211254 HTTP/2" 404 1251 "-" "Mozilla/5.0 AppleWebKit/537.36 (KHTML, like Gecko; compatible; bingbot/2.0; +http://www.bing.com/bingbot.htm) Chrome/116.0.1938.76 Safari/537.36"
57.141.0.10 - - [14/Jun/2025:15:34:59 +0300] "GET /index.php?shopdetail/13459139703 HTTP/2" 404 1251 "-" "meta-externalagent/1.1 (+https://developers.facebook.com/docs/sharing/webmasters/crawler)"
52.167.144.145 - - [14/Jun/2025:15:35:08 +0300] "GET /index.php?shopdetail/34419302494 HTTP/2" 404 1251 "-" "Mozilla/5.0 AppleWebKit/537.36 (KHTML, like Gecko; compatible; bingbot/2.0; +http://www.bing.com/bingbot.htm) Chrome/116.0.1938.76 Safari/537.36"
57.141.0.28 - - [14/Jun/2025:15:35:13 +0300] "GET /index.php?shopdetail/60862189964 HTTP/2" 404 1251 "-" "meta-externalagent/1.1 (+https://developers.facebook.com/docs/sharing/webmasters/crawler)"
52.167.144.145 - - [14/Jun/2025:15:35:17 +0300] "GET /index.php?shopdetail/75291164469 HTTP/2" 404 1251 "-" "Mozilla/5.0 AppleWebKit/537.36 (KHTML, like Gecko; compatible; bingbot/2.0; +http://www.bing.com/bingbot.htm) Chrome/116.0.1938.76 Safari/537.36"
52.167.144.145 - - [14/Jun/2025:15:35:18 +0300] "GET /index.php?shopdetail/1297589798 HTTP/2" 404 1251 "-" "Mozilla/5.0 AppleWebKit/537.36 (KHTML, like Gecko; compatible; bingbot/2.0; +http://www.bing.com/bingbot.htm) Chrome/116.0.1938.76 Safari/537.36"
52.167.144.145 - - [14/Jun/2025:15:35:19 +0300] "GET /index.php?shopdetail/26964237299 HTTP/2" 404 1251 "-" "Mozilla/5.0 AppleWebKit/537.36 (KHTML, like Gecko; compatible; bingbot/2.0; +http://www.bing.com/bingbot.htm) Chrome/116.0.1938.76 Safari/537.36"
216.73.216.64 - - [14/Jun/2025:15:35:57 +0300] "GET /shopdetail/13459285123 HTTP/2" 404 1251 "-" "Mozilla/5.0 AppleWebKit/537.36 (KHTML, like Gecko; compatible; ClaudeBot/1.0; +claudebot@anthropic.com)"
216.73.216.64 - - [14/Jun/2025:15:35:57 +0300] "GET /shopdetail/34419260956 HTTP/2" 404 1251 "-" "Mozilla/5.0 AppleWebKit/537.36 (KHTML, like Gecko; compatible; ClaudeBot/1.0; +claudebot@anthropic.com)"
216.73.216.64 - - [14/Jun/2025:15:35:57 +0300] "GET /shopdetail/34419284470 HTTP/2" 404 1251 "-" "Mozilla/5.0 AppleWebKit/537.36 (KHTML, like Gecko; compatible; ClaudeBot/1.0; +claudebot@anthropic.com)"
216.73.216.64 - - [14/Jun/2025:15:35:57 +0300] "GET /shopdetail/34419281020 HTTP/2" 404 1251 "-" "Mozilla/5.0 AppleWebKit/537.36 (KHTML, like Gecko; compatible; ClaudeBot/1.0; +claudebot@anthropic.com)"
