216.73.216.171 - - [15/Jun/2025:00:44:12 +0300] "GET /smini.php?action=edit&belekmata=%2F%2Fbin&file=fc-query HTTP/2" 200 4942 "-" "Mozilla/5.0 AppleWebKit/537.36 (KHTML, like Gecko; compatible; ClaudeBot/1.0; +claudebot@anthropic.com)"
216.73.216.171 - - [15/Jun/2025:00:44:12 +0300] "GET /wp-includes/sodium_compat/src/Core32/ HTTP/2" 200 1459 "https://www.coinhaber.tr/wp-includes/sodium_compat/src/Core32" "Mozilla/5.0 AppleWebKit/537.36 (KHTML, like Gecko; compatible; ClaudeBot/1.0; +claudebot@anthropic.com)"
216.73.216.171 - - [15/Jun/2025:00:44:12 +0300] "GET /smini.php?belekmata=%2F%2Fopt%2Fi360_pam_imunify HTTP/2" 200 804 "-" "Mozilla/5.0 AppleWebKit/537.36 (KHTML, like Gecko; compatible; ClaudeBot/1.0; +claudebot@anthropic.com)"
216.73.216.171 - - [15/Jun/2025:00:44:12 +0300] "GET /smini.php?action=edit&belekmata=%2F%2Fsbin&file=proxyexec HTTP/2" 200 8872 "-" "Mozilla/5.0 AppleWebKit/537.36 (KHTML, like Gecko; compatible; ClaudeBot/1.0; +claudebot@anthropic.com)"
216.73.216.171 - - [15/Jun/2025:00:44:12 +0300] "GET /smini.php?action=edit&belekmata=%2Fhome%2Fcoinhaber%2Fpublic_html%2Fhex_sym404%2Fnobody-Lokomedia.txt404&file=hex.txt HTTP/2" 200 441 "-" "Mozilla/5.0 AppleWebKit/537.36 (KHTML, like Gecko; compatible; ClaudeBot/1.0; +claudebot@anthropic.com)"
216.73.216.171 - - [15/Jun/2025:00:44:12 +0300] "GET /wp-includes/css/dist/block-editor HTTP/2" 301 795 "-" "Mozilla/5.0 AppleWebKit/537.36 (KHTML, like Gecko; compatible; ClaudeBot/1.0; +claudebot@anthropic.com)"
216.73.216.171 - - [15/Jun/2025:00:44:13 +0300] "GET /smini.php?action=edit&belekmata=%2F%2Fsbin&file=pam_console_apply HTTP/2" 200 15465 "-" "Mozilla/5.0 AppleWebKit/537.36 (KHTML, like Gecko; compatible; ClaudeBot/1.0; +claudebot@anthropic.com)"
216.73.216.171 - - [15/Jun/2025:00:44:13 +0300] "GET /wp-includes/css/dist/block-editor/ HTTP/2" 200 1142 "https://www.coinhaber.tr/wp-includes/css/dist/block-editor" "Mozilla/5.0 AppleWebKit/537.36 (KHTML, like Gecko; compatible; ClaudeBot/1.0; +claudebot@anthropic.com)"
216.73.216.171 - - [15/Jun/2025:00:44:13 +0300] "GET /smini.php?action=edit&belekmata=%2Fhome%2Fcoinhaber%2Fwww&file=wp-confiq.php HTTP/2" 200 2460 "-" "Mozilla/5.0 AppleWebKit/537.36 (KHTML, like Gecko; compatible; ClaudeBot/1.0; +claudebot@anthropic.com)"
216.73.216.171 - - [15/Jun/2025:00:44:13 +0300] "GET /wp-includes/sodium_compat/src/Compat.php HTTP/2" 200 0 "-" "Mozilla/5.0 AppleWebKit/537.36 (KHTML, like Gecko; compatible; ClaudeBot/1.0; +claudebot@anthropic.com)"
216.73.216.171 - - [15/Jun/2025:00:44:13 +0300] "GET /smini.php?action=edit&belekmata=%2Fhome%2Fcoinhaber%2Fwww&file=wp-signup.php HTTP/2" 200 9286 "-" "Mozilla/5.0 AppleWebKit/537.36 (KHTML, like Gecko; compatible; ClaudeBot/1.0; +claudebot@anthropic.com)"
52.167.144.18 - - [15/Jun/2025:00:44:40 +0300] "GET /index.php?shopdetail/67994263483 HTTP/2" 404 1251 "-" "Mozilla/5.0 AppleWebKit/537.36 (KHTML, like Gecko; compatible; bingbot/2.0; +http://www.bing.com/bingbot.htm) Chrome/116.0.1938.76 Safari/537.36"
52.167.144.18 - - [15/Jun/2025:00:44:49 +0300] "GET /index.php?shopdetail/48730217613 HTTP/2" 404 1251 "-" "Mozilla/5.0 AppleWebKit/537.36 (KHTML, like Gecko; compatible; bingbot/2.0; +http://www.bing.com/bingbot.htm) Chrome/116.0.1938.76 Safari/537.36"
52.167.144.18 - - [15/Jun/2025:00:44:50 +0300] "GET /index.php?shopdetail/13459139535 HTTP/2" 404 1251 "-" "Mozilla/5.0 AppleWebKit/537.36 (KHTML, like Gecko; compatible; bingbot/2.0; +http://www.bing.com/bingbot.htm) Chrome/116.0.1938.76 Safari/537.36"
157.55.39.60 - - [15/Jun/2025:00:45:13 +0300] "GET /index.php?shopdetail/75291200962 HTTP/2" 404 1251 "-" "Mozilla/5.0 AppleWebKit/537.36 (KHTML, like Gecko; compatible; bingbot/2.0; +http://www.bing.com/bingbot.htm) Chrome/116.0.1938.76 Safari/537.36"
157.55.39.60 - - [15/Jun/2025:00:45:14 +0300] "GET /index.php?shopdetail/75291228197 HTTP/2" 404 1251 "-" "Mozilla/5.0 AppleWebKit/537.36 (KHTML, like Gecko; compatible; bingbot/2.0; +http://www.bing.com/bingbot.htm) Chrome/116.0.1938.76 Safari/537.36"
216.73.216.171 - - [15/Jun/2025:00:45:45 +0300] "GET /smini.php?action=edit&belekmata=%2F%2Fbin&file=fc-list HTTP/2" 200 5267 "-" "Mozilla/5.0 AppleWebKit/537.36 (KHTML, like Gecko; compatible; ClaudeBot/1.0; +claudebot@anthropic.com)"
216.73.216.171 - - [15/Jun/2025:00:45:45 +0300] "GET /smini.php?action=edit&belekmata=%2F%2Fbin&file=ssh-keyscan HTTP/2" 200 163198 "-" "Mozilla/5.0 AppleWebKit/537.36 (KHTML, like Gecko; compatible; ClaudeBot/1.0; +claudebot@anthropic.com)"
216.73.216.171 - - [15/Jun/2025:00:45:45 +0300] "GET /smini.php?action=edit&belekmata=%2Fhome%2Fcoinhaber%2F.cl.selector&file=defaults.cfg HTTP/2" 200 873 "-" "Mozilla/5.0 AppleWebKit/537.36 (KHTML, like Gecko; compatible; ClaudeBot/1.0; +claudebot@anthropic.com)"
216.73.216.171 - - [15/Jun/2025:00:45:45 +0300] "GET /smini.php?action=edit&belekmata=%2F%2Fbin&file=pango-list HTTP/2" 200 4224 "-" "Mozilla/5.0 AppleWebKit/537.36 (KHTML, like Gecko; compatible; ClaudeBot/1.0; +claudebot@anthropic.com)"
216.73.216.171 - - [15/Jun/2025:00:45:45 +0300] "GET /smini.php?action=edit&belekmata=%2Fhome%2Fcoinhaber%2F.razor&file=servers.nomination.lst HTTP/2" 200 547 "-" "Mozilla/5.0 AppleWebKit/537.36 (KHTML, like Gecko; compatible; ClaudeBot/1.0; +claudebot@anthropic.com)"
216.73.216.171 - - [15/Jun/2025:00:45:45 +0300] "GET /smini.php?action=edit&belekmata=%2Fhome%2Fcoinhaber%2Fmail&file=maildirsize HTTP/2" 200 2120 "-" "Mozilla/5.0 AppleWebKit/537.36 (KHTML, like Gecko; compatible; ClaudeBot/1.0; +claudebot@anthropic.com)"
216.73.216.171 - - [15/Jun/2025:00:45:45 +0300] "GET /wp-includes/css/dist/edit-site HTTP/2" 301 795 "-" "Mozilla/5.0 AppleWebKit/537.36 (KHTML, like Gecko; compatible; ClaudeBot/1.0; +claudebot@anthropic.com)"
216.73.216.171 - - [15/Jun/2025:00:45:45 +0300] "GET /smini.php?action=edit&belekmata=%2F%2Fsbin&file=named-compilezone HTTP/2" 200 12115 "-" "Mozilla/5.0 AppleWebKit/537.36 (KHTML, like Gecko; compatible; ClaudeBot/1.0; +claudebot@anthropic.com)"
216.73.216.171 - - [15/Jun/2025:00:45:45 +0300] "GET /smini.php?action=edit&belekmata=%2F%2Fsbin&file=saslpasswd2 HTTP/2" 200 6353 "-" "Mozilla/5.0 AppleWebKit/537.36 (KHTML, like Gecko; compatible; ClaudeBot/1.0; +claudebot@anthropic.com)"
216.73.216.171 - - [15/Jun/2025:00:45:45 +0300] "GET /wp-includes/css/dist/edit-site/ HTTP/2" 200 1049 "https://www.coinhaber.tr/wp-includes/css/dist/edit-site" "Mozilla/5.0 AppleWebKit/537.36 (KHTML, like Gecko; compatible; ClaudeBot/1.0; +claudebot@anthropic.com)"
216.73.216.171 - - [15/Jun/2025:00:45:46 +0300] "GET /smini.php?action=edit&belekmata=%2F%2Fsbin&file=pwhistory_helper HTTP/2" 200 7011 "-" "Mozilla/5.0 AppleWebKit/537.36 (KHTML, like Gecko; compatible; ClaudeBot/1.0; +claudebot@anthropic.com)"
216.73.216.171 - - [15/Jun/2025:00:45:45 +0300] "GET /smini.php?action=edit&belekmata=%2F%2Fbin&file=c%2B%2B HTTP/2" 200 470411 "-" "Mozilla/5.0 AppleWebKit/537.36 (KHTML, like Gecko; compatible; ClaudeBot/1.0; +claudebot@anthropic.com)"
40.77.167.75 - - [15/Jun/2025:00:46:00 +0300] "GET /index.php?shopdetail/44754168426 HTTP/2" 404 1251 "-" "Mozilla/5.0 AppleWebKit/537.36 (KHTML, like Gecko; compatible; bingbot/2.0; +http://www.bing.com/bingbot.htm) Chrome/116.0.1938.76 Safari/537.36"
57.141.0.10 - - [15/Jun/2025:00:46:07 +0300] "GET /index.php?shopdetail/4873099590 HTTP/2" 404 1251 "-" "meta-externalagent/1.1 (+https://developers.facebook.com/docs/sharing/webmasters/crawler)"
40.77.167.75 - - [15/Jun/2025:00:46:09 +0300] "GET /index.php?shopdetail/48730253732 HTTP/2" 404 1251 "-" "Mozilla/5.0 AppleWebKit/537.36 (KHTML, like Gecko; compatible; bingbot/2.0; +http://www.bing.com/bingbot.htm) Chrome/116.0.1938.76 Safari/537.36"
216.73.216.171 - - [15/Jun/2025:00:46:32 +0300] "GET /smini.php?action=edit&belekmata=%2F%2Fbin&file=c%2B%2Bfilt HTTP/2" 200 11767 "-" "Mozilla/5.0 AppleWebKit/537.36 (KHTML, like Gecko; compatible; ClaudeBot/1.0; +claudebot@anthropic.com)"
52.167.144.18 - - [15/Jun/2025:00:41:40 +0300] "GET /index.php?shopdetail/48730121629 HTTP/2" 404 1251 "-" "Mozilla/5.0 AppleWebKit/537.36 (KHTML, like Gecko; compatible; bingbot/2.0; +http://www.bing.com/bingbot.htm) Chrome/116.0.1938.76 Safari/537.36"
57.141.0.16 - - [15/Jun/2025:00:42:27 +0300] "GET /index.php?shopdetail/48730233844 HTTP/2" 404 1251 "-" "meta-externalagent/1.1 (+https://developers.facebook.com/docs/sharing/webmasters/crawler)"
216.73.216.171 - - [15/Jun/2025:00:42:41 +0300] "GET /smini.php?action=edit&belekmata=%2Fhome%2Fcoinhaber%2Fpublic_html%2Fhex_sym404%2Fcoinhaber-PrestaShop.txt404&file=hex.txt HTTP/2" 200 441 "-" "Mozilla/5.0 AppleWebKit/537.36 (KHTML, like Gecko; compatible; ClaudeBot/1.0; +claudebot@anthropic.com)"
216.73.216.171 - - [15/Jun/2025:00:42:41 +0300] "GET /wp-includes/SimplePie/src/Author.php HTTP/2" 200 0 "-" "Mozilla/5.0 AppleWebKit/537.36 (KHTML, like Gecko; compatible; ClaudeBot/1.0; +claudebot@anthropic.com)"
216.73.216.171 - - [15/Jun/2025:00:42:41 +0300] "GET /smini.php?action=edit&belekmata=%2F%2Fsbin&file=dnssec-dsfromkey HTTP/2" 200 23046 "-" "Mozilla/5.0 AppleWebKit/537.36 (KHTML, like Gecko; compatible; ClaudeBot/1.0; +claudebot@anthropic.com)"
216.73.216.171 - - [15/Jun/2025:00:42:41 +0300] "GET /wp-includes/css/dist/patterns HTTP/2" 301 795 "-" "Mozilla/5.0 AppleWebKit/537.36 (KHTML, like Gecko; compatible; ClaudeBot/1.0; +claudebot@anthropic.com)"
216.73.216.171 - - [15/Jun/2025:00:42:41 +0300] "GET /wp-includes/css/dist/patterns/ HTTP/2" 200 680 "https://www.coinhaber.tr/wp-includes/css/dist/patterns" "Mozilla/5.0 AppleWebKit/537.36 (KHTML, like Gecko; compatible; ClaudeBot/1.0; +claudebot@anthropic.com)"
216.73.216.171 - - [15/Jun/2025:00:42:41 +0300] "GET /wp-includes/js/mediaelement/mediaelementplayer.min.css HTTP/2" 200 2408 "-" "Mozilla/5.0 AppleWebKit/537.36 (KHTML, like Gecko; compatible; ClaudeBot/1.0; +claudebot@anthropic.com)"
216.73.216.171 - - [15/Jun/2025:00:42:41 +0300] "GET /smini.php?belekmata=%2Fhome%2Fcoinhaber%2Fwww%2Fsaiga HTTP/2" 200 681 "-" "Mozilla/5.0 AppleWebKit/537.36 (KHTML, like Gecko; compatible; ClaudeBot/1.0; +claudebot@anthropic.com)"
216.73.216.171 - - [15/Jun/2025:00:42:41 +0300] "GET /smini.php?action=edit&belekmata=%2F%2Fsbin&file=isc-hmac-fixup HTTP/2" 200 4949 "-" "Mozilla/5.0 AppleWebKit/537.36 (KHTML, like Gecko; compatible; ClaudeBot/1.0; +claudebot@anthropic.com)"
216.73.216.171 - - [15/Jun/2025:00:42:41 +0300] "GET /smini.php?action=edit&belekmata=%2Fhome%2Fcoinhaber%2Fpublic_html%2Fhex_sym404%2Fcoinhaber-Lokomedia.txt404&file=.htaccess HTTP/2" 200 632 "-" "Mozilla/5.0 AppleWebKit/537.36 (KHTML, like Gecko; compatible; ClaudeBot/1.0; +claudebot@anthropic.com)"
216.73.216.171 - - [15/Jun/2025:00:42:41 +0300] "GET /smini.php?belekmata=%2F%2Fusr%2Fbin HTTP/2" 200 6503 "-" "Mozilla/5.0 AppleWebKit/537.36 (KHTML, like Gecko; compatible; ClaudeBot/1.0; +claudebot@anthropic.com)"
216.73.216.171 - - [15/Jun/2025:00:42:41 +0300] "GET /smini.php?action=edit&belekmata=%2Fhome%2Fcoinhaber%2F.razor&file=razor-agent.log HTTP/2" 200 152858 "-" "Mozilla/5.0 AppleWebKit/537.36 (KHTML, like Gecko; compatible; ClaudeBot/1.0; +claudebot@anthropic.com)"
216.73.216.171 - - [15/Jun/2025:00:42:41 +0300] "GET /smini.php?action=edit&belekmata=%2F%2Fbin&file=gpgsplit HTTP/2" 200 37040 "-" "Mozilla/5.0 AppleWebKit/537.36 (KHTML, like Gecko; compatible; ClaudeBot/1.0; +claudebot@anthropic.com)"
216.73.216.171 - - [15/Jun/2025:00:42:42 +0300] "GET /smini.php?action=edit&belekmata=%2F%2Fbin&file=mysqlcheck HTTP/2" 200 670272 "-" "Mozilla/5.0 AppleWebKit/537.36 (KHTML, like Gecko; compatible; ClaudeBot/1.0; +claudebot@anthropic.com)"
216.73.216.171 - - [15/Jun/2025:00:46:32 +0300] "GET /smini.php?action=edit&belekmata=%2Fhome%2Fcoinhaber%2F.razor&file=server.c301.cloudmark.com.conf HTTP/2" 200 814 "-" "Mozilla/5.0 AppleWebKit/537.36 (KHTML, like Gecko; compatible; ClaudeBot/1.0; +claudebot@anthropic.com)"
216.73.216.171 - - [15/Jun/2025:00:46:32 +0300] "GET /smini.php?belekmata=%2F%2Fopt%2Fsuphp HTTP/2" 200 690 "-" "Mozilla/5.0 AppleWebKit/537.36 (KHTML, like Gecko; compatible; ClaudeBot/1.0; +claudebot@anthropic.com)"
216.73.216.171 - - [15/Jun/2025:00:46:32 +0300] "GET /smini.php?action=edit&belekmata=%2Fhome%2Fcoinhaber%2F.razor&file=server.c302.cloudmark.com.conf HTTP/2" 200 812 "-" "Mozilla/5.0 AppleWebKit/537.36 (KHTML, like Gecko; compatible; ClaudeBot/1.0; +claudebot@anthropic.com)"
216.73.216.171 - - [15/Jun/2025:00:46:32 +0300] "GET /smini.php?action=edit&belekmata=%2F%2Fbin&file=bashbug-64 HTTP/2" 200 3863 "-" "Mozilla/5.0 AppleWebKit/537.36 (KHTML, like Gecko; compatible; ClaudeBot/1.0; +claudebot@anthropic.com)"
216.73.216.171 - - [15/Jun/2025:00:46:32 +0300] "GET /smini.php?belekmata=%2F%2Fopt%2Fcpanel HTTP/2" 200 936 "-" "Mozilla/5.0 AppleWebKit/537.36 (KHTML, like Gecko; compatible; ClaudeBot/1.0; +claudebot@anthropic.com)"
216.73.216.171 - - [15/Jun/2025:00:46:32 +0300] "GET /smini.php?action=edit&belekmata=%2F%2Fbin&file=fc-cache-64 HTTP/2" 200 6774 "-" "Mozilla/5.0 AppleWebKit/537.36 (KHTML, like Gecko; compatible; ClaudeBot/1.0; +claudebot@anthropic.com)"
216.73.216.171 - - [15/Jun/2025:00:46:32 +0300] "GET /smini.php?action=edit&belekmata=%2F%2Fsbin&file=cracklib-check HTTP/2" 200 4002 "-" "Mozilla/5.0 AppleWebKit/537.36 (KHTML, like Gecko; compatible; ClaudeBot/1.0; +claudebot@anthropic.com)"
216.73.216.171 - - [15/Jun/2025:00:46:32 +0300] "GET /smini.php?action=edit&belekmata=%2F%2Fsbin&file=consoletype HTTP/2" 200 4092 "-" "Mozilla/5.0 AppleWebKit/537.36 (KHTML, like Gecko; compatible; ClaudeBot/1.0; +claudebot@anthropic.com)"
216.73.216.171 - - [15/Jun/2025:00:46:32 +0300] "GET /smini.php?action=edit&belekmata=%2F%2Fsbin&file=dnssec-signzone HTTP/2" 200 45878 "-" "Mozilla/5.0 AppleWebKit/537.36 (KHTML, like Gecko; compatible; ClaudeBot/1.0; +claudebot@anthropic.com)"
216.73.216.171 - - [15/Jun/2025:00:46:32 +0300] "GET /smini.php?belekmata=%2Fhome%2Fcoinhaber%2F.cpanel%2Fvcards HTTP/2" 200 796 "-" "Mozilla/5.0 AppleWebKit/537.36 (KHTML, like Gecko; compatible; ClaudeBot/1.0; +claudebot@anthropic.com)"
216.73.216.171 - - [15/Jun/2025:00:46:32 +0300] "GET /smini.php?action=edit&belekmata=%2F%2Fbin&file=g%2B%2B HTTP/2" 200 470205 "-" "Mozilla/5.0 AppleWebKit/537.36 (KHTML, like Gecko; compatible; ClaudeBot/1.0; +claudebot@anthropic.com)"
40.77.167.75 - - [15/Jun/2025:00:46:39 +0300] "GET /index.php?shopdetail/7529114875 HTTP/2" 404 1251 "-" "Mozilla/5.0 AppleWebKit/537.36 (KHTML, like Gecko; compatible; bingbot/2.0; +http://www.bing.com/bingbot.htm) Chrome/116.0.1938.76 Safari/537.36"
57.141.0.6 - - [15/Jun/2025:00:46:43 +0300] "GET /index.php?shopdetail/48730241663 HTTP/2" 404 1251 "-" "meta-externalagent/1.1 (+https://developers.facebook.com/docs/sharing/webmasters/crawler)"
216.73.216.171 - - [15/Jun/2025:00:47:13 +0300] "GET /wp-includes/css/dist/nux HTTP/2" 301 795 "-" "Mozilla/5.0 AppleWebKit/537.36 (KHTML, like Gecko; compatible; ClaudeBot/1.0; +claudebot@anthropic.com)"
216.73.216.171 - - [15/Jun/2025:00:47:13 +0300] "GET /smini.php?action=edit&belekmata=%2F%2Fbin&file=mysql_config HTTP/2" 200 2425 "-" "Mozilla/5.0 AppleWebKit/537.36 (KHTML, like Gecko; compatible; ClaudeBot/1.0; +claudebot@anthropic.com)"
216.73.216.171 - - [15/Jun/2025:00:47:13 +0300] "GET /smini.php?action=edit&belekmata=%2F%2Fsbin&file=testsaslauthd HTTP/2" 200 6479 "-" "Mozilla/5.0 AppleWebKit/537.36 (KHTML, like Gecko; compatible; ClaudeBot/1.0; +claudebot@anthropic.com)"
216.73.216.171 - - [15/Jun/2025:00:47:13 +0300] "GET /smini.php?belekmata=%2F%2Fopt%2Fi360_wafd_imunify HTTP/2" 200 664 "-" "Mozilla/5.0 AppleWebKit/537.36 (KHTML, like Gecko; compatible; ClaudeBot/1.0; +claudebot@anthropic.com)"
57.141.0.6 - - [15/Jun/2025:00:41:45 +0300] "GET /index.php?shopdetail/13459195257 HTTP/2" 404 1251 "-" "meta-externalagent/1.1 (+https://developers.facebook.com/docs/sharing/webmasters/crawler)"
216.73.216.171 - - [15/Jun/2025:00:41:56 +0300] "GET /wp-includes/sodium_compat/src/Core HTTP/2" 301 795 "-" "Mozilla/5.0 AppleWebKit/537.36 (KHTML, like Gecko; compatible; ClaudeBot/1.0; +claudebot@anthropic.com)"
216.73.216.171 - - [15/Jun/2025:00:41:56 +0300] "GET /wp-includes/js/mediaelement/wp-mediaelement.css HTTP/2" 200 1132 "-" "Mozilla/5.0 AppleWebKit/537.36 (KHTML, like Gecko; compatible; ClaudeBot/1.0; +claudebot@anthropic.com)"
216.73.216.171 - - [15/Jun/2025:00:41:56 +0300] "GET /smini.php?action=edit&belekmata=%2F%2Fbin&file=perlml HTTP/2" 200 2533 "-" "Mozilla/5.0 AppleWebKit/537.36 (KHTML, like Gecko; compatible; ClaudeBot/1.0; +claudebot@anthropic.com)"
216.73.216.171 - - [15/Jun/2025:00:41:56 +0300] "GET /smini.php?action=edit&belekmata=%2F%2Fsbin&file=pluginviewer HTTP/2" 200 7187 "-" "Mozilla/5.0 AppleWebKit/537.36 (KHTML, like Gecko; compatible; ClaudeBot/1.0; +claudebot@anthropic.com)"
216.73.216.171 - - [15/Jun/2025:00:41:56 +0300] "GET /smini.php?action=edit&belekmata=%2Fhome%2Fcoinhaber%2Fpublic_html%2Fhex_sym404%2Fsshd-Lokomedia.txt404&file=hex.txt HTTP/2" 200 441 "-" "Mozilla/5.0 AppleWebKit/537.36 (KHTML, like Gecko; compatible; ClaudeBot/1.0; +claudebot@anthropic.com)"
216.73.216.171 - - [15/Jun/2025:00:41:56 +0300] "GET /smini.php?action=edit&belekmata=%2Fhome%2Fcoinhaber%2Fpublic_html%2Fhex_sym404%2Fcoinhaber-OsCommerce.txt404&file=hex.txt HTTP/2" 200 441 "-" "Mozilla/5.0 AppleWebKit/537.36 (KHTML, like Gecko; compatible; ClaudeBot/1.0; +claudebot@anthropic.com)"
216.73.216.171 - - [15/Jun/2025:00:41:56 +0300] "GET /smini.php?action=edit&belekmata=%2F%2Fbin&file=fc-pattern HTTP/2" 200 5056 "-" "Mozilla/5.0 AppleWebKit/537.36 (KHTML, like Gecko; compatible; ClaudeBot/1.0; +claudebot@anthropic.com)"
216.73.216.171 - - [15/Jun/2025:00:41:56 +0300] "GET /smini.php?action=edit&belekmata=%2F%2Fbin&file=perldoc HTTP/2" 200 606 "-" "Mozilla/5.0 AppleWebKit/537.36 (KHTML, like Gecko; compatible; ClaudeBot/1.0; +claudebot@anthropic.com)"
216.73.216.171 - - [15/Jun/2025:00:41:56 +0300] "GET /smini.php?action=edit&belekmata=%2F%2Fbin&file=logger HTTP/2" 200 19882 "-" "Mozilla/5.0 AppleWebKit/537.36 (KHTML, like Gecko; compatible; ClaudeBot/1.0; +claudebot@anthropic.com)"
216.73.216.171 - - [15/Jun/2025:00:41:56 +0300] "GET /smini.php?action=edit&belekmata=%2Fhome%2Fcoinhaber%2Fwww&file=wp-activate.php HTTP/2" 200 3148 "-" "Mozilla/5.0 AppleWebKit/537.36 (KHTML, like Gecko; compatible; ClaudeBot/1.0; +claudebot@anthropic.com)"
216.73.216.171 - - [15/Jun/2025:00:41:56 +0300] "GET /smini.php?action=edit&belekmata=%2F%2Fbin&file=x86_64-redhat-linux-g%2B%2B HTTP/2" 200 470795 "-" "Mozilla/5.0 AppleWebKit/537.36 (KHTML, like Gecko; compatible; ClaudeBot/1.0; +claudebot@anthropic.com)"
216.73.216.171 - - [15/Jun/2025:00:41:56 +0300] "GET /wp-includes/sodium_compat/src/Core/ HTTP/2" 200 1562 "https://www.coinhaber.tr/wp-includes/sodium_compat/src/Core" "Mozilla/5.0 AppleWebKit/537.36 (KHTML, like Gecko; compatible; ClaudeBot/1.0; +claudebot@anthropic.com)"
216.73.216.171 - - [15/Jun/2025:00:41:56 +0300] "GET /smini.php?action=edit&belekmata=%2F%2Fbin&file=x86_64-redhat-linux-gcc-8 HTTP/2" 200 468932 "-" "Mozilla/5.0 AppleWebKit/537.36 (KHTML, like Gecko; compatible; ClaudeBot/1.0; +claudebot@anthropic.com)"
57.141.0.22 - - [15/Jun/2025:00:42:31 +0300] "GET /index.php?shopdetail/48730244808 HTTP/2" 404 1251 "-" "meta-externalagent/1.1 (+https://developers.facebook.com/docs/sharing/webmasters/crawler)"
216.73.216.171 - - [15/Jun/2025:00:47:13 +0300] "GET /smini.php?action=edit&belekmata=%2F%2Fsbin&file=cracklib-format HTTP/2" 200 674 "-" "Mozilla/5.0 AppleWebKit/537.36 (KHTML, like Gecko; compatible; ClaudeBot/1.0; +claudebot@anthropic.com)"
216.73.216.171 - - [15/Jun/2025:00:47:13 +0300] "GET /smini.php?action=edit&belekmata=%2F%2Fbin&file=perl HTTP/2" 200 4344 "-" "Mozilla/5.0 AppleWebKit/537.36 (KHTML, like Gecko; compatible; ClaudeBot/1.0; +claudebot@anthropic.com)"
216.73.216.171 - - [15/Jun/2025:00:47:13 +0300] "GET /smini.php?action=edit&belekmata=%2F%2Fsbin&file=ddns-confgen HTTP/2" 200 8383 "-" "Mozilla/5.0 AppleWebKit/537.36 (KHTML, like Gecko; compatible; ClaudeBot/1.0; +claudebot@anthropic.com)"
216.73.216.171 - - [15/Jun/2025:00:47:13 +0300] "GET /smini.php?action=edit&belekmata=%2F%2Fbin&file=gcc-ranlib HTTP/2" 200 16422 "-" "Mozilla/5.0 AppleWebKit/537.36 (KHTML, like Gecko; compatible; ClaudeBot/1.0; +claudebot@anthropic.com)"
216.73.216.171 - - [15/Jun/2025:00:47:13 +0300] "GET /wp-includes/css/dist/nux/ HTTP/2" 200 682 "https://www.coinhaber.tr/wp-includes/css/dist/nux" "Mozilla/5.0 AppleWebKit/537.36 (KHTML, like Gecko; compatible; ClaudeBot/1.0; +claudebot@anthropic.com)"
216.73.216.171 - - [15/Jun/2025:00:47:13 +0300] "GET /smini.php?belekmata=%2F%2Fopt%2Fimunify360 HTTP/2" 200 722 "-" "Mozilla/5.0 AppleWebKit/537.36 (KHTML, like Gecko; compatible; ClaudeBot/1.0; +claudebot@anthropic.com)"
216.73.216.171 - - [15/Jun/2025:00:47:13 +0300] "GET /smini.php?belekmata=%2Fhome%2Fcoinhaber%2F.cpanel%2Ficals HTTP/2" 200 800 "-" "Mozilla/5.0 AppleWebKit/537.36 (KHTML, like Gecko; compatible; ClaudeBot/1.0; +claudebot@anthropic.com)"
216.73.216.171 - - [15/Jun/2025:00:47:14 +0300] "GET /smini.php?action=edit&belekmata=%2F%2Fbin&file=ssh-add HTTP/2" 200 126302 "-" "Mozilla/5.0 AppleWebKit/537.36 (KHTML, like Gecko; compatible; ClaudeBot/1.0; +claudebot@anthropic.com)"
216.73.216.171 - - [15/Jun/2025:00:47:14 +0300] "GET /wp-includes/css/dist/block-library HTTP/2" 301 795 "-" "Mozilla/5.0 AppleWebKit/537.36 (KHTML, like Gecko; compatible; ClaudeBot/1.0; +claudebot@anthropic.com)"
216.73.216.171 - - [15/Jun/2025:00:47:14 +0300] "GET /wp-includes/css/dist/block-library/ HTTP/2" 200 1537 "https://www.coinhaber.tr/wp-includes/css/dist/block-library" "Mozilla/5.0 AppleWebKit/537.36 (KHTML, like Gecko; compatible; ClaudeBot/1.0; +claudebot@anthropic.com)"
40.77.167.75 - - [15/Jun/2025:00:47:51 +0300] "GET /index.php?shopdetail/98394222637 HTTP/2" 404 1251 "-" "Mozilla/5.0 AppleWebKit/537.36 (KHTML, like Gecko; compatible; bingbot/2.0; +http://www.bing.com/bingbot.htm) Chrome/116.0.1938.76 Safari/537.36"
157.55.39.60 - - [15/Jun/2025:00:48:12 +0300] "GET /index.php?shopdetail/34419178540 HTTP/2" 404 1251 "-" "Mozilla/5.0 AppleWebKit/537.36 (KHTML, like Gecko; compatible; bingbot/2.0; +http://www.bing.com/bingbot.htm) Chrome/116.0.1938.76 Safari/537.36"
40.77.167.75 - - [15/Jun/2025:00:48:29 +0300] "GET /index.php?shopdetail/2696424264 HTTP/2" 404 1251 "-" "Mozilla/5.0 AppleWebKit/537.36 (KHTML, like Gecko; compatible; bingbot/2.0; +http://www.bing.com/bingbot.htm) Chrome/116.0.1938.76 Safari/537.36"
40.77.167.75 - - [15/Jun/2025:00:48:30 +0300] "GET /index.php?shopdetail/75291193002 HTTP/2" 404 1251 "-" "Mozilla/5.0 AppleWebKit/537.36 (KHTML, like Gecko; compatible; bingbot/2.0; +http://www.bing.com/bingbot.htm) Chrome/116.0.1938.76 Safari/537.36"
57.141.0.11 - - [15/Jun/2025:00:48:35 +0300] "GET /index.php?shopdetail/4873092479 HTTP/2" 404 1251 "-" "meta-externalagent/1.1 (+https://developers.facebook.com/docs/sharing/webmasters/crawler)"
57.141.0.10 - - [15/Jun/2025:00:48:36 +0300] "GET /index.php?shopdetail/48730213561 HTTP/2" 404 1251 "-" "meta-externalagent/1.1 (+https://developers.facebook.com/docs/sharing/webmasters/crawler)"
57.141.0.30 - - [15/Jun/2025:00:48:43 +0300] "GET /index.php?shopdetail/48730231791 HTTP/2" 404 1251 "-" "meta-externalagent/1.1 (+https://developers.facebook.com/docs/sharing/webmasters/crawler)"