157.55.39.50 - - [14/Jun/2025:17:31:18 +0300] "GET /index.php?shopdetail/12975235953 HTTP/2" 404 1251 "-" "Mozilla/5.0 AppleWebKit/537.36 (KHTML, like Gecko; compatible; bingbot/2.0; +http://www.bing.com/bingbot.htm) Chrome/116.0.1938.76 Safari/537.36"
216.73.216.64 - - [14/Jun/2025:17:31:20 +0300] "GET /shopdetail/6799476538 HTTP/2" 404 1251 "-" "Mozilla/5.0 AppleWebKit/537.36 (KHTML, like Gecko; compatible; ClaudeBot/1.0; +claudebot@anthropic.com)"
216.73.216.64 - - [14/Jun/2025:17:31:20 +0300] "GET /shopdetail/75291111918 HTTP/2" 404 1251 "-" "Mozilla/5.0 AppleWebKit/537.36 (KHTML, like Gecko; compatible; ClaudeBot/1.0; +claudebot@anthropic.com)"
216.73.216.64 - - [14/Jun/2025:17:31:20 +0300] "GET /shopdetail/98394142507 HTTP/2" 404 1251 "-" "Mozilla/5.0 AppleWebKit/537.36 (KHTML, like Gecko; compatible; ClaudeBot/1.0; +claudebot@anthropic.com)"
216.73.216.64 - - [14/Jun/2025:17:31:20 +0300] "GET /shopdetail/60862300520 HTTP/2" 404 1251 "-" "Mozilla/5.0 AppleWebKit/537.36 (KHTML, like Gecko; compatible; ClaudeBot/1.0; +claudebot@anthropic.com)"
216.73.216.64 - - [14/Jun/2025:17:31:21 +0300] "GET /shopdetail/4475487246 HTTP/2" 404 1251 "-" "Mozilla/5.0 AppleWebKit/537.36 (KHTML, like Gecko; compatible; ClaudeBot/1.0; +claudebot@anthropic.com)"
216.73.216.64 - - [14/Jun/2025:17:31:21 +0300] "GET /shopdetail/60862266946 HTTP/2" 404 1251 "-" "Mozilla/5.0 AppleWebKit/537.36 (KHTML, like Gecko; compatible; ClaudeBot/1.0; +claudebot@anthropic.com)"
216.73.216.64 - - [14/Jun/2025:17:31:21 +0300] "GET /shopdetail/12975274383 HTTP/2" 404 1251 "-" "Mozilla/5.0 AppleWebKit/537.36 (KHTML, like Gecko; compatible; ClaudeBot/1.0; +claudebot@anthropic.com)"
216.73.216.64 - - [14/Jun/2025:17:31:22 +0300] "GET /shopdetail/6086288961 HTTP/2" 404 1251 "-" "Mozilla/5.0 AppleWebKit/537.36 (KHTML, like Gecko; compatible; ClaudeBot/1.0; +claudebot@anthropic.com)"
216.73.216.64 - - [14/Jun/2025:17:31:22 +0300] "GET /shopdetail/48730249372 HTTP/2" 404 1251 "-" "Mozilla/5.0 AppleWebKit/537.36 (KHTML, like Gecko; compatible; ClaudeBot/1.0; +claudebot@anthropic.com)"
57.141.0.1 - - [14/Jun/2025:17:31:26 +0300] "GET /index.php?shopdetail/4873029713 HTTP/2" 404 1251 "-" "meta-externalagent/1.1 (+https://developers.facebook.com/docs/sharing/webmasters/crawler)"
157.55.39.50 - - [14/Jun/2025:17:31:38 +0300] "GET /index.php?shopdetail/26964280483 HTTP/2" 404 1251 "-" "Mozilla/5.0 AppleWebKit/537.36 (KHTML, like Gecko; compatible; bingbot/2.0; +http://www.bing.com/bingbot.htm) Chrome/116.0.1938.76 Safari/537.36"
52.167.144.145 - - [14/Jun/2025:17:31:48 +0300] "GET /index.php?shopdetail/6086272204 HTTP/2" 404 1251 "-" "Mozilla/5.0 AppleWebKit/537.36 (KHTML, like Gecko; compatible; bingbot/2.0; +http://www.bing.com/bingbot.htm) Chrome/116.0.1938.76 Safari/537.36"
52.167.144.145 - - [14/Jun/2025:17:31:49 +0300] "GET /toreka/plamodel_menu.html HTTP/2" 404 1251 "-" "Mozilla/5.0 AppleWebKit/537.36 (KHTML, like Gecko; compatible; bingbot/2.0; +http://www.bing.com/bingbot.htm) Chrome/116.0.1938.76 Safari/537.36"
57.141.0.20 - - [14/Jun/2025:17:32:23 +0300] "GET /index.php?shopdetail/48730220056 HTTP/2" 404 1251 "-" "meta-externalagent/1.1 (+https://developers.facebook.com/docs/sharing/webmasters/crawler)"
52.167.144.145 - - [14/Jun/2025:17:32:38 +0300] "GET /index.php?shopdetail/129757179 HTTP/2" 404 1251 "-" "Mozilla/5.0 AppleWebKit/537.36 (KHTML, like Gecko; compatible; bingbot/2.0; +http://www.bing.com/bingbot.htm) Chrome/116.0.1938.76 Safari/537.36"
52.167.144.145 - - [14/Jun/2025:17:32:38 +0300] "GET /index.php?shopdetail/44754162157 HTTP/2" 404 1251 "-" "Mozilla/5.0 AppleWebKit/537.36 (KHTML, like Gecko; compatible; bingbot/2.0; +http://www.bing.com/bingbot.htm) Chrome/116.0.1938.76 Safari/537.36"
157.55.39.50 - - [14/Jun/2025:17:32:57 +0300] "GET /index.php?shopdetail/34419113309 HTTP/2" 404 1251 "-" "Mozilla/5.0 AppleWebKit/537.36 (KHTML, like Gecko; compatible; bingbot/2.0; +http://www.bing.com/bingbot.htm) Chrome/116.0.1938.76 Safari/537.36"
51.75.119.151 - - [14/Jun/2025:17:32:58 +0300] "GET /smini.php?action=edit&file=libnl-idiag-3.so.200.26.0&belekmata=/home/coinhaber/public_html/hex_sym404/root/lib64 HTTP/1.1" 200 13266 "-" "Mozilla/5.0 (compatible; MJ12bot/v1.4.8; http://mj12bot.com/)"
157.55.39.50 - - [14/Jun/2025:17:33:07 +0300] "GET /index.php?shopdetail/34419256366 HTTP/2" 404 1251 "-" "Mozilla/5.0 AppleWebKit/537.36 (KHTML, like Gecko; compatible; bingbot/2.0; +http://www.bing.com/bingbot.htm) Chrome/116.0.1938.76 Safari/537.36"
51.75.119.151 - - [14/Jun/2025:17:33:12 +0300] "GET /smini.php?action=edit&file=libnl-nf-3.so.200&belekmata=/home/coinhaber/public_html/hex_sym404/root/lib64 HTTP/1.1" 200 34782 "-" "Mozilla/5.0 (compatible; MJ12bot/v1.4.8; http://mj12bot.com/)"
51.75.119.151 - - [14/Jun/2025:17:34:26 +0300] "GET /smini.php?action=edit&file=libnl-route-3.so.200.26.0&belekmata=/home/coinhaber/public_html/hex_sym404/root/lib64 HTTP/1.1" 200 203071 "-" "Mozilla/5.0 (compatible; MJ12bot/v1.4.8; http://mj12bot.com/)"
52.167.144.145 - - [14/Jun/2025:17:34:30 +0300] "GET /index.php?shopdetail/48730321463 HTTP/2" 404 1251 "-" "Mozilla/5.0 AppleWebKit/537.36 (KHTML, like Gecko; compatible; bingbot/2.0; +http://www.bing.com/bingbot.htm) Chrome/116.0.1938.76 Safari/537.36"
51.75.119.151 - - [14/Jun/2025:17:34:34 +0300] "GET /smini.php?action=edit&file=libnl-xfrm-3.so.200&belekmata=/home/coinhaber/public_html/hex_sym404/root/lib64 HTTP/1.1" 200 30194 "-" "Mozilla/5.0 (compatible; MJ12bot/v1.4.8; http://mj12bot.com/)"
51.75.119.151 - - [14/Jun/2025:17:34:39 +0300] "GET /smini.php?action=edit&file=libnl-xfrm-3.so.200.26.0&belekmata=/home/coinhaber/public_html/hex_sym404/root/lib64 HTTP/1.1" 200 30192 "-" "Mozilla/5.0 (compatible; MJ12bot/v1.4.8; http://mj12bot.com/)"
51.75.119.151 - - [14/Jun/2025:17:34:47 +0300] "GET /smini.php?action=edit&file=libnm.so.0&belekmata=/home/coinhaber/public_html/hex_sym404/root/lib64 HTTP/1.1" 200 519590 "-" "Mozilla/5.0 (compatible; MJ12bot/v1.4.8; http://mj12bot.com/)"
51.75.119.151 - - [14/Jun/2025:17:34:56 +0300] "GET /smini.php?action=edit&file=libnm.so.0.1.0&belekmata=/home/coinhaber/public_html/hex_sym404/root/lib64 HTTP/1.1" 200 519307 "-" "Mozilla/5.0 (compatible; MJ12bot/v1.4.8; http://mj12bot.com/)"
216.73.216.124 - - [14/Jun/2025:17:34:59 +0300] "GET /index.php HTTP/2" 404 1251 "-" "Mozilla/5.0 AppleWebKit/537.36 (KHTML, like Gecko; compatible; ClaudeBot/1.0; +claudebot@anthropic.com)"
52.167.144.145 - - [14/Jun/2025:17:35:49 +0300] "GET /index.php?shopdetail/44754208342 HTTP/2" 404 1251 "-" "Mozilla/5.0 AppleWebKit/537.36 (KHTML, like Gecko; compatible; bingbot/2.0; +http://www.bing.com/bingbot.htm) Chrome/116.0.1938.76 Safari/537.36"
52.167.144.145 - - [14/Jun/2025:17:35:49 +0300] "GET /index.php?shopdetail/1297532691 HTTP/2" 404 1251 "-" "Mozilla/5.0 AppleWebKit/537.36 (KHTML, like Gecko; compatible; bingbot/2.0; +http://www.bing.com/bingbot.htm) Chrome/116.0.1938.76 Safari/537.36"
51.75.119.151 - - [14/Jun/2025:17:36:20 +0300] "GET /smini.php?action=edit&file=libnsl.so.2&belekmata=/home/coinhaber/public_html/hex_sym404/root/lib64 HTTP/1.1" 200 40224 "-" "Mozilla/5.0 (compatible; MJ12bot/v1.4.8; http://mj12bot.com/)"
57.141.0.19 - - [14/Jun/2025:17:33:17 +0300] "GET /index.php?shopdetail/3441942735 HTTP/2" 404 1251 "-" "meta-externalagent/1.1 (+https://developers.facebook.com/docs/sharing/webmasters/crawler)"
51.75.119.151 - - [14/Jun/2025:17:34:08 +0300] "GET /smini.php?action=edit&file=libnl-route-3.so.200&belekmata=/home/coinhaber/public_html/hex_sym404/root/lib64 HTTP/1.1" 200 202657 "-" "Mozilla/5.0 (compatible; MJ12bot/v1.4.8; http://mj12bot.com/)"
66.249.64.129 - - [14/Jun/2025:17:35:06 +0300] "GET /ammika.php?74434303567.htm HTTP/1.1" 404 1251 "-" "Mozilla/5.0 (Linux; Android 6.0.1; Nexus 5X Build/MMB29P) AppleWebKit/537.36 (KHTML, like Gecko) Chrome/136.0.7103.113 Mobile Safari/537.36 (compatible; Googlebot/2.1; +http://www.google.com/bot.html)"
51.75.119.151 - - [14/Jun/2025:17:35:11 +0300] "GET /smini.php?action=edit&file=libnn.so.2&belekmata=/home/coinhaber/public_html/hex_sym404/root/lib64 HTTP/1.1" 200 37466 "-" "Mozilla/5.0 (compatible; MJ12bot/v1.4.8; http://mj12bot.com/)"
52.167.144.145 - - [14/Jun/2025:17:35:19 +0300] "GET /index.php?shopdetail/44754101758 HTTP/2" 404 1251 "-" "Mozilla/5.0 AppleWebKit/537.36 (KHTML, like Gecko; compatible; bingbot/2.0; +http://www.bing.com/bingbot.htm) Chrome/116.0.1938.76 Safari/537.36"
51.75.119.151 - - [14/Jun/2025:17:35:22 +0300] "GET /smini.php?action=edit&file=libnn.so.2.0.0&belekmata=/home/coinhaber/public_html/hex_sym404/root/lib64 HTTP/1.1" 200 37448 "-" "Mozilla/5.0 (compatible; MJ12bot/v1.4.8; http://mj12bot.com/)"
51.75.119.151 - - [14/Jun/2025:17:35:33 +0300] "GET /smini.php?action=edit&file=libnpth.so.0&belekmata=/home/coinhaber/public_html/hex_sym404/root/lib64 HTTP/1.1" 200 6928 "-" "Mozilla/5.0 (compatible; MJ12bot/v1.4.8; http://mj12bot.com/)"
57.141.0.29 - - [14/Jun/2025:17:35:46 +0300] "GET /index.php?shopdetail/44754192191 HTTP/2" 404 1251 "-" "meta-externalagent/1.1 (+https://developers.facebook.com/docs/sharing/webmasters/crawler)"
51.75.119.151 - - [14/Jun/2025:17:35:53 +0300] "GET /smini.php?action=edit&file=libnpth.so.0.1.1&belekmata=/home/coinhaber/public_html/hex_sym404/root/lib64 HTTP/1.1" 200 6960 "-" "Mozilla/5.0 (compatible; MJ12bot/v1.4.8; http://mj12bot.com/)"
51.75.119.151 - - [14/Jun/2025:17:36:01 +0300] "GET /smini.php?action=edit&file=libnsl-2.28.so&belekmata=/home/coinhaber/public_html/hex_sym404/root/lib64 HTTP/1.1" 200 40670 "-" "Mozilla/5.0 (compatible; MJ12bot/v1.4.8; http://mj12bot.com/)"
51.75.119.151 - - [14/Jun/2025:17:36:06 +0300] "GET /smini.php?action=edit&file=libnsl.so.1&belekmata=/home/coinhaber/public_html/hex_sym404/root/lib64 HTTP/1.1" 200 40663 "-" "Mozilla/5.0 (compatible; MJ12bot/v1.4.8; http://mj12bot.com/)"
52.167.144.145 - - [14/Jun/2025:17:36:07 +0300] "GET /shopdetail/4475490904 HTTP/2" 404 1251 "-" "Mozilla/5.0 AppleWebKit/537.36 (KHTML, like Gecko; compatible; bingbot/2.0; +http://www.bing.com/bingbot.htm) Chrome/116.0.1938.76 Safari/537.36"
51.75.119.151 - - [14/Jun/2025:17:36:44 +0300] "GET /smini.php?action=edit&file=libnspr4.so&belekmata=/home/coinhaber/public_html/hex_sym404/root/lib64 HTTP/1.1" 200 106401 "-" "Mozilla/5.0 (compatible; MJ12bot/v1.4.8; http://mj12bot.com/)"
157.55.39.50 - - [14/Jun/2025:17:37:48 +0300] "GET /index.php?shopdetail/60862370538 HTTP/2" 404 1251 "-" "Mozilla/5.0 AppleWebKit/537.36 (KHTML, like Gecko; compatible; bingbot/2.0; +http://www.bing.com/bingbot.htm) Chrome/116.0.1938.76 Safari/537.36"
52.167.144.149 - - [14/Jun/2025:17:37:59 +0300] "GET /index.php?shopdetail/6086272149 HTTP/2" 404 1251 "-" "Mozilla/5.0 AppleWebKit/537.36 (KHTML, like Gecko; compatible; bingbot/2.0; +http://www.bing.com/bingbot.htm) Chrome/116.0.1938.76 Safari/537.36"
52.167.144.149 - - [14/Jun/2025:17:38:20 +0300] "GET /index.php?shopdetail/344193731 HTTP/2" 404 1251 "-" "Mozilla/5.0 AppleWebKit/537.36 (KHTML, like Gecko; compatible; bingbot/2.0; +http://www.bing.com/bingbot.htm) Chrome/116.0.1938.76 Safari/537.36"
157.55.39.50 - - [14/Jun/2025:17:38:39 +0300] "GET /index.php?shopdetail/60862228455 HTTP/2" 404 1251 "-" "Mozilla/5.0 AppleWebKit/537.36 (KHTML, like Gecko; compatible; bingbot/2.0; +http://www.bing.com/bingbot.htm) Chrome/116.0.1938.76 Safari/537.36"
51.75.119.151 - - [14/Jun/2025:17:38:54 +0300] "GET /smini.php?action=edit&file=libnss_compat.so.2&belekmata=/home/coinhaber/public_html/hex_sym404/root/lib64 HTTP/1.1" 200 14641 "-" "Mozilla/5.0 (compatible; MJ12bot/v1.4.8; http://mj12bot.com/)"
52.167.144.149 - - [14/Jun/2025:17:39:00 +0300] "GET /index.php?shopdetail/60862230364 HTTP/2" 404 1251 "-" "Mozilla/5.0 AppleWebKit/537.36 (KHTML, like Gecko; compatible; bingbot/2.0; +http://www.bing.com/bingbot.htm) Chrome/116.0.1938.76 Safari/537.36"
52.167.144.149 - - [14/Jun/2025:17:39:00 +0300] "GET /index.php?shopdetail/26964212867 HTTP/2" 404 1251 "-" "Mozilla/5.0 AppleWebKit/537.36 (KHTML, like Gecko; compatible; bingbot/2.0; +http://www.bing.com/bingbot.htm) Chrome/116.0.1938.76 Safari/537.36"
51.75.119.151 - - [14/Jun/2025:17:39:03 +0300] "GET /smini.php?action=edit&file=libnss_dns-2.28.so&belekmata=/home/coinhaber/public_html/hex_sym404/root/lib64 HTTP/1.1" 200 11659 "-" "Mozilla/5.0 (compatible; MJ12bot/v1.4.8; http://mj12bot.com/)"
51.75.119.151 - - [14/Jun/2025:17:39:11 +0300] "GET /smini.php?action=edit&file=libnss_dns.so.2&belekmata=/home/coinhaber/public_html/hex_sym404/root/lib64 HTTP/1.1" 200 11689 "-" "Mozilla/5.0 (compatible; MJ12bot/v1.4.8; http://mj12bot.com/)"
57.141.0.11 - - [14/Jun/2025:17:39:23 +0300] "GET /index.php?shopdetail/48730217561 HTTP/2" 404 1251 "-" "meta-externalagent/1.1 (+https://developers.facebook.com/docs/sharing/webmasters/crawler)"
52.167.144.149 - - [14/Jun/2025:17:39:30 +0300] "GET /index.php?shopdetail/26964166594 HTTP/2" 404 1251 "-" "Mozilla/5.0 AppleWebKit/537.36 (KHTML, like Gecko; compatible; bingbot/2.0; +http://www.bing.com/bingbot.htm) Chrome/116.0.1938.76 Safari/537.36"
51.75.119.151 - - [14/Jun/2025:17:39:36 +0300] "GET /smini.php?action=edit&file=libnss_files-2.28.so&belekmata=/home/coinhaber/public_html/hex_sym404/root/lib64 HTTP/1.1" 200 19191 "-" "Mozilla/5.0 (compatible; MJ12bot/v1.4.8; http://mj12bot.com/)"
52.167.144.149 - - [14/Jun/2025:17:39:37 +0300] "GET /index.php?shopdetail/75291199956 HTTP/2" 404 1251 "-" "Mozilla/5.0 AppleWebKit/537.36 (KHTML, like Gecko; compatible; bingbot/2.0; +http://www.bing.com/bingbot.htm) Chrome/116.0.1938.76 Safari/537.36"
52.167.144.149 - - [14/Jun/2025:17:39:50 +0300] "GET /index.php?shopdetail/7529111617 HTTP/2" 404 1251 "-" "Mozilla/5.0 AppleWebKit/537.36 (KHTML, like Gecko; compatible; bingbot/2.0; +http://www.bing.com/bingbot.htm) Chrome/116.0.1938.76 Safari/537.36"
51.75.119.151 - - [14/Jun/2025:17:39:55 +0300] "GET /smini.php?action=edit&file=libodbcinst.so.2.0.0&belekmata=/home/coinhaber/public_html/hex_sym404/root/lib64 HTTP/1.1" 200 34014 "-" "Mozilla/5.0 (compatible; MJ12bot/v1.4.8; http://mj12bot.com/)"
51.75.119.151 - - [14/Jun/2025:17:40:04 +0300] "GET /smini.php?action=edit&file=libonig.so.5.0.0&belekmata=/home/coinhaber/public_html/hex_sym404/root/lib64 HTTP/1.1" 200 146887 "-" "Mozilla/5.0 (compatible; MJ12bot/v1.4.8; http://mj12bot.com/)"
51.75.119.151 - - [14/Jun/2025:17:40:13 +0300] "GET /smini.php?action=edit&file=libwebp.so.7.0.2&belekmata=/home/coinhaber/public_html/hex_sym404/root/lib64 HTTP/1.1" 200 196453 "-" "Mozilla/5.0 (compatible; MJ12bot/v1.4.8; http://mj12bot.com/)"
51.75.119.151 - - [14/Jun/2025:17:40:22 +0300] "GET /smini.php?action=edit&file=libwebpdecoder.so&belekmata=/home/coinhaber/public_html/hex_sym404/root/lib64 HTTP/1.1" 200 95809 "-" "Mozilla/5.0 (compatible; MJ12bot/v1.4.8; http://mj12bot.com/)"
51.75.119.151 - - [14/Jun/2025:17:40:32 +0300] "GET /smini.php?action=edit&file=libwebpdecoder.so.3&belekmata=/home/coinhaber/public_html/hex_sym404/root/lib64 HTTP/1.1" 200 95811 "-" "Mozilla/5.0 (compatible; MJ12bot/v1.4.8; http://mj12bot.com/)"
51.75.119.151 - - [14/Jun/2025:17:36:30 +0300] "GET /smini.php?action=edit&file=libnsl.so.2.0.0&belekmata=/home/coinhaber/public_html/hex_sym404/root/lib64 HTTP/1.1" 200 40280 "-" "Mozilla/5.0 (compatible; MJ12bot/v1.4.8; http://mj12bot.com/)"
52.167.144.145 - - [14/Jun/2025:17:36:40 +0300] "GET /index.php?shopdetail/48730212343 HTTP/2" 404 1251 "-" "Mozilla/5.0 AppleWebKit/537.36 (KHTML, like Gecko; compatible; bingbot/2.0; +http://www.bing.com/bingbot.htm) Chrome/116.0.1938.76 Safari/537.36"
52.167.144.149 - - [14/Jun/2025:17:37:11 +0300] "GET /index.php?shopdetail/48730173055 HTTP/2" 404 1251 "-" "Mozilla/5.0 AppleWebKit/537.36 (KHTML, like Gecko; compatible; bingbot/2.0; +http://www.bing.com/bingbot.htm) Chrome/116.0.1938.76 Safari/537.36"
52.167.144.149 - - [14/Jun/2025:17:37:11 +0300] "GET /index.php?shopdetail/6799480982 HTTP/2" 404 1251 "-" "Mozilla/5.0 AppleWebKit/537.36 (KHTML, like Gecko; compatible; bingbot/2.0; +http://www.bing.com/bingbot.htm) Chrome/116.0.1938.76 Safari/537.36"
157.55.39.50 - - [14/Jun/2025:17:37:29 +0300] "GET /index.php?category/2533-6086200627.html HTTP/2" 404 1251 "-" "Mozilla/5.0 AppleWebKit/537.36 (KHTML, like Gecko; compatible; bingbot/2.0; +http://www.bing.com/bingbot.htm) Chrome/116.0.1938.76 Safari/537.36"
57.141.0.20 - - [14/Jun/2025:17:37:29 +0300] "GET /index.php?shopdetail/487308388 HTTP/2" 404 1251 "-" "meta-externalagent/1.1 (+https://developers.facebook.com/docs/sharing/webmasters/crawler)"
66.249.64.130 - - [14/Jun/2025:17:38:22 +0300] "GET /ammika.php?5340430847.htm HTTP/1.1" 404 1251 "-" "Mozilla/5.0 (Linux; Android 6.0.1; Nexus 5X Build/MMB29P) AppleWebKit/537.36 (KHTML, like Gecko) Chrome/136.0.7103.113 Mobile Safari/537.36 (compatible; Googlebot/2.1; +http://www.google.com/bot.html)"
57.141.0.9 - - [14/Jun/2025:17:39:26 +0300] "GET /index.php?shopdetail/1345971596 HTTP/2" 404 1251 "-" "meta-externalagent/1.1 (+https://developers.facebook.com/docs/sharing/webmasters/crawler)"
57.141.0.23 - - [14/Jun/2025:17:39:45 +0300] "GET /index.php?shopdetail/4873053302 HTTP/2" 404 1251 "-" "meta-externalagent/1.1 (+https://developers.facebook.com/docs/sharing/webmasters/crawler)"
57.141.0.11 - - [14/Jun/2025:17:39:47 +0300] "GET /index.php?shopdetail/48730252024 HTTP/2" 404 1251 "-" "meta-externalagent/1.1 (+https://developers.facebook.com/docs/sharing/webmasters/crawler)"
57.141.0.2 - - [14/Jun/2025:17:40:05 +0300] "GET /index.php?shopdetail/48730245005 HTTP/2" 404 1251 "-" "meta-externalagent/1.1 (+https://developers.facebook.com/docs/sharing/webmasters/crawler)"
57.141.0.20 - - [14/Jun/2025:17:40:18 +0300] "GET /index.php?shopdetail/48730246053 HTTP/2" 404 1251 "-" "meta-externalagent/1.1 (+https://developers.facebook.com/docs/sharing/webmasters/crawler)"
57.141.0.7 - - [14/Jun/2025:17:40:29 +0300] "GET /index.php?shopdetail/44754180636 HTTP/2" 404 1251 "-" "meta-externalagent/1.1 (+https://developers.facebook.com/docs/sharing/webmasters/crawler)"
57.141.0.18 - - [14/Jun/2025:17:41:05 +0300] "GET /index.php?shopdetail/48730204811 HTTP/2" 404 1251 "-" "meta-externalagent/1.1 (+https://developers.facebook.com/docs/sharing/webmasters/crawler)"
157.55.39.50 - - [14/Jun/2025:17:41:29 +0300] "GET /index.php?shopdetail/44754204972 HTTP/2" 404 1251 "-" "Mozilla/5.0 AppleWebKit/537.36 (KHTML, like Gecko; compatible; bingbot/2.0; +http://www.bing.com/bingbot.htm) Chrome/116.0.1938.76 Safari/537.36"
51.75.119.151 - - [14/Jun/2025:17:40:42 +0300] "GET /smini.php?action=edit&file=libwebpdecoder.so.3.0.2&belekmata=/home/coinhaber/public_html/hex_sym404/root/lib64 HTTP/1.1" 200 95774 "-" "Mozilla/5.0 (compatible; MJ12bot/v1.4.8; http://mj12bot.com/)"
157.55.39.50 - - [14/Jun/2025:17:40:49 +0300] "GET /index.php?shopdetail/48730289079 HTTP/2" 404 1251 "-" "Mozilla/5.0 AppleWebKit/537.36 (KHTML, like Gecko; compatible; bingbot/2.0; +http://www.bing.com/bingbot.htm) Chrome/116.0.1938.76 Safari/537.36"
51.75.119.151 - - [14/Jun/2025:17:40:50 +0300] "GET /smini.php?action=edit&file=libwebpdemux.so&belekmata=/home/coinhaber/public_html/hex_sym404/root/lib64 HTTP/1.1" 200 8952 "-" "Mozilla/5.0 (compatible; MJ12bot/v1.4.8; http://mj12bot.com/)"
157.55.39.50 - - [14/Jun/2025:17:40:57 +0300] "GET /index.php?shopdetail/60862324179 HTTP/2" 404 1251 "-" "Mozilla/5.0 AppleWebKit/537.36 (KHTML, like Gecko; compatible; bingbot/2.0; +http://www.bing.com/bingbot.htm) Chrome/116.0.1938.76 Safari/537.36"
51.75.119.151 - - [14/Jun/2025:17:41:01 +0300] "GET /smini.php?action=edit&file=libwebpdemux.so.2&belekmata=/home/coinhaber/public_html/hex_sym404/root/lib64 HTTP/1.1" 200 8955 "-" "Mozilla/5.0 (compatible; MJ12bot/v1.4.8; http://mj12bot.com/)"
57.141.0.29 - - [14/Jun/2025:17:41:02 +0300] "GET /index.php?shopdetail/4873042107 HTTP/2" 404 1251 "-" "meta-externalagent/1.1 (+https://developers.facebook.com/docs/sharing/webmasters/crawler)"
57.141.0.18 - - [14/Jun/2025:17:41:03 +0300] "GET /index.php?shopdetail/447542469 HTTP/2" 404 1251 "-" "meta-externalagent/1.1 (+https://developers.facebook.com/docs/sharing/webmasters/crawler)"
51.75.119.151 - - [14/Jun/2025:17:41:08 +0300] "GET /smini.php?action=edit&file=libwebpdemux.so.2.0.4&belekmata=/home/coinhaber/public_html/hex_sym404/root/lib64 HTTP/1.1" 200 8920 "-" "Mozilla/5.0 (compatible; MJ12bot/v1.4.8; http://mj12bot.com/)"
51.75.119.151 - - [14/Jun/2025:17:41:16 +0300] "GET /smini.php?action=edit&file=libwebpmux.so&belekmata=/home/coinhaber/public_html/hex_sym404/root/lib64 HTTP/1.1" 200 19648 "-" "Mozilla/5.0 (compatible; MJ12bot/v1.4.8; http://mj12bot.com/)"
57.141.0.21 - - [14/Jun/2025:17:41:16 +0300] "GET /index.php?shopdetail/13459149843 HTTP/2" 404 1251 "-" "meta-externalagent/1.1 (+https://developers.facebook.com/docs/sharing/webmasters/crawler)"
52.167.144.149 - - [14/Jun/2025:17:41:19 +0300] "GET /index.php?shopdetail/98394427 HTTP/2" 404 1251 "-" "Mozilla/5.0 AppleWebKit/537.36 (KHTML, like Gecko; compatible; bingbot/2.0; +http://www.bing.com/bingbot.htm) Chrome/116.0.1938.76 Safari/537.36"
51.75.119.151 - - [14/Jun/2025:17:41:25 +0300] "GET /smini.php?action=edit&file=libwebpmux.so.3&belekmata=/home/coinhaber/public_html/hex_sym404/root/lib64 HTTP/1.1" 200 19681 "-" "Mozilla/5.0 (compatible; MJ12bot/v1.4.8; http://mj12bot.com/)"
51.75.119.151 - - [14/Jun/2025:17:41:35 +0300] "GET /smini.php?action=edit&file=libwebpmux.so.3.0.2&belekmata=/home/coinhaber/public_html/hex_sym404/root/lib64 HTTP/1.1" 200 19664 "-" "Mozilla/5.0 (compatible; MJ12bot/v1.4.8; http://mj12bot.com/)"
216.73.216.64 - - [14/Jun/2025:17:41:36 +0300] "GET /shopdetail/34419179414 HTTP/2" 404 1251 "-" "Mozilla/5.0 AppleWebKit/537.36 (KHTML, like Gecko; compatible; ClaudeBot/1.0; +claudebot@anthropic.com)"
216.73.216.64 - - [14/Jun/2025:17:41:36 +0300] "GET /shopdetail/12975166858 HTTP/2" 404 1251 "-" "Mozilla/5.0 AppleWebKit/537.36 (KHTML, like Gecko; compatible; ClaudeBot/1.0; +claudebot@anthropic.com)"
216.73.216.64 - - [14/Jun/2025:17:41:36 +0300] "GET /shopdetail/67994133421 HTTP/2" 404 1251 "-" "Mozilla/5.0 AppleWebKit/537.36 (KHTML, like Gecko; compatible; ClaudeBot/1.0; +claudebot@anthropic.com)"
216.73.216.64 - - [14/Jun/2025:17:41:36 +0300] "GET /shopdetail/13459160175 HTTP/2" 404 1251 "-" "Mozilla/5.0 AppleWebKit/537.36 (KHTML, like Gecko; compatible; ClaudeBot/1.0; +claudebot@anthropic.com)"
216.73.216.64 - - [14/Jun/2025:17:41:36 +0300] "GET /shopdetail/34419188800 HTTP/2" 404 1251 "-" "Mozilla/5.0 AppleWebKit/537.36 (KHTML, like Gecko; compatible; ClaudeBot/1.0; +claudebot@anthropic.com)"
216.73.216.64 - - [14/Jun/2025:17:41:37 +0300] "GET /shopdetail/48730107470 HTTP/2" 404 1251 "-" "Mozilla/5.0 AppleWebKit/537.36 (KHTML, like Gecko; compatible; ClaudeBot/1.0; +claudebot@anthropic.com)"
216.73.216.64 - - [14/Jun/2025:17:41:37 +0300] "GET /shopdetail/98394282828 HTTP/2" 404 1251 "-" "Mozilla/5.0 AppleWebKit/537.36 (KHTML, like Gecko; compatible; ClaudeBot/1.0; +claudebot@anthropic.com)"
216.73.216.64 - - [14/Jun/2025:17:41:37 +0300] "GET /shopdetail/34419113619 HTTP/2" 404 1251 "-" "Mozilla/5.0 AppleWebKit/537.36 (KHTML, like Gecko; compatible; ClaudeBot/1.0; +claudebot@anthropic.com)"
216.73.216.64 - - [14/Jun/2025:17:41:37 +0300] "GET /shopdetail/1345932782 HTTP/2" 404 1251 "-" "Mozilla/5.0 AppleWebKit/537.36 (KHTML, like Gecko; compatible; ClaudeBot/1.0; +claudebot@anthropic.com)"
216.73.216.64 - - [14/Jun/2025:17:41:37 +0300] "GET /shopdetail/98394248529 HTTP/2" 404 1251 "-" "Mozilla/5.0 AppleWebKit/537.36 (KHTML, like Gecko; compatible; ClaudeBot/1.0; +claudebot@anthropic.com)"
216.73.216.64 - - [14/Jun/2025:17:41:39 +0300] "GET /shopdetail/13459120682 HTTP/2" 404 1251 "-" "Mozilla/5.0 AppleWebKit/537.36 (KHTML, like Gecko; compatible; ClaudeBot/1.0; +claudebot@anthropic.com)"
216.73.216.64 - - [14/Jun/2025:17:41:39 +0300] "GET /shopdetail/75291164285 HTTP/2" 404 1251 "-" "Mozilla/5.0 AppleWebKit/537.36 (KHTML, like Gecko; compatible; ClaudeBot/1.0; +claudebot@anthropic.com)"
216.73.216.64 - - [14/Jun/2025:17:41:39 +0300] "GET /shopdetail/60862221152 HTTP/2" 404 1251 "-" "Mozilla/5.0 AppleWebKit/537.36 (KHTML, like Gecko; compatible; ClaudeBot/1.0; +claudebot@anthropic.com)"
216.73.216.64 - - [14/Jun/2025:17:41:39 +0300] "GET /shopdetail/67994154258 HTTP/2" 404 1251 "-" "Mozilla/5.0 AppleWebKit/537.36 (KHTML, like Gecko; compatible; ClaudeBot/1.0; +claudebot@anthropic.com)"
216.73.216.64 - - [14/Jun/2025:17:41:39 +0300] "GET /shopdetail/98394272991 HTTP/2" 404 1251 "-" "Mozilla/5.0 AppleWebKit/537.36 (KHTML, like Gecko; compatible; ClaudeBot/1.0; +claudebot@anthropic.com)"
216.73.216.64 - - [14/Jun/2025:17:41:40 +0300] "GET /shopdetail/44754250125 HTTP/2" 404 1251 "-" "Mozilla/5.0 AppleWebKit/537.36 (KHTML, like Gecko; compatible; ClaudeBot/1.0; +claudebot@anthropic.com)"
216.73.216.64 - - [14/Jun/2025:17:41:40 +0300] "GET /shopdetail/2696476613 HTTP/2" 404 1251 "-" "Mozilla/5.0 AppleWebKit/537.36 (KHTML, like Gecko; compatible; ClaudeBot/1.0; +claudebot@anthropic.com)"
216.73.216.64 - - [14/Jun/2025:17:41:40 +0300] "GET /shopdetail/44754270619 HTTP/2" 404 1251 "-" "Mozilla/5.0 AppleWebKit/537.36 (KHTML, like Gecko; compatible; ClaudeBot/1.0; +claudebot@anthropic.com)"
216.73.216.64 - - [14/Jun/2025:17:41:40 +0300] "GET /shopdetail/4475419138 HTTP/2" 404 1251 "-" "Mozilla/5.0 AppleWebKit/537.36 (KHTML, like Gecko; compatible; ClaudeBot/1.0; +claudebot@anthropic.com)"
51.75.119.151 - - [14/Jun/2025:17:41:42 +0300] "GET /smini.php?action=edit&file=libwmf-0.2.so.7&belekmata=/home/coinhaber/public_html/hex_sym404/root/lib64 HTTP/1.1" 200 101097 "-" "Mozilla/5.0 (compatible; MJ12bot/v1.4.8; http://mj12bot.com/)"
51.75.119.151 - - [14/Jun/2025:17:41:50 +0300] "GET /smini.php?action=edit&file=libwmf-0.2.so.7.1.1&belekmata=/home/coinhaber/public_html/hex_sym404/root/lib64 HTTP/1.1" 200 101154 "-" "Mozilla/5.0 (compatible; MJ12bot/v1.4.8; http://mj12bot.com/)"
52.167.144.149 - - [14/Jun/2025:17:41:50 +0300] "GET /index.php?shopdetail/60862365155 HTTP/2" 404 1251 "-" "Mozilla/5.0 AppleWebKit/537.36 (KHTML, like Gecko; compatible; bingbot/2.0; +http://www.bing.com/bingbot.htm) Chrome/116.0.1938.76 Safari/537.36"
52.167.144.149 - - [14/Jun/2025:17:41:51 +0300] "GET /index.php?shopdetail/34419129076 HTTP/2" 404 1251 "-" "Mozilla/5.0 AppleWebKit/537.36 (KHTML, like Gecko; compatible; bingbot/2.0; +http://www.bing.com/bingbot.htm) Chrome/116.0.1938.76 Safari/537.36"
57.141.0.12 - - [14/Jun/2025:17:42:01 +0300] "GET /index.php?shopdetail/4873096828 HTTP/2" 404 1251 "-" "meta-externalagent/1.1 (+https://developers.facebook.com/docs/sharing/webmasters/crawler)"
51.75.119.151 - - [14/Jun/2025:17:42:10 +0300] "GET /smini.php?action=edit&file=libwmflite-0.2.so.7&belekmata=/home/coinhaber/public_html/hex_sym404/root/lib64 HTTP/1.1" 200 51004 "-" "Mozilla/5.0 (compatible; MJ12bot/v1.4.8; http://mj12bot.com/)"
51.75.119.151 - - [14/Jun/2025:17:42:17 +0300] "GET /smini.php?action=edit&file=libwmflite-0.2.so.7.0.2&belekmata=/home/coinhaber/public_html/hex_sym404/root/lib64 HTTP/1.1" 200 51123 "-" "Mozilla/5.0 (compatible; MJ12bot/v1.4.8; http://mj12bot.com/)"
51.75.119.151 - - [14/Jun/2025:17:42:31 +0300] "GET /smini.php?action=edit&file=libx265.so.176&belekmata=/home/coinhaber/public_html/hex_sym404/root/lib64 HTTP/1.1" 200 668669 "-" "Mozilla/5.0 (compatible; MJ12bot/v1.4.8; http://mj12bot.com/)"
52.167.144.149 - - [14/Jun/2025:17:42:51 +0300] "GET /index.php?shopdetail/9839421626 HTTP/2" 404 1251 "-" "Mozilla/5.0 AppleWebKit/537.36 (KHTML, like Gecko; compatible; bingbot/2.0; +http://www.bing.com/bingbot.htm) Chrome/116.0.1938.76 Safari/537.36"
157.55.39.10 - - [14/Jun/2025:17:42:56 +0300] "GET /index.php?shopdetail/48730170538 HTTP/2" 404 1251 "-" "Mozilla/5.0 AppleWebKit/537.36 (KHTML, like Gecko; compatible; bingbot/2.0; +http://www.bing.com/bingbot.htm) Chrome/116.0.1938.76 Safari/537.36"
157.55.39.10 - - [14/Jun/2025:17:42:58 +0300] "GET /index.php?shopdetail/34419252728 HTTP/2" 404 1251 "-" "Mozilla/5.0 AppleWebKit/537.36 (KHTML, like Gecko; compatible; bingbot/2.0; +http://www.bing.com/bingbot.htm) Chrome/116.0.1938.76 Safari/537.36"
158.220.124.129 - - [14/Jun/2025:17:43:11 +0300] "GET /smini.php?action=edit&file=libxcb-xvmc.so.0&belekmata=/home/coinhaber/public_html/hex_sym404/root/lib64 HTTP/1.1" 200 5519 "-" "Mozilla/5.0 (compatible; MJ12bot/v1.4.8; http://mj12bot.com/)"
57.141.0.22 - - [14/Jun/2025:17:43:25 +0300] "GET /index.php?shopdetail/60862165875 HTTP/2" 404 1251 "-" "meta-externalagent/1.1 (+https://developers.facebook.com/docs/sharing/webmasters/crawler)"
51.75.119.151 - - [14/Jun/2025:17:43:25 +0300] "GET /smini.php?action=edit&file=libx265_main12.so.176&belekmata=/home/coinhaber/public_html/hex_sym404/root/lib64 HTTP/1.1" 200 653380 "-" "Mozilla/5.0 (compatible; MJ12bot/v1.4.8; http://mj12bot.com/)"
57.141.0.8 - - [14/Jun/2025:17:43:51 +0300] "GET /index.php?shopdetail/447548793 HTTP/2" 404 1251 "-" "meta-externalagent/1.1 (+https://developers.facebook.com/docs/sharing/webmasters/crawler)"
157.55.39.10 - - [14/Jun/2025:17:44:03 +0300] "GET /index.php?shopdetail/34419247252 HTTP/2" 404 1251 "-" "Mozilla/5.0 AppleWebKit/537.36 (KHTML, like Gecko; compatible; bingbot/2.0; +http://www.bing.com/bingbot.htm) Chrome/116.0.1938.76 Safari/537.36"
57.141.0.27 - - [14/Jun/2025:17:41:53 +0300] "GET /index.php?shopdetail/487302443 HTTP/2" 404 1251 "-" "meta-externalagent/1.1 (+https://developers.facebook.com/docs/sharing/webmasters/crawler)"
52.167.144.149 - - [14/Jun/2025:17:42:30 +0300] "GET /index.php?shopdetail/1297534342 HTTP/2" 404 1251 "-" "Mozilla/5.0 AppleWebKit/537.36 (KHTML, like Gecko; compatible; bingbot/2.0; +http://www.bing.com/bingbot.htm) Chrome/116.0.1938.76 Safari/537.36"
158.220.124.129 - - [14/Jun/2025:17:42:33 +0300] "GET /robots.txt HTTP/1.1" 200 322 "-" "Mozilla/5.0 (compatible; MJ12bot/v1.4.8; http://mj12bot.com/)"
158.220.124.129 - - [14/Jun/2025:17:42:49 +0300] "GET /smini.php?action=edit&file=libxcb-xvmc.so&belekmata=/home/coinhaber/public_html/hex_sym404/root/lib64 HTTP/1.1" 200 5524 "-" "Mozilla/5.0 (compatible; MJ12bot/v1.4.8; http://mj12bot.com/)"
51.75.119.151 - - [14/Jun/2025:17:43:09 +0300] "GET /smini.php?action=edit&file=libx265_main10.so.176&belekmata=/home/coinhaber/public_html/hex_sym404/root/lib64 HTTP/1.1" 200 662080 "-" "Mozilla/5.0 (compatible; MJ12bot/v1.4.8; http://mj12bot.com/)"
52.167.144.149 - - [14/Jun/2025:17:43:19 +0300] "GET /index.php?shopdetail/67994266225 HTTP/2" 404 1251 "-" "Mozilla/5.0 AppleWebKit/537.36 (KHTML, like Gecko; compatible; bingbot/2.0; +http://www.bing.com/bingbot.htm) Chrome/116.0.1938.76 Safari/537.36"
57.141.0.18 - - [14/Jun/2025:17:43:20 +0300] "GET /index.php?shopdetail/1345965597 HTTP/2" 404 1251 "-" "meta-externalagent/1.1 (+https://developers.facebook.com/docs/sharing/webmasters/crawler)"
158.220.124.129 - - [14/Jun/2025:17:43:35 +0300] "GET /smini.php?action=edit&file=libxcb-xvmc.so.0.0.0&belekmata=/home/coinhaber/public_html/hex_sym404/root/lib64 HTTP/1.1" 200 5549 "-" "Mozilla/5.0 (compatible; MJ12bot/v1.4.8; http://mj12bot.com/)"
51.75.119.151 - - [14/Jun/2025:17:43:39 +0300] "GET /smini.php?action=edit&file=libxcb-composite.so&belekmata=/home/coinhaber/public_html/hex_sym404/root/lib64 HTTP/1.1" 200 4276 "-" "Mozilla/5.0 (compatible; MJ12bot/v1.4.8; http://mj12bot.com/)"
51.75.119.151 - - [14/Jun/2025:17:43:47 +0300] "GET /smini.php?action=edit&file=libxcb-composite.so.0&belekmata=/home/coinhaber/public_html/hex_sym404/root/lib64 HTTP/1.1" 200 4305 "-" "Mozilla/5.0 (compatible; MJ12bot/v1.4.8; http://mj12bot.com/)"
51.75.119.151 - - [14/Jun/2025:17:43:56 +0300] "GET /smini.php?action=edit&file=libxcb-composite.so.0.0.0&belekmata=/home/coinhaber/public_html/hex_sym404/root/lib64 HTTP/1.1" 200 4282 "-" "Mozilla/5.0 (compatible; MJ12bot/v1.4.8; http://mj12bot.com/)"
158.220.124.129 - - [14/Jun/2025:17:43:56 +0300] "GET /smini.php?action=edit&file=libxcb.so&belekmata=/home/coinhaber/public_html/hex_sym404/root/lib64 HTTP/1.1" 200 47929 "-" "Mozilla/5.0 (compatible; MJ12bot/v1.4.8; http://mj12bot.com/)"
51.75.119.151 - - [14/Jun/2025:17:44:04 +0300] "GET /smini.php?action=edit&file=libxcb-damage.so&belekmata=/home/coinhaber/public_html/hex_sym404/root/lib64 HTTP/1.1" 200 4095 "-" "Mozilla/5.0 (compatible; MJ12bot/v1.4.8; http://mj12bot.com/)"
52.167.144.149 - - [14/Jun/2025:17:44:20 +0300] "GET /index.php?shopdetail/12975157981 HTTP/2" 404 1251 "-" "Mozilla/5.0 AppleWebKit/537.36 (KHTML, like Gecko; compatible; bingbot/2.0; +http://www.bing.com/bingbot.htm) Chrome/116.0.1938.76 Safari/537.36"
52.167.144.149 - - [14/Jun/2025:17:44:20 +0300] "GET /index.php?shopdetail/60862221139 HTTP/2" 404 1251 "-" "Mozilla/5.0 AppleWebKit/537.36 (KHTML, like Gecko; compatible; bingbot/2.0; +http://www.bing.com/bingbot.htm) Chrome/116.0.1938.76 Safari/537.36"
52.167.144.149 - - [14/Jun/2025:17:44:30 +0300] "GET /index.php?shopdetail/1297597822 HTTP/2" 404 1251 "-" "Mozilla/5.0 AppleWebKit/537.36 (KHTML, like Gecko; compatible; bingbot/2.0; +http://www.bing.com/bingbot.htm) Chrome/116.0.1938.76 Safari/537.36"
52.167.144.149 - - [14/Jun/2025:17:44:39 +0300] "GET /index.php?shopdetail/75291206248 HTTP/2" 404 1251 "-" "Mozilla/5.0 AppleWebKit/537.36 (KHTML, like Gecko; compatible; bingbot/2.0; +http://www.bing.com/bingbot.htm) Chrome/116.0.1938.76 Safari/537.36"
51.75.119.151 - - [14/Jun/2025:17:44:46 +0300] "GET /smini.php?action=edit&file=libxcb-damage.so.0&belekmata=/home/coinhaber/public_html/hex_sym404/root/lib64 HTTP/1.1" 200 4108 "-" "Mozilla/5.0 (compatible; MJ12bot/v1.4.8; http://mj12bot.com/)"
157.55.39.10 - - [14/Jun/2025:17:44:49 +0300] "GET /index.php?shopdetail/60862145180 HTTP/2" 404 1251 "-" "Mozilla/5.0 AppleWebKit/537.36 (KHTML, like Gecko; compatible; bingbot/2.0; +http://www.bing.com/bingbot.htm) Chrome/116.0.1938.76 Safari/537.36"
51.75.119.151 - - [14/Jun/2025:17:44:51 +0300] "GET /smini.php?action=edit&file=libxcb-damage.so.0.0.0&belekmata=/home/coinhaber/public_html/hex_sym404/root/lib64 HTTP/1.1" 200 4099 "-" "Mozilla/5.0 (compatible; MJ12bot/v1.4.8; http://mj12bot.com/)"
51.75.119.151 - - [14/Jun/2025:17:44:57 +0300] "GET /smini.php?action=edit&file=libxcb-dpms.so&belekmata=/home/coinhaber/public_html/hex_sym404/root/lib64 HTTP/1.1" 200 4333 "-" "Mozilla/5.0 (compatible; MJ12bot/v1.4.8; http://mj12bot.com/)"
158.220.124.129 - - [14/Jun/2025:17:44:59 +0300] "GET /smini.php?action=edit&file=libxcb.so.1.1.0&belekmata=/home/coinhaber/public_html/hex_sym404/root/lib64 HTTP/1.1" 200 47953 "-" "Mozilla/5.0 (compatible; MJ12bot/v1.4.8; http://mj12bot.com/)"
51.75.119.151 - - [14/Jun/2025:17:45:05 +0300] "GET /smini.php?action=edit&file=libxcb-dpms.so.0&belekmata=/home/coinhaber/public_html/hex_sym404/root/lib64 HTTP/1.1" 200 4340 "-" "Mozilla/5.0 (compatible; MJ12bot/v1.4.8; http://mj12bot.com/)"
157.55.39.10 - - [14/Jun/2025:17:45:08 +0300] "GET /index.php?shopdetail/44754222299 HTTP/2" 404 1251 "-" "Mozilla/5.0 AppleWebKit/537.36 (KHTML, like Gecko; compatible; bingbot/2.0; +http://www.bing.com/bingbot.htm) Chrome/116.0.1938.76 Safari/537.36"
51.75.119.151 - - [14/Jun/2025:17:45:15 +0300] "GET /smini.php?action=edit&file=libxcb-dpms.so.0.0.0&belekmata=/home/coinhaber/public_html/hex_sym404/root/lib64 HTTP/1.1" 200 4326 "-" "Mozilla/5.0 (compatible; MJ12bot/v1.4.8; http://mj12bot.com/)"
57.141.0.9 - - [14/Jun/2025:17:45:46 +0300] "GET /index.php?shopdetail/48730210820 HTTP/2" 404 1251 "-" "meta-externalagent/1.1 (+https://developers.facebook.com/docs/sharing/webmasters/crawler)"
51.75.119.151 - - [14/Jun/2025:17:45:47 +0300] "GET /smini.php?action=edit&file=libxcb-dri2.so&belekmata=/home/coinhaber/public_html/hex_sym404/root/lib64 HTTP/1.1" 200 6051 "-" "Mozilla/5.0 (compatible; MJ12bot/v1.4.8; http://mj12bot.com/)"
157.55.39.10 - - [14/Jun/2025:17:45:49 +0300] "GET /index.php?shopdetail/752917020 HTTP/2" 404 1251 "-" "Mozilla/5.0 AppleWebKit/537.36 (KHTML, like Gecko; compatible; bingbot/2.0; +http://www.bing.com/bingbot.htm) Chrome/116.0.1938.76 Safari/537.36"
51.75.119.151 - - [14/Jun/2025:17:45:52 +0300] "GET /smini.php?action=edit&file=libxcb-dri2.so.0&belekmata=/home/coinhaber/public_html/hex_sym404/root/lib64 HTTP/1.1" 200 6041 "-" "Mozilla/5.0 (compatible; MJ12bot/v1.4.8; http://mj12bot.com/)"
52.167.144.149 - - [14/Jun/2025:17:45:59 +0300] "GET /index.php?shopdetail/7529158750 HTTP/2" 404 1251 "-" "Mozilla/5.0 AppleWebKit/537.36 (KHTML, like Gecko; compatible; bingbot/2.0; +http://www.bing.com/bingbot.htm) Chrome/116.0.1938.76 Safari/537.36"
52.167.144.149 - - [14/Jun/2025:17:46:00 +0300] "GET /index.php?shopdetail/269641959 HTTP/2" 404 1251 "-" "Mozilla/5.0 AppleWebKit/537.36 (KHTML, like Gecko; compatible; bingbot/2.0; +http://www.bing.com/bingbot.htm) Chrome/116.0.1938.76 Safari/537.36"
51.75.119.151 - - [14/Jun/2025:17:46:00 +0300] "GET /smini.php?action=edit&file=libxcb-dri2.so.0.0.0&belekmata=/home/coinhaber/public_html/hex_sym404/root/lib64 HTTP/1.1" 200 6077 "-" "Mozilla/5.0 (compatible; MJ12bot/v1.4.8; http://mj12bot.com/)"
51.75.119.151 - - [14/Jun/2025:17:46:12 +0300] "GET /smini.php?action=edit&file=libxcb-dri3.so&belekmata=/home/coinhaber/public_html/hex_sym404/root/lib64 HTTP/1.1" 200 5831 "-" "Mozilla/5.0 (compatible; MJ12bot/v1.4.8; http://mj12bot.com/)"
158.220.124.129 - - [14/Jun/2025:17:44:27 +0300] "GET /smini.php?action=edit&file=libxcb.so.1&belekmata=/home/coinhaber/public_html/hex_sym404/root/lib64 HTTP/1.1" 200 47950 "-" "Mozilla/5.0 (compatible; MJ12bot/v1.4.8; http://mj12bot.com/)"
157.55.39.10 - - [14/Jun/2025:17:45:29 +0300] "GET /index.php?shopdetail/12975139852 HTTP/2" 404 1251 "-" "Mozilla/5.0 AppleWebKit/537.36 (KHTML, like Gecko; compatible; bingbot/2.0; +http://www.bing.com/bingbot.htm) Chrome/116.0.1938.76 Safari/537.36"
158.220.124.129 - - [14/Jun/2025:17:45:37 +0300] "GET /smini.php?action=edit&file=libxdot.so.4&belekmata=/home/coinhaber/public_html/hex_sym404/root/lib64 HTTP/1.1" 200 9413 "-" "Mozilla/5.0 (compatible; MJ12bot/v1.4.8; http://mj12bot.com/)"
158.220.124.129 - - [14/Jun/2025:17:46:53 +0300] "GET /smini.php?action=edit&file=libxkbcommon.so.0&belekmata=/home/coinhaber/public_html/hex_sym404/root/lib64 HTTP/1.1" 200 104371 "-" "Mozilla/5.0 (compatible; MJ12bot/v1.4.8; http://mj12bot.com/)"
51.75.119.151 - - [14/Jun/2025:17:46:58 +0300] "GET /smini.php?action=edit&file=libxcb-present.so.0&belekmata=/home/coinhaber/public_html/hex_sym404/root/lib64 HTTP/1.1" 200 4755 "-" "Mozilla/5.0 (compatible; MJ12bot/v1.4.8; http://mj12bot.com/)"
51.75.119.151 - - [14/Jun/2025:17:47:05 +0300] "GET /smini.php?action=edit&file=libxcb-present.so.0.0.0&belekmata=/home/coinhaber/public_html/hex_sym404/root/lib64 HTTP/1.1" 200 4780 "-" "Mozilla/5.0 (compatible; MJ12bot/v1.4.8; http://mj12bot.com/)"
52.167.144.149 - - [14/Jun/2025:17:47:09 +0300] "GET /index.php?shopdetail/75291192380 HTTP/2" 404 1251 "-" "Mozilla/5.0 AppleWebKit/537.36 (KHTML, like Gecko; compatible; bingbot/2.0; +http://www.bing.com/bingbot.htm) Chrome/116.0.1938.76 Safari/537.36"
158.220.124.129 - - [14/Jun/2025:17:47:17 +0300] "GET /smini.php?action=edit&file=libxkbcommon.so.0.0.0&belekmata=/home/coinhaber/public_html/hex_sym404/root/lib64 HTTP/1.1" 200 104278 "-" "Mozilla/5.0 (compatible; MJ12bot/v1.4.8; http://mj12bot.com/)"
51.75.119.151 - - [14/Jun/2025:17:47:18 +0300] "GET /smini.php?action=edit&file=libxcb-randr.so&belekmata=/home/coinhaber/public_html/hex_sym404/root/lib64 HTTP/1.1" 200 16683 "-" "Mozilla/5.0 (compatible; MJ12bot/v1.4.8; http://mj12bot.com/)"
52.167.144.149 - - [14/Jun/2025:17:47:19 +0300] "GET /index.php?shopdetail/34419232057 HTTP/2" 404 1251 "-" "Mozilla/5.0 AppleWebKit/537.36 (KHTML, like Gecko; compatible; bingbot/2.0; +http://www.bing.com/bingbot.htm) Chrome/116.0.1938.76 Safari/537.36"
66.249.64.128 - - [14/Jun/2025:17:47:22 +0300] "GET /ammika.php?5340420245.htm HTTP/1.1" 404 1251 "-" "Mozilla/5.0 (Linux; Android 6.0.1; Nexus 5X Build/MMB29P) AppleWebKit/537.36 (KHTML, like Gecko) Chrome/136.0.7103.113 Mobile Safari/537.36 (compatible; Googlebot/2.1; +http://www.google.com/bot.html)"
51.75.119.151 - - [14/Jun/2025:17:47:23 +0300] "GET /smini.php?action=edit&file=libxcb-randr.so.0&belekmata=/home/coinhaber/public_html/hex_sym404/root/lib64 HTTP/1.1" 200 16622 "-" "Mozilla/5.0 (compatible; MJ12bot/v1.4.8; http://mj12bot.com/)"
51.75.119.151 - - [14/Jun/2025:17:47:28 +0300] "GET /smini.php?action=edit&file=libxcb-randr.so.0.1.0&belekmata=/home/coinhaber/public_html/hex_sym404/root/lib64 HTTP/1.1" 200 16644 "-" "Mozilla/5.0 (compatible; MJ12bot/v1.4.8; http://mj12bot.com/)"
51.75.119.151 - - [14/Jun/2025:17:47:35 +0300] "GET /smini.php?action=edit&file=libxcb-record.so&belekmata=/home/coinhaber/public_html/hex_sym404/root/lib64 HTTP/1.1" 200 6233 "-" "Mozilla/5.0 (compatible; MJ12bot/v1.4.8; http://mj12bot.com/)"
157.55.39.10 - - [14/Jun/2025:17:47:40 +0300] "GET /index.php?shopdetail/13459137108 HTTP/2" 404 1251 "-" "Mozilla/5.0 AppleWebKit/537.36 (KHTML, like Gecko; compatible; bingbot/2.0; +http://www.bing.com/bingbot.htm) Chrome/116.0.1938.76 Safari/537.36"
51.75.119.151 - - [14/Jun/2025:17:47:41 +0300] "GET /smini.php?action=edit&file=libxcb-record.so.0&belekmata=/home/coinhaber/public_html/hex_sym404/root/lib64 HTTP/1.1" 200 6203 "-" "Mozilla/5.0 (compatible; MJ12bot/v1.4.8; http://mj12bot.com/)"
51.75.119.151 - - [14/Jun/2025:17:47:46 +0300] "GET /smini.php?action=edit&file=libxcb-record.so.0.0.0&belekmata=/home/coinhaber/public_html/hex_sym404/root/lib64 HTTP/1.1" 200 6225 "-" "Mozilla/5.0 (compatible; MJ12bot/v1.4.8; http://mj12bot.com/)"
51.75.119.151 - - [14/Jun/2025:17:47:53 +0300] "GET /smini.php?action=edit&file=libxcb-render.so&belekmata=/home/coinhaber/public_html/hex_sym404/root/lib64 HTTP/1.1" 200 14550 "-" "Mozilla/5.0 (compatible; MJ12bot/v1.4.8; http://mj12bot.com/)"
51.75.119.151 - - [14/Jun/2025:17:47:58 +0300] "GET /smini.php?action=edit&file=libxcb-render.so.0&belekmata=/home/coinhaber/public_html/hex_sym404/root/lib64 HTTP/1.1" 200 14578 "-" "Mozilla/5.0 (compatible; MJ12bot/v1.4.8; http://mj12bot.com/)"
57.141.0.15 - - [14/Jun/2025:17:48:10 +0300] "GET /index.php?shopdetail/48730225535 HTTP/2" 404 1251 "-" "meta-externalagent/1.1 (+https://developers.facebook.com/docs/sharing/webmasters/crawler)"
51.75.119.151 - - [14/Jun/2025:17:48:57 +0300] "GET /smini.php?action=edit&file=libxcb-render.so.0.0.0&belekmata=/home/coinhaber/public_html/hex_sym404/root/lib64 HTTP/1.1" 200 14586 "-" "Mozilla/5.0 (compatible; MJ12bot/v1.4.8; http://mj12bot.com/)"
51.75.119.151 - - [14/Jun/2025:17:49:01 +0300] "GET /smini.php?action=edit&file=libxcb-res.so&belekmata=/home/coinhaber/public_html/hex_sym404/root/lib64 HTTP/1.1" 200 5648 "-" "Mozilla/5.0 (compatible; MJ12bot/v1.4.8; http://mj12bot.com/)"
51.75.119.151 - - [14/Jun/2025:17:49:05 +0300] "GET /smini.php?action=edit&file=libxcb-res.so.0&belekmata=/home/coinhaber/public_html/hex_sym404/root/lib64 HTTP/1.1" 200 5672 "-" "Mozilla/5.0 (compatible; MJ12bot/v1.4.8; http://mj12bot.com/)"
51.75.119.151 - - [14/Jun/2025:17:49:11 +0300] "GET /smini.php?action=edit&file=libxcb-res.so.0.0.0&belekmata=/home/coinhaber/public_html/hex_sym404/root/lib64 HTTP/1.1" 200 5640 "-" "Mozilla/5.0 (compatible; MJ12bot/v1.4.8; http://mj12bot.com/)"
51.75.119.151 - - [14/Jun/2025:17:49:17 +0300] "GET /smini.php?action=edit&file=libxcb-screensaver.so&belekmata=/home/coinhaber/public_html/hex_sym404/root/lib64 HTTP/1.1" 200 5314 "-" "Mozilla/5.0 (compatible; MJ12bot/v1.4.8; http://mj12bot.com/)"
158.220.124.129 - - [14/Jun/2025:17:49:22 +0300] "GET /smini.php?action=edit&file=libxslt.so&belekmata=/home/coinhaber/public_html/hex_sym404/root/lib64 HTTP/1.1" 200 105517 "-" "Mozilla/5.0 (compatible; MJ12bot/v1.4.8; http://mj12bot.com/)"
57.141.0.15 - - [14/Jun/2025:17:49:25 +0300] "GET /index.php?shopdetail/4873047247 HTTP/2" 404 1251 "-" "meta-externalagent/1.1 (+https://developers.facebook.com/docs/sharing/webmasters/crawler)"
51.75.119.151 - - [14/Jun/2025:17:49:25 +0300] "GET /smini.php?action=edit&file=libxcb-screensaver.so.0&belekmata=/home/coinhaber/public_html/hex_sym404/root/lib64 HTTP/1.1" 200 5305 "-" "Mozilla/5.0 (compatible; MJ12bot/v1.4.8; http://mj12bot.com/)"
51.75.119.151 - - [14/Jun/2025:17:49:31 +0300] "GET /smini.php?action=edit&file=libxcb-screensaver.so.0.0.0&belekmata=/home/coinhaber/public_html/hex_sym404/root/lib64 HTTP/1.1" 200 5310 "-" "Mozilla/5.0 (compatible; MJ12bot/v1.4.8; http://mj12bot.com/)"
51.75.119.151 - - [14/Jun/2025:17:49:36 +0300] "GET /smini.php?action=edit&file=libxcb-shape.so&belekmata=/home/coinhaber/public_html/hex_sym404/root/lib64 HTTP/1.1" 200 5172 "-" "Mozilla/5.0 (compatible; MJ12bot/v1.4.8; http://mj12bot.com/)"
51.75.119.151 - - [14/Jun/2025:17:49:41 +0300] "GET /smini.php?action=edit&file=libxcb-shape.so.0&belekmata=/home/coinhaber/public_html/hex_sym404/root/lib64 HTTP/1.1" 200 5193 "-" "Mozilla/5.0 (compatible; MJ12bot/v1.4.8; http://mj12bot.com/)"
51.75.119.151 - - [14/Jun/2025:17:49:49 +0300] "GET /smini.php?action=edit&file=libxcb-shape.so.0.0.0&belekmata=/home/coinhaber/public_html/hex_sym404/root/lib64 HTTP/1.1" 200 5188 "-" "Mozilla/5.0 (compatible; MJ12bot/v1.4.8; http://mj12bot.com/)"
51.75.119.151 - - [14/Jun/2025:17:49:56 +0300] "GET /smini.php?action=edit&file=libxcb-shm.so&belekmata=/home/coinhaber/public_html/hex_sym404/root/lib64 HTTP/1.1" 200 4921 "-" "Mozilla/5.0 (compatible; MJ12bot/v1.4.8; http://mj12bot.com/)"
57.141.0.2 - - [14/Jun/2025:17:49:58 +0300] "GET /index.php?shopdetail/75291111159 HTTP/2" 404 1251 "-" "meta-externalagent/1.1 (+https://developers.facebook.com/docs/sharing/webmasters/crawler)"
51.75.119.151 - - [14/Jun/2025:17:50:00 +0300] "GET /smini.php?action=edit&file=libxcb-shm.so.0&belekmata=/home/coinhaber/public_html/hex_sym404/root/lib64 HTTP/1.1" 200 4912 "-" "Mozilla/5.0 (compatible; MJ12bot/v1.4.8; http://mj12bot.com/)"
51.75.119.151 - - [14/Jun/2025:17:50:03 +0300] "GET /smini.php?action=edit&file=libxcb-shm.so.0.0.0&belekmata=/home/coinhaber/public_html/hex_sym404/root/lib64 HTTP/1.1" 200 4914 "-" "Mozilla/5.0 (compatible; MJ12bot/v1.4.8; http://mj12bot.com/)"
57.141.0.18 - - [14/Jun/2025:17:50:07 +0300] "GET /index.php?shopdetail/75291146898 HTTP/2" 404 1251 "-" "meta-externalagent/1.1 (+https://developers.facebook.com/docs/sharing/webmasters/crawler)"
57.141.0.23 - - [14/Jun/2025:17:47:26 +0300] "GET /index.php?shopdetail/75291135953 HTTP/2" 404 1251 "-" "meta-externalagent/1.1 (+https://developers.facebook.com/docs/sharing/webmasters/crawler)"
158.220.124.129 - - [14/Jun/2025:17:47:38 +0300] "GET /smini.php?action=edit&file=libxml2.so&belekmata=/home/coinhaber/public_html/hex_sym404/root/lib64 HTTP/1.1" 200 614638 "-" "Mozilla/5.0 (compatible; MJ12bot/v1.4.8; http://mj12bot.com/)"
52.167.144.213 - - [14/Jun/2025:17:48:10 +0300] "GET /index.php?shopdetail/13459272853 HTTP/2" 404 1251 "-" "Mozilla/5.0 AppleWebKit/537.36 (KHTML, like Gecko; compatible; bingbot/2.0; +http://www.bing.com/bingbot.htm) Chrome/116.0.1938.76 Safari/537.36"
57.141.0.11 - - [14/Jun/2025:17:48:14 +0300] "GET /index.php?shopdetail/48730209191 HTTP/2" 404 1251 "-" "meta-externalagent/1.1 (+https://developers.facebook.com/docs/sharing/webmasters/crawler)"
158.220.124.129 - - [14/Jun/2025:17:48:17 +0300] "GET /smini.php?action=edit&file=libxml2.so.2&belekmata=/home/coinhaber/public_html/hex_sym404/root/lib64 HTTP/1.1" 200 615355 "-" "Mozilla/5.0 (compatible; MJ12bot/v1.4.8; http://mj12bot.com/)"
57.141.0.29 - - [14/Jun/2025:17:48:28 +0300] "GET /index.php?shopdetail/48730255010 HTTP/2" 404 1251 "-" "meta-externalagent/1.1 (+https://developers.facebook.com/docs/sharing/webmasters/crawler)"
209.141.36.186 - - [14/Jun/2025:17:48:39 +0300] "GET /wp-login.php HTTP/1.1" 302 0 "-" "Mozilla/5.0 (X11; Linux x86_64) AppleWebKit/537.36 (KHTML, like Gecko) Ubuntu Chromium/36.0.1985.125 Chrome/36.0.1985.125 Safari/537.36"
57.141.0.11 - - [14/Jun/2025:17:48:47 +0300] "GET /index.php?shopdetail/1345912920 HTTP/2" 404 1251 "-" "meta-externalagent/1.1 (+https://developers.facebook.com/docs/sharing/webmasters/crawler)"
157.55.39.10 - - [14/Jun/2025:17:48:54 +0300] "GET /index.php?shopdetail/13459192143 HTTP/2" 404 1251 "-" "Mozilla/5.0 AppleWebKit/537.36 (KHTML, like Gecko; compatible; bingbot/2.0; +http://www.bing.com/bingbot.htm) Chrome/116.0.1938.76 Safari/537.36"
157.55.39.10 - - [14/Jun/2025:17:48:54 +0300] "GET /index.php?shopdetail/1345941023 HTTP/2" 404 1251 "-" "Mozilla/5.0 AppleWebKit/537.36 (KHTML, like Gecko; compatible; bingbot/2.0; +http://www.bing.com/bingbot.htm) Chrome/116.0.1938.76 Safari/537.36"
158.220.124.129 - - [14/Jun/2025:17:48:53 +0300] "GET /smini.php?action=edit&file=libxml2.so.2.9.7&belekmata=/home/coinhaber/public_html/hex_sym404/root/lib64 HTTP/1.1" 200 614951 "-" "Mozilla/5.0 (compatible; MJ12bot/v1.4.8; http://mj12bot.com/)"
57.141.0.13 - - [14/Jun/2025:17:48:57 +0300] "GET /index.php?shopdetail/4873095122 HTTP/2" 404 1251 "-" "meta-externalagent/1.1 (+https://developers.facebook.com/docs/sharing/webmasters/crawler)"
209.141.36.186 - - [14/Jun/2025:17:48:46 +0300] "GET /wp-admin/install.php HTTP/1.1" 200 8213 "-" "Mozilla/5.0 (X11; Linux x86_64) AppleWebKit/537.36 (KHTML, like Gecko) Ubuntu Chromium/36.0.1985.125 Chrome/36.0.1985.125 Safari/537.36"
66.249.64.129 - - [14/Jun/2025:17:49:07 +0300] "GET /ammika.php?53920123534.htm HTTP/1.1" 404 1251 "-" "Mozilla/5.0 (Linux; Android 6.0.1; Nexus 5X Build/MMB29P) AppleWebKit/537.36 (KHTML, like Gecko) Chrome/136.0.7103.113 Mobile Safari/537.36 (compatible; Googlebot/2.1; +http://www.google.com/bot.html)"
57.141.0.12 - - [14/Jun/2025:17:49:24 +0300] "GET /index.php?shopdetail/4475478280 HTTP/2" 404 1251 "-" "meta-externalagent/1.1 (+https://developers.facebook.com/docs/sharing/webmasters/crawler)"
158.220.124.129 - - [14/Jun/2025:17:49:55 +0300] "GET /smini.php?action=edit&file=libxslt.so.1&belekmata=/home/coinhaber/public_html/hex_sym404/root/lib64 HTTP/1.1" 200 105507 "-" "Mozilla/5.0 (compatible; MJ12bot/v1.4.8; http://mj12bot.com/)"
