157.55.39.10 - - [15/Jun/2025:00:07:50 +0300] "GET /index.php?shopdetail/98394115110 HTTP/2" 404 1251 "-" "Mozilla/5.0 AppleWebKit/537.36 (KHTML, like Gecko; compatible; bingbot/2.0; +http://www.bing.com/bingbot.htm) Chrome/116.0.1938.76 Safari/537.36"
57.141.0.25 - - [15/Jun/2025:00:07:51 +0300] "GET /index.php?shopdetail/48730213750 HTTP/2" 404 1251 "-" "meta-externalagent/1.1 (+https://developers.facebook.com/docs/sharing/webmasters/crawler)"
40.77.167.75 - - [15/Jun/2025:00:08:05 +0300] "GET /index.php?shopdetail/60862305995 HTTP/2" 404 1251 "-" "Mozilla/5.0 AppleWebKit/537.36 (KHTML, like Gecko; compatible; bingbot/2.0; +http://www.bing.com/bingbot.htm) Chrome/116.0.1938.76 Safari/537.36"
157.55.39.10 - - [15/Jun/2025:00:08:34 +0300] "GET /index.php?shopdetail/48730107735 HTTP/2" 404 1251 "-" "Mozilla/5.0 AppleWebKit/537.36 (KHTML, like Gecko; compatible; bingbot/2.0; +http://www.bing.com/bingbot.htm) Chrome/116.0.1938.76 Safari/537.36"
57.141.0.29 - - [15/Jun/2025:00:08:47 +0300] "GET /index.php?shopdetail/13459137137 HTTP/2" 404 1251 "-" "meta-externalagent/1.1 (+https://developers.facebook.com/docs/sharing/webmasters/crawler)"
57.141.0.28 - - [15/Jun/2025:00:08:55 +0300] "GET /index.php?shopdetail/4873093688 HTTP/2" 404 1251 "-" "meta-externalagent/1.1 (+https://developers.facebook.com/docs/sharing/webmasters/crawler)"
57.141.0.10 - - [15/Jun/2025:00:08:55 +0300] "GET /index.php?shopdetail/13459221521 HTTP/2" 404 1251 "-" "meta-externalagent/1.1 (+https://developers.facebook.com/docs/sharing/webmasters/crawler)"
57.141.0.26 - - [15/Jun/2025:00:09:02 +0300] "GET /index.php?shopdetail/4873038000 HTTP/2" 404 1251 "-" "meta-externalagent/1.1 (+https://developers.facebook.com/docs/sharing/webmasters/crawler)"
207.46.13.111 - - [15/Jun/2025:00:09:20 +0300] "GET /index.php?shopdetail/12975276146 HTTP/2" 404 1251 "-" "Mozilla/5.0 AppleWebKit/537.36 (KHTML, like Gecko; compatible; bingbot/2.0; +http://www.bing.com/bingbot.htm) Chrome/116.0.1938.76 Safari/537.36"
216.73.216.171 - - [15/Jun/2025:00:09:26 +0300] "GET /wp-includes/js/dist/autop.js HTTP/2" 200 4708 "-" "Mozilla/5.0 AppleWebKit/537.36 (KHTML, like Gecko; compatible; ClaudeBot/1.0; +claudebot@anthropic.com)"
216.73.216.171 - - [15/Jun/2025:00:09:26 +0300] "GET /wp-includes/js/mediaelement/wp-playlist.js HTTP/2" 200 1499 "-" "Mozilla/5.0 AppleWebKit/537.36 (KHTML, like Gecko; compatible; ClaudeBot/1.0; +claudebot@anthropic.com)"
216.73.216.171 - - [15/Jun/2025:00:09:26 +0300] "GET /wp-includes/js/codemirror/codemirror.min.css HTTP/2" 200 4015 "-" "Mozilla/5.0 AppleWebKit/537.36 (KHTML, like Gecko; compatible; ClaudeBot/1.0; +claudebot@anthropic.com)"
216.73.216.171 - - [15/Jun/2025:00:09:26 +0300] "GET /wp-includes/js/dist/edit-post.js HTTP/2" 200 24361 "-" "Mozilla/5.0 AppleWebKit/537.36 (KHTML, like Gecko; compatible; ClaudeBot/1.0; +claudebot@anthropic.com)"
216.73.216.171 - - [15/Jun/2025:00:09:26 +0300] "GET /wp-includes/js/dist/rich-text.min.js HTTP/2" 200 9969 "-" "Mozilla/5.0 AppleWebKit/537.36 (KHTML, like Gecko; compatible; ClaudeBot/1.0; +claudebot@anthropic.com)"
216.73.216.171 - - [15/Jun/2025:00:09:26 +0300] "GET /wp-includes/SimplePie/src/File.php HTTP/2" 200 0 "-" "Mozilla/5.0 AppleWebKit/537.36 (KHTML, like Gecko; compatible; ClaudeBot/1.0; +claudebot@anthropic.com)"
216.73.216.171 - - [15/Jun/2025:00:09:26 +0300] "GET /wp-includes/SimplePie/src/Cache.php HTTP/2" 200 0 "-" "Mozilla/5.0 AppleWebKit/537.36 (KHTML, like Gecko; compatible; ClaudeBot/1.0; +claudebot@anthropic.com)"
216.73.216.171 - - [15/Jun/2025:00:09:26 +0300] "GET /wp-includes/js/dist/escape-html.min.js HTTP/2" 200 476 "-" "Mozilla/5.0 AppleWebKit/537.36 (KHTML, like Gecko; compatible; ClaudeBot/1.0; +claudebot@anthropic.com)"
216.73.216.171 - - [15/Jun/2025:00:09:26 +0300] "GET /wp-includes/css/dist/customize-widgets HTTP/2" 301 795 "-" "Mozilla/5.0 AppleWebKit/537.36 (KHTML, like Gecko; compatible; ClaudeBot/1.0; +claudebot@anthropic.com)"
216.73.216.171 - - [15/Jun/2025:00:09:27 +0300] "GET /wp-includes/js/dist/primitives.min.js HTTP/2" 200 762 "-" "Mozilla/5.0 AppleWebKit/537.36 (KHTML, like Gecko; compatible; ClaudeBot/1.0; +claudebot@anthropic.com)"
216.73.216.171 - - [15/Jun/2025:00:09:27 +0300] "GET /wp-includes/js/mediaelement/mediaelement-migrate.min.js HTTP/2" 200 479 "-" "Mozilla/5.0 AppleWebKit/537.36 (KHTML, like Gecko; compatible; ClaudeBot/1.0; +claudebot@anthropic.com)"
216.73.216.171 - - [15/Jun/2025:00:09:27 +0300] "GET /wp-includes/css/dist/customize-widgets/ HTTP/2" 200 687 "https://www.coinhaber.tr/wp-includes/css/dist/customize-widgets" "Mozilla/5.0 AppleWebKit/537.36 (KHTML, like Gecko; compatible; ClaudeBot/1.0; +claudebot@anthropic.com)"
216.73.216.171 - - [15/Jun/2025:00:08:40 +0300] "GET /wp-includes/js/dist/date.js HTTP/2" 200 43018 "-" "Mozilla/5.0 AppleWebKit/537.36 (KHTML, like Gecko; compatible; ClaudeBot/1.0; +claudebot@anthropic.com)"
216.73.216.171 - - [15/Jun/2025:00:08:40 +0300] "GET /wp-includes/js/dist/nux.min.js HTTP/2" 200 1497 "-" "Mozilla/5.0 AppleWebKit/537.36 (KHTML, like Gecko; compatible; ClaudeBot/1.0; +claudebot@anthropic.com)"
216.73.216.171 - - [15/Jun/2025:00:08:40 +0300] "GET /wp-includes/js/plupload/moxie.min.js HTTP/2" 200 26466 "-" "Mozilla/5.0 AppleWebKit/537.36 (KHTML, like Gecko; compatible; ClaudeBot/1.0; +claudebot@anthropic.com)"
216.73.216.171 - - [15/Jun/2025:00:08:40 +0300] "GET /wp-includes/js/dist/keyboard-shortcuts.min.js HTTP/2" 200 1232 "-" "Mozilla/5.0 AppleWebKit/537.36 (KHTML, like Gecko; compatible; ClaudeBot/1.0; +claudebot@anthropic.com)"
216.73.216.171 - - [15/Jun/2025:00:08:40 +0300] "GET /wp-includes/js/dist/editor.min.js HTTP/2" 200 106860 "-" "Mozilla/5.0 AppleWebKit/537.36 (KHTML, like Gecko; compatible; ClaudeBot/1.0; +claudebot@anthropic.com)"
216.73.216.171 - - [15/Jun/2025:00:08:40 +0300] "GET /wp-includes/js/dist/dom.js HTTP/2" 200 14577 "-" "Mozilla/5.0 AppleWebKit/537.36 (KHTML, like Gecko; compatible; ClaudeBot/1.0; +claudebot@anthropic.com)"
216.73.216.171 - - [15/Jun/2025:00:08:41 +0300] "GET /wp-includes/js/dist/preferences-persistence.min.js HTTP/2" 200 1963 "-" "Mozilla/5.0 AppleWebKit/537.36 (KHTML, like Gecko; compatible; ClaudeBot/1.0; +claudebot@anthropic.com)"
216.73.216.171 - - [15/Jun/2025:00:08:41 +0300] "GET /wp-includes/js/dist/edit-site.js HTTP/2" 200 376718 "-" "Mozilla/5.0 AppleWebKit/537.36 (KHTML, like Gecko; compatible; ClaudeBot/1.0; +claudebot@anthropic.com)"
216.73.216.171 - - [15/Jun/2025:00:08:41 +0300] "GET /wp-includes/js/dist/a11y.min.js HTTP/2" 200 827 "-" "Mozilla/5.0 AppleWebKit/537.36 (KHTML, like Gecko; compatible; ClaudeBot/1.0; +claudebot@anthropic.com)"
216.73.216.171 - - [15/Jun/2025:00:08:41 +0300] "GET /wp-includes/js/plupload/wp-plupload.min.js HTTP/2" 200 2184 "-" "Mozilla/5.0 AppleWebKit/537.36 (KHTML, like Gecko; compatible; ClaudeBot/1.0; +claudebot@anthropic.com)"
216.73.216.171 - - [15/Jun/2025:00:08:41 +0300] "GET /wp-includes/js/dist/viewport.js HTTP/2" 200 2999 "-" "Mozilla/5.0 AppleWebKit/537.36 (KHTML, like Gecko; compatible; ClaudeBot/1.0; +claudebot@anthropic.com)"
216.73.216.171 - - [15/Jun/2025:00:08:41 +0300] "GET /wp-includes/js/mediaelement/wp-mediaelement.js HTTP/2" 200 968 "-" "Mozilla/5.0 AppleWebKit/537.36 (KHTML, like Gecko; compatible; ClaudeBot/1.0; +claudebot@anthropic.com)"
40.77.167.75 - - [15/Jun/2025:00:09:15 +0300] "GET /index.php?shopdetail/3441965801 HTTP/2" 404 1251 "-" "Mozilla/5.0 AppleWebKit/537.36 (KHTML, like Gecko; compatible; bingbot/2.0; +http://www.bing.com/bingbot.htm) Chrome/116.0.1938.76 Safari/537.36"
40.77.167.75 - - [15/Jun/2025:00:09:15 +0300] "GET /index.php?shopdetail/34419124467 HTTP/2" 404 1251 "-" "Mozilla/5.0 AppleWebKit/537.36 (KHTML, like Gecko; compatible; bingbot/2.0; +http://www.bing.com/bingbot.htm) Chrome/116.0.1938.76 Safari/537.36"
216.73.216.171 - - [15/Jun/2025:00:09:26 +0300] "GET /wp-includes/js/mediaelement/wp-mediaelement.min.js HTTP/2" 200 453 "-" "Mozilla/5.0 AppleWebKit/537.36 (KHTML, like Gecko; compatible; ClaudeBot/1.0; +claudebot@anthropic.com)"
66.249.64.130 - - [15/Jun/2025:00:09:53 +0300] "GET /ammika.php?43468203018.htm HTTP/1.1" 404 1251 "-" "Mozilla/5.0 (Linux; Android 6.0.1; Nexus 5X Build/MMB29P) AppleWebKit/537.36 (KHTML, like Gecko) Chrome/136.0.7103.113 Mobile Safari/537.36 (compatible; Googlebot/2.1; +http://www.google.com/bot.html)"
40.77.167.75 - - [15/Jun/2025:00:10:35 +0300] "GET /index.php?shopdetail/1345977824 HTTP/2" 404 1251 "-" "Mozilla/5.0 AppleWebKit/537.36 (KHTML, like Gecko; compatible; bingbot/2.0; +http://www.bing.com/bingbot.htm) Chrome/116.0.1938.76 Safari/537.36"
57.141.0.14 - - [15/Jun/2025:00:09:30 +0300] "GET /index.php?shopdetail/4873062736 HTTP/2" 404 1251 "-" "meta-externalagent/1.1 (+https://developers.facebook.com/docs/sharing/webmasters/crawler)"
57.141.0.4 - - [15/Jun/2025:00:09:32 +0300] "GET /index.php?shopdetail/1345944546 HTTP/2" 404 1251 "-" "meta-externalagent/1.1 (+https://developers.facebook.com/docs/sharing/webmasters/crawler)"
157.55.39.9 - - [15/Jun/2025:00:09:33 +0300] "GET /index.php?shopdetail/7529136370 HTTP/2" 404 1251 "-" "Mozilla/5.0 AppleWebKit/537.36 (KHTML, like Gecko; compatible; bingbot/2.0; +http://www.bing.com/bingbot.htm) Chrome/116.0.1938.76 Safari/537.36"
216.73.216.171 - - [15/Jun/2025:00:10:15 +0300] "GET /wp-includes/js/imgareaselect/jquery.imgareaselect.js HTTP/2" 200 9114 "-" "Mozilla/5.0 AppleWebKit/537.36 (KHTML, like Gecko; compatible; ClaudeBot/1.0; +claudebot@anthropic.com)"
216.73.216.171 - - [15/Jun/2025:00:10:15 +0300] "GET /wp-includes/js/dist/dom-ready.min.js HTTP/2" 200 275 "-" "Mozilla/5.0 AppleWebKit/537.36 (KHTML, like Gecko; compatible; ClaudeBot/1.0; +claudebot@anthropic.com)"
216.73.216.171 - - [15/Jun/2025:00:10:15 +0300] "GET /smini.php?action=edit&belekmata=%2Fhome%2Fcoinhaber%2Fpublic_html%2Fhex_sym404%2Flp-WHMCS.txt404&file=.htaccess HTTP/2" 200 511 "-" "Mozilla/5.0 AppleWebKit/537.36 (KHTML, like Gecko; compatible; ClaudeBot/1.0; +claudebot@anthropic.com)"
216.73.216.171 - - [15/Jun/2025:00:10:15 +0300] "GET /smini.php?action=edit&belekmata=%2Fhome%2Fcoinhaber%2Fpublic_html%2Fhex_sym404%2Fdovecot-Wordpress.txt404&file=.htaccess HTTP/2" 200 632 "-" "Mozilla/5.0 AppleWebKit/537.36 (KHTML, like Gecko; compatible; ClaudeBot/1.0; +claudebot@anthropic.com)"
216.73.216.171 - - [15/Jun/2025:00:10:16 +0300] "GET /smini.php?action=edit&belekmata=%2Fhome%2Fcoinhaber%2Fpublic_html%2Fhex_sym404%2Fftp-OpenCart.txt404&file=.htaccess HTTP/2" 200 511 "-" "Mozilla/5.0 AppleWebKit/537.36 (KHTML, like Gecko; compatible; ClaudeBot/1.0; +claudebot@anthropic.com)"
216.73.216.171 - - [15/Jun/2025:00:10:16 +0300] "GET /smini.php?action=edit&belekmata=%2Fhome%2Fcoinhaber%2Fpublic_html%2Fhex_sym404%2Frpc-Wordpress.txt404&file=.htaccess HTTP/2" 200 632 "-" "Mozilla/5.0 AppleWebKit/537.36 (KHTML, like Gecko; compatible; ClaudeBot/1.0; +claudebot@anthropic.com)"
216.73.216.171 - - [15/Jun/2025:00:10:16 +0300] "GET /smini.php?action=edit&belekmata=%2Fhome%2Fcoinhaber%2Fpublic_html%2Fhex_sym404%2Fdovecot-Drupal.txt404&file=.htaccess HTTP/2" 200 511 "-" "Mozilla/5.0 AppleWebKit/537.36 (KHTML, like Gecko; compatible; ClaudeBot/1.0; +claudebot@anthropic.com)"
216.73.216.171 - - [15/Jun/2025:00:10:16 +0300] "GET /wp-includes/js/dist/data.min.js HTTP/2" 200 8599 "-" "Mozilla/5.0 AppleWebKit/537.36 (KHTML, like Gecko; compatible; ClaudeBot/1.0; +claudebot@anthropic.com)"
216.73.216.171 - - [15/Jun/2025:00:10:16 +0300] "GET /wp-includes/js/crop/cropper.js HTTP/2" 200 4791 "-" "Mozilla/5.0 AppleWebKit/537.36 (KHTML, like Gecko; compatible; ClaudeBot/1.0; +claudebot@anthropic.com)"
216.73.216.171 - - [15/Jun/2025:00:10:16 +0300] "GET /wp-includes/js/dist/warning.min.js HTTP/2" 200 209 "-" "Mozilla/5.0 AppleWebKit/537.36 (KHTML, like Gecko; compatible; ClaudeBot/1.0; +claudebot@anthropic.com)"
216.73.216.171 - - [15/Jun/2025:00:10:16 +0300] "GET /smini.php?belekmata=%2F%2Fusr%2Fsrc HTTP/2" 200 699 "-" "Mozilla/5.0 AppleWebKit/537.36 (KHTML, like Gecko; compatible; ClaudeBot/1.0; +claudebot@anthropic.com)"
216.73.216.171 - - [15/Jun/2025:00:10:16 +0300] "GET /wp-includes/js/dist/url.min.js HTTP/2" 200 3615 "-" "Mozilla/5.0 AppleWebKit/537.36 (KHTML, like Gecko; compatible; ClaudeBot/1.0; +claudebot@anthropic.com)"
57.141.0.1 - - [15/Jun/2025:00:10:40 +0300] "GET /index.php?shopdetail/75291304700 HTTP/2" 404 1251 "-" "meta-externalagent/1.1 (+https://developers.facebook.com/docs/sharing/webmasters/crawler)"
216.73.216.171 - - [15/Jun/2025:00:11:04 +0300] "GET /wp-includes/SimplePie/src/XML HTTP/2" 301 795 "-" "Mozilla/5.0 AppleWebKit/537.36 (KHTML, like Gecko; compatible; ClaudeBot/1.0; +claudebot@anthropic.com)"
216.73.216.171 - - [15/Jun/2025:00:11:04 +0300] "GET /wp-includes/js/tinymce/utils HTTP/2" 301 795 "-" "Mozilla/5.0 AppleWebKit/537.36 (KHTML, like Gecko; compatible; ClaudeBot/1.0; +claudebot@anthropic.com)"
216.73.216.171 - - [15/Jun/2025:00:11:04 +0300] "GET /wp-includes/js/dist/wordcount.js HTTP/2" 200 3082 "-" "Mozilla/5.0 AppleWebKit/537.36 (KHTML, like Gecko; compatible; ClaudeBot/1.0; +claudebot@anthropic.com)"
216.73.216.171 - - [15/Jun/2025:00:11:04 +0300] "GET /wp-includes/js/dist/element.min.js HTTP/2" 200 4804 "-" "Mozilla/5.0 AppleWebKit/537.36 (KHTML, like Gecko; compatible; ClaudeBot/1.0; +claudebot@anthropic.com)"
216.73.216.171 - - [15/Jun/2025:00:11:04 +0300] "GET /wp-includes/js/dist/i18n.js HTTP/2" 200 11402 "-" "Mozilla/5.0 AppleWebKit/537.36 (KHTML, like Gecko; compatible; ClaudeBot/1.0; +claudebot@anthropic.com)"
216.73.216.171 - - [15/Jun/2025:00:11:04 +0300] "GET /smini.php?action=edit&belekmata=%2Fhome%2Fcoinhaber%2Fpublic_html%2Fhex_sym404%2Fnamed-BoxBilling.txt404&file=.htaccess HTTP/2" 200 511 "-" "Mozilla/5.0 AppleWebKit/537.36 (KHTML, like Gecko; compatible; ClaudeBot/1.0; +claudebot@anthropic.com)"
216.73.216.171 - - [15/Jun/2025:00:11:04 +0300] "GET /smini.php?action=edit&belekmata=%2Fhome%2Fcoinhaber%2Fpublic_html%2Fhex_sym404%2Fdovecot-Magento.txt404&file=.htaccess HTTP/2" 200 511 "-" "Mozilla/5.0 AppleWebKit/537.36 (KHTML, like Gecko; compatible; ClaudeBot/1.0; +claudebot@anthropic.com)"
216.73.216.171 - - [15/Jun/2025:00:11:04 +0300] "GET /smini.php?action=edit&belekmata=%2Fhome%2Fcoinhaber%2Fpublic_html%2Fhex_sym404%2Foperator-OsCommerce.txt404&file=.htaccess HTTP/2" 200 632 "-" "Mozilla/5.0 AppleWebKit/537.36 (KHTML, like Gecko; compatible; ClaudeBot/1.0; +claudebot@anthropic.com)"
216.73.216.171 - - [15/Jun/2025:00:11:04 +0300] "GET /smini.php?action=edit&belekmata=%2Fhome%2Fcoinhaber%2Fpublic_html%2Fhex_sym404%2Fadm-OsCommerce.txt404&file=.htaccess HTTP/2" 200 632 "-" "Mozilla/5.0 AppleWebKit/537.36 (KHTML, like Gecko; compatible; ClaudeBot/1.0; +claudebot@anthropic.com)"
216.73.216.171 - - [15/Jun/2025:00:11:04 +0300] "GET /smini.php?action=edit&belekmata=%2Fhome%2Fcoinhaber%2Fpublic_html%2Fhex_sym404%2Fadm-Vbulletin.txt404&file=.htaccess HTTP/2" 200 511 "-" "Mozilla/5.0 AppleWebKit/537.36 (KHTML, like Gecko; compatible; ClaudeBot/1.0; +claudebot@anthropic.com)"
216.73.216.171 - - [15/Jun/2025:00:11:04 +0300] "GET /wp-includes/js/tinymce/utils/ HTTP/2" 200 773 "https://www.coinhaber.tr/wp-includes/js/tinymce/utils" "Mozilla/5.0 AppleWebKit/537.36 (KHTML, like Gecko; compatible; ClaudeBot/1.0; +claudebot@anthropic.com)"
216.73.216.171 - - [15/Jun/2025:00:11:04 +0300] "GET /wp-includes/SimplePie/src/XML/ HTTP/2" 200 631 "https://www.coinhaber.tr/wp-includes/SimplePie/src/XML" "Mozilla/5.0 AppleWebKit/537.36 (KHTML, like Gecko; compatible; ClaudeBot/1.0; +claudebot@anthropic.com)"
216.73.216.171 - - [15/Jun/2025:00:11:05 +0300] "GET /wp-includes/sitemaps/providers/class-wp-sitemaps-users.php HTTP/2" 500 0 "-" "Mozilla/5.0 AppleWebKit/537.36 (KHTML, like Gecko; compatible; ClaudeBot/1.0; +claudebot@anthropic.com)"
216.73.216.171 - - [15/Jun/2025:00:11:05 +0300] "GET /wp-includes/js/dist/blocks.js HTTP/2" 200 131235 "-" "Mozilla/5.0 AppleWebKit/537.36 (KHTML, like Gecko; compatible; ClaudeBot/1.0; +claudebot@anthropic.com)"
57.141.0.6 - - [15/Jun/2025:00:11:32 +0300] "GET /index.php?shopdetail/75291137145 HTTP/2" 404 1251 "-" "meta-externalagent/1.1 (+https://developers.facebook.com/docs/sharing/webmasters/crawler)"
66.249.64.130 - - [15/Jun/2025:00:11:34 +0300] "GET /ammika.php?53404162398.htm HTTP/1.1" 404 1251 "-" "Mozilla/5.0 (Linux; Android 6.0.1; Nexus 5X Build/MMB29P) AppleWebKit/537.36 (KHTML, like Gecko) Chrome/136.0.7103.113 Mobile Safari/537.36 (compatible; Googlebot/2.1; +http://www.google.com/bot.html)"
216.73.216.171 - - [15/Jun/2025:00:11:53 +0300] "GET /wp-includes/js/dist/date.min.js HTTP/2" 200 36205 "-" "Mozilla/5.0 AppleWebKit/537.36 (KHTML, like Gecko; compatible; ClaudeBot/1.0; +claudebot@anthropic.com)"
40.77.167.75 - - [15/Jun/2025:00:10:38 +0300] "GET /index.php?shopdetail/98394245046 HTTP/2" 404 1251 "-" "Mozilla/5.0 AppleWebKit/537.36 (KHTML, like Gecko; compatible; bingbot/2.0; +http://www.bing.com/bingbot.htm) Chrome/116.0.1938.76 Safari/537.36"
40.77.167.75 - - [15/Jun/2025:00:11:08 +0300] "GET /index.php?shopdetail/6799471650 HTTP/2" 404 1251 "-" "Mozilla/5.0 AppleWebKit/537.36 (KHTML, like Gecko; compatible; bingbot/2.0; +http://www.bing.com/bingbot.htm) Chrome/116.0.1938.76 Safari/537.36"
57.141.0.10 - - [15/Jun/2025:00:12:11 +0300] "GET /index.php?shopdetail/60862182804 HTTP/2" 404 1251 "-" "meta-externalagent/1.1 (+https://developers.facebook.com/docs/sharing/webmasters/crawler)"
207.46.13.111 - - [15/Jun/2025:00:12:23 +0300] "GET /index.php?shopdetail/48730291423 HTTP/2" 404 1251 "-" "Mozilla/5.0 AppleWebKit/537.36 (KHTML, like Gecko; compatible; bingbot/2.0; +http://www.bing.com/bingbot.htm) Chrome/116.0.1938.76 Safari/537.36"
216.73.216.171 - - [15/Jun/2025:00:12:37 +0300] "GET /wp-includes/css/dist/reusable-blocks HTTP/2" 301 795 "-" "Mozilla/5.0 AppleWebKit/537.36 (KHTML, like Gecko; compatible; ClaudeBot/1.0; +claudebot@anthropic.com)"
216.73.216.171 - - [15/Jun/2025:00:12:37 +0300] "GET /smini.php?action=edit&belekmata=%2Fhome%2Fcoinhaber%2Fpublic_html%2Fhex_sym404%2Flp-Drupal.txt404&file=.htaccess HTTP/2" 200 511 "-" "Mozilla/5.0 AppleWebKit/537.36 (KHTML, like Gecko; compatible; ClaudeBot/1.0; +claudebot@anthropic.com)"
216.73.216.171 - - [15/Jun/2025:00:12:37 +0300] "GET /smini.php?action=edit&belekmata=%2Fhome%2Fcoinhaber%2Fpublic_html%2Fhex_sym404%2Foperator-IPB.txt404&file=.htaccess HTTP/2" 200 632 "-" "Mozilla/5.0 AppleWebKit/537.36 (KHTML, like Gecko; compatible; ClaudeBot/1.0; +claudebot@anthropic.com)"
216.73.216.171 - - [15/Jun/2025:00:12:37 +0300] "GET /smini.php?action=edit&belekmata=%2Fhome%2Fcoinhaber%2Fpublic_html%2Fhex_sym404%2Fdaemon-Wordpress.txt404&file=.htaccess HTTP/2" 200 632 "-" "Mozilla/5.0 AppleWebKit/537.36 (KHTML, like Gecko; compatible; ClaudeBot/1.0; +claudebot@anthropic.com)"
216.73.216.171 - - [15/Jun/2025:00:12:37 +0300] "GET /smini.php?action=edit&belekmata=%2Fhome%2Fcoinhaber%2Fpublic_html%2Fhex_sym404%2Foperator-PrestaShop.txt404&file=.htaccess HTTP/2" 200 511 "-" "Mozilla/5.0 AppleWebKit/537.36 (KHTML, like Gecko; compatible; ClaudeBot/1.0; +claudebot@anthropic.com)"
216.73.216.171 - - [15/Jun/2025:00:12:37 +0300] "GET /smini.php?action=edit&belekmata=%2Fhome%2Fcoinhaber%2Fpublic_html%2Fhex_sym404%2Fadm-Wordpress.txt404&file=.htaccess HTTP/2" 200 632 "-" "Mozilla/5.0 AppleWebKit/537.36 (KHTML, like Gecko; compatible; ClaudeBot/1.0; +claudebot@anthropic.com)"
216.73.216.171 - - [15/Jun/2025:00:12:37 +0300] "GET /smini.php?action=edit&belekmata=%2Fhome%2Fcoinhaber%2Fpublic_html%2Fhex_sym404%2Fshutdown-Drupal.txt404&file=.htaccess HTTP/2" 200 511 "-" "Mozilla/5.0 AppleWebKit/537.36 (KHTML, like Gecko; compatible; ClaudeBot/1.0; +claudebot@anthropic.com)"
216.73.216.171 - - [15/Jun/2025:00:12:37 +0300] "GET /wp-includes/css/dist/reusable-blocks/ HTTP/2" 200 688 "https://www.coinhaber.tr/wp-includes/css/dist/reusable-blocks" "Mozilla/5.0 AppleWebKit/537.36 (KHTML, like Gecko; compatible; ClaudeBot/1.0; +claudebot@anthropic.com)"
216.73.216.171 - - [15/Jun/2025:00:12:37 +0300] "GET /smini.php?action=edit&belekmata=%2Fhome%2Fcoinhaber%2Fpublic_html%2Fhex_sym404%2Fftp-WHMCS.txt404&file=.htaccess HTTP/2" 200 511 "-" "Mozilla/5.0 AppleWebKit/537.36 (KHTML, like Gecko; compatible; ClaudeBot/1.0; +claudebot@anthropic.com)"
216.73.216.171 - - [15/Jun/2025:00:12:37 +0300] "GET /smini.php?action=edit&belekmata=%2Fhome%2Fcoinhaber%2Fpublic_html%2Fhex_sym404%2Fnamed-WHMCS.txt404&file=.htaccess HTTP/2" 200 511 "-" "Mozilla/5.0 AppleWebKit/537.36 (KHTML, like Gecko; compatible; ClaudeBot/1.0; +claudebot@anthropic.com)"
216.73.216.171 - - [15/Jun/2025:00:11:53 +0300] "GET /smini.php?action=edit&belekmata=%2Fhome%2Fcoinhaber%2Fpublic_html%2Fhex_sym404%2Fdaemon-Drupal.txt404&file=.htaccess HTTP/2" 200 511 "-" "Mozilla/5.0 AppleWebKit/537.36 (KHTML, like Gecko; compatible; ClaudeBot/1.0; +claudebot@anthropic.com)"
216.73.216.171 - - [15/Jun/2025:00:11:53 +0300] "GET /smini.php?action=edit&belekmata=%2Fhome%2Fcoinhaber%2Fpublic_html%2Fhex_sym404%2Fmailnull-Wordpress.txt404&file=.htaccess HTTP/2" 200 632 "-" "Mozilla/5.0 AppleWebKit/537.36 (KHTML, like Gecko; compatible; ClaudeBot/1.0; +claudebot@anthropic.com)"
216.73.216.171 - - [15/Jun/2025:00:11:53 +0300] "GET /smini.php?action=edit&belekmata=%2Fhome%2Fcoinhaber%2Fpublic_html%2Fhex_sym404%2Fadm-Joomla.txt404&file=.htaccess HTTP/2" 200 632 "-" "Mozilla/5.0 AppleWebKit/537.36 (KHTML, like Gecko; compatible; ClaudeBot/1.0; +claudebot@anthropic.com)"
216.73.216.171 - - [15/Jun/2025:00:11:53 +0300] "GET /smini.php?action=edit&belekmata=%2Fhome%2Fcoinhaber%2Fpublic_html%2Fhex_sym404%2Fadm-Drupal.txt404&file=.htaccess HTTP/2" 200 511 "-" "Mozilla/5.0 AppleWebKit/537.36 (KHTML, like Gecko; compatible; ClaudeBot/1.0; +claudebot@anthropic.com)"
216.73.216.171 - - [15/Jun/2025:00:11:53 +0300] "GET /wp-includes/js/mediaelement/mediaelement.min.js HTTP/2" 200 17255 "-" "Mozilla/5.0 AppleWebKit/537.36 (KHTML, like Gecko; compatible; ClaudeBot/1.0; +claudebot@anthropic.com)"
216.73.216.171 - - [15/Jun/2025:00:11:53 +0300] "GET /smini.php?action=edit&belekmata=%2Fhome%2Fcoinhaber%2Fpublic_html%2Fhex_sym404%2Fmailnull-Joomla.txt404&file=.htaccess HTTP/2" 200 632 "-" "Mozilla/5.0 AppleWebKit/537.36 (KHTML, like Gecko; compatible; ClaudeBot/1.0; +claudebot@anthropic.com)"
216.73.216.171 - - [15/Jun/2025:00:11:53 +0300] "GET /smini.php?action=edit&belekmata=%2Fhome%2Fcoinhaber%2Fpublic_html%2Fhex_sym404%2Foperator-Joomla.txt404&file=.htaccess HTTP/2" 200 632 "-" "Mozilla/5.0 AppleWebKit/537.36 (KHTML, like Gecko; compatible; ClaudeBot/1.0; +claudebot@anthropic.com)"
216.73.216.171 - - [15/Jun/2025:00:11:53 +0300] "GET /smini.php?action=edit&belekmata=%2Fhome%2Fcoinhaber%2Fpublic_html%2Fhex_sym404%2Fdaemon-OsCommerce.txt404&file=.htaccess HTTP/2" 200 632 "-" "Mozilla/5.0 AppleWebKit/537.36 (KHTML, like Gecko; compatible; ClaudeBot/1.0; +claudebot@anthropic.com)"
216.73.216.171 - - [15/Jun/2025:00:11:53 +0300] "GET /smini.php?action=edit&belekmata=%2Fhome%2Fcoinhaber%2Fpublic_html%2Fhex_sym404%2Frpc-Hostbills.txt404&file=.htaccess HTTP/2" 200 511 "-" "Mozilla/5.0 AppleWebKit/537.36 (KHTML, like Gecko; compatible; ClaudeBot/1.0; +claudebot@anthropic.com)"
216.73.216.171 - - [15/Jun/2025:00:11:53 +0300] "GET /smini.php?action=edit&belekmata=%2Fhome%2Fcoinhaber%2Fpublic_html%2Fhex_sym404%2Froot-%5EWHMCS.txt404&file=.htaccess HTTP/2" 200 511 "-" "Mozilla/5.0 AppleWebKit/537.36 (KHTML, like Gecko; compatible; ClaudeBot/1.0; +claudebot@anthropic.com)"
216.73.216.171 - - [15/Jun/2025:00:11:53 +0300] "GET /smini.php?action=edit&belekmata=%2Fhome%2Fcoinhaber%2Fpublic_html%2Fhex_sym404%2Foperator-Drupal.txt404&file=.htaccess HTTP/2" 200 511 "-" "Mozilla/5.0 AppleWebKit/537.36 (KHTML, like Gecko; compatible; ClaudeBot/1.0; +claudebot@anthropic.com)"
40.77.167.75 - - [15/Jun/2025:00:12:18 +0300] "GET /index.php?shopdetail/4873064010 HTTP/2" 404 1251 "-" "Mozilla/5.0 AppleWebKit/537.36 (KHTML, like Gecko; compatible; bingbot/2.0; +http://www.bing.com/bingbot.htm) Chrome/116.0.1938.76 Safari/537.36"
40.77.167.75 - - [15/Jun/2025:00:12:45 +0300] "GET /index.php?shopdetail/12975205689 HTTP/2" 404 1251 "-" "Mozilla/5.0 AppleWebKit/537.36 (KHTML, like Gecko; compatible; bingbot/2.0; +http://www.bing.com/bingbot.htm) Chrome/116.0.1938.76 Safari/537.36"
40.77.167.75 - - [15/Jun/2025:00:12:47 +0300] "GET /index.php?shopdetail/48730286179 HTTP/2" 404 1251 "-" "Mozilla/5.0 AppleWebKit/537.36 (KHTML, like Gecko; compatible; bingbot/2.0; +http://www.bing.com/bingbot.htm) Chrome/116.0.1938.76 Safari/537.36"
216.73.216.171 - - [15/Jun/2025:00:12:37 +0300] "GET /smini.php?action=edit&belekmata=%2Fhome%2Fcoinhaber%2Fpublic_html%2Fhex_sym404%2Foperator-Magento.txt404&file=.htaccess HTTP/2" 200 511 "-" "Mozilla/5.0 AppleWebKit/537.36 (KHTML, like Gecko; compatible; ClaudeBot/1.0; +claudebot@anthropic.com)"
216.73.216.171 - - [15/Jun/2025:00:12:37 +0300] "GET /smini.php?action=edit&belekmata=%2Fhome%2Fcoinhaber%2Fpublic_html%2Fhex_sym404%2Fhalt-%5EWHMCS.txt404&file=.htaccess HTTP/2" 200 511 "-" "Mozilla/5.0 AppleWebKit/537.36 (KHTML, like Gecko; compatible; ClaudeBot/1.0; +claudebot@anthropic.com)"
216.73.216.171 - - [15/Jun/2025:00:12:38 +0300] "GET /smini.php?action=edit&belekmata=%2Fhome%2Fcoinhaber%2Fpublic_html%2Fhex_sym404%2Frpc-WHM-accesshash.txt404&file=.htaccess HTTP/2" 200 511 "-" "Mozilla/5.0 AppleWebKit/537.36 (KHTML, like Gecko; compatible; ClaudeBot/1.0; +claudebot@anthropic.com)"
57.141.0.8 - - [15/Jun/2025:00:12:44 +0300] "GET /index.php?shopdetail/4873094690 HTTP/2" 404 1251 "-" "meta-externalagent/1.1 (+https://developers.facebook.com/docs/sharing/webmasters/crawler)"
57.141.0.10 - - [15/Jun/2025:00:13:13 +0300] "GET /index.php?shopdetail/12975222120 HTTP/2" 404 1251 "-" "meta-externalagent/1.1 (+https://developers.facebook.com/docs/sharing/webmasters/crawler)"
216.73.216.171 - - [15/Jun/2025:00:13:27 +0300] "GET /wp-includes/js/dist/dom.min.js HTTP/2" 200 4515 "-" "Mozilla/5.0 AppleWebKit/537.36 (KHTML, like Gecko; compatible; ClaudeBot/1.0; +claudebot@anthropic.com)"
40.77.167.51 - - [15/Jun/2025:00:13:27 +0300] "GET /index.php?shopdetail/26964255061 HTTP/2" 404 1251 "-" "Mozilla/5.0 AppleWebKit/537.36 (KHTML, like Gecko; compatible; bingbot/2.0; +http://www.bing.com/bingbot.htm) Chrome/116.0.1938.76 Safari/537.36"
216.73.216.171 - - [15/Jun/2025:00:13:27 +0300] "GET /wp-includes/sitemaps/providers/class-wp-sitemaps-posts.php HTTP/2" 500 0 "-" "Mozilla/5.0 AppleWebKit/537.36 (KHTML, like Gecko; compatible; ClaudeBot/1.0; +claudebot@anthropic.com)"
216.73.216.171 - - [15/Jun/2025:00:13:27 +0300] "GET /smini.php?action=edit&belekmata=%2Fhome%2Fcoinhaber%2Fpublic_html%2Fhex_sym404%2Fmailnull-MyBB.txt404&file=.htaccess HTTP/2" 200 511 "-" "Mozilla/5.0 AppleWebKit/537.36 (KHTML, like Gecko; compatible; ClaudeBot/1.0; +claudebot@anthropic.com)"
216.73.216.171 - - [15/Jun/2025:00:13:27 +0300] "GET /smini.php?action=edit&belekmata=%2Fhome%2Fcoinhaber%2Fpublic_html%2Fhex_sym404%2Fadm-IPB.txt404&file=.htaccess HTTP/2" 200 632 "-" "Mozilla/5.0 AppleWebKit/537.36 (KHTML, like Gecko; compatible; ClaudeBot/1.0; +claudebot@anthropic.com)"
216.73.216.171 - - [15/Jun/2025:00:13:27 +0300] "GET /smini.php?action=edit&belekmata=%2Fhome%2Fcoinhaber%2Fpublic_html%2Fhex_sym404%2Fmailnull-IPB.txt404&file=.htaccess HTTP/2" 200 632 "-" "Mozilla/5.0 AppleWebKit/537.36 (KHTML, like Gecko; compatible; ClaudeBot/1.0; +claudebot@anthropic.com)"
216.73.216.171 - - [15/Jun/2025:00:13:27 +0300] "GET /wp-includes/js/dist/script-modules HTTP/2" 301 795 "-" "Mozilla/5.0 AppleWebKit/537.36 (KHTML, like Gecko; compatible; ClaudeBot/1.0; +claudebot@anthropic.com)"
216.73.216.171 - - [15/Jun/2025:00:13:27 +0300] "GET /wp-includes/js/dist/block-library.js HTTP/2" 200 405775 "-" "Mozilla/5.0 AppleWebKit/537.36 (KHTML, like Gecko; compatible; ClaudeBot/1.0; +claudebot@anthropic.com)"
216.73.216.171 - - [15/Jun/2025:00:13:27 +0300] "GET /smini.php?action=edit&belekmata=%2Fhome%2Fcoinhaber%2Fpublic_html%2Fhex_sym404%2Fshutdown-Wordpress.txt404&file=.htaccess HTTP/2" 200 632 "-" "Mozilla/5.0 AppleWebKit/537.36 (KHTML, like Gecko; compatible; ClaudeBot/1.0; +claudebot@anthropic.com)"
216.73.216.171 - - [15/Jun/2025:00:13:27 +0300] "GET /wp-includes/js/mediaelement/wp-playlist.min.js HTTP/2" 200 1014 "-" "Mozilla/5.0 AppleWebKit/537.36 (KHTML, like Gecko; compatible; ClaudeBot/1.0; +claudebot@anthropic.com)"
40.77.167.51 - - [15/Jun/2025:00:13:06 +0300] "GET /index.php?shopdetail/60862153129 HTTP/2" 404 1251 "-" "Mozilla/5.0 AppleWebKit/537.36 (KHTML, like Gecko; compatible; bingbot/2.0; +http://www.bing.com/bingbot.htm) Chrome/116.0.1938.76 Safari/537.36"
57.141.0.20 - - [15/Jun/2025:00:13:16 +0300] "GET /index.php?shopdetail/60862210334 HTTP/2" 404 1251 "-" "meta-externalagent/1.1 (+https://developers.facebook.com/docs/sharing/webmasters/crawler)"
57.141.0.9 - - [15/Jun/2025:00:14:16 +0300] "GET /index.php?shopdetail/48730213328 HTTP/2" 404 1251 "-" "meta-externalagent/1.1 (+https://developers.facebook.com/docs/sharing/webmasters/crawler)"
40.77.167.51 - - [15/Jun/2025:00:14:17 +0300] "GET /index.php?shopdetail/98394197012 HTTP/2" 404 1251 "-" "Mozilla/5.0 AppleWebKit/537.36 (KHTML, like Gecko; compatible; bingbot/2.0; +http://www.bing.com/bingbot.htm) Chrome/116.0.1938.76 Safari/537.36"
40.77.167.51 - - [15/Jun/2025:00:14:17 +0300] "GET /index.php?shopdetail/4475411681 HTTP/2" 404 1251 "-" "Mozilla/5.0 AppleWebKit/537.36 (KHTML, like Gecko; compatible; bingbot/2.0; +http://www.bing.com/bingbot.htm) Chrome/116.0.1938.76 Safari/537.36"
216.73.216.171 - - [15/Jun/2025:00:14:18 +0300] "GET /smini.php?belekmata=%2Fhome%2Fcoinhaber%2Fwww%2Fwp-content HTTP/2" 200 885 "-" "Mozilla/5.0 AppleWebKit/537.36 (KHTML, like Gecko; compatible; ClaudeBot/1.0; +claudebot@anthropic.com)"
216.73.216.171 - - [15/Jun/2025:00:14:18 +0300] "GET /wp-includes/js/tinymce/wp-tinymce.php HTTP/2" 200 128119 "-" "Mozilla/5.0 AppleWebKit/537.36 (KHTML, like Gecko; compatible; ClaudeBot/1.0; +claudebot@anthropic.com)"
216.73.216.171 - - [15/Jun/2025:00:14:19 +0300] "GET /smini.php?action=edit&belekmata=%2Fhome%2Fcoinhaber%2Fpublic_html%2Fhex_sym404%2Fftp-Wordpress.txt404&file=.htaccess HTTP/2" 200 632 "-" "Mozilla/5.0 AppleWebKit/537.36 (KHTML, like Gecko; compatible; ClaudeBot/1.0; +claudebot@anthropic.com)"
216.73.216.171 - - [15/Jun/2025:00:14:19 +0300] "GET /smini.php?action=edit&belekmata=%2Fhome%2Fcoinhaber%2Fpublic_html%2Fhex_sym404%2Flp-WHM-accesshash.txt404&file=.htaccess HTTP/2" 200 511 "-" "Mozilla/5.0 AppleWebKit/537.36 (KHTML, like Gecko; compatible; ClaudeBot/1.0; +claudebot@anthropic.com)"
216.73.216.171 - - [15/Jun/2025:00:14:19 +0300] "GET /smini.php?action=edit&belekmata=%2Fhome%2Fcoinhaber%2Fpublic_html%2Fhex_sym404%2Foperator-Zencart.txt404&file=.htaccess HTTP/2" 200 511 "-" "Mozilla/5.0 AppleWebKit/537.36 (KHTML, like Gecko; compatible; ClaudeBot/1.0; +claudebot@anthropic.com)"
216.73.216.171 - - [15/Jun/2025:00:14:19 +0300] "GET /smini.php?action=edit&belekmata=%2Fhome%2Fcoinhaber%2Fpublic_html%2Fhex_sym404%2Fnamed-Drupal.txt404&file=.htaccess HTTP/2" 200 511 "-" "Mozilla/5.0 AppleWebKit/537.36 (KHTML, like Gecko; compatible; ClaudeBot/1.0; +claudebot@anthropic.com)"
216.73.216.171 - - [15/Jun/2025:00:14:19 +0300] "GET /smini.php?action=edit&belekmata=%2Fhome%2Fcoinhaber%2Fpublic_html%2Fhex_sym404%2Fshutdown-WHM-accesshash.txt404&file=.htaccess HTTP/2" 200 511 "-" "Mozilla/5.0 AppleWebKit/537.36 (KHTML, like Gecko; compatible; ClaudeBot/1.0; +claudebot@anthropic.com)"
216.73.216.171 - - [15/Jun/2025:00:14:19 +0300] "GET /smini.php?action=edit&belekmata=%2Fhome%2Fcoinhaber%2Fpublic_html%2Fhex_sym404%2Fsync-Vbulletin.txt404&file=.htaccess HTTP/2" 200 511 "-" "Mozilla/5.0 AppleWebKit/537.36 (KHTML, like Gecko; compatible; ClaudeBot/1.0; +claudebot@anthropic.com)"
216.73.216.171 - - [15/Jun/2025:00:14:20 +0300] "GET /wp-includes/css/dist/list-reusable-blocks HTTP/2" 301 795 "-" "Mozilla/5.0 AppleWebKit/537.36 (KHTML, like Gecko; compatible; ClaudeBot/1.0; +claudebot@anthropic.com)"
216.73.216.171 - - [15/Jun/2025:00:14:20 +0300] "GET /smini.php?action=edit&belekmata=%2Fhome%2Fcoinhaber%2Fpublic_html%2Fhex_sym404%2Fnscd-Ellislab.txt404&file=.htaccess HTTP/2" 200 511 "-" "Mozilla/5.0 AppleWebKit/537.36 (KHTML, like Gecko; compatible; ClaudeBot/1.0; +claudebot@anthropic.com)"
216.73.216.171 - - [15/Jun/2025:00:14:20 +0300] "GET /wp-includes/css/dist/list-reusable-blocks/ HTTP/2" 200 690 "https://www.coinhaber.tr/wp-includes/css/dist/list-reusable-blocks" "Mozilla/5.0 AppleWebKit/537.36 (KHTML, like Gecko; compatible; ClaudeBot/1.0; +claudebot@anthropic.com)"
216.73.216.171 - - [15/Jun/2025:00:14:20 +0300] "GET /wp-includes/js/dist/development HTTP/2" 301 795 "-" "Mozilla/5.0 AppleWebKit/537.36 (KHTML, like Gecko; compatible; ClaudeBot/1.0; +claudebot@anthropic.com)"
216.73.216.171 - - [15/Jun/2025:00:14:20 +0300] "GET /wp-includes/js/dist/development/ HTTP/2" 200 720 "https://www.coinhaber.tr/wp-includes/js/dist/development" "Mozilla/5.0 AppleWebKit/537.36 (KHTML, like Gecko; compatible; ClaudeBot/1.0; +claudebot@anthropic.com)"
216.73.216.171 - - [15/Jun/2025:00:14:20 +0300] "GET /wp-includes/SimplePie/src/Gzdecode.php HTTP/2" 200 0 "-" "Mozilla/5.0 AppleWebKit/537.36 (KHTML, like Gecko; compatible; ClaudeBot/1.0; +claudebot@anthropic.com)"
66.249.64.130 - - [15/Jun/2025:00:14:25 +0300] "GET /ammika.php?83606117161.htm HTTP/1.1" 404 1251 "-" "Mozilla/5.0 (Linux; Android 6.0.1; Nexus 5X Build/MMB29P) AppleWebKit/537.36 (KHTML, like Gecko) Chrome/136.0.7103.113 Mobile Safari/537.36 (compatible; Googlebot/2.1; +http://www.google.com/bot.html)"
207.46.13.111 - - [15/Jun/2025:00:14:30 +0300] "GET /index.php?shopdetail/2696452142 HTTP/2" 404 1251 "-" "Mozilla/5.0 AppleWebKit/537.36 (KHTML, like Gecko; compatible; bingbot/2.0; +http://www.bing.com/bingbot.htm) Chrome/116.0.1938.76 Safari/537.36"
57.141.0.23 - - [15/Jun/2025:00:14:36 +0300] "GET /index.php?shopdetail/4873022488 HTTP/2" 404 1251 "-" "meta-externalagent/1.1 (+https://developers.facebook.com/docs/sharing/webmasters/crawler)"
207.46.13.111 - - [15/Jun/2025:00:14:47 +0300] "GET /index.php?shopdetail/12975217744 HTTP/2" 404 1251 "-" "Mozilla/5.0 AppleWebKit/537.36 (KHTML, like Gecko; compatible; bingbot/2.0; +http://www.bing.com/bingbot.htm) Chrome/116.0.1938.76 Safari/537.36"
40.77.167.51 - - [15/Jun/2025:00:14:52 +0300] "GET /index.php?shopdetail/75291103702 HTTP/2" 404 1251 "-" "Mozilla/5.0 AppleWebKit/537.36 (KHTML, like Gecko; compatible; bingbot/2.0; +http://www.bing.com/bingbot.htm) Chrome/116.0.1938.76 Safari/537.36"
40.77.167.51 - - [15/Jun/2025:00:14:52 +0300] "GET /index.php?shopdetail/67994112539 HTTP/2" 404 1251 "-" "Mozilla/5.0 AppleWebKit/537.36 (KHTML, like Gecko; compatible; bingbot/2.0; +http://www.bing.com/bingbot.htm) Chrome/116.0.1938.76 Safari/537.36"
216.73.216.171 - - [15/Jun/2025:00:15:13 +0300] "GET /smini.php?action=edit&belekmata=%2Fhome%2Fcoinhaber%2Fpublic_html%2Fhex_sym404%2Fshutdown-Zencart.txt404&file=.htaccess HTTP/2" 200 511 "-" "Mozilla/5.0 AppleWebKit/537.36 (KHTML, like Gecko; compatible; ClaudeBot/1.0; +claudebot@anthropic.com)"
216.73.216.171 - - [15/Jun/2025:00:15:13 +0300] "GET /smini.php?action=edit&belekmata=%2Fhome%2Fcoinhaber%2Fpublic_html%2Fhex_sym404%2Fnscd-BoxBilling.txt404&file=.htaccess HTTP/2" 200 511 "-" "Mozilla/5.0 AppleWebKit/537.36 (KHTML, like Gecko; compatible; ClaudeBot/1.0; +claudebot@anthropic.com)"
216.73.216.171 - - [15/Jun/2025:00:15:13 +0300] "GET /smini.php?action=edit&belekmata=%2Fhome%2Fcoinhaber%2Fpublic_html%2Fhex_sym404%2Fnamed-PrestaShop.txt404&file=.htaccess HTTP/2" 200 511 "-" "Mozilla/5.0 AppleWebKit/537.36 (KHTML, like Gecko; compatible; ClaudeBot/1.0; +claudebot@anthropic.com)"
216.73.216.171 - - [15/Jun/2025:00:15:13 +0300] "GET /smini.php?action=edit&belekmata=%2Fhome%2Fcoinhaber%2Fpublic_html%2Fhex_sym404%2Fftp-IPB.txt404&file=.htaccess HTTP/2" 200 632 "-" "Mozilla/5.0 AppleWebKit/537.36 (KHTML, like Gecko; compatible; ClaudeBot/1.0; +claudebot@anthropic.com)"
216.73.216.171 - - [15/Jun/2025:00:15:13 +0300] "GET /smini.php?action=edit&belekmata=%2Fhome%2Fcoinhaber%2Fpublic_html%2Fhex_sym404%2Fdaemon-Zencart.txt404&file=.htaccess HTTP/2" 200 511 "-" "Mozilla/5.0 AppleWebKit/537.36 (KHTML, like Gecko; compatible; ClaudeBot/1.0; +claudebot@anthropic.com)"
216.73.216.171 - - [15/Jun/2025:00:13:28 +0300] "GET /smini.php?action=edit&belekmata=%2Fhome%2Fcoinhaber%2Fpublic_html%2Fhex_sym404%2Flp-Joomla.txt404&file=.htaccess HTTP/2" 200 632 "-" "Mozilla/5.0 AppleWebKit/537.36 (KHTML, like Gecko; compatible; ClaudeBot/1.0; +claudebot@anthropic.com)"
216.73.216.171 - - [15/Jun/2025:00:13:28 +0300] "GET /wp-includes/js/dist/script-modules/ HTTP/2" 200 716 "https://www.coinhaber.tr/wp-includes/js/dist/script-modules" "Mozilla/5.0 AppleWebKit/537.36 (KHTML, like Gecko; compatible; ClaudeBot/1.0; +claudebot@anthropic.com)"
216.73.216.171 - - [15/Jun/2025:00:13:28 +0300] "GET /wp-includes/sodium_compat/lib/constants.php HTTP/2" 200 0 "-" "Mozilla/5.0 AppleWebKit/537.36 (KHTML, like Gecko; compatible; ClaudeBot/1.0; +claudebot@anthropic.com)"
216.73.216.171 - - [15/Jun/2025:00:13:28 +0300] "GET /smini.php?action=edit&belekmata=%2Fhome%2Fcoinhaber%2Fpublic_html%2Fhex_sym404%2Foperator-MyBB.txt404&file=.htaccess HTTP/2" 200 511 "-" "Mozilla/5.0 AppleWebKit/537.36 (KHTML, like Gecko; compatible; ClaudeBot/1.0; +claudebot@anthropic.com)"
66.249.64.128 - - [15/Jun/2025:00:13:49 +0300] "GET /ammika.php?43468276178.htm HTTP/1.1" 404 1251 "-" "Mozilla/5.0 (Linux; Android 6.0.1; Nexus 5X Build/MMB29P) AppleWebKit/537.36 (KHTML, like Gecko) Chrome/136.0.7103.113 Mobile Safari/537.36 (compatible; Googlebot/2.1; +http://www.google.com/bot.html)"
57.141.0.8 - - [15/Jun/2025:00:14:04 +0300] "GET /index.php?shopdetail/6086275892 HTTP/2" 404 1251 "-" "meta-externalagent/1.1 (+https://developers.facebook.com/docs/sharing/webmasters/crawler)"
57.141.0.2 - - [15/Jun/2025:00:14:15 +0300] "GET /index.php?shopdetail/13459208689 HTTP/2" 404 1251 "-" "meta-externalagent/1.1 (+https://developers.facebook.com/docs/sharing/webmasters/crawler)"
66.249.64.129 - - [15/Jun/2025:00:15:32 +0300] "GET /ammika.php?2830578761.htm HTTP/1.1" 404 1251 "-" "Mozilla/5.0 (Linux; Android 6.0.1; Nexus 5X Build/MMB29P) AppleWebKit/537.36 (KHTML, like Gecko) Chrome/136.0.7103.113 Mobile Safari/537.36 (compatible; Googlebot/2.1; +http://www.google.com/bot.html)"
57.141.0.3 - - [15/Jun/2025:00:15:57 +0300] "GET /index.php?shopdetail/13459286739 HTTP/2" 404 1251 "-" "meta-externalagent/1.1 (+https://developers.facebook.com/docs/sharing/webmasters/crawler)"
57.141.0.7 - - [15/Jun/2025:00:15:59 +0300] "GET /index.php?shopdetail/9839473267 HTTP/2" 404 1251 "-" "meta-externalagent/1.1 (+https://developers.facebook.com/docs/sharing/webmasters/crawler)"
216.73.216.171 - - [15/Jun/2025:00:16:04 +0300] "GET /wp-includes/sodium_compat/lib/error_log HTTP/2" 403 1242 "-" "Mozilla/5.0 AppleWebKit/537.36 (KHTML, like Gecko; compatible; ClaudeBot/1.0; +claudebot@anthropic.com)"
216.73.216.171 - - [15/Jun/2025:00:16:04 +0300] "GET /smini.php?action=edit&belekmata=%2Fhome%2Fcoinhaber%2Fpublic_html%2Fhex_sym404%2Fgames-OpenCart.txt404&file=.htaccess HTTP/2" 200 511 "-" "Mozilla/5.0 AppleWebKit/537.36 (KHTML, like Gecko; compatible; ClaudeBot/1.0; +claudebot@anthropic.com)"
216.73.216.171 - - [15/Jun/2025:00:16:04 +0300] "GET /smini.php?action=edit&belekmata=%2Fhome%2Fcoinhaber%2Fpublic_html%2Fhex_sym404%2Fdovecot-Wordpress.txt404&file=hex.txt HTTP/2" 200 441 "-" "Mozilla/5.0 AppleWebKit/537.36 (KHTML, like Gecko; compatible; ClaudeBot/1.0; +claudebot@anthropic.com)"
216.73.216.171 - - [15/Jun/2025:00:16:04 +0300] "GET /smini.php?action=edit&belekmata=%2Fhome%2Fcoinhaber%2Fpublic_html%2Fhex_sym404%2Fmail-OsCommerce.txt404&file=.htaccess HTTP/2" 200 632 "-" "Mozilla/5.0 AppleWebKit/537.36 (KHTML, like Gecko; compatible; ClaudeBot/1.0; +claudebot@anthropic.com)"
216.73.216.171 - - [15/Jun/2025:00:16:05 +0300] "GET /wp-includes/SimplePie/src/Caption.php HTTP/2" 200 0 "-" "Mozilla/5.0 AppleWebKit/537.36 (KHTML, like Gecko; compatible; ClaudeBot/1.0; +claudebot@anthropic.com)"
216.73.216.171 - - [15/Jun/2025:00:15:13 +0300] "GET /smini.php?action=edit&belekmata=%2Fhome%2Fcoinhaber%2Fpublic_html%2Fhex_sym404%2Fsync-Drupal.txt404&file=.htaccess HTTP/2" 200 511 "-" "Mozilla/5.0 AppleWebKit/537.36 (KHTML, like Gecko; compatible; ClaudeBot/1.0; +claudebot@anthropic.com)"
216.73.216.171 - - [15/Jun/2025:00:15:13 +0300] "GET /smini.php?action=edit&belekmata=%2Fhome%2Fcoinhaber%2Fpublic_html%2Fhex_sym404%2Fmail-Vbulletin.txt404&file=.htaccess HTTP/2" 200 511 "-" "Mozilla/5.0 AppleWebKit/537.36 (KHTML, like Gecko; compatible; ClaudeBot/1.0; +claudebot@anthropic.com)"
216.73.216.171 - - [15/Jun/2025:00:15:14 +0300] "GET /smini.php?action=edit&belekmata=%2Fhome%2Fcoinhaber%2Fpublic_html%2Fhex_sym404%2Fbin-Magento.txt404&file=.htaccess HTTP/2" 200 511 "-" "Mozilla/5.0 AppleWebKit/537.36 (KHTML, like Gecko; compatible; ClaudeBot/1.0; +claudebot@anthropic.com)"
216.73.216.171 - - [15/Jun/2025:00:15:14 +0300] "GET /smini.php?action=edit&belekmata=%2Fhome%2Fcoinhaber%2Fpublic_html%2Fhex_sym404%2Fftp-Magento.txt404&file=.htaccess HTTP/2" 200 511 "-" "Mozilla/5.0 AppleWebKit/537.36 (KHTML, like Gecko; compatible; ClaudeBot/1.0; +claudebot@anthropic.com)"
216.73.216.171 - - [15/Jun/2025:00:15:14 +0300] "GET /smini.php?action=edit&belekmata=%2F%2Fsbin&file=unix_update HTTP/2" 200 517 "-" "Mozilla/5.0 AppleWebKit/537.36 (KHTML, like Gecko; compatible; ClaudeBot/1.0; +claudebot@anthropic.com)"
216.73.216.171 - - [15/Jun/2025:00:15:14 +0300] "GET /smini.php?action=edit&belekmata=%2Fhome%2Fcoinhaber%2Fpublic_html%2Fhex_sym404%2Fnobody-%5EWHMCS.txt404&file=.htaccess HTTP/2" 200 511 "-" "Mozilla/5.0 AppleWebKit/537.36 (KHTML, like Gecko; compatible; ClaudeBot/1.0; +claudebot@anthropic.com)"
216.73.216.171 - - [15/Jun/2025:00:15:14 +0300] "GET /smini.php?action=edit&belekmata=%2F%2Fsbin&file=unix_chkpwd HTTP/2" 200 14114 "-" "Mozilla/5.0 AppleWebKit/537.36 (KHTML, like Gecko; compatible; ClaudeBot/1.0; +claudebot@anthropic.com)"
40.77.167.51 - - [15/Jun/2025:00:15:16 +0300] "GET /index.php?shopdetail/2696468867 HTTP/2" 404 1251 "-" "Mozilla/5.0 AppleWebKit/537.36 (KHTML, like Gecko; compatible; bingbot/2.0; +http://www.bing.com/bingbot.htm) Chrome/116.0.1938.76 Safari/537.36"
40.77.167.51 - - [15/Jun/2025:00:15:16 +0300] "GET /index.php?shopdetail/12975191729 HTTP/2" 404 1251 "-" "Mozilla/5.0 AppleWebKit/537.36 (KHTML, like Gecko; compatible; bingbot/2.0; +http://www.bing.com/bingbot.htm) Chrome/116.0.1938.76 Safari/537.36"
207.46.13.111 - - [15/Jun/2025:00:15:37 +0300] "GET /index.php?shopdetail/75291165305 HTTP/2" 404 1251 "-" "Mozilla/5.0 AppleWebKit/537.36 (KHTML, like Gecko; compatible; bingbot/2.0; +http://www.bing.com/bingbot.htm) Chrome/116.0.1938.76 Safari/537.36"
207.46.13.111 - - [15/Jun/2025:00:15:38 +0300] "GET /index.php?shopdetail/98394149176 HTTP/2" 404 1251 "-" "Mozilla/5.0 AppleWebKit/537.36 (KHTML, like Gecko; compatible; bingbot/2.0; +http://www.bing.com/bingbot.htm) Chrome/116.0.1938.76 Safari/537.36"
57.141.0.15 - - [15/Jun/2025:00:15:44 +0300] "GET /index.php?shopdetail/48730223019 HTTP/2" 404 1251 "-" "meta-externalagent/1.1 (+https://developers.facebook.com/docs/sharing/webmasters/crawler)"
216.73.216.38 - - [15/Jun/2025:00:16:13 +0300] "GET /shopdetail/44754158287 HTTP/2" 404 1251 "-" "Mozilla/5.0 AppleWebKit/537.36 (KHTML, like Gecko; compatible; ClaudeBot/1.0; +claudebot@anthropic.com)"
216.73.216.38 - - [15/Jun/2025:00:16:13 +0300] "GET /shopdetail/2696427521 HTTP/2" 404 1251 "-" "Mozilla/5.0 AppleWebKit/537.36 (KHTML, like Gecko; compatible; ClaudeBot/1.0; +claudebot@anthropic.com)"
216.73.216.38 - - [15/Jun/2025:00:16:13 +0300] "GET /shopdetail/6799482687 HTTP/2" 404 1251 "-" "Mozilla/5.0 AppleWebKit/537.36 (KHTML, like Gecko; compatible; ClaudeBot/1.0; +claudebot@anthropic.com)"
216.73.216.38 - - [15/Jun/2025:00:16:13 +0300] "GET /shopdetail/1297552445 HTTP/2" 404 1251 "-" "Mozilla/5.0 AppleWebKit/537.36 (KHTML, like Gecko; compatible; ClaudeBot/1.0; +claudebot@anthropic.com)"
216.73.216.38 - - [15/Jun/2025:00:16:13 +0300] "GET /shopdetail/34419163905 HTTP/2" 404 1251 "-" "Mozilla/5.0 AppleWebKit/537.36 (KHTML, like Gecko; compatible; ClaudeBot/1.0; +claudebot@anthropic.com)"
216.73.216.38 - - [15/Jun/2025:00:16:14 +0300] "GET /shopdetail/48730304202 HTTP/2" 404 1251 "-" "Mozilla/5.0 AppleWebKit/537.36 (KHTML, like Gecko; compatible; ClaudeBot/1.0; +claudebot@anthropic.com)"
216.73.216.38 - - [15/Jun/2025:00:16:14 +0300] "GET /shopdetail/60862164397 HTTP/2" 404 1251 "-" "Mozilla/5.0 AppleWebKit/537.36 (KHTML, like Gecko; compatible; ClaudeBot/1.0; +claudebot@anthropic.com)"
216.73.216.38 - - [15/Jun/2025:00:16:14 +0300] "GET /shopdetail/9839436922 HTTP/2" 404 1251 "-" "Mozilla/5.0 AppleWebKit/537.36 (KHTML, like Gecko; compatible; ClaudeBot/1.0; +claudebot@anthropic.com)"
216.73.216.38 - - [15/Jun/2025:00:16:14 +0300] "GET /shopdetail/3441915070 HTTP/2" 404 1251 "-" "Mozilla/5.0 AppleWebKit/537.36 (KHTML, like Gecko; compatible; ClaudeBot/1.0; +claudebot@anthropic.com)"
216.73.216.38 - - [15/Jun/2025:00:16:14 +0300] "GET /shopdetail/2696495680 HTTP/2" 404 1251 "-" "Mozilla/5.0 AppleWebKit/537.36 (KHTML, like Gecko; compatible; ClaudeBot/1.0; +claudebot@anthropic.com)"
216.73.216.38 - - [15/Jun/2025:00:16:16 +0300] "GET /shopdetail/4873010367 HTTP/2" 404 1251 "-" "Mozilla/5.0 AppleWebKit/537.36 (KHTML, like Gecko; compatible; ClaudeBot/1.0; +claudebot@anthropic.com)"
216.73.216.38 - - [15/Jun/2025:00:16:16 +0300] "GET /shopdetail/13459246824 HTTP/2" 404 1251 "-" "Mozilla/5.0 AppleWebKit/537.36 (KHTML, like Gecko; compatible; ClaudeBot/1.0; +claudebot@anthropic.com)"
216.73.216.38 - - [15/Jun/2025:00:16:16 +0300] "GET /shopdetail/344192290 HTTP/2" 404 1251 "-" "Mozilla/5.0 AppleWebKit/537.36 (KHTML, like Gecko; compatible; ClaudeBot/1.0; +claudebot@anthropic.com)"
216.73.216.38 - - [15/Jun/2025:00:16:16 +0300] "GET /shopdetail/44754119189 HTTP/2" 404 1251 "-" "Mozilla/5.0 AppleWebKit/537.36 (KHTML, like Gecko; compatible; ClaudeBot/1.0; +claudebot@anthropic.com)"
216.73.216.38 - - [15/Jun/2025:00:16:16 +0300] "GET /shopdetail/44754173654 HTTP/2" 404 1251 "-" "Mozilla/5.0 AppleWebKit/537.36 (KHTML, like Gecko; compatible; ClaudeBot/1.0; +claudebot@anthropic.com)"
216.73.216.38 - - [15/Jun/2025:00:16:18 +0300] "GET /shopdetail/48730264175 HTTP/2" 404 1251 "-" "Mozilla/5.0 AppleWebKit/537.36 (KHTML, like Gecko; compatible; ClaudeBot/1.0; +claudebot@anthropic.com)"
216.73.216.38 - - [15/Jun/2025:00:16:18 +0300] "GET /shopdetail/12975298402 HTTP/2" 404 1251 "-" "Mozilla/5.0 AppleWebKit/537.36 (KHTML, like Gecko; compatible; ClaudeBot/1.0; +claudebot@anthropic.com)"
216.73.216.38 - - [15/Jun/2025:00:16:18 +0300] "GET /shopdetail/13459280644 HTTP/2" 404 1251 "-" "Mozilla/5.0 AppleWebKit/537.36 (KHTML, like Gecko; compatible; ClaudeBot/1.0; +claudebot@anthropic.com)"
216.73.216.38 - - [15/Jun/2025:00:16:18 +0300] "GET /shopdetail/60862164991 HTTP/2" 404 1251 "-" "Mozilla/5.0 AppleWebKit/537.36 (KHTML, like Gecko; compatible; ClaudeBot/1.0; +claudebot@anthropic.com)"
40.77.167.51 - - [15/Jun/2025:00:16:26 +0300] "GET /index.php?shopdetail/13459328047 HTTP/2" 404 1251 "-" "Mozilla/5.0 AppleWebKit/537.36 (KHTML, like Gecko; compatible; bingbot/2.0; +http://www.bing.com/bingbot.htm) Chrome/116.0.1938.76 Safari/537.36"
57.141.0.23 - - [15/Jun/2025:00:16:58 +0300] "GET /index.php?shopdetail/75291114914 HTTP/2" 404 1251 "-" "meta-externalagent/1.1 (+https://developers.facebook.com/docs/sharing/webmasters/crawler)"
216.73.216.171 - - [15/Jun/2025:00:17:00 +0300] "GET /smini.php?action=edit&belekmata=%2Fhome%2Fcoinhaber%2Fpublic_html%2Fhex_sym404%2Fbin-phpBB.txt404&file=hex.txt HTTP/2" 200 441 "-" "Mozilla/5.0 AppleWebKit/537.36 (KHTML, like Gecko; compatible; ClaudeBot/1.0; +claudebot@anthropic.com)"
216.73.216.171 - - [15/Jun/2025:00:17:00 +0300] "GET /smini.php?action=edit&belekmata=%2Fhome%2Fcoinhaber%2Fpublic_html%2Fhex_sym404%2Fmail-Joomla.txt404&file=.htaccess HTTP/2" 200 632 "-" "Mozilla/5.0 AppleWebKit/537.36 (KHTML, like Gecko; compatible; ClaudeBot/1.0; +claudebot@anthropic.com)"
216.73.216.171 - - [15/Jun/2025:00:17:00 +0300] "GET /smini.php?action=edit&belekmata=%2Fhome%2Fcoinhaber%2Fpublic_html%2Fhex_sym404%2Fftp-OpenCart.txt404&file=hex.txt HTTP/2" 200 441 "-" "Mozilla/5.0 AppleWebKit/537.36 (KHTML, like Gecko; compatible; ClaudeBot/1.0; +claudebot@anthropic.com)"
216.73.216.171 - - [15/Jun/2025:00:17:00 +0300] "GET /smini.php?action=edit&belekmata=%2Fhome%2Fcoinhaber%2Fpublic_html%2Fhex_sym404%2Fsync-IPB.txt404&file=.htaccess HTTP/2" 200 632 "-" "Mozilla/5.0 AppleWebKit/537.36 (KHTML, like Gecko; compatible; ClaudeBot/1.0; +claudebot@anthropic.com)"
216.73.216.171 - - [15/Jun/2025:00:17:00 +0300] "GET /smini.php?action=edit&belekmata=%2Fhome%2Fcoinhaber%2Fpublic_html%2Fhex_sym404%2Fnamed-Hostbills.txt404&file=.htaccess HTTP/2" 200 511 "-" "Mozilla/5.0 AppleWebKit/537.36 (KHTML, like Gecko; compatible; ClaudeBot/1.0; +claudebot@anthropic.com)"
216.73.216.171 - - [15/Jun/2025:00:17:01 +0300] "GET /smini.php?action=edit&belekmata=%2Fhome%2Fcoinhaber%2Fpublic_html%2Fhex_sym404%2Fadm-Vbulletin.txt404&file=hex.txt HTTP/2" 200 441 "-" "Mozilla/5.0 AppleWebKit/537.36 (KHTML, like Gecko; compatible; ClaudeBot/1.0; +claudebot@anthropic.com)"
216.73.216.171 - - [15/Jun/2025:00:17:01 +0300] "GET /smini.php?action=edit&belekmata=%2Fhome%2Fcoinhaber%2Fpublic_html%2Fhex_sym404%2Fmailman-Joomla.txt404&file=.htaccess HTTP/2" 200 632 "-" "Mozilla/5.0 AppleWebKit/537.36 (KHTML, like Gecko; compatible; ClaudeBot/1.0; +claudebot@anthropic.com)"
216.73.216.171 - - [15/Jun/2025:00:17:01 +0300] "GET /smini.php?action=edit&belekmata=%2Fhome%2Fcoinhaber%2Fpublic_html%2Fhex_sym404%2Fdovecot-Drupal.txt404&file=hex.txt HTTP/2" 200 441 "-" "Mozilla/5.0 AppleWebKit/537.36 (KHTML, like Gecko; compatible; ClaudeBot/1.0; +claudebot@anthropic.com)"
