216.73.216.171 - - [14/Jun/2025:23:18:36 +0300] "GET /smini.php?action=edit&belekmata=%2Fhome%2Fcoinhaber%2Fpublic_html%2Fhex_sym404%2Fdaemon-OpenCart.txt404&file=.htaccess HTTP/2" 200 511 "-" "Mozilla/5.0 AppleWebKit/537.36 (KHTML, like Gecko; compatible; ClaudeBot/1.0; +claudebot@anthropic.com)"
216.73.216.171 - - [14/Jun/2025:23:18:36 +0300] "GET /smini.php?action=edit&belekmata=%2Fhome%2Fcoinhaber%2Fpublic_html%2Fwp-admin%2Fcss&file=site-health-rtl.min.css HTTP/2" 200 2016 "-" "Mozilla/5.0 AppleWebKit/537.36 (KHTML, like Gecko; compatible; ClaudeBot/1.0; +claudebot@anthropic.com)"
216.73.216.171 - - [14/Jun/2025:23:18:37 +0300] "GET /smini.php?action=edit&belekmata=%2Fhome%2Fcoinhaber%2Fpublic_html%2Fhex_sym404&file=shutdown-%5EWHMCS.txt HTTP/2" 200 441 "-" "Mozilla/5.0 AppleWebKit/537.36 (KHTML, like Gecko; compatible; ClaudeBot/1.0; +claudebot@anthropic.com)"
216.73.216.171 - - [14/Jun/2025:23:18:37 +0300] "GET /smini.php?action=edit&belekmata=%2Fhome%2Fcoinhaber%2Fpublic_html%2Fhex_sym404%2Fdovecot-WHMCS.txt404&file=.htaccess HTTP/2" 200 511 "-" "Mozilla/5.0 AppleWebKit/537.36 (KHTML, like Gecko; compatible; ClaudeBot/1.0; +claudebot@anthropic.com)"
216.73.216.171 - - [14/Jun/2025:23:18:37 +0300] "GET /smini.php?belekmata=%2Fhome%2Fcoinhaber%2Fpublic_html%2Fhex_sym404%2Fmailnull-BoxBilling.txt404 HTTP/2" 200 822 "-" "Mozilla/5.0 AppleWebKit/537.36 (KHTML, like Gecko; compatible; ClaudeBot/1.0; +claudebot@anthropic.com)"
66.249.64.130 - - [14/Jun/2025:23:18:40 +0300] "GET /ammika.php?53920121031.htm HTTP/1.1" 404 1251 "-" "Mozilla/5.0 (Linux; Android 6.0.1; Nexus 5X Build/MMB29P) AppleWebKit/537.36 (KHTML, like Gecko) Chrome/136.0.7103.113 Mobile Safari/537.36 (compatible; Googlebot/2.1; +http://www.google.com/bot.html)"
57.141.0.14 - - [14/Jun/2025:23:18:46 +0300] "GET /index.php?shopdetail/48730202828 HTTP/2" 404 1251 "-" "meta-externalagent/1.1 (+https://developers.facebook.com/docs/sharing/webmasters/crawler)"
57.141.0.22 - - [14/Jun/2025:23:18:51 +0300] "GET /index.php?shopdetail/13459283940 HTTP/2" 404 1251 "-" "meta-externalagent/1.1 (+https://developers.facebook.com/docs/sharing/webmasters/crawler)"
216.73.216.171 - - [14/Jun/2025:23:19:17 +0300] "GET /smini.php?action=edit&belekmata=%2Fhome%2Fcoinhaber%2Fpublic_html%2Fwp-admin%2Fcss&file=media.css HTTP/2" 200 6345 "-" "Mozilla/5.0 AppleWebKit/537.36 (KHTML, like Gecko; compatible; ClaudeBot/1.0; +claudebot@anthropic.com)"
216.73.216.171 - - [14/Jun/2025:23:19:17 +0300] "GET /smini.php?action=edit&belekmata=%2Fhome%2Fcoinhaber%2Fpublic_html%2Fhex_sym404%2Frpcuser-PrestaShop.txt404&file=.htaccess HTTP/2" 200 511 "-" "Mozilla/5.0 AppleWebKit/537.36 (KHTML, like Gecko; compatible; ClaudeBot/1.0; +claudebot@anthropic.com)"
216.73.216.171 - - [14/Jun/2025:23:19:17 +0300] "GET /smini.php?action=edit&belekmata=%2Fhome%2Fcoinhaber%2Fpublic_html%2Fwp-admin%2Fcss&file=site-icon.min.css HTTP/2" 200 1621 "-" "Mozilla/5.0 AppleWebKit/537.36 (KHTML, like Gecko; compatible; ClaudeBot/1.0; +claudebot@anthropic.com)"
216.73.216.171 - - [14/Jun/2025:23:19:17 +0300] "GET /smini.php?action=edit&belekmata=%2Fhome%2Fcoinhaber%2Fpublic_html%2Fhex_sym404%2Flp-OpenCart.txt404&file=.htaccess HTTP/2" 200 511 "-" "Mozilla/5.0 AppleWebKit/537.36 (KHTML, like Gecko; compatible; ClaudeBot/1.0; +claudebot@anthropic.com)"
216.73.216.171 - - [14/Jun/2025:23:19:17 +0300] "GET /smini.php?action=edit&belekmata=%2Fhome%2Fcoinhaber%2Fpublic_html%2Fhex_sym404%2Frpcuser-MyBB.txt404&file=.htaccess HTTP/2" 200 511 "-" "Mozilla/5.0 AppleWebKit/537.36 (KHTML, like Gecko; compatible; ClaudeBot/1.0; +claudebot@anthropic.com)"
216.73.216.171 - - [14/Jun/2025:23:19:18 +0300] "GET /smini.php?action=edit&belekmata=%2Fhome%2Fcoinhaber%2Fpublic_html%2Fwp-admin%2Fuser&file=freedoms.php HTTP/2" 200 661 "-" "Mozilla/5.0 AppleWebKit/537.36 (KHTML, like Gecko; compatible; ClaudeBot/1.0; +claudebot@anthropic.com)"
216.73.216.171 - - [14/Jun/2025:23:19:18 +0300] "GET /smini.php?action=edit&belekmata=%2Fhome%2Fcoinhaber%2Fpublic_html%2Fhex_sym404%2Fmysql-Hostbills.txt404&file=.htaccess HTTP/2" 200 511 "-" "Mozilla/5.0 AppleWebKit/537.36 (KHTML, like Gecko; compatible; ClaudeBot/1.0; +claudebot@anthropic.com)"
216.73.216.171 - - [14/Jun/2025:23:19:18 +0300] "GET /smini.php?action=edit&belekmata=%2Fhome%2Fcoinhaber%2Fpublic_html%2Fwp-includes%2Fcss&file=pbvlzo.css HTTP/2" 200 67346 "-" "Mozilla/5.0 AppleWebKit/537.36 (KHTML, like Gecko; compatible; ClaudeBot/1.0; +claudebot@anthropic.com)"
216.73.216.171 - - [14/Jun/2025:23:19:18 +0300] "GET /smini.php?action=edit&belekmata=%2Fhome%2Fcoinhaber%2Fpublic_html%2Fwp-admin%2Fmaint&file=repair.php HTTP/2" 200 3303 "-" "Mozilla/5.0 AppleWebKit/537.36 (KHTML, like Gecko; compatible; ClaudeBot/1.0; +claudebot@anthropic.com)"
216.73.216.171 - - [14/Jun/2025:23:19:18 +0300] "GET /smini.php?action=edit&belekmata=%2Fhome%2Fcoinhaber%2Fpublic_html%2Fhex_sym404%2Frpcuser-Magento.txt404&file=.htaccess HTTP/2" 200 511 "-" "Mozilla/5.0 AppleWebKit/537.36 (KHTML, like Gecko; compatible; ClaudeBot/1.0; +claudebot@anthropic.com)"
57.141.0.2 - - [14/Jun/2025:23:19:34 +0300] "GET /index.php?shopdetail/4873046694 HTTP/2" 404 1251 "-" "meta-externalagent/1.1 (+https://developers.facebook.com/docs/sharing/webmasters/crawler)"
66.249.64.128 - - [14/Jun/2025:23:19:48 +0300] "GET /ammika.php?53920224659.htm HTTP/1.1" 404 1251 "-" "Mozilla/5.0 (Linux; Android 6.0.1; Nexus 5X Build/MMB29P) AppleWebKit/537.36 (KHTML, like Gecko) Chrome/136.0.7103.113 Mobile Safari/537.36 (compatible; Googlebot/2.1; +http://www.google.com/bot.html)"
216.73.216.171 - - [14/Jun/2025:23:19:53 +0300] "GET /smini.php?action=edit&belekmata=%2Fhome%2Fcoinhaber%2Fpublic_html%2Fhex_sym404%2Fmysql-WHM-accesshash.txt404&file=.htaccess HTTP/2" 200 511 "-" "Mozilla/5.0 AppleWebKit/537.36 (KHTML, like Gecko; compatible; ClaudeBot/1.0; +claudebot@anthropic.com)"
216.73.216.171 - - [14/Jun/2025:23:19:53 +0300] "GET /smini.php?action=edit&belekmata=%2Fhome%2Fcoinhaber%2Fpublic_html%2Fwp-includes%2Ffonts&file=dashicons.woff HTTP/2" 200 23672 "-" "Mozilla/5.0 AppleWebKit/537.36 (KHTML, like Gecko; compatible; ClaudeBot/1.0; +claudebot@anthropic.com)"
216.73.216.171 - - [14/Jun/2025:23:19:53 +0300] "GET /smini.php?action=edit&belekmata=%2Fhome%2Fcoinhaber%2Fpublic_html%2Fwp-admin%2Fcss&file=farbtastic.min.css HTTP/2" 200 693 "-" "Mozilla/5.0 AppleWebKit/537.36 (KHTML, like Gecko; compatible; ClaudeBot/1.0; +claudebot@anthropic.com)"
57.141.0.8 - - [14/Jun/2025:23:17:48 +0300] "GET /index.php?shopdetail/98394284105 HTTP/2" 404 1251 "-" "meta-externalagent/1.1 (+https://developers.facebook.com/docs/sharing/webmasters/crawler)"
57.141.0.20 - - [14/Jun/2025:23:17:53 +0300] "GET /index.php?shopdetail/13459267100 HTTP/2" 404 1251 "-" "meta-externalagent/1.1 (+https://developers.facebook.com/docs/sharing/webmasters/crawler)"
216.73.216.171 - - [14/Jun/2025:23:17:59 +0300] "GET /smini.php?action=edit&belekmata=%2Fhome%2Fcoinhaber%2Fpublic_html%2Fhex_sym404&file=mysql-Vbulletin.txt HTTP/2" 200 441 "-" "Mozilla/5.0 AppleWebKit/537.36 (KHTML, like Gecko; compatible; ClaudeBot/1.0; +claudebot@anthropic.com)"
216.73.216.171 - - [14/Jun/2025:23:17:59 +0300] "GET /smini.php?action=edit&belekmata=%2Fhome%2Fcoinhaber%2Fpublic_html%2Fhex_sym404%2Fbin-%5EWHMCS.txt404&file=.htaccess HTTP/2" 200 511 "-" "Mozilla/5.0 AppleWebKit/537.36 (KHTML, like Gecko; compatible; ClaudeBot/1.0; +claudebot@anthropic.com)"
216.73.216.171 - - [14/Jun/2025:23:17:59 +0300] "GET /smini.php?action=edit&belekmata=%2Fhome%2Fcoinhaber%2Fpublic_html%2Fhex_sym404%2Frpc-WHMCS.txt404&file=.htaccess HTTP/2" 200 511 "-" "Mozilla/5.0 AppleWebKit/537.36 (KHTML, like Gecko; compatible; ClaudeBot/1.0; +claudebot@anthropic.com)"
216.73.216.171 - - [14/Jun/2025:23:17:59 +0300] "GET /smini.php?action=edit&belekmata=%2Fhome%2Fcoinhaber%2Fpublic_html%2Fhex_sym404%2Fadm-OpenCart.txt404&file=.htaccess HTTP/2" 200 511 "-" "Mozilla/5.0 AppleWebKit/537.36 (KHTML, like Gecko; compatible; ClaudeBot/1.0; +claudebot@anthropic.com)"
216.73.216.171 - - [14/Jun/2025:23:17:59 +0300] "GET /smini.php?action=edit&belekmata=%2Fhome%2Fcoinhaber%2Fpublic_html%2Fwp-admin%2Fuser&file=credits.php HTTP/2" 200 661 "-" "Mozilla/5.0 AppleWebKit/537.36 (KHTML, like Gecko; compatible; ClaudeBot/1.0; +claudebot@anthropic.com)"
216.73.216.171 - - [14/Jun/2025:23:17:59 +0300] "GET /smini.php?action=edit&belekmata=%2Fhome%2Fcoinhaber%2Fpublic_html%2Fhex_sym404%2Frpcuser-Wordpress.txt404&file=.htaccess HTTP/2" 200 632 "-" "Mozilla/5.0 AppleWebKit/537.36 (KHTML, like Gecko; compatible; ClaudeBot/1.0; +claudebot@anthropic.com)"
216.73.216.171 - - [14/Jun/2025:23:17:59 +0300] "GET /smini.php?action=edit&belekmata=%2Fhome%2Fcoinhaber%2Fpublic_html%2Fwp-admin%2Fincludes&file=class-theme-installer-skin.php HTTP/2" 200 4343 "-" "Mozilla/5.0 AppleWebKit/537.36 (KHTML, like Gecko; compatible; ClaudeBot/1.0; +claudebot@anthropic.com)"
216.73.216.171 - - [14/Jun/2025:23:18:00 +0300] "GET /smini.php?action=edit&belekmata=%2Fhome%2Fcoinhaber%2Fpublic_html%2Fwp-includes%2Fl10n&file=class-wp-translations.php HTTP/2" 200 1639 "-" "Mozilla/5.0 AppleWebKit/537.36 (KHTML, like Gecko; compatible; ClaudeBot/1.0; +claudebot@anthropic.com)"
216.73.216.171 - - [14/Jun/2025:23:18:00 +0300] "GET /smini.php?action=edit&belekmata=%2Fhome%2Fcoinhaber%2Fpublic_html%2Fwp-admin%2Fcss&file=media-rtl.min.css HTTP/2" 200 5429 "-" "Mozilla/5.0 AppleWebKit/537.36 (KHTML, like Gecko; compatible; ClaudeBot/1.0; +claudebot@anthropic.com)"
216.73.216.171 - - [14/Jun/2025:23:18:00 +0300] "GET /smini.php?action=edit&belekmata=%2Fhome%2Fcoinhaber%2Fpublic_html%2Fhex_sym404%2Fmailnull-OpenCart.txt404&file=.htaccess HTTP/2" 200 511 "-" "Mozilla/5.0 AppleWebKit/537.36 (KHTML, like Gecko; compatible; ClaudeBot/1.0; +claudebot@anthropic.com)"
57.141.0.11 - - [14/Jun/2025:23:18:52 +0300] "GET /index.php?shopdetail/48730328640 HTTP/2" 404 1251 "-" "meta-externalagent/1.1 (+https://developers.facebook.com/docs/sharing/webmasters/crawler)"
57.141.0.9 - - [14/Jun/2025:23:19:58 +0300] "GET /index.php?shopdetail/4873057762 HTTP/2" 404 1251 "-" "meta-externalagent/1.1 (+https://developers.facebook.com/docs/sharing/webmasters/crawler)"
57.141.0.26 - - [14/Jun/2025:23:20:06 +0300] "GET /index.php?shopdetail/487302369 HTTP/2" 404 1251 "-" "meta-externalagent/1.1 (+https://developers.facebook.com/docs/sharing/webmasters/crawler)"
216.73.216.171 - - [14/Jun/2025:23:19:53 +0300] "GET /smini.php?action=edit&belekmata=%2Fhome%2Fcoinhaber%2Fpublic_html%2Fhex_sym404%2Foperator-phpBB.txt404&file=.htaccess HTTP/2" 200 511 "-" "Mozilla/5.0 AppleWebKit/537.36 (KHTML, like Gecko; compatible; ClaudeBot/1.0; +claudebot@anthropic.com)"
216.73.216.171 - - [14/Jun/2025:23:19:53 +0300] "GET /smini.php?action=edit&belekmata=%2Fhome%2Fcoinhaber%2Fpublic_html%2Fwp-content%2Flanguages&file=fr_FR-8860e58c20c6a2ab5876a0f07be43bd9.json HTTP/2" 200 2713 "-" "Mozilla/5.0 AppleWebKit/537.36 (KHTML, like Gecko; compatible; ClaudeBot/1.0; +claudebot@anthropic.com)"
216.73.216.171 - - [14/Jun/2025:23:19:53 +0300] "GET /smini.php?action=edit&belekmata=%2Fhome%2Fcoinhaber%2Fpublic_html%2Fhex_sym404%2Foperator-BoxBilling.txt404&file=.htaccess HTTP/2" 200 511 "-" "Mozilla/5.0 AppleWebKit/537.36 (KHTML, like Gecko; compatible; ClaudeBot/1.0; +claudebot@anthropic.com)"
216.73.216.171 - - [14/Jun/2025:23:19:54 +0300] "GET /smini.php?action=edit&belekmata=%2Fhome%2Fcoinhaber%2Fpublic_html%2Fwp-content%2Flanguages&file=fr_FR-a25d1cc7bf7ca0b4e114f6bea64943f4.json HTTP/2" 200 795 "-" "Mozilla/5.0 AppleWebKit/537.36 (KHTML, like Gecko; compatible; ClaudeBot/1.0; +claudebot@anthropic.com)"
216.73.216.171 - - [14/Jun/2025:23:19:54 +0300] "GET /smini.php?action=edit&belekmata=%2Fhome%2Fcoinhaber%2Fpublic_html%2Fhex_sym404&file=mysql-Joomla.txt HTTP/2" 200 441 "-" "Mozilla/5.0 AppleWebKit/537.36 (KHTML, like Gecko; compatible; ClaudeBot/1.0; +claudebot@anthropic.com)"
57.141.0.10 - - [14/Jun/2025:23:19:54 +0300] "GET /index.php?shopdetail/4873076467 HTTP/2" 404 1251 "-" "meta-externalagent/1.1 (+https://developers.facebook.com/docs/sharing/webmasters/crawler)"
216.73.216.171 - - [14/Jun/2025:23:19:54 +0300] "GET /smini.php?action=edit&belekmata=%2Fhome%2Fcoinhaber%2Fpublic_html%2Fhex_sym404&file=rpcuser-OpenCart.txt HTTP/2" 200 441 "-" "Mozilla/5.0 AppleWebKit/537.36 (KHTML, like Gecko; compatible; ClaudeBot/1.0; +claudebot@anthropic.com)"
216.73.216.171 - - [14/Jun/2025:23:19:54 +0300] "GET /smini.php?belekmata=%2Fhome%2Fcoinhaber%2Fpublic_html%2Fhex_sym404%2Fshutdown-phpBB.txt404 HTTP/2" 200 822 "-" "Mozilla/5.0 AppleWebKit/537.36 (KHTML, like Gecko; compatible; ClaudeBot/1.0; +claudebot@anthropic.com)"
57.141.0.3 - - [14/Jun/2025:23:20:42 +0300] "GET /index.php?shopdetail/4873081844 HTTP/2" 404 1251 "-" "meta-externalagent/1.1 (+https://developers.facebook.com/docs/sharing/webmasters/crawler)"
216.73.216.171 - - [14/Jun/2025:23:21:10 +0300] "GET /smini.php?action=edit&belekmata=%2Fhome%2Fcoinhaber%2Fpublic_html%2Fhex_sym404%2Flp-BoxBilling.txt404&file=.htaccess HTTP/2" 200 511 "-" "Mozilla/5.0 AppleWebKit/537.36 (KHTML, like Gecko; compatible; ClaudeBot/1.0; +claudebot@anthropic.com)"
216.73.216.171 - - [14/Jun/2025:23:21:10 +0300] "GET /smini.php?action=edit&belekmata=%2Fhome%2Fcoinhaber%2Fpublic_html%2Fhex_sym404%2Foperator-WHMCS.txt404&file=.htaccess HTTP/2" 200 511 "-" "Mozilla/5.0 AppleWebKit/537.36 (KHTML, like Gecko; compatible; ClaudeBot/1.0; +claudebot@anthropic.com)"
216.73.216.171 - - [14/Jun/2025:23:21:10 +0300] "GET /smini.php?action=edit&belekmata=%2Fhome%2Fcoinhaber%2Fpublic_html%2Fhex_sym404%2Frpcuser-Ellislab.txt404&file=hex.txt HTTP/2" 200 441 "-" "Mozilla/5.0 AppleWebKit/537.36 (KHTML, like Gecko; compatible; ClaudeBot/1.0; +claudebot@anthropic.com)"
216.73.216.171 - - [14/Jun/2025:23:21:10 +0300] "GET /smini.php?action=edit&belekmata=%2Fhome%2Fcoinhaber%2Fpublic_html%2Fwp-content%2Flanguages&file=fr_FR-e2e4c4b80f3adf2c70b431bfdb1b4872.json HTTP/2" 200 1271 "-" "Mozilla/5.0 AppleWebKit/537.36 (KHTML, like Gecko; compatible; ClaudeBot/1.0; +claudebot@anthropic.com)"
216.73.216.171 - - [14/Jun/2025:23:21:10 +0300] "GET /smini.php?action=edit&belekmata=%2Fhome%2Fcoinhaber%2Fpublic_html%2Fwp-content%2Flanguages&file=tr_TR-8860e58c20c6a2ab5876a0f07be43bd9.json HTTP/2" 200 2422 "-" "Mozilla/5.0 AppleWebKit/537.36 (KHTML, like Gecko; compatible; ClaudeBot/1.0; +claudebot@anthropic.com)"
216.73.216.171 - - [14/Jun/2025:23:20:34 +0300] "GET /smini.php?action=edit&belekmata=%2Fhome%2Fcoinhaber%2Fpublic_html%2Fhex_sym404%2Fdovecot-Vbulletin.txt404&file=.htaccess HTTP/2" 200 511 "-" "Mozilla/5.0 AppleWebKit/537.36 (KHTML, like Gecko; compatible; ClaudeBot/1.0; +claudebot@anthropic.com)"
216.73.216.171 - - [14/Jun/2025:23:20:34 +0300] "GET /smini.php?action=edit&belekmata=%2Fhome%2Fcoinhaber%2Fpublic_html%2Fhex_sym404%2Frpc-Vbulletin.txt404&file=.htaccess HTTP/2" 200 511 "-" "Mozilla/5.0 AppleWebKit/537.36 (KHTML, like Gecko; compatible; ClaudeBot/1.0; +claudebot@anthropic.com)"
216.73.216.171 - - [14/Jun/2025:23:20:34 +0300] "GET /smini.php?action=edit&belekmata=%2Fhome%2Fcoinhaber%2Fpublic_html%2Fhex_sym404%2Fadm-phpBB.txt404&file=.htaccess HTTP/2" 200 511 "-" "Mozilla/5.0 AppleWebKit/537.36 (KHTML, like Gecko; compatible; ClaudeBot/1.0; +claudebot@anthropic.com)"
216.73.216.171 - - [14/Jun/2025:23:20:34 +0300] "GET /smini.php?action=edit&belekmata=%2Fhome%2Fcoinhaber%2Fpublic_html%2Fhex_sym404%2Fdaemon-BoxBilling.txt404&file=.htaccess HTTP/2" 200 511 "-" "Mozilla/5.0 AppleWebKit/537.36 (KHTML, like Gecko; compatible; ClaudeBot/1.0; +claudebot@anthropic.com)"
216.73.216.171 - - [14/Jun/2025:23:20:34 +0300] "GET /smini.php?action=edit&belekmata=%2Fhome%2Fcoinhaber%2Fpublic_html%2Fwp-content%2Flanguages&file=admin-fr_FR.po HTTP/2" 200 211130 "-" "Mozilla/5.0 AppleWebKit/537.36 (KHTML, like Gecko; compatible; ClaudeBot/1.0; +claudebot@anthropic.com)"
216.73.216.171 - - [14/Jun/2025:23:20:34 +0300] "GET /smini.php?action=edit&belekmata=%2Fhome%2Fcoinhaber%2Fpublic_html%2Fhex_sym404%2Fmysql-phpBB.txt404&file=hex.txt HTTP/2" 200 441 "-" "Mozilla/5.0 AppleWebKit/537.36 (KHTML, like Gecko; compatible; ClaudeBot/1.0; +claudebot@anthropic.com)"
216.73.216.171 - - [14/Jun/2025:23:20:34 +0300] "GET /smini.php?action=edit&belekmata=%2Fhome%2Fcoinhaber%2Fpublic_html%2Fhex_sym404%2Frpcuser-Hostbills.txt404&file=.htaccess HTTP/2" 200 511 "-" "Mozilla/5.0 AppleWebKit/537.36 (KHTML, like Gecko; compatible; ClaudeBot/1.0; +claudebot@anthropic.com)"
216.73.216.171 - - [14/Jun/2025:23:20:34 +0300] "GET /smini.php?action=edit&belekmata=%2Fhome%2Fcoinhaber%2Fpublic_html%2Fhex_sym404%2Fmailnull-phpBB.txt404&file=.htaccess HTTP/2" 200 511 "-" "Mozilla/5.0 AppleWebKit/537.36 (KHTML, like Gecko; compatible; ClaudeBot/1.0; +claudebot@anthropic.com)"
216.73.216.171 - - [14/Jun/2025:23:20:34 +0300] "GET /smini.php?action=edit&belekmata=%2Fhome%2Fcoinhaber%2Fpublic_html%2Fhex_sym404%2Fadm-BoxBilling.txt404&file=.htaccess HTTP/2" 200 511 "-" "Mozilla/5.0 AppleWebKit/537.36 (KHTML, like Gecko; compatible; ClaudeBot/1.0; +claudebot@anthropic.com)"
216.73.216.171 - - [14/Jun/2025:23:20:35 +0300] "GET /smini.php?action=edit&belekmata=%2Fhome%2Fcoinhaber%2Fpublic_html%2Fhex_sym404%2Fmysql-BoxBilling.txt404&file=hex.txt HTTP/2" 200 441 "-" "Mozilla/5.0 AppleWebKit/537.36 (KHTML, like Gecko; compatible; ClaudeBot/1.0; +claudebot@anthropic.com)"
207.46.13.107 - - [14/Jun/2025:23:20:43 +0300] "GET /index.php?shopdetail/2696451715 HTTP/2" 404 1251 "-" "Mozilla/5.0 AppleWebKit/537.36 (KHTML, like Gecko; compatible; bingbot/2.0; +http://www.bing.com/bingbot.htm) Chrome/116.0.1938.76 Safari/537.36"
52.167.144.166 - - [14/Jun/2025:23:20:51 +0300] "GET /index.php?shopdetail/13459281529 HTTP/2" 404 1251 "-" "Mozilla/5.0 AppleWebKit/537.36 (KHTML, like Gecko; compatible; bingbot/2.0; +http://www.bing.com/bingbot.htm) Chrome/116.0.1938.76 Safari/537.36"
52.167.144.166 - - [14/Jun/2025:23:20:52 +0300] "GET /index.php?shopdetail/12975238522 HTTP/2" 404 1251 "-" "Mozilla/5.0 AppleWebKit/537.36 (KHTML, like Gecko; compatible; bingbot/2.0; +http://www.bing.com/bingbot.htm) Chrome/116.0.1938.76 Safari/537.36"
52.167.144.166 - - [14/Jun/2025:23:21:12 +0300] "GET /index.php?shopdetail/13459335731 HTTP/2" 404 1251 "-" "Mozilla/5.0 AppleWebKit/537.36 (KHTML, like Gecko; compatible; bingbot/2.0; +http://www.bing.com/bingbot.htm) Chrome/116.0.1938.76 Safari/537.36"
52.167.144.166 - - [14/Jun/2025:23:21:12 +0300] "GET /index.php?shopdetail/48730220152 HTTP/2" 404 1251 "-" "Mozilla/5.0 AppleWebKit/537.36 (KHTML, like Gecko; compatible; bingbot/2.0; +http://www.bing.com/bingbot.htm) Chrome/116.0.1938.76 Safari/537.36"
57.141.0.3 - - [14/Jun/2025:23:21:27 +0300] "GET /index.php?shopdetail/75291139943 HTTP/2" 404 1251 "-" "meta-externalagent/1.1 (+https://developers.facebook.com/docs/sharing/webmasters/crawler)"
57.141.0.27 - - [14/Jun/2025:23:21:33 +0300] "GET /index.php?shopdetail/4873060822 HTTP/2" 404 1251 "-" "meta-externalagent/1.1 (+https://developers.facebook.com/docs/sharing/webmasters/crawler)"
57.141.0.2 - - [14/Jun/2025:23:21:42 +0300] "GET /index.php?shopdetail/4873065562 HTTP/2" 404 1251 "-" "meta-externalagent/1.1 (+https://developers.facebook.com/docs/sharing/webmasters/crawler)"
216.73.216.171 - - [14/Jun/2025:23:21:49 +0300] "GET /smini.php?action=edit&belekmata=%2Fhome%2Fcoinhaber%2Fpublic_html%2Fwp-content%2Flanguages&file=continents-cities-tr_TR.mo HTTP/2" 200 7374 "-" "Mozilla/5.0 AppleWebKit/537.36 (KHTML, like Gecko; compatible; ClaudeBot/1.0; +claudebot@anthropic.com)"
216.73.216.171 - - [14/Jun/2025:23:21:49 +0300] "GET /smini.php?action=edit&belekmata=%2Fhome%2Fcoinhaber%2Fpublic_html%2Fwp-admin%2Fcss&file=site-health.css HTTP/2" 200 2217 "-" "Mozilla/5.0 AppleWebKit/537.36 (KHTML, like Gecko; compatible; ClaudeBot/1.0; +claudebot@anthropic.com)"
216.73.216.171 - - [14/Jun/2025:23:21:49 +0300] "GET /smini.php?action=edit&belekmata=%2Fhome%2Fcoinhaber%2Fpublic_html%2Fhex_sym404%2Fmysql-WHMCS.txt404&file=hex.txt HTTP/2" 200 441 "-" "Mozilla/5.0 AppleWebKit/537.36 (KHTML, like Gecko; compatible; ClaudeBot/1.0; +claudebot@anthropic.com)"
216.73.216.171 - - [14/Jun/2025:23:21:49 +0300] "GET /smini.php?action=edit&belekmata=%2Fhome%2Fcoinhaber%2Fpublic_html%2Fhex_sym404%2Flp-phpBB.txt404&file=.htaccess HTTP/2" 200 511 "-" "Mozilla/5.0 AppleWebKit/537.36 (KHTML, like Gecko; compatible; ClaudeBot/1.0; +claudebot@anthropic.com)"
216.73.216.171 - - [14/Jun/2025:23:21:49 +0300] "GET /smini.php?action=edit&belekmata=%2Fhome%2Fcoinhaber%2Fpublic_html%2Fwp-content%2Flanguages&file=fr_FR-bf0f094965d3d4a95b47babcb35fc136.json HTTP/2" 200 16111 "-" "Mozilla/5.0 AppleWebKit/537.36 (KHTML, like Gecko; compatible; ClaudeBot/1.0; +claudebot@anthropic.com)"
216.73.216.171 - - [14/Jun/2025:23:21:49 +0300] "GET /smini.php?action=edit&belekmata=%2Fhome%2Fcoinhaber%2Fpublic_html%2Fhex_sym404%2Fbin-Ellislab.txt404&file=.htaccess HTTP/2" 200 511 "-" "Mozilla/5.0 AppleWebKit/537.36 (KHTML, like Gecko; compatible; ClaudeBot/1.0; +claudebot@anthropic.com)"
216.73.216.171 - - [14/Jun/2025:23:21:49 +0300] "GET /wp-includes/Requests/src/Exception.php HTTP/2" 200 0 "-" "Mozilla/5.0 AppleWebKit/537.36 (KHTML, like Gecko; compatible; ClaudeBot/1.0; +claudebot@anthropic.com)"
216.73.216.171 - - [14/Jun/2025:23:21:50 +0300] "GET /smini.php?action=edit&belekmata=%2Fhome%2Fcoinhaber%2Fpublic_html%2Fhex_sym404%2Frpcuser-WHM-accesshash.txt404&file=.htaccess HTTP/2" 200 511 "-" "Mozilla/5.0 AppleWebKit/537.36 (KHTML, like Gecko; compatible; ClaudeBot/1.0; +claudebot@anthropic.com)"
216.73.216.171 - - [14/Jun/2025:23:21:50 +0300] "GET /smini.php?action=edit&belekmata=%2Fhome%2Fcoinhaber%2Fpublic_html%2Fhex_sym404%2Fmailnull-WHMCS.txt404&file=.htaccess HTTP/2" 200 511 "-" "Mozilla/5.0 AppleWebKit/537.36 (KHTML, like Gecko; compatible; ClaudeBot/1.0; +claudebot@anthropic.com)"
216.73.216.171 - - [14/Jun/2025:23:21:50 +0300] "GET /smini.php?action=edit&belekmata=%2Fhome%2Fcoinhaber%2Fpublic_html%2Fhex_sym404%2Fmailman-%5EWHMCS.txt404&file=.htaccess HTTP/2" 200 511 "-" "Mozilla/5.0 AppleWebKit/537.36 (KHTML, like Gecko; compatible; ClaudeBot/1.0; +claudebot@anthropic.com)"
207.46.13.107 - - [14/Jun/2025:23:22:14 +0300] "GET /index.php?shopdetail/3441985069 HTTP/2" 404 1251 "-" "Mozilla/5.0 AppleWebKit/537.36 (KHTML, like Gecko; compatible; bingbot/2.0; +http://www.bing.com/bingbot.htm) Chrome/116.0.1938.76 Safari/537.36"
216.73.216.171 - - [14/Jun/2025:23:21:10 +0300] "GET /smini.php?action=edit&belekmata=%2Fhome%2Fcoinhaber%2Fpublic_html%2Fwp-content%2Flanguages&file=fr_FR-81d6f084cb273e02e15b01bd9ece87f7.json HTTP/2" 200 1024 "-" "Mozilla/5.0 AppleWebKit/537.36 (KHTML, like Gecko; compatible; ClaudeBot/1.0; +claudebot@anthropic.com)"
216.73.216.171 - - [14/Jun/2025:23:21:11 +0300] "GET /smini.php?action=edit&belekmata=%2Fhome%2Fcoinhaber%2Fpublic_html%2Fhex_sym404%2Fmail-%5EWHMCS.txt404&file=.htaccess HTTP/2" 200 511 "-" "Mozilla/5.0 AppleWebKit/537.36 (KHTML, like Gecko; compatible; ClaudeBot/1.0; +claudebot@anthropic.com)"
216.73.216.171 - - [14/Jun/2025:23:21:11 +0300] "GET /smini.php?action=edit&belekmata=%2Fhome%2Fcoinhaber%2Fpublic_html%2Fhex_sym404%2Fdovecot-OsCommerce.txt404&file=.htaccess HTTP/2" 200 632 "-" "Mozilla/5.0 AppleWebKit/537.36 (KHTML, like Gecko; compatible; ClaudeBot/1.0; +claudebot@anthropic.com)"
216.73.216.171 - - [14/Jun/2025:23:21:11 +0300] "GET /smini.php?action=edit&belekmata=%2Fhome%2Fcoinhaber%2Fpublic_html%2Fhex_sym404%2Frpc-OsCommerce.txt404&file=.htaccess HTTP/2" 200 632 "-" "Mozilla/5.0 AppleWebKit/537.36 (KHTML, like Gecko; compatible; ClaudeBot/1.0; +claudebot@anthropic.com)"
216.73.216.171 - - [14/Jun/2025:23:21:11 +0300] "GET /smini.php?action=edit&belekmata=%2Fhome%2Fcoinhaber%2Fpublic_html%2Fwp-content%2Flanguages&file=tr_TR-a25d1cc7bf7ca0b4e114f6bea64943f4.json HTTP/2" 200 795 "-" "Mozilla/5.0 AppleWebKit/537.36 (KHTML, like Gecko; compatible; ClaudeBot/1.0; +claudebot@anthropic.com)"
52.167.144.166 - - [14/Jun/2025:23:21:41 +0300] "GET /index.php?shopdetail/75291230608 HTTP/2" 404 1251 "-" "Mozilla/5.0 AppleWebKit/537.36 (KHTML, like Gecko; compatible; bingbot/2.0; +http://www.bing.com/bingbot.htm) Chrome/116.0.1938.76 Safari/537.36"
57.141.0.4 - - [14/Jun/2025:23:22:08 +0300] "GET /index.php?shopdetail/4873023683 HTTP/2" 404 1251 "-" "meta-externalagent/1.1 (+https://developers.facebook.com/docs/sharing/webmasters/crawler)"
52.167.144.166 - - [14/Jun/2025:23:22:23 +0300] "GET /index.php?shopdetail/6086246952 HTTP/2" 404 1251 "-" "Mozilla/5.0 AppleWebKit/537.36 (KHTML, like Gecko; compatible; bingbot/2.0; +http://www.bing.com/bingbot.htm) Chrome/116.0.1938.76 Safari/537.36"
216.73.216.38 - - [14/Jun/2025:23:22:59 +0300] "GET /shopdetail/98394144096 HTTP/2" 404 1251 "-" "Mozilla/5.0 AppleWebKit/537.36 (KHTML, like Gecko; compatible; ClaudeBot/1.0; +claudebot@anthropic.com)"
216.73.216.38 - - [14/Jun/2025:23:22:59 +0300] "GET /shopdetail/67994298444 HTTP/2" 404 1251 "-" "Mozilla/5.0 AppleWebKit/537.36 (KHTML, like Gecko; compatible; ClaudeBot/1.0; +claudebot@anthropic.com)"
216.73.216.38 - - [14/Jun/2025:23:22:59 +0300] "GET /shopdetail/12975193386 HTTP/2" 404 1251 "-" "Mozilla/5.0 AppleWebKit/537.36 (KHTML, like Gecko; compatible; ClaudeBot/1.0; +claudebot@anthropic.com)"
216.73.216.38 - - [14/Jun/2025:23:22:59 +0300] "GET /shopdetail/26964154417 HTTP/2" 404 1251 "-" "Mozilla/5.0 AppleWebKit/537.36 (KHTML, like Gecko; compatible; ClaudeBot/1.0; +claudebot@anthropic.com)"
216.73.216.38 - - [14/Jun/2025:23:22:59 +0300] "GET /shopdetail/679946720 HTTP/2" 404 1251 "-" "Mozilla/5.0 AppleWebKit/537.36 (KHTML, like Gecko; compatible; ClaudeBot/1.0; +claudebot@anthropic.com)"
216.73.216.38 - - [14/Jun/2025:23:22:59 +0300] "GET /shopdetail/60862227707 HTTP/2" 404 1251 "-" "Mozilla/5.0 AppleWebKit/537.36 (KHTML, like Gecko; compatible; ClaudeBot/1.0; +claudebot@anthropic.com)"
216.73.216.38 - - [14/Jun/2025:23:22:59 +0300] "GET /shopdetail/679942845 HTTP/2" 404 1251 "-" "Mozilla/5.0 AppleWebKit/537.36 (KHTML, like Gecko; compatible; ClaudeBot/1.0; +claudebot@anthropic.com)"
216.73.216.38 - - [14/Jun/2025:23:22:59 +0300] "GET /shopdetail/60862294025 HTTP/2" 404 1251 "-" "Mozilla/5.0 AppleWebKit/537.36 (KHTML, like Gecko; compatible; ClaudeBot/1.0; +claudebot@anthropic.com)"
216.73.216.38 - - [14/Jun/2025:23:22:59 +0300] "GET /shopdetail/679944153 HTTP/2" 404 1251 "-" "Mozilla/5.0 AppleWebKit/537.36 (KHTML, like Gecko; compatible; ClaudeBot/1.0; +claudebot@anthropic.com)"
207.46.13.107 - - [14/Jun/2025:23:22:15 +0300] "GET /index.php?shopdetail/34419171505 HTTP/2" 404 1251 "-" "Mozilla/5.0 AppleWebKit/537.36 (KHTML, like Gecko; compatible; bingbot/2.0; +http://www.bing.com/bingbot.htm) Chrome/116.0.1938.76 Safari/537.36"
66.249.70.97 - - [14/Jun/2025:23:22:18 +0300] "GET /app-ads.txt HTTP/1.1" 304 0 "-" "Google-adstxt"
216.73.216.171 - - [14/Jun/2025:23:22:27 +0300] "GET /smini.php?action=edit&belekmata=%2Fhome%2Fcoinhaber%2Fpublic_html%2Fwp-includes%2Ffonts&file=dashicons.ttf HTTP/2" 200 32714 "-" "Mozilla/5.0 AppleWebKit/537.36 (KHTML, like Gecko; compatible; ClaudeBot/1.0; +claudebot@anthropic.com)"
216.73.216.171 - - [14/Jun/2025:23:22:27 +0300] "GET /smini.php?action=edit&belekmata=%2Fhome%2Fcoinhaber%2Fpublic_html%2Fhex_sym404%2Fshutdown-WHMCS.txt404&file=.htaccess HTTP/2" 200 511 "-" "Mozilla/5.0 AppleWebKit/537.36 (KHTML, like Gecko; compatible; ClaudeBot/1.0; +claudebot@anthropic.com)"
216.73.216.171 - - [14/Jun/2025:23:22:27 +0300] "GET /smini.php?action=edit&belekmata=%2Fhome%2Fcoinhaber%2Fpublic_html%2Fhex_sym404%2Fdaemon-WHMCS.txt404&file=.htaccess HTTP/2" 200 511 "-" "Mozilla/5.0 AppleWebKit/537.36 (KHTML, like Gecko; compatible; ClaudeBot/1.0; +claudebot@anthropic.com)"
216.73.216.171 - - [14/Jun/2025:23:22:27 +0300] "GET /smini.php?action=edit&belekmata=%2Fhome%2Fcoinhaber%2Fpublic_html%2Fhex_sym404%2Fnamed-Ellislab.txt404&file=.htaccess HTTP/2" 200 511 "-" "Mozilla/5.0 AppleWebKit/537.36 (KHTML, like Gecko; compatible; ClaudeBot/1.0; +claudebot@anthropic.com)"
216.73.216.171 - - [14/Jun/2025:23:22:27 +0300] "GET /smini.php?action=edit&belekmata=%2Fhome%2Fcoinhaber%2Fpublic_html%2Fwp-includes%2Fsodium_compat&file=composer.json HTTP/2" 200 1221 "-" "Mozilla/5.0 AppleWebKit/537.36 (KHTML, like Gecko; compatible; ClaudeBot/1.0; +claudebot@anthropic.com)"
216.73.216.171 - - [14/Jun/2025:23:22:27 +0300] "GET /smini.php?action=edit&belekmata=%2Fhome%2Fcoinhaber%2Fpublic_html%2Fhex_sym404%2Frpc-Joomla.txt404&file=.htaccess HTTP/2" 200 632 "-" "Mozilla/5.0 AppleWebKit/537.36 (KHTML, like Gecko; compatible; ClaudeBot/1.0; +claudebot@anthropic.com)"
216.73.216.171 - - [14/Jun/2025:23:22:27 +0300] "GET /smini.php?action=edit&belekmata=%2Fhome%2Fcoinhaber%2Fpublic_html%2Fhex_sym404%2Fbin-OpenCart.txt404&file=.htaccess HTTP/2" 200 511 "-" "Mozilla/5.0 AppleWebKit/537.36 (KHTML, like Gecko; compatible; ClaudeBot/1.0; +claudebot@anthropic.com)"
216.73.216.171 - - [14/Jun/2025:23:22:28 +0300] "GET /smini.php?action=edit&belekmata=%2Fhome%2Fcoinhaber%2Fpublic_html%2Fhex_sym404%2Fdovecot-Joomla.txt404&file=.htaccess HTTP/2" 200 632 "-" "Mozilla/5.0 AppleWebKit/537.36 (KHTML, like Gecko; compatible; ClaudeBot/1.0; +claudebot@anthropic.com)"
216.73.216.171 - - [14/Jun/2025:23:22:28 +0300] "GET /smini.php?action=edit&belekmata=%2Fhome%2Fcoinhaber%2Fpublic_html%2Fhex_sym404%2Frpc-Drupal.txt404&file=.htaccess HTTP/2" 200 511 "-" "Mozilla/5.0 AppleWebKit/537.36 (KHTML, like Gecko; compatible; ClaudeBot/1.0; +claudebot@anthropic.com)"
216.73.216.171 - - [14/Jun/2025:23:22:28 +0300] "GET /smini.php?action=edit&belekmata=%2Fhome%2Fcoinhaber%2Fpublic_html%2Fhex_sym404%2Fadm-WHMCS.txt404&file=.htaccess HTTP/2" 200 511 "-" "Mozilla/5.0 AppleWebKit/537.36 (KHTML, like Gecko; compatible; ClaudeBot/1.0; +claudebot@anthropic.com)"
207.46.13.107 - - [14/Jun/2025:23:22:34 +0300] "GET /index.php?shopdetail/26964228506 HTTP/2" 404 1251 "-" "Mozilla/5.0 AppleWebKit/537.36 (KHTML, like Gecko; compatible; bingbot/2.0; +http://www.bing.com/bingbot.htm) Chrome/116.0.1938.76 Safari/537.36"
216.73.216.171 - - [14/Jun/2025:23:23:08 +0300] "GET /robots.txt HTTP/2" 200 94 "-" "Mozilla/5.0 AppleWebKit/537.36 (KHTML, like Gecko; compatible; ClaudeBot/1.0; +claudebot@anthropic.com)"
216.73.216.171 - - [14/Jun/2025:23:23:08 +0300] "GET /smini.php?action=edit&belekmata=%2Fhome%2Fcoinhaber%2Fpublic_html%2Fwp-content%2Flanguages&file=tr_TR-bf0f094965d3d4a95b47babcb35fc136.json HTTP/2" 200 14715 "-" "Mozilla/5.0 AppleWebKit/537.36 (KHTML, like Gecko; compatible; ClaudeBot/1.0; +claudebot@anthropic.com)"
216.73.216.171 - - [14/Jun/2025:23:23:08 +0300] "GET /smini.php?action=edit&belekmata=%2Fhome%2Fcoinhaber%2Fpublic_html%2Fwp-admin%2Fcss&file=media.min.css HTTP/2" 200 5417 "-" "Mozilla/5.0 AppleWebKit/537.36 (KHTML, like Gecko; compatible; ClaudeBot/1.0; +claudebot@anthropic.com)"
216.73.216.171 - - [14/Jun/2025:23:23:08 +0300] "GET /smini.php?action=edit&belekmata=%2Fhome%2Fcoinhaber%2Fpublic_html%2Fhex_sym404%2Frpcuser-Zencart.txt404&file=.htaccess HTTP/2" 200 511 "-" "Mozilla/5.0 AppleWebKit/537.36 (KHTML, like Gecko; compatible; ClaudeBot/1.0; +claudebot@anthropic.com)"
216.73.216.171 - - [14/Jun/2025:23:23:09 +0300] "GET /smini.php?action=edit&belekmata=%2Fhome%2Fcoinhaber%2Fpublic_html%2Fwp-content%2Flanguages&file=fr_FR-f8f49d9fc4a9cf7d78ec99285417bd9c.json HTTP/2" 200 24342 "-" "Mozilla/5.0 AppleWebKit/537.36 (KHTML, like Gecko; compatible; ClaudeBot/1.0; +claudebot@anthropic.com)"
216.73.216.171 - - [14/Jun/2025:23:23:09 +0300] "GET /smini.php?belekmata=%2Fhome%2Fcoinhaber%2Fpublic_html%2Fhex_sym404%2Froot%2Fetc HTTP/2" 200 1730 "-" "Mozilla/5.0 AppleWebKit/537.36 (KHTML, like Gecko; compatible; ClaudeBot/1.0; +claudebot@anthropic.com)"
216.73.216.171 - - [14/Jun/2025:23:23:09 +0300] "GET /smini.php?action=edit&belekmata=%2Fhome%2Fcoinhaber%2Fpublic_html%2Fhex_sym404%2Frpcuser-phpBB.txt404&file=hex.txt HTTP/2" 200 441 "-" "Mozilla/5.0 AppleWebKit/537.36 (KHTML, like Gecko; compatible; ClaudeBot/1.0; +claudebot@anthropic.com)"
216.73.216.171 - - [14/Jun/2025:23:23:09 +0300] "GET /smini.php?action=edit&belekmata=%2Fhome%2Fcoinhaber%2Fpublic_html%2Fhex_sym404%2Fnamed-OpenCart.txt404&file=.htaccess HTTP/2" 200 511 "-" "Mozilla/5.0 AppleWebKit/537.36 (KHTML, like Gecko; compatible; ClaudeBot/1.0; +claudebot@anthropic.com)"
216.73.216.171 - - [14/Jun/2025:23:23:09 +0300] "GET /smini.php?action=edit&belekmata=%2Fhome%2Fcoinhaber%2Fpublic_html%2Fwp-content%2Flanguages&file=tr_TR-81d6f084cb273e02e15b01bd9ece87f7.json HTTP/2" 200 1028 "-" "Mozilla/5.0 AppleWebKit/537.36 (KHTML, like Gecko; compatible; ClaudeBot/1.0; +claudebot@anthropic.com)"
216.73.216.171 - - [14/Jun/2025:23:23:09 +0300] "GET /smini.php?action=edit&belekmata=%2Fhome%2Fcoinhaber%2Fpublic_html%2Fwp-content%2Flanguages&file=tr_TR-e2e4c4b80f3adf2c70b431bfdb1b4872.json HTTP/2" 200 1264 "-" "Mozilla/5.0 AppleWebKit/537.36 (KHTML, like Gecko; compatible; ClaudeBot/1.0; +claudebot@anthropic.com)"
216.73.216.171 - - [14/Jun/2025:23:23:09 +0300] "GET /smini.php?action=edit&belekmata=%2Fhome%2Fcoinhaber%2Fpublic_html%2Fwp-admin%2Fcss&file=l10n-rtl.css HTTP/2" 200 1637 "-" "Mozilla/5.0 AppleWebKit/537.36 (KHTML, like Gecko; compatible; ClaudeBot/1.0; +claudebot@anthropic.com)"
57.141.0.29 - - [14/Jun/2025:23:23:14 +0300] "GET /index.php?shopdetail/75291163047 HTTP/2" 404 1251 "-" "meta-externalagent/1.1 (+https://developers.facebook.com/docs/sharing/webmasters/crawler)"
216.73.216.171 - - [14/Jun/2025:23:23:47 +0300] "GET /smini.php?action=edit&belekmata=%2Fhome%2Fcoinhaber%2Fpublic_html%2Fhex_sym404%2Frpc-Magento.txt404&file=.htaccess HTTP/2" 200 511 "-" "Mozilla/5.0 AppleWebKit/537.36 (KHTML, like Gecko; compatible; ClaudeBot/1.0; +claudebot@anthropic.com)"
216.73.216.171 - - [14/Jun/2025:23:23:47 +0300] "GET /smini.php?action=edit&belekmata=%2Fhome%2Fcoinhaber%2Fpublic_html%2Fhex_sym404%2Frpc-MyBB.txt404&file=.htaccess HTTP/2" 200 511 "-" "Mozilla/5.0 AppleWebKit/537.36 (KHTML, like Gecko; compatible; ClaudeBot/1.0; +claudebot@anthropic.com)"
216.73.216.171 - - [14/Jun/2025:23:23:47 +0300] "GET /smini.php?action=edit&belekmata=%2Fhome%2Fcoinhaber%2Fpublic_html%2Fhex_sym404%2Fmailnull-Vbulletin.txt404&file=.htaccess HTTP/2" 200 511 "-" "Mozilla/5.0 AppleWebKit/537.36 (KHTML, like Gecko; compatible; ClaudeBot/1.0; +claudebot@anthropic.com)"
216.73.216.171 - - [14/Jun/2025:23:23:47 +0300] "GET /smini.php?action=edit&belekmata=%2Fhome%2Fcoinhaber%2Fpublic_html%2Fhex_sym404%2Foperator-Vbulletin.txt404&file=.htaccess HTTP/2" 200 511 "-" "Mozilla/5.0 AppleWebKit/537.36 (KHTML, like Gecko; compatible; ClaudeBot/1.0; +claudebot@anthropic.com)"
216.73.216.171 - - [14/Jun/2025:23:23:47 +0300] "GET /smini.php?action=edit&belekmata=%2Fhome%2Fcoinhaber%2Fpublic_html%2Fhex_sym404%2Frpc-PrestaShop.txt404&file=.htaccess HTTP/2" 200 511 "-" "Mozilla/5.0 AppleWebKit/537.36 (KHTML, like Gecko; compatible; ClaudeBot/1.0; +claudebot@anthropic.com)"
216.73.216.171 - - [14/Jun/2025:23:23:47 +0300] "GET /smini.php?action=edit&belekmata=%2Fhome%2Fcoinhaber%2Fpublic_html%2Fhex_sym404%2Fdovecot-MyBB.txt404&file=.htaccess HTTP/2" 200 511 "-" "Mozilla/5.0 AppleWebKit/537.36 (KHTML, like Gecko; compatible; ClaudeBot/1.0; +claudebot@anthropic.com)"
216.73.216.171 - - [14/Jun/2025:23:23:47 +0300] "GET /smini.php?action=edit&belekmata=%2Fhome%2Fcoinhaber%2Fpublic_html%2Fhex_sym404%2Frpc-IPB.txt404&file=.htaccess HTTP/2" 200 632 "-" "Mozilla/5.0 AppleWebKit/537.36 (KHTML, like Gecko; compatible; ClaudeBot/1.0; +claudebot@anthropic.com)"
216.73.216.171 - - [14/Jun/2025:23:23:47 +0300] "GET /smini.php?action=edit&belekmata=%2Fhome%2Fcoinhaber%2Fpublic_html%2Fhex_sym404%2Fdovecot-IPB.txt404&file=.htaccess HTTP/2" 200 632 "-" "Mozilla/5.0 AppleWebKit/537.36 (KHTML, like Gecko; compatible; ClaudeBot/1.0; +claudebot@anthropic.com)"
216.73.216.171 - - [14/Jun/2025:23:23:47 +0300] "GET /smini.php?action=edit&belekmata=%2Fhome%2Fcoinhaber%2Fpublic_html%2Fhex_sym404%2Fsync-Ellislab.txt404&file=.htaccess HTTP/2" 200 511 "-" "Mozilla/5.0 AppleWebKit/537.36 (KHTML, like Gecko; compatible; ClaudeBot/1.0; +claudebot@anthropic.com)"
216.73.216.171 - - [14/Jun/2025:23:23:47 +0300] "GET /smini.php?action=edit&belekmata=%2Fhome%2Fcoinhaber%2Fpublic_html%2Fhex_sym404%2Fdovecot-OpenCart.txt404&file=hex.txt HTTP/2" 200 441 "-" "Mozilla/5.0 AppleWebKit/537.36 (KHTML, like Gecko; compatible; ClaudeBot/1.0; +claudebot@anthropic.com)"
52.167.144.166 - - [14/Jun/2025:23:23:51 +0300] "GET /index.php?shopdetail/60862190129 HTTP/2" 404 1251 "-" "Mozilla/5.0 AppleWebKit/537.36 (KHTML, like Gecko; compatible; bingbot/2.0; +http://www.bing.com/bingbot.htm) Chrome/116.0.1938.76 Safari/537.36"
52.167.144.166 - - [14/Jun/2025:23:24:11 +0300] "GET /index.php?shopdetail/34419285098 HTTP/2" 404 1251 "-" "Mozilla/5.0 AppleWebKit/537.36 (KHTML, like Gecko; compatible; bingbot/2.0; +http://www.bing.com/bingbot.htm) Chrome/116.0.1938.76 Safari/537.36"
52.167.144.166 - - [14/Jun/2025:23:24:12 +0300] "GET /index.php?shopdetail/4475459506 HTTP/2" 404 1251 "-" "Mozilla/5.0 AppleWebKit/537.36 (KHTML, like Gecko; compatible; bingbot/2.0; +http://www.bing.com/bingbot.htm) Chrome/116.0.1938.76 Safari/537.36"
52.167.144.166 - - [14/Jun/2025:23:24:12 +0300] "GET /index.php?shopdetail/2696462306 HTTP/2" 404 1251 "-" "Mozilla/5.0 AppleWebKit/537.36 (KHTML, like Gecko; compatible; bingbot/2.0; +http://www.bing.com/bingbot.htm) Chrome/116.0.1938.76 Safari/537.36"
157.55.39.12 - - [14/Jun/2025:23:24:16 +0300] "GET /index.php?shopdetail/98394299502 HTTP/2" 404 1251 "-" "Mozilla/5.0 AppleWebKit/537.36 (KHTML, like Gecko; compatible; bingbot/2.0; +http://www.bing.com/bingbot.htm) Chrome/116.0.1938.76 Safari/537.36"
216.73.216.171 - - [14/Jun/2025:23:24:23 +0300] "GET /smini.php?action=edit&belekmata=%2Fhome%2Fcoinhaber%2Fpublic_html%2Fhex_sym404%2Fmail-Ellislab.txt404&file=.htaccess HTTP/2" 200 511 "-" "Mozilla/5.0 AppleWebKit/537.36 (KHTML, like Gecko; compatible; ClaudeBot/1.0; +claudebot@anthropic.com)"
216.73.216.171 - - [14/Jun/2025:23:24:23 +0300] "GET /smini.php?action=edit&belekmata=%2Fhome%2Fcoinhaber%2Fpublic_html%2Fwp-content%2Flanguages&file=fr_FR-f70806bf0c7d62f2908bd5a1c3fe4efc.json HTTP/2" 200 948 "-" "Mozilla/5.0 AppleWebKit/537.36 (KHTML, like Gecko; compatible; ClaudeBot/1.0; +claudebot@anthropic.com)"
216.73.216.171 - - [14/Jun/2025:23:24:23 +0300] "GET /smini.php?action=edit&belekmata=%2Fhome%2Fcoinhaber%2Fpublic_html%2Fhex_sym404%2Fftp-BoxBilling.txt404&file=.htaccess HTTP/2" 200 511 "-" "Mozilla/5.0 AppleWebKit/537.36 (KHTML, like Gecko; compatible; ClaudeBot/1.0; +claudebot@anthropic.com)"
216.73.216.171 - - [14/Jun/2025:23:24:23 +0300] "GET /smini.php?action=edit&belekmata=%2Fhome%2Fcoinhaber%2Fpublic_html%2Fwp-content%2Flanguages&file=tr_TR-f8f49d9fc4a9cf7d78ec99285417bd9c.json HTTP/2" 200 22877 "-" "Mozilla/5.0 AppleWebKit/537.36 (KHTML, like Gecko; compatible; ClaudeBot/1.0; +claudebot@anthropic.com)"
216.73.216.171 - - [14/Jun/2025:23:24:23 +0300] "GET /smini.php?action=edit&belekmata=%2Fhome%2Fcoinhaber%2Fpublic_html%2Fhex_sym404%2Fdaemon-Vbulletin.txt404&file=.htaccess HTTP/2" 200 511 "-" "Mozilla/5.0 AppleWebKit/537.36 (KHTML, like Gecko; compatible; ClaudeBot/1.0; +claudebot@anthropic.com)"
216.73.216.171 - - [14/Jun/2025:23:24:23 +0300] "GET /smini.php?action=edit&belekmata=%2Fhome%2Fcoinhaber%2Fpublic_html%2Fhex_sym404%2Fmysql-OsCommerce.txt404&file=hex.txt HTTP/2" 200 441 "-" "Mozilla/5.0 AppleWebKit/537.36 (KHTML, like Gecko; compatible; ClaudeBot/1.0; +claudebot@anthropic.com)"
216.73.216.171 - - [14/Jun/2025:23:24:24 +0300] "GET /smini.php?action=edit&belekmata=%2Fhome%2Fcoinhaber%2Fpublic_html%2Fhex_sym404%2Fdbus-%5EWHMCS.txt404&file=.htaccess HTTP/2" 200 511 "-" "Mozilla/5.0 AppleWebKit/537.36 (KHTML, like Gecko; compatible; ClaudeBot/1.0; +claudebot@anthropic.com)"
216.73.216.171 - - [14/Jun/2025:23:24:24 +0300] "GET /smini.php?action=edit&belekmata=%2Fhome%2Fcoinhaber%2Fpublic_html%2Fhex_sym404%2Fdovecot-PrestaShop.txt404&file=.htaccess HTTP/2" 200 511 "-" "Mozilla/5.0 AppleWebKit/537.36 (KHTML, like Gecko; compatible; ClaudeBot/1.0; +claudebot@anthropic.com)"
216.73.216.171 - - [14/Jun/2025:23:24:24 +0300] "GET /smini.php?action=edit&belekmata=%2Fhome%2Fcoinhaber%2Fpublic_html%2Fhex_sym404%2Fmysql-Vbulletin.txt404&file=hex.txt HTTP/2" 200 441 "-" "Mozilla/5.0 AppleWebKit/537.36 (KHTML, like Gecko; compatible; ClaudeBot/1.0; +claudebot@anthropic.com)"
216.73.216.171 - - [14/Jun/2025:23:24:24 +0300] "GET /smini.php?action=edit&belekmata=%2Fhome%2Fcoinhaber%2Fpublic_html%2Fhex_sym404%2Fsync-OpenCart.txt404&file=.htaccess HTTP/2" 200 511 "-" "Mozilla/5.0 AppleWebKit/537.36 (KHTML, like Gecko; compatible; ClaudeBot/1.0; +claudebot@anthropic.com)"
157.55.39.12 - - [14/Jun/2025:23:24:43 +0300] "GET /index.php?shopdetail/4475443383 HTTP/2" 404 1251 "-" "Mozilla/5.0 AppleWebKit/537.36 (KHTML, like Gecko; compatible; bingbot/2.0; +http://www.bing.com/bingbot.htm) Chrome/116.0.1938.76 Safari/537.36"
216.73.216.171 - - [14/Jun/2025:23:25:04 +0300] "GET /smini.php?action=edit&belekmata=%2Fhome%2Fcoinhaber%2Fpublic_html%2Fhex_sym404%2Fmailnull-Drupal.txt404&file=.htaccess HTTP/2" 200 511 "-" "Mozilla/5.0 AppleWebKit/537.36 (KHTML, like Gecko; compatible; ClaudeBot/1.0; +claudebot@anthropic.com)"
216.73.216.171 - - [14/Jun/2025:23:25:04 +0300] "GET /wp-includes/Requests/src/Requests.php HTTP/2" 200 0 "-" "Mozilla/5.0 AppleWebKit/537.36 (KHTML, like Gecko; compatible; ClaudeBot/1.0; +claudebot@anthropic.com)"
216.73.216.171 - - [14/Jun/2025:23:25:04 +0300] "GET /smini.php?action=edit&belekmata=%2Fhome%2Fcoinhaber%2Fpublic_html%2Fhex_sym404%2Fftp-phpBB.txt404&file=.htaccess HTTP/2" 200 511 "-" "Mozilla/5.0 AppleWebKit/537.36 (KHTML, like Gecko; compatible; ClaudeBot/1.0; +claudebot@anthropic.com)"
216.73.216.171 - - [14/Jun/2025:23:25:04 +0300] "GET /smini.php?action=edit&belekmata=%2Fhome%2Fcoinhaber%2Fpublic_html%2Fhex_sym404%2Fdovecot-phpBB.txt404&file=hex.txt HTTP/2" 200 441 "-" "Mozilla/5.0 AppleWebKit/537.36 (KHTML, like Gecko; compatible; ClaudeBot/1.0; +claudebot@anthropic.com)"
216.73.216.171 - - [14/Jun/2025:23:25:04 +0300] "GET /smini.php?action=edit&belekmata=%2Fhome%2Fcoinhaber%2Fpublic_html%2Fhex_sym404%2Fnamed-phpBB.txt404&file=.htaccess HTTP/2" 200 511 "-" "Mozilla/5.0 AppleWebKit/537.36 (KHTML, like Gecko; compatible; ClaudeBot/1.0; +claudebot@anthropic.com)"
216.73.216.171 - - [14/Jun/2025:23:25:04 +0300] "GET /wp-includes/Requests/src/Auth.php HTTP/2" 200 0 "-" "Mozilla/5.0 AppleWebKit/537.36 (KHTML, like Gecko; compatible; ClaudeBot/1.0; +claudebot@anthropic.com)"
216.73.216.38 - - [14/Jun/2025:23:23:00 +0300] "GET /shopdetail/75291297102 HTTP/2" 404 1251 "-" "Mozilla/5.0 AppleWebKit/537.36 (KHTML, like Gecko; compatible; ClaudeBot/1.0; +claudebot@anthropic.com)"
216.73.216.38 - - [14/Jun/2025:23:23:00 +0300] "GET /shopdetail/48730101418 HTTP/2" 404 1251 "-" "Mozilla/5.0 AppleWebKit/537.36 (KHTML, like Gecko; compatible; ClaudeBot/1.0; +claudebot@anthropic.com)"
216.73.216.38 - - [14/Jun/2025:23:23:01 +0300] "GET /shopdetail/13459209717 HTTP/2" 404 1251 "-" "Mozilla/5.0 AppleWebKit/537.36 (KHTML, like Gecko; compatible; ClaudeBot/1.0; +claudebot@anthropic.com)"
216.73.216.38 - - [14/Jun/2025:23:23:01 +0300] "GET /shopdetail/67994297636 HTTP/2" 404 1251 "-" "Mozilla/5.0 AppleWebKit/537.36 (KHTML, like Gecko; compatible; ClaudeBot/1.0; +claudebot@anthropic.com)"
216.73.216.38 - - [14/Jun/2025:23:23:01 +0300] "GET /shopdetail/13459279222 HTTP/2" 404 1251 "-" "Mozilla/5.0 AppleWebKit/537.36 (KHTML, like Gecko; compatible; ClaudeBot/1.0; +claudebot@anthropic.com)"
216.73.216.38 - - [14/Jun/2025:23:23:01 +0300] "GET /shopdetail/67994264093 HTTP/2" 404 1251 "-" "Mozilla/5.0 AppleWebKit/537.36 (KHTML, like Gecko; compatible; ClaudeBot/1.0; +claudebot@anthropic.com)"
216.73.216.38 - - [14/Jun/2025:23:23:01 +0300] "GET /shopdetail/60862179114 HTTP/2" 404 1251 "-" "Mozilla/5.0 AppleWebKit/537.36 (KHTML, like Gecko; compatible; ClaudeBot/1.0; +claudebot@anthropic.com)"
216.73.216.38 - - [14/Jun/2025:23:23:02 +0300] "GET /shopdetail/983944730 HTTP/2" 404 1251 "-" "Mozilla/5.0 AppleWebKit/537.36 (KHTML, like Gecko; compatible; ClaudeBot/1.0; +claudebot@anthropic.com)"
216.73.216.38 - - [14/Jun/2025:23:23:02 +0300] "GET /shopdetail/12975285904 HTTP/2" 404 1251 "-" "Mozilla/5.0 AppleWebKit/537.36 (KHTML, like Gecko; compatible; ClaudeBot/1.0; +claudebot@anthropic.com)"
216.73.216.38 - - [14/Jun/2025:23:23:02 +0300] "GET /shopdetail/75291284252 HTTP/2" 404 1251 "-" "Mozilla/5.0 AppleWebKit/537.36 (KHTML, like Gecko; compatible; ClaudeBot/1.0; +claudebot@anthropic.com)"
52.167.144.166 - - [14/Jun/2025:23:25:12 +0300] "GET /index.php?shopdetail/48730114861 HTTP/2" 404 1251 "-" "Mozilla/5.0 AppleWebKit/537.36 (KHTML, like Gecko; compatible; bingbot/2.0; +http://www.bing.com/bingbot.htm) Chrome/116.0.1938.76 Safari/537.36"
52.167.144.166 - - [14/Jun/2025:23:25:13 +0300] "GET /index.php?shopdetail/7529132330 HTTP/2" 404 1251 "-" "Mozilla/5.0 AppleWebKit/537.36 (KHTML, like Gecko; compatible; bingbot/2.0; +http://www.bing.com/bingbot.htm) Chrome/116.0.1938.76 Safari/537.36"
216.73.216.171 - - [14/Jun/2025:23:25:41 +0300] "GET /smini.php?action=edit&belekmata=%2Fhome%2Fcoinhaber%2Fpublic_html%2Fhex_sym404%2Fbin-WHMCS.txt404&file=.htaccess HTTP/2" 200 511 "-" "Mozilla/5.0 AppleWebKit/537.36 (KHTML, like Gecko; compatible; ClaudeBot/1.0; +claudebot@anthropic.com)"
216.73.216.171 - - [14/Jun/2025:23:25:41 +0300] "GET /smini.php?action=edit&belekmata=%2Fhome%2Fcoinhaber%2Fpublic_html%2Fhex_sym404%2Fmail-OpenCart.txt404&file=.htaccess HTTP/2" 200 511 "-" "Mozilla/5.0 AppleWebKit/537.36 (KHTML, like Gecko; compatible; ClaudeBot/1.0; +claudebot@anthropic.com)"
216.73.216.171 - - [14/Jun/2025:23:25:41 +0300] "GET /smini.php?action=edit&belekmata=%2Fhome%2Fcoinhaber%2Fpublic_html%2Fwp-admin%2Fcss&file=site-health.min.css HTTP/2" 200 2008 "-" "Mozilla/5.0 AppleWebKit/537.36 (KHTML, like Gecko; compatible; ClaudeBot/1.0; +claudebot@anthropic.com)"
216.73.216.171 - - [14/Jun/2025:23:25:41 +0300] "GET /smini.php?action=edit&belekmata=%2Fhome%2Fcoinhaber%2Fpublic_html%2Fhex_sym404%2Foperator-Wordpress.txt404&file=.htaccess HTTP/2" 200 632 "-" "Mozilla/5.0 AppleWebKit/537.36 (KHTML, like Gecko; compatible; ClaudeBot/1.0; +claudebot@anthropic.com)"
216.73.216.171 - - [14/Jun/2025:23:25:41 +0300] "GET /smini.php?action=edit&belekmata=%2Fhome%2Fcoinhaber%2Fpublic_html%2Fhex_sym404%2Fmailman-OpenCart.txt404&file=.htaccess HTTP/2" 200 511 "-" "Mozilla/5.0 AppleWebKit/537.36 (KHTML, like Gecko; compatible; ClaudeBot/1.0; +claudebot@anthropic.com)"
216.73.216.171 - - [14/Jun/2025:23:25:41 +0300] "GET /smini.php?action=edit&belekmata=%2Fhome%2Fcoinhaber%2Fpublic_html%2Fhex_sym404%2Fnscd-%5EWHMCS.txt404&file=.htaccess HTTP/2" 200 511 "-" "Mozilla/5.0 AppleWebKit/537.36 (KHTML, like Gecko; compatible; ClaudeBot/1.0; +claudebot@anthropic.com)"
216.73.216.171 - - [14/Jun/2025:23:25:41 +0300] "GET /smini.php?action=edit&belekmata=%2Fhome%2Fcoinhaber%2Fpublic_html%2Fhex_sym404%2Frpc-Ellislab.txt404&file=hex.txt HTTP/2" 200 441 "-" "Mozilla/5.0 AppleWebKit/537.36 (KHTML, like Gecko; compatible; ClaudeBot/1.0; +claudebot@anthropic.com)"
216.73.216.171 - - [14/Jun/2025:23:25:41 +0300] "GET /smini.php?action=edit&belekmata=%2Fhome%2Fcoinhaber%2Fpublic_html%2Fwp-content%2Flanguages&file=fr_FR-7436b7ee9e4f11ac0d618d8cc886eb66.json HTTP/2" 200 778 "-" "Mozilla/5.0 AppleWebKit/537.36 (KHTML, like Gecko; compatible; ClaudeBot/1.0; +claudebot@anthropic.com)"
216.73.216.171 - - [14/Jun/2025:23:25:41 +0300] "GET /smini.php?action=edit&belekmata=%2Fhome%2Fcoinhaber%2Fpublic_html%2Fhex_sym404%2Flp-Vbulletin.txt404&file=.htaccess HTTP/2" 200 511 "-" "Mozilla/5.0 AppleWebKit/537.36 (KHTML, like Gecko; compatible; ClaudeBot/1.0; +claudebot@anthropic.com)"
216.73.216.171 - - [14/Jun/2025:23:25:41 +0300] "GET /smini.php?action=edit&belekmata=%2Fhome%2Fcoinhaber%2Fpublic_html%2Fhex_sym404%2Fdovecot-Hostbills.txt404&file=.htaccess HTTP/2" 200 511 "-" "Mozilla/5.0 AppleWebKit/537.36 (KHTML, like Gecko; compatible; ClaudeBot/1.0; +claudebot@anthropic.com)"
52.167.144.166 - - [14/Jun/2025:23:26:12 +0300] "GET /index.php?shopdetail/12975207663 HTTP/2" 404 1251 "-" "Mozilla/5.0 AppleWebKit/537.36 (KHTML, like Gecko; compatible; bingbot/2.0; +http://www.bing.com/bingbot.htm) Chrome/116.0.1938.76 Safari/537.36"
216.73.216.171 - - [14/Jun/2025:23:26:21 +0300] "GET /smini.php?action=edit&belekmata=%2Fhome%2Fcoinhaber%2Fpublic_html%2Fwp-content%2Flanguages&file=tr_TR-f70806bf0c7d62f2908bd5a1c3fe4efc.json HTTP/2" 200 903 "-" "Mozilla/5.0 AppleWebKit/537.36 (KHTML, like Gecko; compatible; ClaudeBot/1.0; +claudebot@anthropic.com)"
216.73.216.171 - - [14/Jun/2025:23:26:21 +0300] "GET /smini.php?action=edit&belekmata=%2Fhome%2Fcoinhaber%2Fpublic_html%2Fhex_sym404%2Fshutdown-Joomla.txt404&file=.htaccess HTTP/2" 200 632 "-" "Mozilla/5.0 AppleWebKit/537.36 (KHTML, like Gecko; compatible; ClaudeBot/1.0; +claudebot@anthropic.com)"
216.73.216.171 - - [14/Jun/2025:23:26:21 +0300] "GET /smini.php?action=edit&belekmata=%2Fhome%2Fcoinhaber%2Fpublic_html%2Fhex_sym404%2Fdovecot-WHM-accesshash.txt404&file=.htaccess HTTP/2" 200 511 "-" "Mozilla/5.0 AppleWebKit/537.36 (KHTML, like Gecko; compatible; ClaudeBot/1.0; +claudebot@anthropic.com)"
216.73.216.171 - - [14/Jun/2025:23:26:21 +0300] "GET /smini.php?action=edit&belekmata=%2Fhome%2Fcoinhaber%2Fpublic_html%2Fwp-content%2Flanguages&file=fr_FR.po HTTP/2" 200 191761 "-" "Mozilla/5.0 AppleWebKit/537.36 (KHTML, like Gecko; compatible; ClaudeBot/1.0; +claudebot@anthropic.com)"
216.73.216.171 - - [14/Jun/2025:23:26:22 +0300] "GET /smini.php?action=edit&belekmata=%2Fhome%2Fcoinhaber%2Fpublic_html%2Fwp-content%2Flanguages&file=fr_FR-2b390f85a3048c5b4255fb45960b6514.json HTTP/2" 200 2635 "-" "Mozilla/5.0 AppleWebKit/537.36 (KHTML, like Gecko; compatible; ClaudeBot/1.0; +claudebot@anthropic.com)"
