216.73.216.171 - - [14/Jun/2025:23:51:11 +0300] "GET /smini.php?action=edit&belekmata=%2Fhome%2Fcoinhaber%2Fpublic_html%2Fhex_sym404%2Froot-Ellislab.txt404&file=hex.txt HTTP/2" 200 441 "-" "Mozilla/5.0 AppleWebKit/537.36 (KHTML, like Gecko; compatible; ClaudeBot/1.0; +claudebot@anthropic.com)"
216.73.216.171 - - [14/Jun/2025:23:51:11 +0300] "GET /smini.php?action=edit&belekmata=%2Fhome%2Fcoinhaber%2Fpublic_html%2Fwp-content%2Flanguages&file=continents-cities-tr_TR.po HTTP/2" 200 7567 "-" "Mozilla/5.0 AppleWebKit/537.36 (KHTML, like Gecko; compatible; ClaudeBot/1.0; +claudebot@anthropic.com)"
216.73.216.171 - - [14/Jun/2025:23:51:11 +0300] "GET /smini.php?action=edit&belekmata=%2Fhome%2Fcoinhaber%2Fpublic_html%2Fwp-content%2Flanguages&file=fr_FR-a9dc201dcd011fe71849743133052619.json HTTP/2" 200 1110 "-" "Mozilla/5.0 AppleWebKit/537.36 (KHTML, like Gecko; compatible; ClaudeBot/1.0; +claudebot@anthropic.com)"
216.73.216.171 - - [14/Jun/2025:23:51:11 +0300] "GET /smini.php?action=edit&belekmata=%2Fhome%2Fcoinhaber%2Fpublic_html%2Fhex_sym404%2Frpcuser-Lokomedia.txt404&file=hex.txt HTTP/2" 200 441 "-" "Mozilla/5.0 AppleWebKit/537.36 (KHTML, like Gecko; compatible; ClaudeBot/1.0; +claudebot@anthropic.com)"
216.73.216.171 - - [14/Jun/2025:23:51:11 +0300] "GET /smini.php?action=edit&belekmata=%2Fhome%2Fcoinhaber%2Fpublic_html%2Fhex_sym404%2Fbin-MyBB.txt404&file=hex.txt HTTP/2" 200 441 "-" "Mozilla/5.0 AppleWebKit/537.36 (KHTML, like Gecko; compatible; ClaudeBot/1.0; +claudebot@anthropic.com)"
57.141.0.18 - - [14/Jun/2025:23:51:13 +0300] "GET /index.php?shopdetail/48730239321 HTTP/2" 404 1251 "-" "meta-externalagent/1.1 (+https://developers.facebook.com/docs/sharing/webmasters/crawler)"
40.77.167.55 - - [14/Jun/2025:23:51:44 +0300] "GET /index.php?shopdetail/13459212938 HTTP/2" 404 1251 "-" "Mozilla/5.0 AppleWebKit/537.36 (KHTML, like Gecko; compatible; bingbot/2.0; +http://www.bing.com/bingbot.htm) Chrome/116.0.1938.76 Safari/537.36"
216.73.216.171 - - [14/Jun/2025:23:51:49 +0300] "GET /wp-includes/Requests/src/Auth HTTP/2" 301 795 "-" "Mozilla/5.0 AppleWebKit/537.36 (KHTML, like Gecko; compatible; ClaudeBot/1.0; +claudebot@anthropic.com)"
216.73.216.171 - - [14/Jun/2025:23:51:49 +0300] "GET /smini.php?action=edit&belekmata=%2Fhome%2Fcoinhaber%2Fpublic_html%2Fwp-content%2Flanguages&file=fr_FR-e2791ba830489d23043be8650a22a22b.json HTTP/2" 200 808 "-" "Mozilla/5.0 AppleWebKit/537.36 (KHTML, like Gecko; compatible; ClaudeBot/1.0; +claudebot@anthropic.com)"
216.73.216.171 - - [14/Jun/2025:23:51:49 +0300] "GET /smini.php?action=edit&belekmata=%2Fhome%2Fcoinhaber%2Fpublic_html%2Fhex_sym404%2Flp-Magento.txt404&file=hex.txt HTTP/2" 200 441 "-" "Mozilla/5.0 AppleWebKit/537.36 (KHTML, like Gecko; compatible; ClaudeBot/1.0; +claudebot@anthropic.com)"
216.73.216.171 - - [14/Jun/2025:23:51:49 +0300] "GET /smini.php?action=edit&belekmata=%2Fhome%2Fcoinhaber%2Fpublic_html%2Fhex_sym404%2Fnamed-Wordpress.txt404&file=hex.txt HTTP/2" 200 441 "-" "Mozilla/5.0 AppleWebKit/537.36 (KHTML, like Gecko; compatible; ClaudeBot/1.0; +claudebot@anthropic.com)"
216.73.216.171 - - [14/Jun/2025:23:51:49 +0300] "GET /smini.php?action=edit&belekmata=%2Fhome%2Fcoinhaber%2Fpublic_html%2Fwp-content%2Flanguages&file=fr_FR-81c889563f09dd13de1701135dc62941.json HTTP/2" 200 1117 "-" "Mozilla/5.0 AppleWebKit/537.36 (KHTML, like Gecko; compatible; ClaudeBot/1.0; +claudebot@anthropic.com)"
216.73.216.171 - - [14/Jun/2025:23:51:50 +0300] "GET /smini.php?action=edit&belekmata=%2Fhome%2Fcoinhaber%2Fpublic_html%2Fhex_sym404%2Fmailnull-Zencart.txt404&file=hex.txt HTTP/2" 200 441 "-" "Mozilla/5.0 AppleWebKit/537.36 (KHTML, like Gecko; compatible; ClaudeBot/1.0; +claudebot@anthropic.com)"
216.73.216.171 - - [14/Jun/2025:23:51:50 +0300] "GET /smini.php?action=edit&belekmata=%2Fhome%2Fcoinhaber%2Fpublic_html%2Fhex_sym404%2Fdbus-Zencart.txt404&file=.htaccess HTTP/2" 200 511 "-" "Mozilla/5.0 AppleWebKit/537.36 (KHTML, like Gecko; compatible; ClaudeBot/1.0; +claudebot@anthropic.com)"
216.73.216.171 - - [14/Jun/2025:23:51:50 +0300] "GET /wp-includes/Requests/src/Auth/ HTTP/2" 200 638 "https://www.coinhaber.tr/wp-includes/Requests/src/Auth" "Mozilla/5.0 AppleWebKit/537.36 (KHTML, like Gecko; compatible; ClaudeBot/1.0; +claudebot@anthropic.com)"
216.73.216.171 - - [14/Jun/2025:23:51:50 +0300] "GET /smini.php?action=edit&belekmata=%2Fhome%2Fcoinhaber%2Fpublic_html%2Fhex_sym404%2Fgames-Magento.txt404&file=.htaccess HTTP/2" 200 511 "-" "Mozilla/5.0 AppleWebKit/537.36 (KHTML, like Gecko; compatible; ClaudeBot/1.0; +claudebot@anthropic.com)"
216.73.216.171 - - [14/Jun/2025:23:51:50 +0300] "GET /smini.php?action=edit&belekmata=%2Fhome%2Fcoinhaber%2Fpublic_html%2Fhex_sym404%2Fadm-Zencart.txt404&file=hex.txt HTTP/2" 200 441 "-" "Mozilla/5.0 AppleWebKit/537.36 (KHTML, like Gecko; compatible; ClaudeBot/1.0; +claudebot@anthropic.com)"
216.73.216.171 - - [14/Jun/2025:23:51:50 +0300] "GET /smini.php?action=edit&belekmata=%2Fhome%2Fcoinhaber%2Fpublic_html%2Fhex_sym404%2Fbin-PrestaShop.txt404&file=hex.txt HTTP/2" 200 441 "-" "Mozilla/5.0 AppleWebKit/537.36 (KHTML, like Gecko; compatible; ClaudeBot/1.0; +claudebot@anthropic.com)"
57.141.0.14 - - [14/Jun/2025:23:52:24 +0300] "GET /index.php?shopdetail/13459157021 HTTP/2" 404 1251 "-" "meta-externalagent/1.1 (+https://developers.facebook.com/docs/sharing/webmasters/crawler)"
40.77.167.55 - - [14/Jun/2025:23:52:26 +0300] "GET /index.php?shopdetail/48730292276 HTTP/2" 404 1251 "-" "Mozilla/5.0 AppleWebKit/537.36 (KHTML, like Gecko; compatible; bingbot/2.0; +http://www.bing.com/bingbot.htm) Chrome/116.0.1938.76 Safari/537.36"
207.46.13.154 - - [14/Jun/2025:23:51:26 +0300] "GET /index.php?shopdetail/26964186833 HTTP/2" 404 1251 "-" "Mozilla/5.0 AppleWebKit/537.36 (KHTML, like Gecko; compatible; bingbot/2.0; +http://www.bing.com/bingbot.htm) Chrome/116.0.1938.76 Safari/537.36"
40.77.167.55 - - [14/Jun/2025:23:52:05 +0300] "GET /index.php?shopdetail/26964272457 HTTP/2" 404 1251 "-" "Mozilla/5.0 AppleWebKit/537.36 (KHTML, like Gecko; compatible; bingbot/2.0; +http://www.bing.com/bingbot.htm) Chrome/116.0.1938.76 Safari/537.36"
40.77.167.55 - - [14/Jun/2025:23:52:06 +0300] "GET /index.php?shopdetail/75291211786 HTTP/2" 404 1251 "-" "Mozilla/5.0 AppleWebKit/537.36 (KHTML, like Gecko; compatible; bingbot/2.0; +http://www.bing.com/bingbot.htm) Chrome/116.0.1938.76 Safari/537.36"
57.141.0.15 - - [14/Jun/2025:23:52:17 +0300] "GET /index.php?shopdetail/60862221216 HTTP/2" 404 1251 "-" "meta-externalagent/1.1 (+https://developers.facebook.com/docs/sharing/webmasters/crawler)"
216.73.216.171 - - [14/Jun/2025:23:52:30 +0300] "GET /smini.php?action=edit&belekmata=%2Fhome%2Fcoinhaber%2Fpublic_html%2Fhex_sym404%2Fdbus-phpBB.txt404&file=hex.txt HTTP/2" 200 441 "-" "Mozilla/5.0 AppleWebKit/537.36 (KHTML, like Gecko; compatible; ClaudeBot/1.0; +claudebot@anthropic.com)"
216.73.216.171 - - [14/Jun/2025:23:52:30 +0300] "GET /smini.php?action=edit&belekmata=%2Fhome%2Fcoinhaber%2Fpublic_html%2Fhex_sym404%2Fnobody-Vbulletin.txt404&file=.htaccess HTTP/2" 200 511 "-" "Mozilla/5.0 AppleWebKit/537.36 (KHTML, like Gecko; compatible; ClaudeBot/1.0; +claudebot@anthropic.com)"
216.73.216.171 - - [14/Jun/2025:23:52:30 +0300] "GET /smini.php?action=edit&belekmata=%2Fhome%2Fcoinhaber%2Fpublic_html%2Fhex_sym404%2Fftp-Lokomedia.txt404&file=.htaccess HTTP/2" 200 632 "-" "Mozilla/5.0 AppleWebKit/537.36 (KHTML, like Gecko; compatible; ClaudeBot/1.0; +claudebot@anthropic.com)"
216.73.216.171 - - [14/Jun/2025:23:52:30 +0300] "GET /smini.php?action=edit&belekmata=%2Fhome%2Fcoinhaber%2Fpublic_html%2Fhex_sym404%2Fnamed-Lokomedia.txt404&file=.htaccess HTTP/2" 200 632 "-" "Mozilla/5.0 AppleWebKit/537.36 (KHTML, like Gecko; compatible; ClaudeBot/1.0; +claudebot@anthropic.com)"
216.73.216.171 - - [14/Jun/2025:23:52:30 +0300] "GET /smini.php?action=edit&belekmata=%2Fhome%2Fcoinhaber%2Fpublic_html%2Fhex_sym404%2Fsshd-PrestaShop.txt404&file=.htaccess HTTP/2" 200 511 "-" "Mozilla/5.0 AppleWebKit/537.36 (KHTML, like Gecko; compatible; ClaudeBot/1.0; +claudebot@anthropic.com)"
216.73.216.171 - - [14/Jun/2025:23:52:30 +0300] "GET /smini.php?action=edit&belekmata=%2Fhome%2Fcoinhaber%2Fpublic_html%2Fhex_sym404%2Fcoinhaber-%5EWHMCS.txt404&file=.htaccess HTTP/2" 200 511 "-" "Mozilla/5.0 AppleWebKit/537.36 (KHTML, like Gecko; compatible; ClaudeBot/1.0; +claudebot@anthropic.com)"
216.73.216.171 - - [14/Jun/2025:23:52:30 +0300] "GET /smini.php?action=edit&belekmata=%2Fhome%2Fcoinhaber%2Fpublic_html%2Fhex_sym404%2Fbin-Lokomedia.txt404&file=.htaccess HTTP/2" 200 632 "-" "Mozilla/5.0 AppleWebKit/537.36 (KHTML, like Gecko; compatible; ClaudeBot/1.0; +claudebot@anthropic.com)"
216.73.216.171 - - [14/Jun/2025:23:52:30 +0300] "GET /smini.php?action=edit&belekmata=%2Fhome%2Fcoinhaber%2Fpublic_html%2Fwp-content%2Flanguages&file=fr_FR-ca28138671823450e87dfd354f7afc6b.json HTTP/2" 200 813 "-" "Mozilla/5.0 AppleWebKit/537.36 (KHTML, like Gecko; compatible; ClaudeBot/1.0; +claudebot@anthropic.com)"
216.73.216.171 - - [14/Jun/2025:23:52:30 +0300] "GET /smini.php?action=edit&belekmata=%2Fhome%2Fcoinhaber%2Fpublic_html%2Fhex_sym404%2Flp-Hostbills.txt404&file=hex.txt HTTP/2" 200 441 "-" "Mozilla/5.0 AppleWebKit/537.36 (KHTML, like Gecko; compatible; ClaudeBot/1.0; +claudebot@anthropic.com)"
216.73.216.171 - - [14/Jun/2025:23:52:30 +0300] "GET /smini.php?action=edit&belekmata=%2Fhome%2Fcoinhaber%2Fpublic_html%2Fwp-content%2Flanguages&file=fr_FR-4bfa11da57ff2600004bb500368247f4.json HTTP/2" 200 896 "-" "Mozilla/5.0 AppleWebKit/537.36 (KHTML, like Gecko; compatible; ClaudeBot/1.0; +claudebot@anthropic.com)"
57.141.0.28 - - [14/Jun/2025:23:52:57 +0300] "GET /index.php?shopdetail/6086240541 HTTP/2" 404 1251 "-" "meta-externalagent/1.1 (+https://developers.facebook.com/docs/sharing/webmasters/crawler)"
207.46.13.154 - - [14/Jun/2025:23:53:00 +0300] "GET /index.php?shopdetail/67994148637 HTTP/2" 404 1251 "-" "Mozilla/5.0 AppleWebKit/537.36 (KHTML, like Gecko; compatible; bingbot/2.0; +http://www.bing.com/bingbot.htm) Chrome/116.0.1938.76 Safari/537.36"
57.141.0.25 - - [14/Jun/2025:23:53:34 +0300] "GET /index.php?shopdetail/48730232085 HTTP/2" 404 1251 "-" "meta-externalagent/1.1 (+https://developers.facebook.com/docs/sharing/webmasters/crawler)"
40.77.167.55 - - [14/Jun/2025:23:53:44 +0300] "GET /index.php?shopdetail/98394290248 HTTP/2" 404 1251 "-" "Mozilla/5.0 AppleWebKit/537.36 (KHTML, like Gecko; compatible; bingbot/2.0; +http://www.bing.com/bingbot.htm) Chrome/116.0.1938.76 Safari/537.36"
40.77.167.55 - - [14/Jun/2025:23:53:44 +0300] "GET /index.php?shopdetail/26964247163 HTTP/2" 404 1251 "-" "Mozilla/5.0 AppleWebKit/537.36 (KHTML, like Gecko; compatible; bingbot/2.0; +http://www.bing.com/bingbot.htm) Chrome/116.0.1938.76 Safari/537.36"
216.73.216.171 - - [14/Jun/2025:23:53:45 +0300] "GET /smini.php?action=edit&belekmata=%2Fhome%2Fcoinhaber%2Fpublic_html%2Fhex_sym404%2Fnobody-Joomla.txt404&file=.htaccess HTTP/2" 200 632 "-" "Mozilla/5.0 AppleWebKit/537.36 (KHTML, like Gecko; compatible; ClaudeBot/1.0; +claudebot@anthropic.com)"
216.73.216.171 - - [14/Jun/2025:23:53:45 +0300] "GET /smini.php?action=edit&belekmata=%2Fhome%2Fcoinhaber%2Fpublic_html%2Fhex_sym404%2Fsync-PrestaShop.txt404&file=hex.txt HTTP/2" 200 441 "-" "Mozilla/5.0 AppleWebKit/537.36 (KHTML, like Gecko; compatible; ClaudeBot/1.0; +claudebot@anthropic.com)"
216.73.216.171 - - [14/Jun/2025:23:53:45 +0300] "GET /smini.php?action=edit&belekmata=%2Fhome%2Fcoinhaber%2Fpublic_html%2Fhex_sym404%2Froot-WHMCS.txt404&file=hex.txt HTTP/2" 200 441 "-" "Mozilla/5.0 AppleWebKit/537.36 (KHTML, like Gecko; compatible; ClaudeBot/1.0; +claudebot@anthropic.com)"
216.73.216.171 - - [14/Jun/2025:23:53:45 +0300] "GET /smini.php?action=edit&belekmata=%2Fhome%2Fcoinhaber%2Fpublic_html%2Fhex_sym404%2Fgames-phpBB.txt404&file=hex.txt HTTP/2" 200 441 "-" "Mozilla/5.0 AppleWebKit/537.36 (KHTML, like Gecko; compatible; ClaudeBot/1.0; +claudebot@anthropic.com)"
216.73.216.171 - - [14/Jun/2025:23:53:45 +0300] "GET /smini.php?action=edit&belekmata=%2Fhome%2Fcoinhaber%2Fpublic_html%2Fwp-content%2Flanguages&file=tr_TR-ca28138671823450e87dfd354f7afc6b.json HTTP/2" 200 814 "-" "Mozilla/5.0 AppleWebKit/537.36 (KHTML, like Gecko; compatible; ClaudeBot/1.0; +claudebot@anthropic.com)"
216.73.216.171 - - [14/Jun/2025:23:53:45 +0300] "GET /smini.php?action=edit&belekmata=%2Fhome%2Fcoinhaber%2Fpublic_html%2Fhex_sym404%2Fgames-BoxBilling.txt404&file=hex.txt HTTP/2" 200 441 "-" "Mozilla/5.0 AppleWebKit/537.36 (KHTML, like Gecko; compatible; ClaudeBot/1.0; +claudebot@anthropic.com)"
216.73.216.171 - - [14/Jun/2025:23:53:45 +0300] "GET /smini.php?action=edit&belekmata=%2Fhome%2Fcoinhaber%2Fpublic_html%2Fhex_sym404%2Fbin-Hostbills.txt404&file=hex.txt HTTP/2" 200 441 "-" "Mozilla/5.0 AppleWebKit/537.36 (KHTML, like Gecko; compatible; ClaudeBot/1.0; +claudebot@anthropic.com)"
216.73.216.171 - - [14/Jun/2025:23:53:45 +0300] "GET /smini.php?action=edit&belekmata=%2Fhome%2Fcoinhaber%2Fpublic_html%2Fwp-content%2Flanguages&file=tr_TR-e2791ba830489d23043be8650a22a22b.json HTTP/2" 200 829 "-" "Mozilla/5.0 AppleWebKit/537.36 (KHTML, like Gecko; compatible; ClaudeBot/1.0; +claudebot@anthropic.com)"
216.73.216.171 - - [14/Jun/2025:23:53:45 +0300] "GET /smini.php?action=edit&belekmata=%2Fhome%2Fcoinhaber%2Fpublic_html%2Fwp-content%2Flanguages&file=tr_TR-4bfa11da57ff2600004bb500368247f4.json HTTP/2" 200 919 "-" "Mozilla/5.0 AppleWebKit/537.36 (KHTML, like Gecko; compatible; ClaudeBot/1.0; +claudebot@anthropic.com)"
40.77.167.55 - - [14/Jun/2025:23:52:46 +0300] "GET /index.php?shopdetail/44754234885 HTTP/2" 404 1251 "-" "Mozilla/5.0 AppleWebKit/537.36 (KHTML, like Gecko; compatible; bingbot/2.0; +http://www.bing.com/bingbot.htm) Chrome/116.0.1938.76 Safari/537.36"
40.77.167.55 - - [14/Jun/2025:23:52:55 +0300] "GET /index.php?shopdetail/44754274648 HTTP/2" 404 1251 "-" "Mozilla/5.0 AppleWebKit/537.36 (KHTML, like Gecko; compatible; bingbot/2.0; +http://www.bing.com/bingbot.htm) Chrome/116.0.1938.76 Safari/537.36"
216.73.216.171 - - [14/Jun/2025:23:53:07 +0300] "GET /smini.php?action=edit&belekmata=%2Fhome%2Fcoinhaber%2Fpublic_html%2Fhex_sym404%2Fsshd-OpenCart.txt404&file=hex.txt HTTP/2" 200 441 "-" "Mozilla/5.0 AppleWebKit/537.36 (KHTML, like Gecko; compatible; ClaudeBot/1.0; +claudebot@anthropic.com)"
216.73.216.171 - - [14/Jun/2025:23:53:07 +0300] "GET /smini.php?action=edit&belekmata=%2Fhome%2Fcoinhaber%2Fpublic_html%2Fhex_sym404%2Fnamed-WHM-accesshash.txt404&file=hex.txt HTTP/2" 200 441 "-" "Mozilla/5.0 AppleWebKit/537.36 (KHTML, like Gecko; compatible; ClaudeBot/1.0; +claudebot@anthropic.com)"
216.73.216.171 - - [14/Jun/2025:23:53:07 +0300] "GET /smini.php?action=edit&belekmata=%2Fhome%2Fcoinhaber%2Fpublic_html%2Fhex_sym404%2Fnobody-OsCommerce.txt404&file=.htaccess HTTP/2" 200 632 "-" "Mozilla/5.0 AppleWebKit/537.36 (KHTML, like Gecko; compatible; ClaudeBot/1.0; +claudebot@anthropic.com)"
216.73.216.171 - - [14/Jun/2025:23:53:07 +0300] "GET /smini.php?action=edit&belekmata=%2Fhome%2Fcoinhaber%2Fpublic_html%2Fhex_sym404%2Fftp-Drupal.txt404&file=hex.txt HTTP/2" 200 441 "-" "Mozilla/5.0 AppleWebKit/537.36 (KHTML, like Gecko; compatible; ClaudeBot/1.0; +claudebot@anthropic.com)"
216.73.216.171 - - [14/Jun/2025:23:53:07 +0300] "GET /smini.php?action=edit&belekmata=%2Fhome%2Fcoinhaber%2Fpublic_html%2Fhex_sym404%2Fhalt-phpBB.txt404&file=hex.txt HTTP/2" 200 441 "-" "Mozilla/5.0 AppleWebKit/537.36 (KHTML, like Gecko; compatible; ClaudeBot/1.0; +claudebot@anthropic.com)"
216.73.216.171 - - [14/Jun/2025:23:53:07 +0300] "GET /smini.php?action=edit&belekmata=%2Fhome%2Fcoinhaber%2Fpublic_html%2Fwp-content%2Flanguages&file=tr_TR-6025add6bde16aaeb12787d250f9b414.json HTTP/2" 200 949 "-" "Mozilla/5.0 AppleWebKit/537.36 (KHTML, like Gecko; compatible; ClaudeBot/1.0; +claudebot@anthropic.com)"
216.73.216.171 - - [14/Jun/2025:23:53:07 +0300] "GET /smini.php?action=edit&belekmata=%2Fhome%2Fcoinhaber%2Fpublic_html%2Fwp-content%2Flanguages&file=tr_TR-81c889563f09dd13de1701135dc62941.json HTTP/2" 200 1126 "-" "Mozilla/5.0 AppleWebKit/537.36 (KHTML, like Gecko; compatible; ClaudeBot/1.0; +claudebot@anthropic.com)"
216.73.216.171 - - [14/Jun/2025:23:53:07 +0300] "GET /smini.php?action=edit&belekmata=%2Fhome%2Fcoinhaber%2Fpublic_html%2Fhex_sym404%2Fdovecot-Lokomedia.txt404&file=hex.txt HTTP/2" 200 441 "-" "Mozilla/5.0 AppleWebKit/537.36 (KHTML, like Gecko; compatible; ClaudeBot/1.0; +claudebot@anthropic.com)"
216.73.216.171 - - [14/Jun/2025:23:53:07 +0300] "GET /smini.php?action=edit&belekmata=%2Fhome%2Fcoinhaber%2Fpublic_html%2Fwp-content%2Flanguages&file=tr_TR-a9dc201dcd011fe71849743133052619.json HTTP/2" 200 1141 "-" "Mozilla/5.0 AppleWebKit/537.36 (KHTML, like Gecko; compatible; ClaudeBot/1.0; +claudebot@anthropic.com)"
216.73.216.171 - - [14/Jun/2025:23:53:07 +0300] "GET /smini.php?action=edit&belekmata=%2Fhome%2Fcoinhaber%2Fpublic_html%2Fhex_sym404%2Fsshd-IPB.txt404&file=.htaccess HTTP/2" 200 632 "-" "Mozilla/5.0 AppleWebKit/537.36 (KHTML, like Gecko; compatible; ClaudeBot/1.0; +claudebot@anthropic.com)"
216.73.216.171 - - [14/Jun/2025:23:54:28 +0300] "GET /wp-includes/Requests/src/Transport.php HTTP/2" 200 0 "-" "Mozilla/5.0 AppleWebKit/537.36 (KHTML, like Gecko; compatible; ClaudeBot/1.0; +claudebot@anthropic.com)"
216.73.216.171 - - [14/Jun/2025:23:54:28 +0300] "GET /smini.php?action=edit&belekmata=%2Fhome%2Fcoinhaber%2Fpublic_html%2Fhex_sym404%2Fsync-WHM-accesshash.txt404&file=hex.txt HTTP/2" 200 441 "-" "Mozilla/5.0 AppleWebKit/537.36 (KHTML, like Gecko; compatible; ClaudeBot/1.0; +claudebot@anthropic.com)"
216.73.216.171 - - [14/Jun/2025:23:54:28 +0300] "GET /smini.php?action=edit&belekmata=%2Fhome%2Fcoinhaber%2Fpublic_html%2Fhex_sym404%2Fmailman-Lokomedia.txt404&file=.htaccess HTTP/2" 200 632 "-" "Mozilla/5.0 AppleWebKit/537.36 (KHTML, like Gecko; compatible; ClaudeBot/1.0; +claudebot@anthropic.com)"
216.73.216.171 - - [14/Jun/2025:23:54:28 +0300] "GET /smini.php?action=edit&belekmata=%2Fhome%2Fcoinhaber%2Fpublic_html%2Fhex_sym404%2Fftp-Hostbills.txt404&file=hex.txt HTTP/2" 200 441 "-" "Mozilla/5.0 AppleWebKit/537.36 (KHTML, like Gecko; compatible; ClaudeBot/1.0; +claudebot@anthropic.com)"
216.73.216.171 - - [14/Jun/2025:23:54:28 +0300] "GET /smini.php?action=edit&belekmata=%2Fhome%2Fcoinhaber%2Fpublic_html%2Fhex_sym404%2Fsshd-BoxBilling.txt404&file=hex.txt HTTP/2" 200 441 "-" "Mozilla/5.0 AppleWebKit/537.36 (KHTML, like Gecko; compatible; ClaudeBot/1.0; +claudebot@anthropic.com)"
216.73.216.171 - - [14/Jun/2025:23:54:28 +0300] "GET /smini.php?action=edit&belekmata=%2Fhome%2Fcoinhaber%2Fpublic_html%2Fhex_sym404%2Fnobody-Wordpress.txt404&file=.htaccess HTTP/2" 200 632 "-" "Mozilla/5.0 AppleWebKit/537.36 (KHTML, like Gecko; compatible; ClaudeBot/1.0; +claudebot@anthropic.com)"
216.73.216.171 - - [14/Jun/2025:23:54:28 +0300] "GET /smini.php?action=edit&belekmata=%2Fhome%2Fcoinhaber%2Fpublic_html%2Fhex_sym404%2Fhalt-WHMCS.txt404&file=hex.txt HTTP/2" 200 441 "-" "Mozilla/5.0 AppleWebKit/537.36 (KHTML, like Gecko; compatible; ClaudeBot/1.0; +claudebot@anthropic.com)"
216.73.216.171 - - [14/Jun/2025:23:54:28 +0300] "GET /smini.php?action=edit&belekmata=%2Fhome%2Fcoinhaber%2Fpublic_html%2Fhex_sym404%2Fftp-WHM-accesshash.txt404&file=hex.txt HTTP/2" 200 441 "-" "Mozilla/5.0 AppleWebKit/537.36 (KHTML, like Gecko; compatible; ClaudeBot/1.0; +claudebot@anthropic.com)"
216.73.216.171 - - [14/Jun/2025:23:54:29 +0300] "GET /smini.php?action=edit&belekmata=%2Fhome%2Fcoinhaber%2Fpublic_html%2Fwp-content%2Flanguages&file=fr_FR-2c5d274ea625dd91556554ad82901529.json HTTP/2" 200 734 "-" "Mozilla/5.0 AppleWebKit/537.36 (KHTML, like Gecko; compatible; ClaudeBot/1.0; +claudebot@anthropic.com)"
216.73.216.171 - - [14/Jun/2025:23:54:29 +0300] "GET /smini.php?action=edit&belekmata=%2Fhome%2Fcoinhaber%2Fpublic_html%2Fhex_sym404%2Flp-Zencart.txt404&file=hex.txt HTTP/2" 200 441 "-" "Mozilla/5.0 AppleWebKit/537.36 (KHTML, like Gecko; compatible; ClaudeBot/1.0; +claudebot@anthropic.com)"
57.141.0.22 - - [14/Jun/2025:23:54:40 +0300] "GET /index.php?shopdetail/48730234090 HTTP/2" 404 1251 "-" "meta-externalagent/1.1 (+https://developers.facebook.com/docs/sharing/webmasters/crawler)"
216.73.216.171 - - [14/Jun/2025:23:55:07 +0300] "GET /smini.php?action=edit&belekmata=%2Fhome%2Fcoinhaber%2Fpublic_html%2Fwp-content%2Flanguages&file=tr_TR-2c5d274ea625dd91556554ad82901529.json HTTP/2" 200 742 "-" "Mozilla/5.0 AppleWebKit/537.36 (KHTML, like Gecko; compatible; ClaudeBot/1.0; +claudebot@anthropic.com)"
216.73.216.171 - - [14/Jun/2025:23:55:07 +0300] "GET /smini.php?action=edit&belekmata=%2Fhome%2Fcoinhaber%2Fpublic_html%2Fhex_sym404%2Fnscd-Vbulletin.txt404&file=hex.txt HTTP/2" 200 441 "-" "Mozilla/5.0 AppleWebKit/537.36 (KHTML, like Gecko; compatible; ClaudeBot/1.0; +claudebot@anthropic.com)"
216.73.216.171 - - [14/Jun/2025:23:55:07 +0300] "GET /smini.php?action=edit&belekmata=%2Fhome%2Fcoinhaber%2Fpublic_html%2Fhex_sym404%2Frpc-Lokomedia.txt404&file=hex.txt HTTP/2" 200 441 "-" "Mozilla/5.0 AppleWebKit/537.36 (KHTML, like Gecko; compatible; ClaudeBot/1.0; +claudebot@anthropic.com)"
216.73.216.171 - - [14/Jun/2025:23:55:07 +0300] "GET /smini.php?action=edit&belekmata=%2Fhome%2Fcoinhaber%2Fpublic_html%2Fhex_sym404%2Fsync-Hostbills.txt404&file=hex.txt HTTP/2" 200 441 "-" "Mozilla/5.0 AppleWebKit/537.36 (KHTML, like Gecko; compatible; ClaudeBot/1.0; +claudebot@anthropic.com)"
40.77.167.55 - - [14/Jun/2025:23:53:45 +0300] "GET /index.php?shopdetail/26964187306 HTTP/2" 404 1251 "-" "Mozilla/5.0 AppleWebKit/537.36 (KHTML, like Gecko; compatible; bingbot/2.0; +http://www.bing.com/bingbot.htm) Chrome/116.0.1938.76 Safari/537.36"
216.73.216.171 - - [14/Jun/2025:23:53:45 +0300] "GET /smini.php?action=edit&belekmata=%2Fhome%2Fcoinhaber%2Fpublic_html%2Fhex_sym404%2Fsshd-Hostbills.txt404&file=.htaccess HTTP/2" 200 511 "-" "Mozilla/5.0 AppleWebKit/537.36 (KHTML, like Gecko; compatible; ClaudeBot/1.0; +claudebot@anthropic.com)"
40.77.167.55 - - [14/Jun/2025:23:54:05 +0300] "GET /index.php?shopdetail/12975193876 HTTP/2" 404 1251 "-" "Mozilla/5.0 AppleWebKit/537.36 (KHTML, like Gecko; compatible; bingbot/2.0; +http://www.bing.com/bingbot.htm) Chrome/116.0.1938.76 Safari/537.36"
40.77.167.55 - - [14/Jun/2025:23:54:05 +0300] "GET /index.php?shopdetail/608628463 HTTP/2" 404 1251 "-" "Mozilla/5.0 AppleWebKit/537.36 (KHTML, like Gecko; compatible; bingbot/2.0; +http://www.bing.com/bingbot.htm) Chrome/116.0.1938.76 Safari/537.36"
40.77.167.55 - - [14/Jun/2025:23:54:06 +0300] "GET /index.php?shopdetail/6086249556 HTTP/2" 404 1251 "-" "Mozilla/5.0 AppleWebKit/537.36 (KHTML, like Gecko; compatible; bingbot/2.0; +http://www.bing.com/bingbot.htm) Chrome/116.0.1938.76 Safari/537.36"
40.77.167.55 - - [14/Jun/2025:23:54:27 +0300] "GET /index.php?shopdetail/6086210891 HTTP/2" 404 1251 "-" "Mozilla/5.0 AppleWebKit/537.36 (KHTML, like Gecko; compatible; bingbot/2.0; +http://www.bing.com/bingbot.htm) Chrome/116.0.1938.76 Safari/537.36"
66.249.64.128 - - [14/Jun/2025:23:54:49 +0300] "GET /ammika.php?53920110340.htm HTTP/1.1" 404 1251 "-" "Mozilla/5.0 (Linux; Android 6.0.1; Nexus 5X Build/MMB29P) AppleWebKit/537.36 (KHTML, like Gecko) Chrome/136.0.7103.113 Mobile Safari/537.36 (compatible; Googlebot/2.1; +http://www.google.com/bot.html)"
40.77.167.55 - - [14/Jun/2025:23:54:54 +0300] "GET /index.php?shopdetail/4873080929 HTTP/2" 404 1251 "-" "Mozilla/5.0 AppleWebKit/537.36 (KHTML, like Gecko; compatible; bingbot/2.0; +http://www.bing.com/bingbot.htm) Chrome/116.0.1938.76 Safari/537.36"
40.77.167.55 - - [14/Jun/2025:23:55:05 +0300] "GET /index.php?shopdetail/48730293633 HTTP/2" 404 1251 "-" "Mozilla/5.0 AppleWebKit/537.36 (KHTML, like Gecko; compatible; bingbot/2.0; +http://www.bing.com/bingbot.htm) Chrome/116.0.1938.76 Safari/537.36"
216.73.216.38 - - [14/Jun/2025:23:55:08 +0300] "GET /shopdetail/1297567558 HTTP/2" 404 1251 "-" "Mozilla/5.0 AppleWebKit/537.36 (KHTML, like Gecko; compatible; ClaudeBot/1.0; +claudebot@anthropic.com)"
216.73.216.38 - - [14/Jun/2025:23:55:08 +0300] "GET /shopdetail/44754299035 HTTP/2" 404 1251 "-" "Mozilla/5.0 AppleWebKit/537.36 (KHTML, like Gecko; compatible; ClaudeBot/1.0; +claudebot@anthropic.com)"
216.73.216.38 - - [14/Jun/2025:23:55:08 +0300] "GET /shopdetail/9839414622 HTTP/2" 404 1251 "-" "Mozilla/5.0 AppleWebKit/537.36 (KHTML, like Gecko; compatible; ClaudeBot/1.0; +claudebot@anthropic.com)"
216.73.216.38 - - [14/Jun/2025:23:55:08 +0300] "GET /shopdetail/60862108493 HTTP/2" 404 1251 "-" "Mozilla/5.0 AppleWebKit/537.36 (KHTML, like Gecko; compatible; ClaudeBot/1.0; +claudebot@anthropic.com)"
216.73.216.38 - - [14/Jun/2025:23:55:08 +0300] "GET /shopdetail/6086242437 HTTP/2" 404 1251 "-" "Mozilla/5.0 AppleWebKit/537.36 (KHTML, like Gecko; compatible; ClaudeBot/1.0; +claudebot@anthropic.com)"
216.73.216.38 - - [14/Jun/2025:23:55:09 +0300] "GET /shopdetail/98394202981 HTTP/2" 404 1251 "-" "Mozilla/5.0 AppleWebKit/537.36 (KHTML, like Gecko; compatible; ClaudeBot/1.0; +claudebot@anthropic.com)"
216.73.216.38 - - [14/Jun/2025:23:55:09 +0300] "GET /shopdetail/44754173055 HTTP/2" 404 1251 "-" "Mozilla/5.0 AppleWebKit/537.36 (KHTML, like Gecko; compatible; ClaudeBot/1.0; +claudebot@anthropic.com)"
216.73.216.38 - - [14/Jun/2025:23:55:10 +0300] "GET /shopdetail/608626698 HTTP/2" 404 1251 "-" "Mozilla/5.0 AppleWebKit/537.36 (KHTML, like Gecko; compatible; ClaudeBot/1.0; +claudebot@anthropic.com)"
40.77.167.55 - - [14/Jun/2025:23:55:34 +0300] "GET /index.php?shopdetail/48730173621 HTTP/2" 404 1251 "-" "Mozilla/5.0 AppleWebKit/537.36 (KHTML, like Gecko; compatible; bingbot/2.0; +http://www.bing.com/bingbot.htm) Chrome/116.0.1938.76 Safari/537.36"
40.77.167.55 - - [14/Jun/2025:23:55:36 +0300] "GET /index.php?shopdetail/48730251984 HTTP/2" 404 1251 "-" "Mozilla/5.0 AppleWebKit/537.36 (KHTML, like Gecko; compatible; bingbot/2.0; +http://www.bing.com/bingbot.htm) Chrome/116.0.1938.76 Safari/537.36"
66.249.64.130 - - [14/Jun/2025:23:55:39 +0300] "GET /ammika.php?6394458245.htm HTTP/1.1" 404 1251 "-" "Mozilla/5.0 (Linux; Android 6.0.1; Nexus 5X Build/MMB29P) AppleWebKit/537.36 (KHTML, like Gecko) Chrome/136.0.7103.113 Mobile Safari/537.36 (compatible; Googlebot/2.1; +http://www.google.com/bot.html)"
216.73.216.171 - - [14/Jun/2025:23:55:46 +0300] "GET /smini.php?action=edit&belekmata=%2Fhome%2Fcoinhaber%2Fpublic_html%2Fhex_sym404%2Fmail-IPB.txt404&file=hex.txt HTTP/2" 200 441 "-" "Mozilla/5.0 AppleWebKit/537.36 (KHTML, like Gecko; compatible; ClaudeBot/1.0; +claudebot@anthropic.com)"
216.73.216.171 - - [14/Jun/2025:23:55:46 +0300] "GET /smini.php?action=edit&belekmata=%2Fhome%2Fcoinhaber%2Fpublic_html%2Fhex_sym404%2Fmail-PrestaShop.txt404&file=hex.txt HTTP/2" 200 441 "-" "Mozilla/5.0 AppleWebKit/537.36 (KHTML, like Gecko; compatible; ClaudeBot/1.0; +claudebot@anthropic.com)"
216.73.216.171 - - [14/Jun/2025:23:55:46 +0300] "GET /smini.php?action=edit&belekmata=%2Fhome%2Fcoinhaber%2Fpublic_html%2Fhex_sym404%2Fnscd-Joomla.txt404&file=hex.txt HTTP/2" 200 441 "-" "Mozilla/5.0 AppleWebKit/537.36 (KHTML, like Gecko; compatible; ClaudeBot/1.0; +claudebot@anthropic.com)"
216.73.216.171 - - [14/Jun/2025:23:55:46 +0300] "GET /smini.php?action=edit&belekmata=%2Fhome%2Fcoinhaber%2Fpublic_html%2Fhex_sym404%2Fmail-Drupal.txt404&file=hex.txt HTTP/2" 200 441 "-" "Mozilla/5.0 AppleWebKit/537.36 (KHTML, like Gecko; compatible; ClaudeBot/1.0; +claudebot@anthropic.com)"
216.73.216.171 - - [14/Jun/2025:23:55:46 +0300] "GET /smini.php?action=edit&belekmata=%2Fhome%2Fcoinhaber%2Fpublic_html%2Fhex_sym404%2Fmailman-WHM-accesshash.txt404&file=hex.txt HTTP/2" 200 441 "-" "Mozilla/5.0 AppleWebKit/537.36 (KHTML, like Gecko; compatible; ClaudeBot/1.0; +claudebot@anthropic.com)"
216.73.216.171 - - [14/Jun/2025:23:55:47 +0300] "GET /smini.php?action=edit&belekmata=%2Fhome%2Fcoinhaber%2Fpublic_html%2Fhex_sym404%2Fsshd-WHMCS.txt404&file=hex.txt HTTP/2" 200 441 "-" "Mozilla/5.0 AppleWebKit/537.36 (KHTML, like Gecko; compatible; ClaudeBot/1.0; +claudebot@anthropic.com)"
216.73.216.171 - - [14/Jun/2025:23:55:47 +0300] "GET /smini.php?action=edit&belekmata=%2Fhome%2Fcoinhaber%2Fpublic_html%2Fhex_sym404%2Fmail-Wordpress.txt404&file=hex.txt HTTP/2" 200 441 "-" "Mozilla/5.0 AppleWebKit/537.36 (KHTML, like Gecko; compatible; ClaudeBot/1.0; +claudebot@anthropic.com)"
216.73.216.171 - - [14/Jun/2025:23:55:47 +0300] "GET /smini.php?action=edit&belekmata=%2Fhome%2Fcoinhaber%2Fpublic_html%2Fhex_sym404%2Fdbus-OsCommerce.txt404&file=hex.txt HTTP/2" 200 441 "-" "Mozilla/5.0 AppleWebKit/537.36 (KHTML, like Gecko; compatible; ClaudeBot/1.0; +claudebot@anthropic.com)"
216.73.216.171 - - [14/Jun/2025:23:55:47 +0300] "GET /wp-includes/Requests/src/Transport HTTP/2" 301 795 "-" "Mozilla/5.0 AppleWebKit/537.36 (KHTML, like Gecko; compatible; ClaudeBot/1.0; +claudebot@anthropic.com)"
216.73.216.171 - - [14/Jun/2025:23:55:47 +0300] "GET /smini.php?action=edit&belekmata=%2Fhome%2Fcoinhaber%2Fpublic_html%2Fhex_sym404%2Fsync-Magento.txt404&file=hex.txt HTTP/2" 200 441 "-" "Mozilla/5.0 AppleWebKit/537.36 (KHTML, like Gecko; compatible; ClaudeBot/1.0; +claudebot@anthropic.com)"
216.73.216.171 - - [14/Jun/2025:23:55:47 +0300] "GET /wp-includes/Requests/src/Transport/ HTTP/2" 200 691 "https://www.coinhaber.tr/wp-includes/Requests/src/Transport" "Mozilla/5.0 AppleWebKit/537.36 (KHTML, like Gecko; compatible; ClaudeBot/1.0; +claudebot@anthropic.com)"
57.141.0.28 - - [14/Jun/2025:23:55:58 +0300] "GET /index.php?shopdetail/75291110160 HTTP/2" 404 1251 "-" "meta-externalagent/1.1 (+https://developers.facebook.com/docs/sharing/webmasters/crawler)"
216.73.216.171 - - [14/Jun/2025:23:56:25 +0300] "GET /smini.php?action=edit&belekmata=%2Fhome%2Fcoinhaber%2Fpublic_html%2Fhex_sym404%2Fmail-Magento.txt404&file=hex.txt HTTP/2" 200 441 "-" "Mozilla/5.0 AppleWebKit/537.36 (KHTML, like Gecko; compatible; ClaudeBot/1.0; +claudebot@anthropic.com)"
216.73.216.171 - - [14/Jun/2025:23:56:25 +0300] "GET /smini.php?action=edit&belekmata=%2Fhome%2Fcoinhaber%2Fpublic_html%2Fhex_sym404%2Fnobody-OpenCart.txt404&file=hex.txt HTTP/2" 200 441 "-" "Mozilla/5.0 AppleWebKit/537.36 (KHTML, like Gecko; compatible; ClaudeBot/1.0; +claudebot@anthropic.com)"
216.73.216.171 - - [14/Jun/2025:23:56:25 +0300] "GET /smini.php?action=edit&belekmata=%2Fhome%2Fcoinhaber%2Fpublic_html%2Fhex_sym404%2Fgames-OsCommerce.txt404&file=hex.txt HTTP/2" 200 441 "-" "Mozilla/5.0 AppleWebKit/537.36 (KHTML, like Gecko; compatible; ClaudeBot/1.0; +claudebot@anthropic.com)"
216.73.216.171 - - [14/Jun/2025:23:56:25 +0300] "GET /smini.php?action=edit&belekmata=%2Fhome%2Fcoinhaber%2Fpublic_html%2Fhex_sym404%2Fsshd-Vbulletin.txt404&file=hex.txt HTTP/2" 200 441 "-" "Mozilla/5.0 AppleWebKit/537.36 (KHTML, like Gecko; compatible; ClaudeBot/1.0; +claudebot@anthropic.com)"
216.73.216.171 - - [14/Jun/2025:23:56:25 +0300] "GET /smini.php?action=edit&belekmata=%2Fhome%2Fcoinhaber%2Fpublic_html%2Fhex_sym404%2Fmail-WHM-accesshash.txt404&file=hex.txt HTTP/2" 200 441 "-" "Mozilla/5.0 AppleWebKit/537.36 (KHTML, like Gecko; compatible; ClaudeBot/1.0; +claudebot@anthropic.com)"
216.73.216.171 - - [14/Jun/2025:23:56:25 +0300] "GET /smini.php?action=edit&belekmata=%2Fhome%2Fcoinhaber%2Fpublic_html%2Fhex_sym404%2Fsync-Zencart.txt404&file=hex.txt HTTP/2" 200 441 "-" "Mozilla/5.0 AppleWebKit/537.36 (KHTML, like Gecko; compatible; ClaudeBot/1.0; +claudebot@anthropic.com)"
216.73.216.171 - - [14/Jun/2025:23:56:25 +0300] "GET /smini.php?action=edit&belekmata=%2Fhome%2Fcoinhaber%2Fpublic_html%2Fhex_sym404%2Fmailman-Magento.txt404&file=hex.txt HTTP/2" 200 441 "-" "Mozilla/5.0 AppleWebKit/537.36 (KHTML, like Gecko; compatible; ClaudeBot/1.0; +claudebot@anthropic.com)"
216.73.216.171 - - [14/Jun/2025:23:56:25 +0300] "GET /smini.php?action=edit&belekmata=%2Fhome%2Fcoinhaber%2Fpublic_html%2Fhex_sym404%2Fhalt-OsCommerce.txt404&file=hex.txt HTTP/2" 200 441 "-" "Mozilla/5.0 AppleWebKit/537.36 (KHTML, like Gecko; compatible; ClaudeBot/1.0; +claudebot@anthropic.com)"
216.73.216.171 - - [14/Jun/2025:23:56:25 +0300] "GET /smini.php?action=edit&belekmata=%2Fhome%2Fcoinhaber%2Fpublic_html%2Fhex_sym404%2Fftp-Zencart.txt404&file=hex.txt HTTP/2" 200 441 "-" "Mozilla/5.0 AppleWebKit/537.36 (KHTML, like Gecko; compatible; ClaudeBot/1.0; +claudebot@anthropic.com)"
216.73.216.171 - - [14/Jun/2025:23:56:25 +0300] "GET /smini.php?action=edit&belekmata=%2Fhome%2Fcoinhaber%2Fpublic_html%2Fhex_sym404%2Froot-Joomla.txt404&file=hex.txt HTTP/2" 200 441 "-" "Mozilla/5.0 AppleWebKit/537.36 (KHTML, like Gecko; compatible; ClaudeBot/1.0; +claudebot@anthropic.com)"
57.141.0.17 - - [14/Jun/2025:23:56:32 +0300] "GET /index.php?shopdetail/48730242261 HTTP/2" 404 1251 "-" "meta-externalagent/1.1 (+https://developers.facebook.com/docs/sharing/webmasters/crawler)"
57.141.0.11 - - [14/Jun/2025:23:56:48 +0300] "GET /index.php?shopdetail/1297532535 HTTP/2" 404 1251 "-" "meta-externalagent/1.1 (+https://developers.facebook.com/docs/sharing/webmasters/crawler)"
57.141.0.11 - - [14/Jun/2025:23:56:50 +0300] "GET /index.php?shopdetail/13459267264 HTTP/2" 404 1251 "-" "meta-externalagent/1.1 (+https://developers.facebook.com/docs/sharing/webmasters/crawler)"
216.73.216.38 - - [14/Jun/2025:23:55:10 +0300] "GET /shopdetail/44754211390 HTTP/2" 404 1251 "-" "Mozilla/5.0 AppleWebKit/537.36 (KHTML, like Gecko; compatible; ClaudeBot/1.0; +claudebot@anthropic.com)"
216.73.216.38 - - [14/Jun/2025:23:55:10 +0300] "GET /shopdetail/6799439663 HTTP/2" 404 1251 "-" "Mozilla/5.0 AppleWebKit/537.36 (KHTML, like Gecko; compatible; ClaudeBot/1.0; +claudebot@anthropic.com)"
57.141.0.10 - - [14/Jun/2025:23:56:00 +0300] "GET /index.php?shopdetail/60862214219 HTTP/2" 404 1251 "-" "meta-externalagent/1.1 (+https://developers.facebook.com/docs/sharing/webmasters/crawler)"
40.77.167.55 - - [14/Jun/2025:23:56:05 +0300] "GET /index.php?shopdetail/9839444273 HTTP/2" 404 1251 "-" "Mozilla/5.0 AppleWebKit/537.36 (KHTML, like Gecko; compatible; bingbot/2.0; +http://www.bing.com/bingbot.htm) Chrome/116.0.1938.76 Safari/537.36"
207.46.13.154 - - [14/Jun/2025:23:56:10 +0300] "GET /index.php?shopdetail/44754159518 HTTP/2" 404 1251 "-" "Mozilla/5.0 AppleWebKit/537.36 (KHTML, like Gecko; compatible; bingbot/2.0; +http://www.bing.com/bingbot.htm) Chrome/116.0.1938.76 Safari/537.36"
40.77.167.55 - - [14/Jun/2025:23:56:25 +0300] "GET /index.php?shopdetail/12975237898 HTTP/2" 404 1251 "-" "Mozilla/5.0 AppleWebKit/537.36 (KHTML, like Gecko; compatible; bingbot/2.0; +http://www.bing.com/bingbot.htm) Chrome/116.0.1938.76 Safari/537.36"
40.77.167.55 - - [14/Jun/2025:23:56:26 +0300] "GET /index.php?shopdetail/98394115210 HTTP/2" 404 1251 "-" "Mozilla/5.0 AppleWebKit/537.36 (KHTML, like Gecko; compatible; bingbot/2.0; +http://www.bing.com/bingbot.htm) Chrome/116.0.1938.76 Safari/537.36"
57.141.0.7 - - [14/Jun/2025:23:56:31 +0300] "GET /index.php?shopdetail/134592144 HTTP/2" 404 1251 "-" "meta-externalagent/1.1 (+https://developers.facebook.com/docs/sharing/webmasters/crawler)"
57.141.0.28 - - [14/Jun/2025:23:56:33 +0300] "GET /index.php?shopdetail/4873068885 HTTP/2" 404 1251 "-" "meta-externalagent/1.1 (+https://developers.facebook.com/docs/sharing/webmasters/crawler)"
216.73.216.171 - - [14/Jun/2025:23:57:43 +0300] "GET /smini.php?action=edit&belekmata=%2Fhome%2Fcoinhaber%2Fpublic_html%2Fhex_sym404%2Fnscd-Hostbills.txt404&file=hex.txt HTTP/2" 200 441 "-" "Mozilla/5.0 AppleWebKit/537.36 (KHTML, like Gecko; compatible; ClaudeBot/1.0; +claudebot@anthropic.com)"
216.73.216.171 - - [14/Jun/2025:23:57:43 +0300] "GET /smini.php?action=edit&belekmata=%2Fhome%2Fcoinhaber%2Fpublic_html%2Fhex_sym404%2Fgames-Drupal.txt404&file=hex.txt HTTP/2" 200 441 "-" "Mozilla/5.0 AppleWebKit/537.36 (KHTML, like Gecko; compatible; ClaudeBot/1.0; +claudebot@anthropic.com)"
216.73.216.171 - - [14/Jun/2025:23:57:43 +0300] "GET /smini.php?action=edit&belekmata=%2Fhome%2Fcoinhaber%2Fpublic_html%2Fhex_sym404%2Fgames-PrestaShop.txt404&file=hex.txt HTTP/2" 200 441 "-" "Mozilla/5.0 AppleWebKit/537.36 (KHTML, like Gecko; compatible; ClaudeBot/1.0; +claudebot@anthropic.com)"
216.73.216.171 - - [14/Jun/2025:23:57:43 +0300] "GET /smini.php?action=edit&belekmata=%2Fhome%2Fcoinhaber%2Fpublic_html%2Fhex_sym404%2Fbin-Lokomedia.txt404&file=hex.txt HTTP/2" 200 441 "-" "Mozilla/5.0 AppleWebKit/537.36 (KHTML, like Gecko; compatible; ClaudeBot/1.0; +claudebot@anthropic.com)"
216.73.216.171 - - [14/Jun/2025:23:57:43 +0300] "GET /smini.php?action=edit&belekmata=%2Fhome%2Fcoinhaber%2Fpublic_html%2Fhex_sym404%2Fdbus-Hostbills.txt404&file=hex.txt HTTP/2" 200 441 "-" "Mozilla/5.0 AppleWebKit/537.36 (KHTML, like Gecko; compatible; ClaudeBot/1.0; +claudebot@anthropic.com)"
216.73.216.171 - - [14/Jun/2025:23:57:43 +0300] "GET /smini.php?action=edit&belekmata=%2Fhome%2Fcoinhaber%2Fpublic_html%2Fhex_sym404%2Fgames-Wordpress.txt404&file=hex.txt HTTP/2" 200 441 "-" "Mozilla/5.0 AppleWebKit/537.36 (KHTML, like Gecko; compatible; ClaudeBot/1.0; +claudebot@anthropic.com)"
216.73.216.171 - - [14/Jun/2025:23:57:43 +0300] "GET /smini.php?action=edit&belekmata=%2Fhome%2Fcoinhaber%2Fpublic_html%2Fhex_sym404%2Fmail-Zencart.txt404&file=hex.txt HTTP/2" 200 441 "-" "Mozilla/5.0 AppleWebKit/537.36 (KHTML, like Gecko; compatible; ClaudeBot/1.0; +claudebot@anthropic.com)"
216.73.216.171 - - [14/Jun/2025:23:57:43 +0300] "GET /smini.php?action=edit&belekmata=%2Fhome%2Fcoinhaber%2Fpublic_html%2Fhex_sym404%2Fdbus-WHM-accesshash.txt404&file=hex.txt HTTP/2" 200 441 "-" "Mozilla/5.0 AppleWebKit/537.36 (KHTML, like Gecko; compatible; ClaudeBot/1.0; +claudebot@anthropic.com)"
216.73.216.171 - - [14/Jun/2025:23:57:43 +0300] "GET /smini.php?action=edit&belekmata=%2Fhome%2Fcoinhaber%2Fpublic_html%2Fhex_sym404%2Fhalt-MyBB.txt404&file=hex.txt HTTP/2" 200 441 "-" "Mozilla/5.0 AppleWebKit/537.36 (KHTML, like Gecko; compatible; ClaudeBot/1.0; +claudebot@anthropic.com)"
216.73.216.171 - - [14/Jun/2025:23:57:43 +0300] "GET /smini.php?action=edit&belekmata=%2Fhome%2Fcoinhaber%2Fpublic_html%2Fhex_sym404%2Fhalt-IPB.txt404&file=hex.txt HTTP/2" 200 441 "-" "Mozilla/5.0 AppleWebKit/537.36 (KHTML, like Gecko; compatible; ClaudeBot/1.0; +claudebot@anthropic.com)"
57.141.0.12 - - [14/Jun/2025:23:57:50 +0300] "GET /index.php?shopdetail/60862221580 HTTP/2" 404 1251 "-" "meta-externalagent/1.1 (+https://developers.facebook.com/docs/sharing/webmasters/crawler)"
40.77.167.55 - - [14/Jun/2025:23:58:05 +0300] "GET /index.php?shopdetail/4475461465 HTTP/2" 404 1251 "-" "Mozilla/5.0 AppleWebKit/537.36 (KHTML, like Gecko; compatible; bingbot/2.0; +http://www.bing.com/bingbot.htm) Chrome/116.0.1938.76 Safari/537.36"
40.77.167.55 - - [14/Jun/2025:23:58:05 +0300] "GET /index.php?shopdetail/75291215228 HTTP/2" 404 1251 "-" "Mozilla/5.0 AppleWebKit/537.36 (KHTML, like Gecko; compatible; bingbot/2.0; +http://www.bing.com/bingbot.htm) Chrome/116.0.1938.76 Safari/537.36"
40.77.167.55 - - [14/Jun/2025:23:58:06 +0300] "GET /index.php?shopdetail/60862349080 HTTP/2" 404 1251 "-" "Mozilla/5.0 AppleWebKit/537.36 (KHTML, like Gecko; compatible; bingbot/2.0; +http://www.bing.com/bingbot.htm) Chrome/116.0.1938.76 Safari/537.36"
216.73.216.171 - - [14/Jun/2025:23:57:03 +0300] "GET /smini.php?action=edit&belekmata=%2Fhome%2Fcoinhaber%2Fpublic_html%2Fhex_sym404%2Fnobody-BoxBilling.txt404&file=hex.txt HTTP/2" 200 441 "-" "Mozilla/5.0 AppleWebKit/537.36 (KHTML, like Gecko; compatible; ClaudeBot/1.0; +claudebot@anthropic.com)"
216.73.216.171 - - [14/Jun/2025:23:57:03 +0300] "GET /smini.php?action=edit&belekmata=%2Fhome%2Fcoinhaber%2Fpublic_html%2Fhex_sym404%2Froot-IPB.txt404&file=hex.txt HTTP/2" 200 441 "-" "Mozilla/5.0 AppleWebKit/537.36 (KHTML, like Gecko; compatible; ClaudeBot/1.0; +claudebot@anthropic.com)"
216.73.216.171 - - [14/Jun/2025:23:57:03 +0300] "GET /smini.php?action=edit&belekmata=%2Fhome%2Fcoinhaber%2Fpublic_html%2Fhex_sym404%2Froot-Drupal.txt404&file=hex.txt HTTP/2" 200 441 "-" "Mozilla/5.0 AppleWebKit/537.36 (KHTML, like Gecko; compatible; ClaudeBot/1.0; +claudebot@anthropic.com)"
216.73.216.171 - - [14/Jun/2025:23:57:03 +0300] "GET /smini.php?action=edit&belekmata=%2Fhome%2Fcoinhaber%2Fpublic_html%2Fhex_sym404%2Fhalt-Wordpress.txt404&file=hex.txt HTTP/2" 200 441 "-" "Mozilla/5.0 AppleWebKit/537.36 (KHTML, like Gecko; compatible; ClaudeBot/1.0; +claudebot@anthropic.com)"
216.73.216.171 - - [14/Jun/2025:23:57:03 +0300] "GET /smini.php?action=edit&belekmata=%2Fhome%2Fcoinhaber%2Fpublic_html%2Fhex_sym404%2Fnscd-PrestaShop.txt404&file=hex.txt HTTP/2" 200 441 "-" "Mozilla/5.0 AppleWebKit/537.36 (KHTML, like Gecko; compatible; ClaudeBot/1.0; +claudebot@anthropic.com)"
216.73.216.171 - - [14/Jun/2025:23:57:03 +0300] "GET /smini.php?action=edit&belekmata=%2Fhome%2Fcoinhaber%2Fpublic_html%2Fhex_sym404%2Fnscd-IPB.txt404&file=hex.txt HTTP/2" 200 441 "-" "Mozilla/5.0 AppleWebKit/537.36 (KHTML, like Gecko; compatible; ClaudeBot/1.0; +claudebot@anthropic.com)"
216.73.216.171 - - [14/Jun/2025:23:57:03 +0300] "GET /smini.php?action=edit&belekmata=%2Fhome%2Fcoinhaber%2Fpublic_html%2Fhex_sym404%2Fmailman-Zencart.txt404&file=hex.txt HTTP/2" 200 441 "-" "Mozilla/5.0 AppleWebKit/537.36 (KHTML, like Gecko; compatible; ClaudeBot/1.0; +claudebot@anthropic.com)"
216.73.216.171 - - [14/Jun/2025:23:57:03 +0300] "GET /smini.php?action=edit&belekmata=%2Fhome%2Fcoinhaber%2Fpublic_html%2Fhex_sym404%2Fsshd-OsCommerce.txt404&file=hex.txt HTTP/2" 200 441 "-" "Mozilla/5.0 AppleWebKit/537.36 (KHTML, like Gecko; compatible; ClaudeBot/1.0; +claudebot@anthropic.com)"
216.73.216.171 - - [14/Jun/2025:23:57:03 +0300] "GET /smini.php?action=edit&belekmata=%2Fhome%2Fcoinhaber%2Fpublic_html%2Fhex_sym404%2Fsshd-Joomla.txt404&file=hex.txt HTTP/2" 200 441 "-" "Mozilla/5.0 AppleWebKit/537.36 (KHTML, like Gecko; compatible; ClaudeBot/1.0; +claudebot@anthropic.com)"
216.73.216.171 - - [14/Jun/2025:23:57:03 +0300] "GET /smini.php?action=edit&belekmata=%2Fhome%2Fcoinhaber%2Fpublic_html%2Fhex_sym404%2Fdbus-Wordpress.txt404&file=hex.txt HTTP/2" 200 441 "-" "Mozilla/5.0 AppleWebKit/537.36 (KHTML, like Gecko; compatible; ClaudeBot/1.0; +claudebot@anthropic.com)"
57.141.0.7 - - [14/Jun/2025:23:57:15 +0300] "GET /index.php?shopdetail/13459194246 HTTP/2" 404 1251 "-" "meta-externalagent/1.1 (+https://developers.facebook.com/docs/sharing/webmasters/crawler)"
57.141.0.11 - - [14/Jun/2025:23:58:24 +0300] "GET /index.php?shopdetail/4475429281 HTTP/2" 404 1251 "-" "meta-externalagent/1.1 (+https://developers.facebook.com/docs/sharing/webmasters/crawler)"
40.77.167.55 - - [14/Jun/2025:23:58:31 +0300] "GET /index.php?shopdetail/4873052274 HTTP/2" 404 1251 "-" "Mozilla/5.0 AppleWebKit/537.36 (KHTML, like Gecko; compatible; bingbot/2.0; +http://www.bing.com/bingbot.htm) Chrome/116.0.1938.76 Safari/537.36"
216.73.216.171 - - [14/Jun/2025:23:58:55 +0300] "GET /wp-includes/Requests/src/Cookie HTTP/2" 301 795 "-" "Mozilla/5.0 AppleWebKit/537.36 (KHTML, like Gecko; compatible; ClaudeBot/1.0; +claudebot@anthropic.com)"
216.73.216.171 - - [14/Jun/2025:23:58:55 +0300] "GET /wp-includes/Requests/src/Response HTTP/2" 301 795 "-" "Mozilla/5.0 AppleWebKit/537.36 (KHTML, like Gecko; compatible; ClaudeBot/1.0; +claudebot@anthropic.com)"
216.73.216.171 - - [14/Jun/2025:23:55:07 +0300] "GET /smini.php?action=edit&belekmata=%2Fhome%2Fcoinhaber%2Fpublic_html%2Fhex_sym404%2Fdbus-Vbulletin.txt404&file=hex.txt HTTP/2" 200 441 "-" "Mozilla/5.0 AppleWebKit/537.36 (KHTML, like Gecko; compatible; ClaudeBot/1.0; +claudebot@anthropic.com)"
216.73.216.171 - - [14/Jun/2025:23:55:07 +0300] "GET /smini.php?action=edit&belekmata=%2Fhome%2Fcoinhaber%2Fpublic_html%2Fhex_sym404%2Fmailman-Drupal.txt404&file=hex.txt HTTP/2" 200 441 "-" "Mozilla/5.0 AppleWebKit/537.36 (KHTML, like Gecko; compatible; ClaudeBot/1.0; +claudebot@anthropic.com)"
216.73.216.171 - - [14/Jun/2025:23:55:07 +0300] "GET /smini.php?action=edit&belekmata=%2Fhome%2Fcoinhaber%2Fpublic_html%2Fhex_sym404%2Fgames-WHMCS.txt404&file=hex.txt HTTP/2" 200 441 "-" "Mozilla/5.0 AppleWebKit/537.36 (KHTML, like Gecko; compatible; ClaudeBot/1.0; +claudebot@anthropic.com)"
216.73.216.171 - - [14/Jun/2025:23:55:08 +0300] "GET /smini.php?action=edit&belekmata=%2Fhome%2Fcoinhaber%2Fpublic_html%2Fhex_sym404%2Fmailman-IPB.txt404&file=hex.txt HTTP/2" 200 441 "-" "Mozilla/5.0 AppleWebKit/537.36 (KHTML, like Gecko; compatible; ClaudeBot/1.0; +claudebot@anthropic.com)"
216.73.216.171 - - [14/Jun/2025:23:55:08 +0300] "GET /smini.php?action=edit&belekmata=%2Fhome%2Fcoinhaber%2Fpublic_html%2Fhex_sym404%2Fsshd-phpBB.txt404&file=hex.txt HTTP/2" 200 441 "-" "Mozilla/5.0 AppleWebKit/537.36 (KHTML, like Gecko; compatible; ClaudeBot/1.0; +claudebot@anthropic.com)"
216.73.216.171 - - [14/Jun/2025:23:55:08 +0300] "GET /smini.php?action=edit&belekmata=%2Fhome%2Fcoinhaber%2Fpublic_html%2Fwp-content%2Flanguages&file=continents-cities-fr_FR.po HTTP/2" 200 8189 "-" "Mozilla/5.0 AppleWebKit/537.36 (KHTML, like Gecko; compatible; ClaudeBot/1.0; +claudebot@anthropic.com)"
216.73.216.38 - - [14/Jun/2025:23:55:15 +0300] "GET /shopdetail/26964122850 HTTP/2" 404 1251 "-" "Mozilla/5.0 AppleWebKit/537.36 (KHTML, like Gecko; compatible; ClaudeBot/1.0; +claudebot@anthropic.com)"
216.73.216.38 - - [14/Jun/2025:23:55:15 +0300] "GET /shopdetail/98394240538 HTTP/2" 404 1251 "-" "Mozilla/5.0 AppleWebKit/537.36 (KHTML, like Gecko; compatible; ClaudeBot/1.0; +claudebot@anthropic.com)"
216.73.216.38 - - [14/Jun/2025:23:55:15 +0300] "GET /shopdetail/4475421274 HTTP/2" 404 1251 "-" "Mozilla/5.0 AppleWebKit/537.36 (KHTML, like Gecko; compatible; ClaudeBot/1.0; +claudebot@anthropic.com)"
216.73.216.38 - - [14/Jun/2025:23:55:15 +0300] "GET /shopdetail/26964259137 HTTP/2" 404 1251 "-" "Mozilla/5.0 AppleWebKit/537.36 (KHTML, like Gecko; compatible; ClaudeBot/1.0; +claudebot@anthropic.com)"
216.73.216.38 - - [14/Jun/2025:23:55:15 +0300] "GET /shopdetail/6086267327 HTTP/2" 404 1251 "-" "Mozilla/5.0 AppleWebKit/537.36 (KHTML, like Gecko; compatible; ClaudeBot/1.0; +claudebot@anthropic.com)"
216.73.216.38 - - [14/Jun/2025:23:55:17 +0300] "GET /shopdetail/48730276966 HTTP/2" 404 1251 "-" "Mozilla/5.0 AppleWebKit/537.36 (KHTML, like Gecko; compatible; ClaudeBot/1.0; +claudebot@anthropic.com)"
216.73.216.38 - - [14/Jun/2025:23:55:17 +0300] "GET /shopdetail/3441926450 HTTP/2" 404 1251 "-" "Mozilla/5.0 AppleWebKit/537.36 (KHTML, like Gecko; compatible; ClaudeBot/1.0; +claudebot@anthropic.com)"
216.73.216.38 - - [14/Jun/2025:23:55:17 +0300] "GET /shopdetail/4475429263 HTTP/2" 404 1251 "-" "Mozilla/5.0 AppleWebKit/537.36 (KHTML, like Gecko; compatible; ClaudeBot/1.0; +claudebot@anthropic.com)"
216.73.216.38 - - [14/Jun/2025:23:55:17 +0300] "GET /shopdetail/44754299952 HTTP/2" 404 1251 "-" "Mozilla/5.0 AppleWebKit/537.36 (KHTML, like Gecko; compatible; ClaudeBot/1.0; +claudebot@anthropic.com)"
40.77.167.55 - - [14/Jun/2025:23:58:06 +0300] "GET /index.php?shopdetail/7529180650 HTTP/2" 404 1251 "-" "Mozilla/5.0 AppleWebKit/537.36 (KHTML, like Gecko; compatible; bingbot/2.0; +http://www.bing.com/bingbot.htm) Chrome/116.0.1938.76 Safari/537.36"
216.73.216.171 - - [14/Jun/2025:23:58:17 +0300] "GET /smini.php?action=edit&belekmata=%2Fhome%2Fcoinhaber%2Fpublic_html%2Fhex_sym404%2Fnobody-Vbulletin.txt404&file=hex.txt HTTP/2" 200 441 "-" "Mozilla/5.0 AppleWebKit/537.36 (KHTML, like Gecko; compatible; ClaudeBot/1.0; +claudebot@anthropic.com)"
216.73.216.171 - - [14/Jun/2025:23:58:17 +0300] "GET /smini.php?action=edit&belekmata=%2Fhome%2Fcoinhaber%2Fpublic_html%2Fhex_sym404%2Fftp-Lokomedia.txt404&file=hex.txt HTTP/2" 200 441 "-" "Mozilla/5.0 AppleWebKit/537.36 (KHTML, like Gecko; compatible; ClaudeBot/1.0; +claudebot@anthropic.com)"
216.73.216.171 - - [14/Jun/2025:23:58:17 +0300] "GET /smini.php?action=edit&belekmata=%2Fhome%2Fcoinhaber%2Fpublic_html%2Fhex_sym404%2Fnamed-Lokomedia.txt404&file=hex.txt HTTP/2" 200 441 "-" "Mozilla/5.0 AppleWebKit/537.36 (KHTML, like Gecko; compatible; ClaudeBot/1.0; +claudebot@anthropic.com)"
216.73.216.171 - - [14/Jun/2025:23:58:17 +0300] "GET /smini.php?action=edit&belekmata=%2Fhome%2Fcoinhaber%2Fpublic_html%2Fhex_sym404%2Fsshd-Drupal.txt404&file=hex.txt HTTP/2" 200 441 "-" "Mozilla/5.0 AppleWebKit/537.36 (KHTML, like Gecko; compatible; ClaudeBot/1.0; +claudebot@anthropic.com)"
216.73.216.171 - - [14/Jun/2025:23:58:17 +0300] "GET /smini.php?action=edit&belekmata=%2Fhome%2Fcoinhaber%2Fpublic_html%2Fhex_sym404%2Fhalt-Magento.txt404&file=hex.txt HTTP/2" 200 441 "-" "Mozilla/5.0 AppleWebKit/537.36 (KHTML, like Gecko; compatible; ClaudeBot/1.0; +claudebot@anthropic.com)"
216.73.216.171 - - [14/Jun/2025:23:58:17 +0300] "GET /smini.php?action=edit&belekmata=%2Fhome%2Fcoinhaber%2Fpublic_html%2Fhex_sym404%2Fhalt-Hostbills.txt404&file=hex.txt HTTP/2" 200 441 "-" "Mozilla/5.0 AppleWebKit/537.36 (KHTML, like Gecko; compatible; ClaudeBot/1.0; +claudebot@anthropic.com)"
216.73.216.171 - - [14/Jun/2025:23:58:18 +0300] "GET /smini.php?action=edit&belekmata=%2Fhome%2Fcoinhaber%2Fpublic_html%2Fhex_sym404%2Fsshd-IPB.txt404&file=hex.txt HTTP/2" 200 441 "-" "Mozilla/5.0 AppleWebKit/537.36 (KHTML, like Gecko; compatible; ClaudeBot/1.0; +claudebot@anthropic.com)"
216.73.216.171 - - [14/Jun/2025:23:58:18 +0300] "GET /smini.php?action=edit&belekmata=%2Fhome%2Fcoinhaber%2Fpublic_html%2Fhex_sym404%2Froot-Magento.txt404&file=hex.txt HTTP/2" 200 441 "-" "Mozilla/5.0 AppleWebKit/537.36 (KHTML, like Gecko; compatible; ClaudeBot/1.0; +claudebot@anthropic.com)"
216.73.216.171 - - [14/Jun/2025:23:58:18 +0300] "GET /smini.php?action=edit&belekmata=%2Fhome%2Fcoinhaber%2Fpublic_html%2Fhex_sym404%2Froot-Hostbills.txt404&file=hex.txt HTTP/2" 200 441 "-" "Mozilla/5.0 AppleWebKit/537.36 (KHTML, like Gecko; compatible; ClaudeBot/1.0; +claudebot@anthropic.com)"
216.73.216.171 - - [14/Jun/2025:23:58:18 +0300] "GET /wp-includes/Requests/src/Ssl.php HTTP/2" 200 0 "-" "Mozilla/5.0 AppleWebKit/537.36 (KHTML, like Gecko; compatible; ClaudeBot/1.0; +claudebot@anthropic.com)"
57.141.0.16 - - [14/Jun/2025:23:58:26 +0300] "GET /index.php?shopdetail/4873051162 HTTP/2" 404 1251 "-" "meta-externalagent/1.1 (+https://developers.facebook.com/docs/sharing/webmasters/crawler)"
