178.150.14.250 - - [14/Jun/2025:22:30:23 +0300] "GET /smini.php?action=edit&file=style-engine.js&belekmata=/home/coinhaber/public_html/wp-includes/js/dist HTTP/1.1" 200 11734 "-" "Mozilla/5.0 (compatible; MJ12bot/v1.4.8; http://mj12bot.com/)"
178.150.14.250 - - [14/Jun/2025:22:30:26 +0300] "GET /smini.php?action=edit&file=style-engine.min.js&belekmata=/home/coinhaber/public_html/wp-includes/js/dist HTTP/1.1" 200 2650 "-" "Mozilla/5.0 (compatible; MJ12bot/v1.4.8; http://mj12bot.com/)"
178.150.14.250 - - [14/Jun/2025:22:30:29 +0300] "GET /smini.php?action=edit&file=style-engine.php&belekmata=/home/coinhaber/www/wp-includes HTTP/1.1" 200 2583 "-" "Mozilla/5.0 (compatible; MJ12bot/v1.4.8; http://mj12bot.com/)"
157.55.39.60 - - [14/Jun/2025:22:30:29 +0300] "GET /index.php?shopdetail/60862230255 HTTP/2" 404 1251 "-" "Mozilla/5.0 AppleWebKit/537.36 (KHTML, like Gecko; compatible; bingbot/2.0; +http://www.bing.com/bingbot.htm) Chrome/116.0.1938.76 Safari/537.36"
216.73.216.171 - - [14/Jun/2025:22:30:31 +0300] "GET /smini.php?action=edit&belekmata=%2Fhome%2Fcoinhaber%2Fpublic_html%2Fwp-includes%2Fjs&file=customize-preview-nav-menus.js HTTP/2" 200 4752 "-" "Mozilla/5.0 AppleWebKit/537.36 (KHTML, like Gecko; compatible; ClaudeBot/1.0; +claudebot@anthropic.com)"
216.73.216.171 - - [14/Jun/2025:22:30:31 +0300] "GET /smini.php?action=edit&belekmata=%2Fhome%2Fcoinhaber%2Fpublic_html%2Fwp-admin%2Fjs&file=code-editor.min.js HTTP/2" 200 1844 "-" "Mozilla/5.0 AppleWebKit/537.36 (KHTML, like Gecko; compatible; ClaudeBot/1.0; +claudebot@anthropic.com)"
216.73.216.171 - - [14/Jun/2025:22:30:31 +0300] "GET /smini.php?action=edit&belekmata=%2Fhome%2Fcoinhaber%2Fpublic_html%2Fwp-includes%2Fjs&file=utils.js HTTP/2" 200 2208 "-" "Mozilla/5.0 AppleWebKit/537.36 (KHTML, like Gecko; compatible; ClaudeBot/1.0; +claudebot@anthropic.com)"
216.73.216.171 - - [14/Jun/2025:22:30:31 +0300] "GET /smini.php?action=edit&belekmata=%2Fhome%2Fcoinhaber%2Fpublic_html%2Fwp-includes%2Fjs&file=customize-preview-widgets.js HTTP/2" 200 6678 "-" "Mozilla/5.0 AppleWebKit/537.36 (KHTML, like Gecko; compatible; ClaudeBot/1.0; +claudebot@anthropic.com)"
216.73.216.171 - - [14/Jun/2025:22:30:31 +0300] "GET /smini.php?action=edit&belekmata=%2Fhome%2Fcoinhaber%2Fpublic_html%2Fwp-includes%2Fjs&file=wp-api.js HTTP/2" 200 11931 "-" "Mozilla/5.0 AppleWebKit/537.36 (KHTML, like Gecko; compatible; ClaudeBot/1.0; +claudebot@anthropic.com)"
216.73.216.171 - - [14/Jun/2025:22:30:32 +0300] "GET /wp-includes/customize/class-wp-customize-background-image-setting.php HTTP/2" 500 0 "-" "Mozilla/5.0 AppleWebKit/537.36 (KHTML, like Gecko; compatible; ClaudeBot/1.0; +claudebot@anthropic.com)"
57.141.0.4 - - [14/Jun/2025:22:30:32 +0300] "GET /index.php?shopdetail/75291185345 HTTP/2" 404 1251 "-" "meta-externalagent/1.1 (+https://developers.facebook.com/docs/sharing/webmasters/crawler)"
216.73.216.171 - - [14/Jun/2025:22:30:32 +0300] "GET /wp-includes/widgets/class-wp-widget-custom-html.php HTTP/2" 500 0 "-" "Mozilla/5.0 AppleWebKit/537.36 (KHTML, like Gecko; compatible; ClaudeBot/1.0; +claudebot@anthropic.com)"
178.150.14.250 - - [14/Jun/2025:22:30:32 +0300] "GET /smini.php?action=edit&file=style-rtl.css&belekmata=/home/coinhaber/public_html/wp-includes/blocks/archives HTTP/1.1" 200 564 "-" "Mozilla/5.0 (compatible; MJ12bot/v1.4.8; http://mj12bot.com/)"
216.73.216.171 - - [14/Jun/2025:22:30:32 +0300] "GET /smini.php?action=edit&belekmata=%2Fhome%2Fcoinhaber%2Fpublic_html%2Fwp-includes%2Fjs&file=zxcvbn-async.js HTTP/2" 200 882 "-" "Mozilla/5.0 AppleWebKit/537.36 (KHTML, like Gecko; compatible; ClaudeBot/1.0; +claudebot@anthropic.com)"
216.73.216.171 - - [14/Jun/2025:22:30:32 +0300] "GET /wp-includes/js/jquery/jquery.table-hotkeys.min.js HTTP/2" 200 789 "-" "Mozilla/5.0 AppleWebKit/537.36 (KHTML, like Gecko; compatible; ClaudeBot/1.0; +claudebot@anthropic.com)"
216.73.216.171 - - [14/Jun/2025:22:30:32 +0300] "GET /smini.php?action=edit&belekmata=%2Fhome%2Fcoinhaber%2Fpublic_html%2Fwp-admin%2Fjs&file=theme-plugin-editor.js HTTP/2" 200 7312 "-" "Mozilla/5.0 AppleWebKit/537.36 (KHTML, like Gecko; compatible; ClaudeBot/1.0; +claudebot@anthropic.com)"
178.150.14.250 - - [14/Jun/2025:22:30:35 +0300] "GET /smini.php?action=edit&file=style-rtl.css&belekmata=/home/coinhaber/public_html/wp-includes/blocks/audio HTTP/1.1" 200 595 "-" "Mozilla/5.0 (compatible; MJ12bot/v1.4.8; http://mj12bot.com/)"
178.150.14.250 - - [14/Jun/2025:22:30:38 +0300] "GET /smini.php?action=edit&file=style-rtl.css&belekmata=/home/coinhaber/public_html/wp-includes/blocks/avatar HTTP/1.1" 200 574 "-" "Mozilla/5.0 (compatible; MJ12bot/v1.4.8; http://mj12bot.com/)"
178.150.14.250 - - [14/Jun/2025:22:30:41 +0300] "GET /smini.php?action=edit&file=style-rtl.css&belekmata=/home/coinhaber/public_html/wp-includes/blocks/button HTTP/1.1" 200 1020 "-" "Mozilla/5.0 (compatible; MJ12bot/v1.4.8; http://mj12bot.com/)"
178.150.14.250 - - [14/Jun/2025:22:30:44 +0300] "GET /smini.php?action=edit&file=style-rtl.css&belekmata=/home/coinhaber/public_html/wp-includes/blocks/buttons HTTP/1.1" 200 801 "-" "Mozilla/5.0 (compatible; MJ12bot/v1.4.8; http://mj12bot.com/)"
178.150.14.250 - - [14/Jun/2025:22:30:47 +0300] "GET /smini.php?action=edit&file=style-rtl.css&belekmata=/home/coinhaber/public_html/wp-includes/blocks/calendar HTTP/1.1" 200 691 "-" "Mozilla/5.0 (compatible; MJ12bot/v1.4.8; http://mj12bot.com/)"
157.55.39.60 - - [14/Jun/2025:22:30:49 +0300] "GET /index.php?shopdetail/60862122590 HTTP/2" 404 1251 "-" "Mozilla/5.0 AppleWebKit/537.36 (KHTML, like Gecko; compatible; bingbot/2.0; +http://www.bing.com/bingbot.htm) Chrome/116.0.1938.76 Safari/537.36"
178.150.14.250 - - [14/Jun/2025:22:30:50 +0300] "GET /smini.php?action=edit&file=style-rtl.css&belekmata=/home/coinhaber/public_html/wp-includes/blocks/categories HTTP/1.1" 200 618 "-" "Mozilla/5.0 (compatible; MJ12bot/v1.4.8; http://mj12bot.com/)"
178.150.14.250 - - [14/Jun/2025:22:30:53 +0300] "GET /smini.php?action=edit&file=style-rtl.css&belekmata=/home/coinhaber/public_html/wp-includes/blocks/code HTTP/1.1" 200 612 "-" "Mozilla/5.0 (compatible; MJ12bot/v1.4.8; http://mj12bot.com/)"
178.150.14.250 - - [14/Jun/2025:22:30:56 +0300] "GET /smini.php?action=edit&file=style-rtl.css&belekmata=/home/coinhaber/public_html/wp-includes/blocks/columns HTTP/1.1" 200 901 "-" "Mozilla/5.0 (compatible; MJ12bot/v1.4.8; http://mj12bot.com/)"
178.150.14.250 - - [14/Jun/2025:22:30:59 +0300] "GET /smini.php?action=edit&file=style-rtl.css&belekmata=/home/coinhaber/public_html/wp-includes/blocks/comment-author-name HTTP/1.1" 200 552 "-" "Mozilla/5.0 (compatible; MJ12bot/v1.4.8; http://mj12bot.com/)"
178.150.14.250 - - [14/Jun/2025:22:31:02 +0300] "GET /smini.php?action=edit&file=style-rtl.css&belekmata=/home/coinhaber/public_html/wp-includes/blocks/comment-content HTTP/1.1" 200 594 "-" "Mozilla/5.0 (compatible; MJ12bot/v1.4.8; http://mj12bot.com/)"
178.150.14.250 - - [14/Jun/2025:22:31:05 +0300] "GET /smini.php?action=edit&file=style-rtl.css&belekmata=/home/coinhaber/public_html/wp-includes/blocks/comment-date HTTP/1.1" 200 548 "-" "Mozilla/5.0 (compatible; MJ12bot/v1.4.8; http://mj12bot.com/)"
178.150.14.250 - - [14/Jun/2025:22:31:08 +0300] "GET /smini.php?action=edit&file=style-rtl.css&belekmata=/home/coinhaber/public_html/wp-includes/blocks/comment-edit-link HTTP/1.1" 200 552 "-" "Mozilla/5.0 (compatible; MJ12bot/v1.4.8; http://mj12bot.com/)"
216.73.216.171 - - [14/Jun/2025:22:31:08 +0300] "GET /smini.php?action=edit&belekmata=%2Fhome%2Fcoinhaber%2Fpublic_html%2Fwp-includes%2Fjs&file=wp-pointer.min.js HTTP/2" 200 1886 "-" "Mozilla/5.0 AppleWebKit/537.36 (KHTML, like Gecko; compatible; ClaudeBot/1.0; +claudebot@anthropic.com)"
216.73.216.171 - - [14/Jun/2025:22:31:08 +0300] "GET /smini.php?action=edit&belekmata=%2Fhome%2Fcoinhaber%2Fpublic_html%2Fwp-includes%2Fjs&file=wp-lists.js HTTP/2" 200 6234 "-" "Mozilla/5.0 AppleWebKit/537.36 (KHTML, like Gecko; compatible; ClaudeBot/1.0; +claudebot@anthropic.com)"
216.73.216.171 - - [14/Jun/2025:22:31:08 +0300] "GET /smini.php?action=edit&belekmata=%2Fhome%2Fcoinhaber%2Fpublic_html%2Fwp-includes%2Fblock-patterns&file=query-offset-posts.php HTTP/2" 200 1103 "-" "Mozilla/5.0 AppleWebKit/537.36 (KHTML, like Gecko; compatible; ClaudeBot/1.0; +claudebot@anthropic.com)"
216.73.216.171 - - [14/Jun/2025:22:31:08 +0300] "GET /smini.php?action=edit&belekmata=%2Fhome%2Fcoinhaber%2Fpublic_html%2Fwp-includes%2Fjs&file=wp-embed.js HTTP/2" 200 1829 "-" "Mozilla/5.0 AppleWebKit/537.36 (KHTML, like Gecko; compatible; ClaudeBot/1.0; +claudebot@anthropic.com)"
216.73.216.171 - - [14/Jun/2025:22:31:09 +0300] "GET /smini.php?action=edit&belekmata=%2Fhome%2Fcoinhaber%2Fpublic_html%2Fwp-includes%2Fjs&file=customize-loader.js HTTP/2" 200 3280 "-" "Mozilla/5.0 AppleWebKit/537.36 (KHTML, like Gecko; compatible; ClaudeBot/1.0; +claudebot@anthropic.com)"
216.73.216.171 - - [14/Jun/2025:22:31:09 +0300] "GET /smini.php?action=edit&belekmata=%2Fhome%2Fcoinhaber%2Fpublic_html%2Fwp-includes%2Fjs&file=wpdialog.js HTTP/2" 200 818 "-" "Mozilla/5.0 AppleWebKit/537.36 (KHTML, like Gecko; compatible; ClaudeBot/1.0; +claudebot@anthropic.com)"
216.73.216.171 - - [14/Jun/2025:22:31:09 +0300] "GET /smini.php?action=edit&belekmata=%2Fhome%2Fcoinhaber%2Fpublic_html%2Fwp-includes%2Fjs&file=wp-ajax-response.js HTTP/2" 200 2037 "-" "Mozilla/5.0 AppleWebKit/537.36 (KHTML, like Gecko; compatible; ClaudeBot/1.0; +claudebot@anthropic.com)"
216.73.216.171 - - [14/Jun/2025:22:31:09 +0300] "GET /smini.php?action=edit&belekmata=%2Fhome%2Fcoinhaber%2Fpublic_html%2Fwp-includes%2Fhtml-api&file=class-wp-html-text-replacement.php HTTP/2" 200 1032 "-" "Mozilla/5.0 AppleWebKit/537.36 (KHTML, like Gecko; compatible; ClaudeBot/1.0; +claudebot@anthropic.com)"
216.73.216.171 - - [14/Jun/2025:22:31:09 +0300] "GET /smini.php?action=edit&belekmata=%2Fhome%2Fcoinhaber%2Fpublic_html%2Fwp-includes%2Fjs&file=hoverintent-js.min.js HTTP/2" 200 1204 "-" "Mozilla/5.0 AppleWebKit/537.36 (KHTML, like Gecko; compatible; ClaudeBot/1.0; +claudebot@anthropic.com)"
216.73.216.171 - - [14/Jun/2025:22:31:09 +0300] "GET /smini.php?action=edit&belekmata=%2Fhome%2Fcoinhaber%2Fpublic_html%2Fwp-includes%2Finteractivity-api&file=class-wp-interactivity-api.php HTTP/2" 200 11646 "-" "Mozilla/5.0 AppleWebKit/537.36 (KHTML, like Gecko; compatible; ClaudeBot/1.0; +claudebot@anthropic.com)"
178.150.14.250 - - [14/Jun/2025:22:31:11 +0300] "GET /smini.php?action=edit&file=style-rtl.css&belekmata=/home/coinhaber/public_html/wp-includes/blocks/comment-reply-link HTTP/1.1" 200 554 "-" "Mozilla/5.0 (compatible; MJ12bot/v1.4.8; http://mj12bot.com/)"
178.150.14.250 - - [14/Jun/2025:22:31:14 +0300] "GET /smini.php?action=edit&file=style-rtl.css&belekmata=/home/coinhaber/public_html/wp-includes/blocks/comment-template HTTP/1.1" 200 648 "-" "Mozilla/5.0 (compatible; MJ12bot/v1.4.8; http://mj12bot.com/)"
178.150.14.250 - - [14/Jun/2025:22:31:17 +0300] "GET /smini.php?action=edit&file=style-rtl.css&belekmata=/home/coinhaber/public_html/wp-includes/blocks/comments HTTP/1.1" 200 1111 "-" "Mozilla/5.0 (compatible; MJ12bot/v1.4.8; http://mj12bot.com/)"
178.150.14.250 - - [14/Jun/2025:22:31:20 +0300] "GET /smini.php?action=edit&file=style-rtl.css&belekmata=/home/coinhaber/public_html/wp-includes/blocks/comments-pagination HTTP/1.1" 200 709 "-" "Mozilla/5.0 (compatible; MJ12bot/v1.4.8; http://mj12bot.com/)"
178.150.14.250 - - [14/Jun/2025:22:31:23 +0300] "GET /smini.php?action=edit&file=style-rtl.css&belekmata=/home/coinhaber/public_html/wp-includes/blocks/cover HTTP/1.1" 200 2193 "-" "Mozilla/5.0 (compatible; MJ12bot/v1.4.8; http://mj12bot.com/)"
178.150.14.250 - - [14/Jun/2025:22:31:26 +0300] "GET /smini.php?action=edit&file=style-rtl.css&belekmata=/home/coinhaber/public_html/wp-includes/blocks/details HTTP/1.1" 200 561 "-" "Mozilla/5.0 (compatible; MJ12bot/v1.4.8; http://mj12bot.com/)"
178.150.14.250 - - [14/Jun/2025:22:31:29 +0300] "GET /smini.php?action=edit&file=style-rtl.css&belekmata=/home/coinhaber/public_html/wp-includes/blocks/embed HTTP/1.1" 200 904 "-" "Mozilla/5.0 (compatible; MJ12bot/v1.4.8; http://mj12bot.com/)"
66.249.64.130 - - [14/Jun/2025:22:31:58 +0300] "GET /ammika.php?53920150189.htm HTTP/1.1" 404 1251 "-" "Mozilla/5.0 (Linux; Android 6.0.1; Nexus 5X Build/MMB29P) AppleWebKit/537.36 (KHTML, like Gecko) Chrome/136.0.7103.113 Mobile Safari/537.36 (compatible; Googlebot/2.1; +http://www.google.com/bot.html)"
216.73.216.171 - - [14/Jun/2025:22:32:26 +0300] "GET /wp-includes/js/customize-loader.js HTTP/2" 200 2473 "-" "Mozilla/5.0 AppleWebKit/537.36 (KHTML, like Gecko; compatible; ClaudeBot/1.0; +claudebot@anthropic.com)"
216.73.216.171 - - [14/Jun/2025:22:32:26 +0300] "GET /wp-includes/assets/script-loader-react-refresh-runtime.min.php HTTP/2" 200 0 "-" "Mozilla/5.0 AppleWebKit/537.36 (KHTML, like Gecko; compatible; ClaudeBot/1.0; +claudebot@anthropic.com)"
216.73.216.171 - - [14/Jun/2025:22:32:26 +0300] "GET /smini.php?action=edit&belekmata=%2Fhome%2Fcoinhaber%2Fpublic_html%2Fwp-includes%2Fjs&file=customize-views.js HTTP/2" 200 1957 "-" "Mozilla/5.0 AppleWebKit/537.36 (KHTML, like Gecko; compatible; ClaudeBot/1.0; +claudebot@anthropic.com)"
216.73.216.171 - - [14/Jun/2025:22:32:26 +0300] "GET /wp-includes/rest-api/class-wp-rest-response.php HTTP/2" 500 0 "-" "Mozilla/5.0 AppleWebKit/537.36 (KHTML, like Gecko; compatible; ClaudeBot/1.0; +claudebot@anthropic.com)"
216.73.216.171 - - [14/Jun/2025:22:32:26 +0300] "GET /smini.php?action=edit&belekmata=%2Fhome%2Fcoinhaber%2Fpublic_html%2Fwp-includes%2Fjs&file=shortcode.js HTTP/2" 200 4158 "-" "Mozilla/5.0 AppleWebKit/537.36 (KHTML, like Gecko; compatible; ClaudeBot/1.0; +claudebot@anthropic.com)"
216.73.216.171 - - [14/Jun/2025:22:32:26 +0300] "GET /smini.php?action=edit&belekmata=%2Fhome%2Fcoinhaber%2Fpublic_html%2Fwp-admin%2Fjs&file=customize-controls.js HTTP/2" 200 71321 "-" "Mozilla/5.0 AppleWebKit/537.36 (KHTML, like Gecko; compatible; ClaudeBot/1.0; +claudebot@anthropic.com)"
216.73.216.171 - - [14/Jun/2025:22:32:26 +0300] "GET /smini.php?action=edit&belekmata=%2Fhome%2Fcoinhaber%2Fpublic_html%2Fwp-admin%2Fjs&file=image-edit.js HTTP/2" 200 11357 "-" "Mozilla/5.0 AppleWebKit/537.36 (KHTML, like Gecko; compatible; ClaudeBot/1.0; +claudebot@anthropic.com)"
216.73.216.171 - - [14/Jun/2025:22:32:26 +0300] "GET /smini.php?action=edit&belekmata=%2Fhome%2Fcoinhaber%2Fpublic_html%2Fwp-admin%2Fjs&file=custom-header.js HTTP/2" 200 1408 "-" "Mozilla/5.0 AppleWebKit/537.36 (KHTML, like Gecko; compatible; ClaudeBot/1.0; +claudebot@anthropic.com)"
216.73.216.171 - - [14/Jun/2025:22:32:26 +0300] "GET /wp-includes/js/wp-api.js HTTP/2" 200 10451 "-" "Mozilla/5.0 AppleWebKit/537.36 (KHTML, like Gecko; compatible; ClaudeBot/1.0; +claudebot@anthropic.com)"
216.73.216.171 - - [14/Jun/2025:22:32:26 +0300] "GET /smini.php?action=edit&belekmata=%2Fhome%2Fcoinhaber%2Fpublic_html%2Fwp-admin%2Fjs&file=customize-nav-menus.js HTTP/2" 200 27238 "-" "Mozilla/5.0 AppleWebKit/537.36 (KHTML, like Gecko; compatible; ClaudeBot/1.0; +claudebot@anthropic.com)"
66.249.64.128 - - [14/Jun/2025:22:32:30 +0300] "GET /ammika.php?63944243178.htm HTTP/1.1" 404 1251 "-" "Mozilla/5.0 (Linux; Android 6.0.1; Nexus 5X Build/MMB29P) AppleWebKit/537.36 (KHTML, like Gecko) Chrome/136.0.7103.113 Mobile Safari/537.36 (compatible; Googlebot/2.1; +http://www.google.com/bot.html)"
57.141.0.23 - - [14/Jun/2025:22:30:16 +0300] "GET /index.php?shopdetail/44754160102 HTTP/2" 404 1251 "-" "meta-externalagent/1.1 (+https://developers.facebook.com/docs/sharing/webmasters/crawler)"
66.249.64.130 - - [14/Jun/2025:22:30:35 +0300] "GET /ammika.php?83606146466.htm HTTP/1.1" 404 1251 "-" "Mozilla/5.0 (Linux; Android 6.0.1; Nexus 5X Build/MMB29P) AppleWebKit/537.36 (KHTML, like Gecko) Chrome/136.0.7103.113 Mobile Safari/537.36 (compatible; Googlebot/2.1; +http://www.google.com/bot.html)"
52.167.144.24 - - [14/Jun/2025:22:30:47 +0300] "GET /index.php?shopdetail/12975291901 HTTP/2" 404 1251 "-" "Mozilla/5.0 AppleWebKit/537.36 (KHTML, like Gecko; compatible; bingbot/2.0; +http://www.bing.com/bingbot.htm) Chrome/116.0.1938.76 Safari/537.36"
52.167.144.24 - - [14/Jun/2025:22:30:48 +0300] "GET /index.php?shopdetail/6086251653 HTTP/2" 404 1251 "-" "Mozilla/5.0 AppleWebKit/537.36 (KHTML, like Gecko; compatible; bingbot/2.0; +http://www.bing.com/bingbot.htm) Chrome/116.0.1938.76 Safari/537.36"
216.73.216.171 - - [14/Jun/2025:22:31:43 +0300] "GET /smini.php?action=edit&belekmata=%2Fhome%2Fcoinhaber%2Fpublic_html%2Fwp-admin%2Fjs&file=theme-plugin-editor.min.js HTTP/2" 200 4362 "-" "Mozilla/5.0 AppleWebKit/537.36 (KHTML, like Gecko; compatible; ClaudeBot/1.0; +claudebot@anthropic.com)"
216.73.216.171 - - [14/Jun/2025:22:31:43 +0300] "GET /smini.php?action=edit&belekmata=%2Fhome%2Fcoinhaber%2Fpublic_html%2Fwp-includes%2Fjs&file=customize-selective-refresh.js HTTP/2" 200 9910 "-" "Mozilla/5.0 AppleWebKit/537.36 (KHTML, like Gecko; compatible; ClaudeBot/1.0; +claudebot@anthropic.com)"
216.73.216.171 - - [14/Jun/2025:22:31:43 +0300] "GET /smini.php?action=edit&belekmata=%2Fhome%2Fcoinhaber%2Fpublic_html%2Fwp-includes%2Fcustomize&file=class-wp-customize-code-editor-control.php HTTP/2" 200 1383 "-" "Mozilla/5.0 AppleWebKit/537.36 (KHTML, like Gecko; compatible; ClaudeBot/1.0; +claudebot@anthropic.com)"
216.73.216.171 - - [14/Jun/2025:22:31:44 +0300] "GET /smini.php?action=edit&belekmata=%2Fhome%2Fcoinhaber%2Fpublic_html%2Fwp-admin%2Fjs&file=customize-widgets.js HTTP/2" 200 19258 "-" "Mozilla/5.0 AppleWebKit/537.36 (KHTML, like Gecko; compatible; ClaudeBot/1.0; +claudebot@anthropic.com)"
216.73.216.171 - - [14/Jun/2025:22:31:44 +0300] "GET /smini.php?action=edit&belekmata=%2Fhome%2Fcoinhaber%2Fpublic_html%2Fwp-includes%2Finteractivity-api&file=interactivity-api.php HTTP/2" 200 1963 "-" "Mozilla/5.0 AppleWebKit/537.36 (KHTML, like Gecko; compatible; ClaudeBot/1.0; +claudebot@anthropic.com)"
216.73.216.171 - - [14/Jun/2025:22:31:44 +0300] "GET /smini.php?action=edit&belekmata=%2Fhome%2Fcoinhaber%2Fpublic_html%2Fwp-includes%2Fhtml-api&file=class-wp-html-span.php HTTP/2" 200 988 "-" "Mozilla/5.0 AppleWebKit/537.36 (KHTML, like Gecko; compatible; ClaudeBot/1.0; +claudebot@anthropic.com)"
216.73.216.171 - - [14/Jun/2025:22:31:44 +0300] "GET /smini.php?action=edit&belekmata=%2Fhome%2Fcoinhaber%2Fpublic_html%2Fwp-includes%2Fjs&file=wp-list-revisions.js HTTP/2" 200 899 "-" "Mozilla/5.0 AppleWebKit/537.36 (KHTML, like Gecko; compatible; ClaudeBot/1.0; +claudebot@anthropic.com)"
216.73.216.171 - - [14/Jun/2025:22:31:44 +0300] "GET /smini.php?action=edit&belekmata=%2Fhome%2Fcoinhaber%2Fpublic_html%2Fwp-includes%2Fjs&file=wp-util.js HTTP/2" 200 2232 "-" "Mozilla/5.0 AppleWebKit/537.36 (KHTML, like Gecko; compatible; ClaudeBot/1.0; +claudebot@anthropic.com)"
216.73.216.171 - - [14/Jun/2025:22:31:44 +0300] "GET /smini.php?action=edit&belekmata=%2Fhome%2Fcoinhaber%2Fpublic_html%2Fwp-includes%2Fjs&file=hoverIntent.js HTTP/2" 200 2990 "-" "Mozilla/5.0 AppleWebKit/537.36 (KHTML, like Gecko; compatible; ClaudeBot/1.0; +claudebot@anthropic.com)"
216.73.216.171 - - [14/Jun/2025:22:31:44 +0300] "GET /smini.php?action=edit&belekmata=%2Fhome%2Fcoinhaber%2Fpublic_html%2Fwp-includes%2Fjs&file=underscore.js HTTP/2" 200 20950 "-" "Mozilla/5.0 AppleWebKit/537.36 (KHTML, like Gecko; compatible; ClaudeBot/1.0; +claudebot@anthropic.com)"
52.167.144.24 - - [14/Jun/2025:22:32:46 +0300] "GET /index.php?shopdetail/26964265292 HTTP/2" 404 1251 "-" "Mozilla/5.0 AppleWebKit/537.36 (KHTML, like Gecko; compatible; bingbot/2.0; +http://www.bing.com/bingbot.htm) Chrome/116.0.1938.76 Safari/537.36"
216.73.216.171 - - [14/Jun/2025:22:33:01 +0300] "GET /wp-includes/js/jquery/jquery.color.min.js HTTP/2" 200 2641 "-" "Mozilla/5.0 AppleWebKit/537.36 (KHTML, like Gecko; compatible; ClaudeBot/1.0; +claudebot@anthropic.com)"
216.73.216.171 - - [14/Jun/2025:22:33:01 +0300] "GET /smini.php?action=edit&belekmata=%2Fhome%2Fcoinhaber%2Fpublic_html%2Fwp-includes%2Fjs&file=wp-api.min.js HTTP/2" 200 4922 "-" "Mozilla/5.0 AppleWebKit/537.36 (KHTML, like Gecko; compatible; ClaudeBot/1.0; +claudebot@anthropic.com)"
216.73.216.171 - - [14/Jun/2025:22:33:01 +0300] "GET /smini.php?action=edit&belekmata=%2Fhome%2Fcoinhaber%2Fpublic_html%2Fwp-includes%2Fcustomize&file=class-wp-customize-header-image-setting.php HTTP/2" 200 1245 "-" "Mozilla/5.0 AppleWebKit/537.36 (KHTML, like Gecko; compatible; ClaudeBot/1.0; +claudebot@anthropic.com)"
216.73.216.171 - - [14/Jun/2025:22:33:01 +0300] "GET /smini.php?action=edit&belekmata=%2Fhome%2Fcoinhaber%2Fpublic_html%2Fwp-includes%2Fjs&file=customize-base.js HTTP/2" 200 8009 "-" "Mozilla/5.0 AppleWebKit/537.36 (KHTML, like Gecko; compatible; ClaudeBot/1.0; +claudebot@anthropic.com)"
216.73.216.171 - - [14/Jun/2025:22:33:01 +0300] "GET /smini.php?action=edit&belekmata=%2Fhome%2Fcoinhaber%2Fpublic_html%2Fwp-includes%2Fhtml-api&file=class-wp-html-decoder.php HTTP/2" 200 5732 "-" "Mozilla/5.0 AppleWebKit/537.36 (KHTML, like Gecko; compatible; ClaudeBot/1.0; +claudebot@anthropic.com)"
216.73.216.171 - - [14/Jun/2025:22:33:01 +0300] "GET /smini.php?action=edit&belekmata=%2Fhome%2Fcoinhaber%2Fpublic_html%2Fwp-includes%2Fjs&file=customize-preview-widgets.min.js HTTP/2" 200 3144 "-" "Mozilla/5.0 AppleWebKit/537.36 (KHTML, like Gecko; compatible; ClaudeBot/1.0; +claudebot@anthropic.com)"
216.73.216.171 - - [14/Jun/2025:22:33:01 +0300] "GET /smini.php?action=edit&belekmata=%2Fhome%2Fcoinhaber%2Fpublic_html%2Fwp-admin%2Fjs&file=password-toggle.js HTTP/2" 200 991 "-" "Mozilla/5.0 AppleWebKit/537.36 (KHTML, like Gecko; compatible; ClaudeBot/1.0; +claudebot@anthropic.com)"
216.73.216.171 - - [14/Jun/2025:22:33:01 +0300] "GET /wp-includes/js/customize-selective-refresh.js HTTP/2" 200 8600 "-" "Mozilla/5.0 AppleWebKit/537.36 (KHTML, like Gecko; compatible; ClaudeBot/1.0; +claudebot@anthropic.com)"
216.73.216.171 - - [14/Jun/2025:22:33:01 +0300] "GET /smini.php?action=edit&belekmata=%2Fhome%2Fcoinhaber%2Fpublic_html%2Fwp-includes%2Fjs&file=zxcvbn-async.min.js HTTP/2" 200 693 "-" "Mozilla/5.0 AppleWebKit/537.36 (KHTML, like Gecko; compatible; ClaudeBot/1.0; +claudebot@anthropic.com)"
216.73.216.171 - - [14/Jun/2025:22:33:02 +0300] "GET /smini.php?action=edit&belekmata=%2Fhome%2Fcoinhaber%2Fpublic_html%2Fwp-includes%2Fjs&file=customize-preview.js HTTP/2" 200 8300 "-" "Mozilla/5.0 AppleWebKit/537.36 (KHTML, like Gecko; compatible; ClaudeBot/1.0; +claudebot@anthropic.com)"
57.141.0.19 - - [14/Jun/2025:22:33:06 +0300] "GET /index.php?shopdetail/13459230633 HTTP/2" 404 1251 "-" "meta-externalagent/1.1 (+https://developers.facebook.com/docs/sharing/webmasters/crawler)"
57.141.0.25 - - [14/Jun/2025:22:33:09 +0300] "GET /index.php?shopdetail/2696413265 HTTP/2" 404 1251 "-" "meta-externalagent/1.1 (+https://developers.facebook.com/docs/sharing/webmasters/crawler)"
157.55.39.60 - - [14/Jun/2025:22:33:38 +0300] "GET /index.php?shopdetail/60862110260 HTTP/2" 404 1251 "-" "Mozilla/5.0 AppleWebKit/537.36 (KHTML, like Gecko; compatible; bingbot/2.0; +http://www.bing.com/bingbot.htm) Chrome/116.0.1938.76 Safari/537.36"
157.55.39.60 - - [14/Jun/2025:22:33:39 +0300] "GET /index.php?shopdetail/7529141723 HTTP/2" 404 1251 "-" "Mozilla/5.0 AppleWebKit/537.36 (KHTML, like Gecko; compatible; bingbot/2.0; +http://www.bing.com/bingbot.htm) Chrome/116.0.1938.76 Safari/537.36"
57.141.0.24 - - [14/Jun/2025:22:32:45 +0300] "GET /index.php?shopdetail/48730213358 HTTP/2" 404 1251 "-" "meta-externalagent/1.1 (+https://developers.facebook.com/docs/sharing/webmasters/crawler)"
216.73.216.171 - - [14/Jun/2025:22:33:37 +0300] "GET /smini.php?action=edit&belekmata=%2Fhome%2Fcoinhaber%2Fpublic_html%2Fwp-includes%2Fjs&file=customize-models.js HTTP/2" 200 2512 "-" "Mozilla/5.0 AppleWebKit/537.36 (KHTML, like Gecko; compatible; ClaudeBot/1.0; +claudebot@anthropic.com)"
216.73.216.171 - - [14/Jun/2025:22:33:37 +0300] "GET /smini.php?action=edit&belekmata=%2Fhome%2Fcoinhaber%2Fpublic_html%2Fwp-admin%2Fjs&file=edit-comments.js HTTP/2" 200 11330 "-" "Mozilla/5.0 AppleWebKit/537.36 (KHTML, like Gecko; compatible; ClaudeBot/1.0; +claudebot@anthropic.com)"
216.73.216.171 - - [14/Jun/2025:22:33:37 +0300] "GET /smini.php?action=edit&belekmata=%2Fhome%2Fcoinhaber%2Fpublic_html%2Fwp-includes%2Fjs&file=utils.min.js HTTP/2" 200 1330 "-" "Mozilla/5.0 AppleWebKit/537.36 (KHTML, like Gecko; compatible; ClaudeBot/1.0; +claudebot@anthropic.com)"
216.73.216.171 - - [14/Jun/2025:22:33:37 +0300] "GET /smini.php?action=edit&belekmata=%2Fhome%2Fcoinhaber%2Fpublic_html%2Fwp-includes%2Fblock-patterns&file=query-grid-posts.php HTTP/2" 200 994 "-" "Mozilla/5.0 AppleWebKit/537.36 (KHTML, like Gecko; compatible; ClaudeBot/1.0; +claudebot@anthropic.com)"
216.73.216.171 - - [14/Jun/2025:22:33:37 +0300] "GET /smini.php?action=edit&belekmata=%2Fhome%2Fcoinhaber%2Fpublic_html%2Fwp-includes%2Fjs&file=wp-ajax-response.min.js HTTP/2" 200 1674 "-" "Mozilla/5.0 AppleWebKit/537.36 (KHTML, like Gecko; compatible; ClaudeBot/1.0; +claudebot@anthropic.com)"
216.73.216.171 - - [14/Jun/2025:22:33:37 +0300] "GET /smini.php?action=edit&belekmata=%2Fhome%2Fcoinhaber%2Fpublic_html%2Fwp-admin%2Fjs&file=inline-edit-tax.js HTTP/2" 200 3092 "-" "Mozilla/5.0 AppleWebKit/537.36 (KHTML, like Gecko; compatible; ClaudeBot/1.0; +claudebot@anthropic.com)"
216.73.216.171 - - [14/Jun/2025:22:33:37 +0300] "GET /smini.php?action=edit&belekmata=%2Fhome%2Fcoinhaber%2Fpublic_html%2Fwp-includes%2Fjs&file=backbone.js HTTP/2" 200 24099 "-" "Mozilla/5.0 AppleWebKit/537.36 (KHTML, like Gecko; compatible; ClaudeBot/1.0; +claudebot@anthropic.com)"
216.73.216.171 - - [14/Jun/2025:22:33:37 +0300] "GET /smini.php?action=edit&belekmata=%2Fhome%2Fcoinhaber%2Fpublic_html%2Fwp-includes%2Fjs&file=admin-bar.js HTTP/2" 200 3378 "-" "Mozilla/5.0 AppleWebKit/537.36 (KHTML, like Gecko; compatible; ClaudeBot/1.0; +claudebot@anthropic.com)"
216.73.216.171 - - [14/Jun/2025:22:33:37 +0300] "GET /smini.php?action=edit&belekmata=%2Fhome%2Fcoinhaber%2Fpublic_html%2Fwp-includes%2Fcustomize&file=class-wp-customize-header-image-control.php HTTP/2" 200 2736 "-" "Mozilla/5.0 AppleWebKit/537.36 (KHTML, like Gecko; compatible; ClaudeBot/1.0; +claudebot@anthropic.com)"
216.73.216.171 - - [14/Jun/2025:22:33:38 +0300] "GET /smini.php?action=edit&belekmata=%2Fhome%2Fcoinhaber%2Fpublic_html%2Fwp-includes%2Fjs&file=customize-preview-nav-menus.min.js HTTP/2" 200 2267 "-" "Mozilla/5.0 AppleWebKit/537.36 (KHTML, like Gecko; compatible; ClaudeBot/1.0; +claudebot@anthropic.com)"
216.73.216.171 - - [14/Jun/2025:22:34:14 +0300] "GET /smini.php?action=edit&belekmata=%2Fhome%2Fcoinhaber%2Fpublic_html%2Fwp-includes%2Fjs&file=customize-loader.min.js HTTP/2" 200 1902 "-" "Mozilla/5.0 AppleWebKit/537.36 (KHTML, like Gecko; compatible; ClaudeBot/1.0; +claudebot@anthropic.com)"
216.73.216.171 - - [14/Jun/2025:22:34:14 +0300] "GET /smini.php?action=edit&belekmata=%2Fhome%2Fcoinhaber%2Fpublic_html%2Fwp-includes%2Fcustomize&file=class-wp-widget-form-customize-control.php HTTP/2" 200 1410 "-" "Mozilla/5.0 AppleWebKit/537.36 (KHTML, like Gecko; compatible; ClaudeBot/1.0; +claudebot@anthropic.com)"
216.73.216.171 - - [14/Jun/2025:22:34:14 +0300] "GET /smini.php?action=edit&belekmata=%2Fhome%2Fcoinhaber%2Fpublic_html%2Fwp-admin%2Fjs&file=widgets.js HTTP/2" 200 7397 "-" "Mozilla/5.0 AppleWebKit/537.36 (KHTML, like Gecko; compatible; ClaudeBot/1.0; +claudebot@anthropic.com)"
216.73.216.171 - - [14/Jun/2025:22:34:14 +0300] "GET /smini.php?action=edit&belekmata=%2Fhome%2Fcoinhaber%2Fpublic_html%2Fwp-includes%2Fcss&file=jquery-ui-dialog-rtl.css HTTP/2" 200 2219 "-" "Mozilla/5.0 AppleWebKit/537.36 (KHTML, like Gecko; compatible; ClaudeBot/1.0; +claudebot@anthropic.com)"
216.73.216.171 - - [14/Jun/2025:22:34:14 +0300] "GET /smini.php?action=edit&belekmata=%2Fhome%2Fcoinhaber%2Fpublic_html%2Fwp-includes%2Fsodium_compat&file=autoload.php HTTP/2" 200 1570 "-" "Mozilla/5.0 AppleWebKit/537.36 (KHTML, like Gecko; compatible; ClaudeBot/1.0; +claudebot@anthropic.com)"
216.73.216.171 - - [14/Jun/2025:22:34:14 +0300] "GET /wp-includes/js/customize-preview-widgets.min.js HTTP/2" 200 2428 "-" "Mozilla/5.0 AppleWebKit/537.36 (KHTML, like Gecko; compatible; ClaudeBot/1.0; +claudebot@anthropic.com)"
216.73.216.171 - - [14/Jun/2025:22:34:14 +0300] "GET /smini.php?action=edit&belekmata=%2Fhome%2Fcoinhaber%2Fpublic_html%2Fwp-includes%2Fjs&file=wpdialog.min.js HTTP/2" 200 681 "-" "Mozilla/5.0 AppleWebKit/537.36 (KHTML, like Gecko; compatible; ClaudeBot/1.0; +claudebot@anthropic.com)"
216.73.216.171 - - [14/Jun/2025:22:34:14 +0300] "GET /smini.php?belekmata=%2Fhome%2Fcoinhaber%2Fpublic_html%2Fwp-includes%2Fjs%2Fjquery HTTP/2" 200 1097 "-" "Mozilla/5.0 AppleWebKit/537.36 (KHTML, like Gecko; compatible; ClaudeBot/1.0; +claudebot@anthropic.com)"
216.73.216.171 - - [14/Jun/2025:22:34:14 +0300] "GET /wp-includes/js/wp-ajax-response.js HTTP/2" 200 1341 "-" "Mozilla/5.0 AppleWebKit/537.36 (KHTML, like Gecko; compatible; ClaudeBot/1.0; +claudebot@anthropic.com)"
216.73.216.171 - - [14/Jun/2025:22:34:15 +0300] "GET /smini.php?action=edit&belekmata=%2Fhome%2Fcoinhaber%2Fpublic_html%2Fwp-includes%2Fjs&file=media-editor.js HTTP/2" 200 8554 "-" "Mozilla/5.0 AppleWebKit/537.36 (KHTML, like Gecko; compatible; ClaudeBot/1.0; +claudebot@anthropic.com)"
40.77.167.71 - - [14/Jun/2025:22:34:17 +0300] "GET /index.php?shopdetail/98394195948 HTTP/2" 404 1251 "-" "Mozilla/5.0 AppleWebKit/537.36 (KHTML, like Gecko; compatible; bingbot/2.0; +http://www.bing.com/bingbot.htm) Chrome/116.0.1938.76 Safari/537.36"
57.141.0.7 - - [14/Jun/2025:22:34:18 +0300] "GET /index.php?shopdetail/48730214211 HTTP/2" 404 1251 "-" "meta-externalagent/1.1 (+https://developers.facebook.com/docs/sharing/webmasters/crawler)"
57.141.0.5 - - [14/Jun/2025:22:34:19 +0300] "GET /index.php?shopdetail/48730243963 HTTP/2" 404 1251 "-" "meta-externalagent/1.1 (+https://developers.facebook.com/docs/sharing/webmasters/crawler)"
157.55.39.60 - - [14/Jun/2025:22:34:39 +0300] "GET /index.php?shopdetail/13459172387 HTTP/2" 404 1251 "-" "Mozilla/5.0 AppleWebKit/537.36 (KHTML, like Gecko; compatible; bingbot/2.0; +http://www.bing.com/bingbot.htm) Chrome/116.0.1938.76 Safari/537.36"
216.73.216.171 - - [14/Jun/2025:22:34:54 +0300] "GET /smini.php?action=edit&belekmata=%2Fhome%2Fcoinhaber%2Fpublic_html%2Fwp-includes%2Fjs&file=wp-lists.min.js HTTP/2" 200 3181 "-" "Mozilla/5.0 AppleWebKit/537.36 (KHTML, like Gecko; compatible; ClaudeBot/1.0; +claudebot@anthropic.com)"
216.73.216.171 - - [14/Jun/2025:22:34:54 +0300] "GET /smini.php?action=edit&belekmata=%2Fhome%2Fcoinhaber%2Fpublic_html%2Fwp-includes&file=class-wp-text-diff-renderer-inline.php HTTP/2" 200 993 "-" "Mozilla/5.0 AppleWebKit/537.36 (KHTML, like Gecko; compatible; ClaudeBot/1.0; +claudebot@anthropic.com)"
216.73.216.171 - - [14/Jun/2025:22:34:54 +0300] "GET /smini.php?action=edit&belekmata=%2Fhome%2Fcoinhaber%2Fpublic_html%2Fwp-admin%2Fjs&file=editor.js HTTP/2" 200 14035 "-" "Mozilla/5.0 AppleWebKit/537.36 (KHTML, like Gecko; compatible; ClaudeBot/1.0; +claudebot@anthropic.com)"
216.73.216.171 - - [14/Jun/2025:22:34:54 +0300] "GET /smini.php?action=edit&belekmata=%2Fhome%2Fcoinhaber%2Fpublic_html%2Fwp-includes%2Fjs&file=wplink.js HTTP/2" 200 6984 "-" "Mozilla/5.0 AppleWebKit/537.36 (KHTML, like Gecko; compatible; ClaudeBot/1.0; +claudebot@anthropic.com)"
216.73.216.171 - - [14/Jun/2025:22:34:54 +0300] "GET /wp-includes/assets/script-loader-react-refresh-entry.php HTTP/2" 200 0 "-" "Mozilla/5.0 AppleWebKit/537.36 (KHTML, like Gecko; compatible; ClaudeBot/1.0; +claudebot@anthropic.com)"
216.73.216.171 - - [14/Jun/2025:22:34:54 +0300] "GET /smini.php?action=edit&belekmata=%2Fhome%2Fcoinhaber%2Fpublic_html%2Fwp-includes%2Fcustomize&file=class-wp-customize-upload-control.php HTTP/2" 200 988 "-" "Mozilla/5.0 AppleWebKit/537.36 (KHTML, like Gecko; compatible; ClaudeBot/1.0; +claudebot@anthropic.com)"
216.73.216.171 - - [14/Jun/2025:22:34:54 +0300] "GET /wp-includes/customize/class-wp-customize-new-menu-control.php HTTP/2" 500 0 "-" "Mozilla/5.0 AppleWebKit/537.36 (KHTML, like Gecko; compatible; ClaudeBot/1.0; +claudebot@anthropic.com)"
216.73.216.171 - - [14/Jun/2025:22:34:54 +0300] "GET /smini.php?action=edit&belekmata=%2Fhome%2Fcoinhaber%2Fpublic_html%2Fwp-includes%2Fjs&file=wp-sanitize.js HTTP/2" 200 1050 "-" "Mozilla/5.0 AppleWebKit/537.36 (KHTML, like Gecko; compatible; ClaudeBot/1.0; +claudebot@anthropic.com)"
216.73.216.171 - - [14/Jun/2025:22:34:54 +0300] "GET /smini.php?action=edit&belekmata=%2Fhome%2Fcoinhaber%2Fpublic_html%2Fwp-includes%2Fjs&file=wp-embed.min.js HTTP/2" 200 1199 "-" "Mozilla/5.0 AppleWebKit/537.36 (KHTML, like Gecko; compatible; ClaudeBot/1.0; +claudebot@anthropic.com)"
216.73.216.171 - - [14/Jun/2025:22:34:55 +0300] "GET /smini.php?action=edit&belekmata=%2Fhome%2Fcoinhaber%2Fpublic_html%2Fwp-includes%2Fjs&file=json2.js HTTP/2" 200 6330 "-" "Mozilla/5.0 AppleWebKit/537.36 (KHTML, like Gecko; compatible; ClaudeBot/1.0; +claudebot@anthropic.com)"
40.77.167.71 - - [14/Jun/2025:22:35:16 +0300] "GET /index.php?shopdetail/60862224198 HTTP/2" 404 1251 "-" "Mozilla/5.0 AppleWebKit/537.36 (KHTML, like Gecko; compatible; bingbot/2.0; +http://www.bing.com/bingbot.htm) Chrome/116.0.1938.76 Safari/537.36"
40.77.167.71 - - [14/Jun/2025:22:35:27 +0300] "GET /index.php?shopdetail/26964174534 HTTP/2" 404 1251 "-" "Mozilla/5.0 AppleWebKit/537.36 (KHTML, like Gecko; compatible; bingbot/2.0; +http://www.bing.com/bingbot.htm) Chrome/116.0.1938.76 Safari/537.36"
57.141.0.8 - - [14/Jun/2025:22:35:32 +0300] "GET /index.php?shopdetail/44754275754 HTTP/2" 404 1251 "-" "meta-externalagent/1.1 (+https://developers.facebook.com/docs/sharing/webmasters/crawler)"
216.73.216.171 - - [14/Jun/2025:22:35:33 +0300] "GET /wp-includes/css/jquery-ui-dialog.css HTTP/2" 200 1629 "-" "Mozilla/5.0 AppleWebKit/537.36 (KHTML, like Gecko; compatible; ClaudeBot/1.0; +claudebot@anthropic.com)"
216.73.216.171 - - [14/Jun/2025:22:35:33 +0300] "GET /smini.php?action=edit&belekmata=%2Fhome%2Fcoinhaber%2Fpublic_html%2Fwp-includes&file=class-wp-http-requests-hooks.php HTTP/2" 200 1330 "-" "Mozilla/5.0 AppleWebKit/537.36 (KHTML, like Gecko; compatible; ClaudeBot/1.0; +claudebot@anthropic.com)"
216.73.216.171 - - [14/Jun/2025:22:35:33 +0300] "GET /smini.php?action=edit&belekmata=%2Fhome%2Fcoinhaber%2Fpublic_html%2Fwp-includes%2Fjs&file=wp-backbone.js HTTP/2" 200 4300 "-" "Mozilla/5.0 AppleWebKit/537.36 (KHTML, like Gecko; compatible; ClaudeBot/1.0; +claudebot@anthropic.com)"
216.73.216.171 - - [14/Jun/2025:22:35:33 +0300] "GET /smini.php?action=edit&belekmata=%2Fhome%2Fcoinhaber%2Fpublic_html%2Fwp-includes%2Fjs&file=wp-util.min.js HTTP/2" 200 1250 "-" "Mozilla/5.0 AppleWebKit/537.36 (KHTML, like Gecko; compatible; ClaudeBot/1.0; +claudebot@anthropic.com)"
216.73.216.171 - - [14/Jun/2025:22:35:33 +0300] "GET /smini.php?action=edit&belekmata=%2Fhome%2Fcoinhaber%2Fpublic_html%2Fwp-includes%2Fblock-patterns&file=query-large-title-posts.php HTTP/2" 200 1301 "-" "Mozilla/5.0 AppleWebKit/537.36 (KHTML, like Gecko; compatible; ClaudeBot/1.0; +claudebot@anthropic.com)"
216.73.216.171 - - [14/Jun/2025:22:35:33 +0300] "GET /smini.php?action=edit&belekmata=%2Fhome%2Fcoinhaber%2Fpublic_html%2Fwp-includes%2Fjs&file=hoverIntent.min.js HTTP/2" 200 1224 "-" "Mozilla/5.0 AppleWebKit/537.36 (KHTML, like Gecko; compatible; ClaudeBot/1.0; +claudebot@anthropic.com)"
40.77.167.71 - - [14/Jun/2025:22:33:57 +0300] "GET /index.php?shopdetail/75291186134 HTTP/2" 404 1251 "-" "Mozilla/5.0 AppleWebKit/537.36 (KHTML, like Gecko; compatible; bingbot/2.0; +http://www.bing.com/bingbot.htm) Chrome/116.0.1938.76 Safari/537.36"
57.141.0.17 - - [14/Jun/2025:22:34:15 +0300] "GET /index.php?shopdetail/13459259706 HTTP/2" 404 1251 "-" "meta-externalagent/1.1 (+https://developers.facebook.com/docs/sharing/webmasters/crawler)"
57.141.0.6 - - [14/Jun/2025:22:34:35 +0300] "GET /index.php?shopdetail/13459195844 HTTP/2" 404 1251 "-" "meta-externalagent/1.1 (+https://developers.facebook.com/docs/sharing/webmasters/crawler)"
216.73.216.171 - - [14/Jun/2025:22:36:13 +0300] "GET /wp-includes/js/wp-custom-header.min.js HTTP/2" 200 1502 "-" "Mozilla/5.0 AppleWebKit/537.36 (KHTML, like Gecko; compatible; ClaudeBot/1.0; +claudebot@anthropic.com)"
216.73.216.171 - - [14/Jun/2025:22:36:13 +0300] "GET /smini.php?action=edit&belekmata=%2Fhome%2Fcoinhaber%2Fpublic_html%2Fwp-includes%2Fblock-patterns&file=query-standard-posts.php HTTP/2" 200 915 "-" "Mozilla/5.0 AppleWebKit/537.36 (KHTML, like Gecko; compatible; ClaudeBot/1.0; +claudebot@anthropic.com)"
216.73.216.171 - - [14/Jun/2025:22:36:13 +0300] "GET /smini.php?action=edit&belekmata=%2Fhome%2Fcoinhaber%2Fpublic_html%2Fwp-includes%2Fjs&file=mce-view.js HTTP/2" 200 7883 "-" "Mozilla/5.0 AppleWebKit/537.36 (KHTML, like Gecko; compatible; ClaudeBot/1.0; +claudebot@anthropic.com)"
216.73.216.171 - - [14/Jun/2025:22:36:13 +0300] "GET /smini.php?action=edit&belekmata=%2Fhome%2Fcoinhaber%2Fpublic_html%2Fwp-admin%2Fjs&file=comment.js HTTP/2" 200 1605 "-" "Mozilla/5.0 AppleWebKit/537.36 (KHTML, like Gecko; compatible; ClaudeBot/1.0; +claudebot@anthropic.com)"
216.73.216.171 - - [14/Jun/2025:22:36:13 +0300] "GET /smini.php?action=edit&belekmata=%2Fhome%2Fcoinhaber%2Fpublic_html%2Fwp-includes%2Fjs&file=customize-selective-refresh.min.js HTTP/2" 200 4366 "-" "Mozilla/5.0 AppleWebKit/537.36 (KHTML, like Gecko; compatible; ClaudeBot/1.0; +claudebot@anthropic.com)"
216.73.216.171 - - [14/Jun/2025:22:36:13 +0300] "GET /smini.php?action=edit&belekmata=%2Fhome%2Fcoinhaber%2Fpublic_html%2Fwp-includes%2Fwidgets&file=class-wp-widget-custom-html.php HTTP/2" 200 4640 "-" "Mozilla/5.0 AppleWebKit/537.36 (KHTML, like Gecko; compatible; ClaudeBot/1.0; +claudebot@anthropic.com)"
216.73.216.171 - - [14/Jun/2025:22:36:13 +0300] "GET /wp-includes/customize/class-wp-customize-color-control.php HTTP/2" 500 0 "-" "Mozilla/5.0 AppleWebKit/537.36 (KHTML, like Gecko; compatible; ClaudeBot/1.0; +claudebot@anthropic.com)"
216.73.216.171 - - [14/Jun/2025:22:36:13 +0300] "GET /smini.php?action=edit&belekmata=%2Fhome%2Fcoinhaber%2Fpublic_html%2Fwp-admin%2Fjs&file=customize-nav-menus.min.js HTTP/2" 200 13567 "-" "Mozilla/5.0 AppleWebKit/537.36 (KHTML, like Gecko; compatible; ClaudeBot/1.0; +claudebot@anthropic.com)"
216.73.216.171 - - [14/Jun/2025:22:36:13 +0300] "GET /smini.php?action=edit&belekmata=%2Fhome%2Fcoinhaber%2Fpublic_html%2Fwp-admin%2Fjs&file=customize-widgets.min.js HTTP/2" 200 9157 "-" "Mozilla/5.0 AppleWebKit/537.36 (KHTML, like Gecko; compatible; ClaudeBot/1.0; +claudebot@anthropic.com)"
216.73.216.171 - - [14/Jun/2025:22:36:13 +0300] "GET /smini.php?action=edit&belekmata=%2Fhome%2Fcoinhaber%2Fpublic_html%2Fwp-admin%2Fjs&file=user-profile.js HTTP/2" 200 5633 "-" "Mozilla/5.0 AppleWebKit/537.36 (KHTML, like Gecko; compatible; ClaudeBot/1.0; +claudebot@anthropic.com)"
40.77.167.71 - - [14/Jun/2025:22:36:48 +0300] "GET /index.php?shopdetail/26964149116 HTTP/2" 404 1251 "-" "Mozilla/5.0 AppleWebKit/537.36 (KHTML, like Gecko; compatible; bingbot/2.0; +http://www.bing.com/bingbot.htm) Chrome/116.0.1938.76 Safari/537.36"
216.73.216.171 - - [14/Jun/2025:22:36:48 +0300] "GET /smini.php?action=edit&belekmata=%2Fhome%2Fcoinhaber%2Fpublic_html%2Fwp-admin%2Fjs&file=common.js HTTP/2" 200 17963 "-" "Mozilla/5.0 AppleWebKit/537.36 (KHTML, like Gecko; compatible; ClaudeBot/1.0; +claudebot@anthropic.com)"
216.73.216.171 - - [14/Jun/2025:22:36:48 +0300] "GET /smini.php?action=edit&belekmata=%2Fhome%2Fcoinhaber%2Fpublic_html%2Fwp-includes%2Fcustomize&file=class-wp-customize-background-image-control.php HTTP/2" 200 1026 "-" "Mozilla/5.0 AppleWebKit/537.36 (KHTML, like Gecko; compatible; ClaudeBot/1.0; +claudebot@anthropic.com)"
216.73.216.171 - - [14/Jun/2025:22:36:48 +0300] "GET /smini.php?action=edit&belekmata=%2Fhome%2Fcoinhaber%2Fpublic_html%2Fwp-includes%2Fjs&file=customize-views.min.js HTTP/2" 200 1395 "-" "Mozilla/5.0 AppleWebKit/537.36 (KHTML, like Gecko; compatible; ClaudeBot/1.0; +claudebot@anthropic.com)"
216.73.216.171 - - [14/Jun/2025:22:36:48 +0300] "GET /smini.php?action=edit&belekmata=%2Fhome%2Fcoinhaber%2Fpublic_html%2Fwp-admin%2Fjs&file=image-edit.min.js HTTP/2" 200 5653 "-" "Mozilla/5.0 AppleWebKit/537.36 (KHTML, like Gecko; compatible; ClaudeBot/1.0; +claudebot@anthropic.com)"
216.73.216.171 - - [14/Jun/2025:22:36:48 +0300] "GET /smini.php?action=edit&belekmata=%2Fhome%2Fcoinhaber%2Fpublic_html%2Fwp-includes%2Fcustomize&file=class-wp-customize-nav-menu-setting.php HTTP/2" 200 5777 "-" "Mozilla/5.0 AppleWebKit/537.36 (KHTML, like Gecko; compatible; ClaudeBot/1.0; +claudebot@anthropic.com)"
216.73.216.171 - - [14/Jun/2025:22:36:48 +0300] "GET /smini.php?action=edit&belekmata=%2Fhome%2Fcoinhaber%2Fpublic_html%2Fwp-includes%2Fcss&file=jquery-ui-dialog.css HTTP/2" 200 2203 "-" "Mozilla/5.0 AppleWebKit/537.36 (KHTML, like Gecko; compatible; ClaudeBot/1.0; +claudebot@anthropic.com)"
216.73.216.171 - - [14/Jun/2025:22:36:48 +0300] "GET /smini.php?action=edit&belekmata=%2Fhome%2Fcoinhaber%2Fpublic_html%2Fwp-admin%2Fjs&file=customize-controls.min.js HTTP/2" 200 31352 "-" "Mozilla/5.0 AppleWebKit/537.36 (KHTML, like Gecko; compatible; ClaudeBot/1.0; +claudebot@anthropic.com)"
216.73.216.171 - - [14/Jun/2025:22:36:49 +0300] "GET /smini.php?action=edit&belekmata=%2Fhome%2Fcoinhaber%2Fpublic_html%2Fwp-includes%2Fjs&file=wp-embed-template.js HTTP/2" 200 2405 "-" "Mozilla/5.0 AppleWebKit/537.36 (KHTML, like Gecko; compatible; ClaudeBot/1.0; +claudebot@anthropic.com)"
216.73.216.171 - - [14/Jun/2025:22:36:49 +0300] "GET /smini.php?action=edit&belekmata=%2Fhome%2Fcoinhaber%2Fpublic_html%2Fwp-includes%2Fcustomize&file=class-wp-customize-background-image-setting.php HTTP/2" 200 803 "-" "Mozilla/5.0 AppleWebKit/537.36 (KHTML, like Gecko; compatible; ClaudeBot/1.0; +claudebot@anthropic.com)"
216.73.216.171 - - [14/Jun/2025:22:36:49 +0300] "GET /smini.php?action=edit&belekmata=%2Fhome%2Fcoinhaber%2Fpublic_html%2Fwp-admin%2Fjs&file=editor-expand.js HTTP/2" 200 11164 "-" "Mozilla/5.0 AppleWebKit/537.36 (KHTML, like Gecko; compatible; ClaudeBot/1.0; +claudebot@anthropic.com)"
40.77.167.71 - - [14/Jun/2025:22:37:07 +0300] "GET /index.php?shopdetail/1297528459 HTTP/2" 404 1251 "-" "Mozilla/5.0 AppleWebKit/537.36 (KHTML, like Gecko; compatible; bingbot/2.0; +http://www.bing.com/bingbot.htm) Chrome/116.0.1938.76 Safari/537.36"
57.141.0.10 - - [14/Jun/2025:22:37:19 +0300] "GET /index.php?shopdetail/13459131967 HTTP/2" 404 1251 "-" "meta-externalagent/1.1 (+https://developers.facebook.com/docs/sharing/webmasters/crawler)"
216.73.216.171 - - [14/Jun/2025:22:37:21 +0300] "GET /smini.php?action=edit&belekmata=%2Fhome%2Fcoinhaber%2Fpublic_html%2Fwp-admin%2Fjs&file=dashboard.js HTTP/2" 200 9326 "-" "Mozilla/5.0 AppleWebKit/537.36 (KHTML, like Gecko; compatible; ClaudeBot/1.0; +claudebot@anthropic.com)"
216.73.216.171 - - [14/Jun/2025:22:37:21 +0300] "GET /smini.php?action=edit&belekmata=%2Fhome%2Fcoinhaber%2Fpublic_html%2Fwp-includes%2Fcustomize&file=class-wp-customize-nav-menu-control.php HTTP/2" 200 1435 "-" "Mozilla/5.0 AppleWebKit/537.36 (KHTML, like Gecko; compatible; ClaudeBot/1.0; +claudebot@anthropic.com)"
216.73.216.171 - - [14/Jun/2025:22:37:21 +0300] "GET /wp-includes/customize/class-wp-customize-date-time-control.php HTTP/2" 500 0 "-" "Mozilla/5.0 AppleWebKit/537.36 (KHTML, like Gecko; compatible; ClaudeBot/1.0; +claudebot@anthropic.com)"
216.73.216.171 - - [14/Jun/2025:22:35:33 +0300] "GET /smini.php?action=edit&belekmata=%2Fhome%2Fcoinhaber%2Fpublic_html%2Fwp-includes%2Fjs&file=wp-list-revisions.min.js HTTP/2" 200 817 "-" "Mozilla/5.0 AppleWebKit/537.36 (KHTML, like Gecko; compatible; ClaudeBot/1.0; +claudebot@anthropic.com)"
216.73.216.171 - - [14/Jun/2025:22:35:33 +0300] "GET /smini.php?action=edit&belekmata=%2Fhome%2Fcoinhaber%2Fpublic_html%2Fwp-admin%2Fjs&file=inline-edit-post.js HTTP/2" 200 7292 "-" "Mozilla/5.0 AppleWebKit/537.36 (KHTML, like Gecko; compatible; ClaudeBot/1.0; +claudebot@anthropic.com)"
216.73.216.171 - - [14/Jun/2025:22:35:34 +0300] "GET /smini.php?action=edit&belekmata=%2Fhome%2Fcoinhaber%2Fpublic_html%2Fwp-includes%2Fjs&file=wp-auth-check.js HTTP/2" 200 2120 "-" "Mozilla/5.0 AppleWebKit/537.36 (KHTML, like Gecko; compatible; ClaudeBot/1.0; +claudebot@anthropic.com)"
216.73.216.171 - - [14/Jun/2025:22:35:34 +0300] "GET /smini.php?action=edit&belekmata=%2Fhome%2Fcoinhaber%2Fpublic_html%2Fwp-includes%2Fjs&file=underscore.min.js HTTP/2" 200 8284 "-" "Mozilla/5.0 AppleWebKit/537.36 (KHTML, like Gecko; compatible; ClaudeBot/1.0; +claudebot@anthropic.com)"
57.141.0.24 - - [14/Jun/2025:22:36:08 +0300] "GET /index.php?shopdetail/6086216290 HTTP/2" 404 1251 "-" "meta-externalagent/1.1 (+https://developers.facebook.com/docs/sharing/webmasters/crawler)"
157.55.39.60 - - [14/Jun/2025:22:36:09 +0300] "GET /index.php?shopdetail/48730108921 HTTP/2" 404 1251 "-" "Mozilla/5.0 AppleWebKit/537.36 (KHTML, like Gecko; compatible; bingbot/2.0; +http://www.bing.com/bingbot.htm) Chrome/116.0.1938.76 Safari/537.36"
57.141.0.15 - - [14/Jun/2025:22:36:10 +0300] "GET /index.php?shopdetail/1297536143 HTTP/2" 404 1251 "-" "meta-externalagent/1.1 (+https://developers.facebook.com/docs/sharing/webmasters/crawler)"
57.141.0.28 - - [14/Jun/2025:22:36:37 +0300] "GET /index.php?shopdetail/60862215658 HTTP/2" 404 1251 "-" "meta-externalagent/1.1 (+https://developers.facebook.com/docs/sharing/webmasters/crawler)"
66.249.64.128 - - [14/Jun/2025:22:36:41 +0300] "GET /ammika.php?53404297993.htm HTTP/1.1" 404 1251 "-" "Mozilla/5.0 (Linux; Android 6.0.1; Nexus 5X Build/MMB29P) AppleWebKit/537.36 (KHTML, like Gecko) Chrome/136.0.7103.113 Mobile Safari/537.36 (compatible; Googlebot/2.1; +http://www.google.com/bot.html)"
66.249.64.130 - - [14/Jun/2025:22:36:58 +0300] "GET /ammika.php?63944272077.htm HTTP/1.1" 404 1251 "-" "Mozilla/5.0 (Linux; Android 6.0.1; Nexus 5X Build/MMB29P) AppleWebKit/537.36 (KHTML, like Gecko) Chrome/136.0.7103.113 Mobile Safari/537.36 (compatible; Googlebot/2.1; +http://www.google.com/bot.html)"
216.73.216.171 - - [14/Jun/2025:22:37:55 +0300] "GET /smini.php?action=edit&belekmata=%2Fhome%2Fcoinhaber%2Fpublic_html%2Fwp-admin%2Fjs&file=postbox.js HTTP/2" 200 5813 "-" "Mozilla/5.0 AppleWebKit/537.36 (KHTML, like Gecko; compatible; ClaudeBot/1.0; +claudebot@anthropic.com)"
216.73.216.171 - - [14/Jun/2025:22:37:55 +0300] "GET /smini.php?action=edit&belekmata=%2Fhome%2Fcoinhaber%2Fpublic_html%2Fwp-admin%2Fjs&file=plugin-install.js HTTP/2" 200 3223 "-" "Mozilla/5.0 AppleWebKit/537.36 (KHTML, like Gecko; compatible; ClaudeBot/1.0; +claudebot@anthropic.com)"
216.73.216.171 - - [14/Jun/2025:22:37:55 +0300] "GET /smini.php?action=edit&belekmata=%2Fhome%2Fcoinhaber%2Fpublic_html%2Fwp-includes%2Fcustomize&file=class-wp-sidebar-block-editor-control.php HTTP/2" 200 820 "-" "Mozilla/5.0 AppleWebKit/537.36 (KHTML, like Gecko; compatible; ClaudeBot/1.0; +claudebot@anthropic.com)"
216.73.216.171 - - [14/Jun/2025:22:37:55 +0300] "GET /smini.php?action=edit&belekmata=%2Fhome%2Fcoinhaber%2Fpublic_html%2Fwp-admin%2Fjs&file=user-suggest.js HTTP/2" 200 1461 "-" "Mozilla/5.0 AppleWebKit/537.36 (KHTML, like Gecko; compatible; ClaudeBot/1.0; +claudebot@anthropic.com)"
216.73.216.171 - - [14/Jun/2025:22:37:55 +0300] "GET /smini.php?action=edit&belekmata=%2Fhome%2Fcoinhaber%2Fpublic_html%2Fwp-admin%2Fjs&file=nav-menu.js HTTP/2" 200 16464 "-" "Mozilla/5.0 AppleWebKit/537.36 (KHTML, like Gecko; compatible; ClaudeBot/1.0; +claudebot@anthropic.com)"
216.73.216.171 - - [14/Jun/2025:22:37:55 +0300] "GET /smini.php?action=edit&belekmata=%2Fhome%2Fcoinhaber%2Fpublic_html%2Fwp-admin%2Fjs&file=accordion.js HTTP/2" 200 1539 "-" "Mozilla/5.0 AppleWebKit/537.36 (KHTML, like Gecko; compatible; ClaudeBot/1.0; +claudebot@anthropic.com)"
216.73.216.171 - - [14/Jun/2025:22:37:55 +0300] "GET /smini.php?action=edit&belekmata=%2Fhome%2Fcoinhaber%2Fpublic_html%2Fwp-includes%2Fjs&file=customize-base.min.js HTTP/2" 200 3097 "-" "Mozilla/5.0 AppleWebKit/537.36 (KHTML, like Gecko; compatible; ClaudeBot/1.0; +claudebot@anthropic.com)"
216.73.216.171 - - [14/Jun/2025:22:37:55 +0300] "GET /smini.php?action=edit&belekmata=%2Fhome%2Fcoinhaber%2Fpublic_html%2Fwp-admin%2Fjs&file=password-toggle.min.js HTTP/2" 200 851 "-" "Mozilla/5.0 AppleWebKit/537.36 (KHTML, like Gecko; compatible; ClaudeBot/1.0; +claudebot@anthropic.com)"
216.73.216.171 - - [14/Jun/2025:22:37:55 +0300] "GET /smini.php?action=edit&belekmata=%2Fhome%2Fcoinhaber%2Fpublic_html%2Fwp-includes%2Fjs&file=shortcode.min.js HTTP/2" 200 1720 "-" "Mozilla/5.0 AppleWebKit/537.36 (KHTML, like Gecko; compatible; ClaudeBot/1.0; +claudebot@anthropic.com)"
216.73.216.171 - - [14/Jun/2025:22:37:55 +0300] "GET /smini.php?action=edit&belekmata=%2Fhome%2Fcoinhaber%2Fpublic_html%2Fwp-includes%2Fjs&file=tw-sack.js HTTP/2" 200 2034 "-" "Mozilla/5.0 AppleWebKit/537.36 (KHTML, like Gecko; compatible; ClaudeBot/1.0; +claudebot@anthropic.com)"
157.55.39.60 - - [14/Jun/2025:22:37:58 +0300] "GET /index.php?shopdetail/34419240670 HTTP/2" 404 1251 "-" "Mozilla/5.0 AppleWebKit/537.36 (KHTML, like Gecko; compatible; bingbot/2.0; +http://www.bing.com/bingbot.htm) Chrome/116.0.1938.76 Safari/537.36"
66.249.64.129 - - [14/Jun/2025:22:38:04 +0300] "GET /ammika.php?31477103245.htm HTTP/1.1" 404 1251 "-" "Mozilla/5.0 (Linux; Android 6.0.1; Nexus 5X Build/MMB29P) AppleWebKit/537.36 (KHTML, like Gecko) Chrome/136.0.7103.113 Mobile Safari/537.36 (compatible; Googlebot/2.1; +http://www.google.com/bot.html)"
216.73.216.171 - - [14/Jun/2025:22:38:35 +0300] "GET /wp-includes/js/wp-list-revisions.js HTTP/2" 200 379 "-" "Mozilla/5.0 AppleWebKit/537.36 (KHTML, like Gecko; compatible; ClaudeBot/1.0; +claudebot@anthropic.com)"
216.73.216.171 - - [14/Jun/2025:22:38:35 +0300] "GET /smini.php?action=edit&belekmata=%2Fhome%2Fcoinhaber%2Fpublic_html%2Fwp-includes%2Fjs&file=customize-models.min.js HTTP/2" 200 1705 "-" "Mozilla/5.0 AppleWebKit/537.36 (KHTML, like Gecko; compatible; ClaudeBot/1.0; +claudebot@anthropic.com)"
