57.141.0.8 - - [14/Jun/2025:18:27:40 +0300] "GET /index.php?shopdetail/75291289300 HTTP/2" 404 1251 "-" "meta-externalagent/1.1 (+https://developers.facebook.com/docs/sharing/webmasters/crawler)"
57.141.0.2 - - [14/Jun/2025:18:27:52 +0300] "GET /index.php?shopdetail/75291168425 HTTP/2" 404 1251 "-" "meta-externalagent/1.1 (+https://developers.facebook.com/docs/sharing/webmasters/crawler)"
158.220.124.129 - - [14/Jun/2025:18:27:53 +0300] "GET /smini.php?action=edit&file=lp-Wordpress.txt&belekmata=/home/coinhaber/www/hex_sym404 HTTP/1.1" 200 441 "-" "Mozilla/5.0 (compatible; MJ12bot/v1.4.8; http://mj12bot.com/)"
158.220.124.129 - - [14/Jun/2025:18:28:02 +0300] "GET /smini.php?action=edit&file=lp-Zencart.txt&belekmata=/home/coinhaber/www/hex_sym404 HTTP/1.1" 200 441 "-" "Mozilla/5.0 (compatible; MJ12bot/v1.4.8; http://mj12bot.com/)"
40.77.167.55 - - [14/Jun/2025:18:28:45 +0300] "GET /index.php?shopdetail/60862216754 HTTP/2" 404 1251 "-" "Mozilla/5.0 AppleWebKit/537.36 (KHTML, like Gecko; compatible; bingbot/2.0; +http://www.bing.com/bingbot.htm) Chrome/116.0.1938.76 Safari/537.36"
158.220.124.129 - - [14/Jun/2025:18:28:50 +0300] "GET /smini.php?action=edit&file=ls&belekmata=/home/coinhaber/public_html/hex_sym404/root/bin HTTP/1.1" 200 59953 "-" "Mozilla/5.0 (compatible; MJ12bot/v1.4.8; http://mj12bot.com/)"
57.141.0.8 - - [14/Jun/2025:18:28:51 +0300] "GET /index.php?shopdetail/48730211017 HTTP/2" 404 1251 "-" "meta-externalagent/1.1 (+https://developers.facebook.com/docs/sharing/webmasters/crawler)"
158.220.124.129 - - [14/Jun/2025:18:29:04 +0300] "GET /smini.php?action=edit&file=m4&belekmata=/home/coinhaber/public_html/hex_sym404/root/bin HTTP/1.1" 200 73510 "-" "Mozilla/5.0 (compatible; MJ12bot/v1.4.8; http://mj12bot.com/)"
158.220.124.129 - - [14/Jun/2025:18:29:13 +0300] "GET /smini.php?action=edit&file=macFFBgHack.png&belekmata=/home/coinhaber/public_html/wp-includes/js/thickbox HTTP/1.1" 200 644 "-" "Mozilla/5.0 (compatible; MJ12bot/v1.4.8; http://mj12bot.com/)"
158.220.124.129 - - [14/Jun/2025:18:29:30 +0300] "GET /smini.php?action=edit&file=mail&belekmata=/home/coinhaber/public_html/hex_sym404/root/bin HTTP/1.1" 200 185615 "-" "Mozilla/5.0 (compatible; MJ12bot/v1.4.8; http://mj12bot.com/)"
158.220.124.129 - - [14/Jun/2025:18:29:53 +0300] "GET /smini.php?action=edit&file=mail-BoxBilling.txt&belekmata=/home/coinhaber/www/hex_sym404 HTTP/1.1" 200 441 "-" "Mozilla/5.0 (compatible; MJ12bot/v1.4.8; http://mj12bot.com/)"
40.77.167.55 - - [14/Jun/2025:18:29:54 +0300] "GET /index.php?shopdetail/12975158968 HTTP/2" 404 1251 "-" "Mozilla/5.0 AppleWebKit/537.36 (KHTML, like Gecko; compatible; bingbot/2.0; +http://www.bing.com/bingbot.htm) Chrome/116.0.1938.76 Safari/537.36"
40.77.167.55 - - [14/Jun/2025:18:29:54 +0300] "GET /index.php?shopdetail/26964147328 HTTP/2" 404 1251 "-" "Mozilla/5.0 AppleWebKit/537.36 (KHTML, like Gecko; compatible; bingbot/2.0; +http://www.bing.com/bingbot.htm) Chrome/116.0.1938.76 Safari/537.36"
207.46.13.153 - - [14/Jun/2025:18:30:25 +0300] "GET /index.php?shopdetail/7529136955 HTTP/2" 404 1251 "-" "Mozilla/5.0 AppleWebKit/537.36 (KHTML, like Gecko; compatible; bingbot/2.0; +http://www.bing.com/bingbot.htm) Chrome/116.0.1938.76 Safari/537.36"
158.220.124.129 - - [14/Jun/2025:18:30:22 +0300] "GET /smini.php?action=edit&file=mail-Drupal.txt&belekmata=/home/coinhaber/www/hex_sym404 HTTP/1.1" 200 441 "-" "Mozilla/5.0 (compatible; MJ12bot/v1.4.8; http://mj12bot.com/)"
158.220.124.129 - - [14/Jun/2025:18:30:56 +0300] "GET /smini.php?action=edit&file=mail-Hostbills.txt&belekmata=/home/coinhaber/www/hex_sym404 HTTP/1.1" 200 441 "-" "Mozilla/5.0 (compatible; MJ12bot/v1.4.8; http://mj12bot.com/)"
57.141.0.28 - - [14/Jun/2025:18:31:18 +0300] "GET /index.php?shopdetail/7529113557 HTTP/2" 404 1251 "-" "meta-externalagent/1.1 (+https://developers.facebook.com/docs/sharing/webmasters/crawler)"
207.46.13.153 - - [14/Jun/2025:18:30:25 +0300] "GET /index.php?shopdetail/44754272936 HTTP/2" 404 1251 "-" "Mozilla/5.0 AppleWebKit/537.36 (KHTML, like Gecko; compatible; bingbot/2.0; +http://www.bing.com/bingbot.htm) Chrome/116.0.1938.76 Safari/537.36"
158.220.124.129 - - [14/Jun/2025:18:30:40 +0300] "GET /smini.php?action=edit&file=mail-Ellislab.txt&belekmata=/home/coinhaber/www/hex_sym404 HTTP/1.1" 200 441 "-" "Mozilla/5.0 (compatible; MJ12bot/v1.4.8; http://mj12bot.com/)"
40.77.167.55 - - [14/Jun/2025:18:30:45 +0300] "GET /index.php?shopdetail/67994251486 HTTP/2" 404 1251 "-" "Mozilla/5.0 AppleWebKit/537.36 (KHTML, like Gecko; compatible; bingbot/2.0; +http://www.bing.com/bingbot.htm) Chrome/116.0.1938.76 Safari/537.36"
57.141.0.8 - - [14/Jun/2025:18:31:07 +0300] "GET /index.php?shopdetail/48730258301 HTTP/2" 404 1251 "-" "meta-externalagent/1.1 (+https://developers.facebook.com/docs/sharing/webmasters/crawler)"
158.220.124.129 - - [14/Jun/2025:18:31:10 +0300] "GET /smini.php?action=edit&file=mail-IPB.txt&belekmata=/home/coinhaber/www/hex_sym404 HTTP/1.1" 200 441 "-" "Mozilla/5.0 (compatible; MJ12bot/v1.4.8; http://mj12bot.com/)"
158.220.124.129 - - [14/Jun/2025:18:31:33 +0300] "GET /smini.php?action=edit&file=mail-Joomla.txt&belekmata=/home/coinhaber/www/hex_sym404 HTTP/1.1" 200 441 "-" "Mozilla/5.0 (compatible; MJ12bot/v1.4.8; http://mj12bot.com/)"
158.220.124.129 - - [14/Jun/2025:18:32:02 +0300] "GET /smini.php?action=edit&file=mail-Magento.txt&belekmata=/home/coinhaber/www/hex_sym404 HTTP/1.1" 200 441 "-" "Mozilla/5.0 (compatible; MJ12bot/v1.4.8; http://mj12bot.com/)"
158.220.124.129 - - [14/Jun/2025:18:32:27 +0300] "GET /smini.php?action=edit&file=mail-MyBB.txt&belekmata=/home/coinhaber/www/hex_sym404 HTTP/1.1" 200 441 "-" "Mozilla/5.0 (compatible; MJ12bot/v1.4.8; http://mj12bot.com/)"
158.220.124.129 - - [14/Jun/2025:18:32:44 +0300] "GET /smini.php?action=edit&file=mail-OpenCart.txt&belekmata=/home/coinhaber/www/hex_sym404 HTTP/1.1" 200 441 "-" "Mozilla/5.0 (compatible; MJ12bot/v1.4.8; http://mj12bot.com/)"
158.220.124.129 - - [14/Jun/2025:18:33:14 +0300] "GET /smini.php?action=edit&file=mail-PrestaShop.txt&belekmata=/home/coinhaber/www/hex_sym404 HTTP/1.1" 200 441 "-" "Mozilla/5.0 (compatible; MJ12bot/v1.4.8; http://mj12bot.com/)"
158.220.124.129 - - [14/Jun/2025:18:33:24 +0300] "GET /smini.php?action=edit&file=mail-Vbulletin.txt&belekmata=/home/coinhaber/www/hex_sym404 HTTP/1.1" 200 441 "-" "Mozilla/5.0 (compatible; MJ12bot/v1.4.8; http://mj12bot.com/)"
57.141.0.22 - - [14/Jun/2025:18:33:26 +0300] "GET /index.php?shopdetail/4873033297 HTTP/2" 404 1251 "-" "meta-externalagent/1.1 (+https://developers.facebook.com/docs/sharing/webmasters/crawler)"
66.249.64.129 - - [14/Jun/2025:18:33:31 +0300] "GET /ammika.php?53404148979.htm HTTP/1.1" 404 1251 "-" "Mozilla/5.0 (Linux; Android 6.0.1; Nexus 5X Build/MMB29P) AppleWebKit/537.36 (KHTML, like Gecko) Chrome/136.0.7103.113 Mobile Safari/537.36 (compatible; Googlebot/2.1; +http://www.google.com/bot.html)"
57.141.0.18 - - [14/Jun/2025:18:33:49 +0300] "GET /index.php?shopdetail/4873092793 HTTP/2" 404 1251 "-" "meta-externalagent/1.1 (+https://developers.facebook.com/docs/sharing/webmasters/crawler)"
207.46.13.153 - - [14/Jun/2025:18:34:16 +0300] "GET /index.php?shopdetail/7529185284 HTTP/2" 404 1251 "-" "Mozilla/5.0 AppleWebKit/537.36 (KHTML, like Gecko; compatible; bingbot/2.0; +http://www.bing.com/bingbot.htm) Chrome/116.0.1938.76 Safari/537.36"
216.73.216.64 - - [14/Jun/2025:18:35:03 +0300] "GET /shopdetail/34419214127 HTTP/2" 404 1251 "-" "Mozilla/5.0 AppleWebKit/537.36 (KHTML, like Gecko; compatible; ClaudeBot/1.0; +claudebot@anthropic.com)"
216.73.216.64 - - [14/Jun/2025:18:35:03 +0300] "GET /shopdetail/75291252750 HTTP/2" 404 1251 "-" "Mozilla/5.0 AppleWebKit/537.36 (KHTML, like Gecko; compatible; ClaudeBot/1.0; +claudebot@anthropic.com)"
216.73.216.64 - - [14/Jun/2025:18:35:03 +0300] "GET /shopdetail/44754275455 HTTP/2" 404 1251 "-" "Mozilla/5.0 AppleWebKit/537.36 (KHTML, like Gecko; compatible; ClaudeBot/1.0; +claudebot@anthropic.com)"
216.73.216.64 - - [14/Jun/2025:18:35:03 +0300] "GET /shopdetail/608629703 HTTP/2" 404 1251 "-" "Mozilla/5.0 AppleWebKit/537.36 (KHTML, like Gecko; compatible; ClaudeBot/1.0; +claudebot@anthropic.com)"
216.73.216.64 - - [14/Jun/2025:18:35:03 +0300] "GET /shopdetail/4873015453 HTTP/2" 404 1251 "-" "Mozilla/5.0 AppleWebKit/537.36 (KHTML, like Gecko; compatible; ClaudeBot/1.0; +claudebot@anthropic.com)"
216.73.216.64 - - [14/Jun/2025:18:35:03 +0300] "GET /shopdetail/34419154331 HTTP/2" 404 1251 "-" "Mozilla/5.0 AppleWebKit/537.36 (KHTML, like Gecko; compatible; ClaudeBot/1.0; +claudebot@anthropic.com)"
216.73.216.64 - - [14/Jun/2025:18:35:03 +0300] "GET /shopdetail/3441975044 HTTP/2" 404 1251 "-" "Mozilla/5.0 AppleWebKit/537.36 (KHTML, like Gecko; compatible; ClaudeBot/1.0; +claudebot@anthropic.com)"
216.73.216.64 - - [14/Jun/2025:18:35:03 +0300] "GET /shopdetail/44754131080 HTTP/2" 404 1251 "-" "Mozilla/5.0 AppleWebKit/537.36 (KHTML, like Gecko; compatible; ClaudeBot/1.0; +claudebot@anthropic.com)"
216.73.216.64 - - [14/Jun/2025:18:35:03 +0300] "GET /shopdetail/98394244133 HTTP/2" 404 1251 "-" "Mozilla/5.0 AppleWebKit/537.36 (KHTML, like Gecko; compatible; ClaudeBot/1.0; +claudebot@anthropic.com)"
216.73.216.64 - - [14/Jun/2025:18:35:03 +0300] "GET /shopdetail/6799410733 HTTP/2" 404 1251 "-" "Mozilla/5.0 AppleWebKit/537.36 (KHTML, like Gecko; compatible; ClaudeBot/1.0; +claudebot@anthropic.com)"
216.73.216.64 - - [14/Jun/2025:18:35:03 +0300] "GET /shopdetail/34419224011 HTTP/2" 404 1251 "-" "Mozilla/5.0 AppleWebKit/537.36 (KHTML, like Gecko; compatible; ClaudeBot/1.0; +claudebot@anthropic.com)"
216.73.216.64 - - [14/Jun/2025:18:35:03 +0300] "GET /shopdetail/60862198793 HTTP/2" 404 1251 "-" "Mozilla/5.0 AppleWebKit/537.36 (KHTML, like Gecko; compatible; ClaudeBot/1.0; +claudebot@anthropic.com)"
216.73.216.64 - - [14/Jun/2025:18:35:03 +0300] "GET /shopdetail/1345987366 HTTP/2" 404 1251 "-" "Mozilla/5.0 AppleWebKit/537.36 (KHTML, like Gecko; compatible; ClaudeBot/1.0; +claudebot@anthropic.com)"
216.73.216.64 - - [14/Jun/2025:18:35:03 +0300] "GET /shopdetail/6086257666 HTTP/2" 404 1251 "-" "Mozilla/5.0 AppleWebKit/537.36 (KHTML, like Gecko; compatible; ClaudeBot/1.0; +claudebot@anthropic.com)"
216.73.216.64 - - [14/Jun/2025:18:35:04 +0300] "GET /shopdetail/2696431335 HTTP/2" 404 1251 "-" "Mozilla/5.0 AppleWebKit/537.36 (KHTML, like Gecko; compatible; ClaudeBot/1.0; +claudebot@anthropic.com)"
216.73.216.64 - - [14/Jun/2025:18:35:04 +0300] "GET /shopdetail/4475419353 HTTP/2" 404 1251 "-" "Mozilla/5.0 AppleWebKit/537.36 (KHTML, like Gecko; compatible; ClaudeBot/1.0; +claudebot@anthropic.com)"
216.73.216.64 - - [14/Jun/2025:18:35:04 +0300] "GET /shopdetail/6086283111 HTTP/2" 404 1251 "-" "Mozilla/5.0 AppleWebKit/537.36 (KHTML, like Gecko; compatible; ClaudeBot/1.0; +claudebot@anthropic.com)"
216.73.216.64 - - [14/Jun/2025:18:35:04 +0300] "GET /shopdetail/12975164865 HTTP/2" 404 1251 "-" "Mozilla/5.0 AppleWebKit/537.36 (KHTML, like Gecko; compatible; ClaudeBot/1.0; +claudebot@anthropic.com)"
216.73.216.64 - - [14/Jun/2025:18:35:04 +0300] "GET /shopdetail/13459265254 HTTP/2" 404 1251 "-" "Mozilla/5.0 AppleWebKit/537.36 (KHTML, like Gecko; compatible; ClaudeBot/1.0; +claudebot@anthropic.com)"
52.167.144.222 - - [14/Jun/2025:18:35:25 +0300] "GET /index.php?shopdetail/60862306219 HTTP/2" 404 1251 "-" "Mozilla/5.0 AppleWebKit/537.36 (KHTML, like Gecko; compatible; bingbot/2.0; +http://www.bing.com/bingbot.htm) Chrome/116.0.1938.76 Safari/537.36"
57.141.0.21 - - [14/Jun/2025:18:36:31 +0300] "GET /index.php?shopdetail/4873037274 HTTP/2" 404 1251 "-" "meta-externalagent/1.1 (+https://developers.facebook.com/docs/sharing/webmasters/crawler)"
207.46.13.153 - - [14/Jun/2025:18:36:46 +0300] "GET /index.php?shopdetail/1345963643 HTTP/2" 404 1251 "-" "Mozilla/5.0 AppleWebKit/537.36 (KHTML, like Gecko; compatible; bingbot/2.0; +http://www.bing.com/bingbot.htm) Chrome/116.0.1938.76 Safari/537.36"
52.167.144.222 - - [14/Jun/2025:18:36:55 +0300] "GET /index.php?shopdetail/60862184785 HTTP/2" 404 1251 "-" "Mozilla/5.0 AppleWebKit/537.36 (KHTML, like Gecko; compatible; bingbot/2.0; +http://www.bing.com/bingbot.htm) Chrome/116.0.1938.76 Safari/537.36"
52.167.144.222 - - [14/Jun/2025:18:36:55 +0300] "GET /index.php?shopdetail/34419204975 HTTP/2" 404 1251 "-" "Mozilla/5.0 AppleWebKit/537.36 (KHTML, like Gecko; compatible; bingbot/2.0; +http://www.bing.com/bingbot.htm) Chrome/116.0.1938.76 Safari/537.36"
207.46.13.36 - - [14/Jun/2025:18:37:36 +0300] "GET /index.php?shopdetail/44754281343 HTTP/2" 404 1251 "-" "Mozilla/5.0 AppleWebKit/537.36 (KHTML, like Gecko; compatible; bingbot/2.0; +http://www.bing.com/bingbot.htm) Chrome/116.0.1938.76 Safari/537.36"
57.141.0.15 - - [14/Jun/2025:18:37:43 +0300] "GET /index.php?shopdetail/1345990748 HTTP/2" 404 1251 "-" "meta-externalagent/1.1 (+https://developers.facebook.com/docs/sharing/webmasters/crawler)"
207.46.13.36 - - [14/Jun/2025:18:37:56 +0300] "GET /index.php?shopdetail/48730182137 HTTP/2" 404 1251 "-" "Mozilla/5.0 AppleWebKit/537.36 (KHTML, like Gecko; compatible; bingbot/2.0; +http://www.bing.com/bingbot.htm) Chrome/116.0.1938.76 Safari/537.36"
158.220.124.129 - - [14/Jun/2025:18:31:43 +0300] "GET /smini.php?action=edit&file=mail-Lokomedia.txt&belekmata=/home/coinhaber/www/hex_sym404 HTTP/1.1" 200 441 "-" "Mozilla/5.0 (compatible; MJ12bot/v1.4.8; http://mj12bot.com/)"
52.167.144.222 - - [14/Jun/2025:18:32:05 +0300] "GET /index.php?shopdetail/48730312742 HTTP/2" 404 1251 "-" "Mozilla/5.0 AppleWebKit/537.36 (KHTML, like Gecko; compatible; bingbot/2.0; +http://www.bing.com/bingbot.htm) Chrome/116.0.1938.76 Safari/537.36"
52.167.144.222 - - [14/Jun/2025:18:32:25 +0300] "GET /index.php?shopdetail/60862323507 HTTP/2" 404 1251 "-" "Mozilla/5.0 AppleWebKit/537.36 (KHTML, like Gecko; compatible; bingbot/2.0; +http://www.bing.com/bingbot.htm) Chrome/116.0.1938.76 Safari/537.36"
52.167.144.222 - - [14/Jun/2025:18:32:34 +0300] "GET /index.php?shopdetail/98394102033 HTTP/2" 404 1251 "-" "Mozilla/5.0 AppleWebKit/537.36 (KHTML, like Gecko; compatible; bingbot/2.0; +http://www.bing.com/bingbot.htm) Chrome/116.0.1938.76 Safari/537.36"
158.220.124.129 - - [14/Jun/2025:18:32:59 +0300] "GET /smini.php?action=edit&file=mail-OsCommerce.txt&belekmata=/home/coinhaber/www/hex_sym404 HTTP/1.1" 200 441 "-" "Mozilla/5.0 (compatible; MJ12bot/v1.4.8; http://mj12bot.com/)"
52.167.144.222 - - [14/Jun/2025:18:33:54 +0300] "GET /index.php?shopdetail/1297555741 HTTP/2" 404 1251 "-" "Mozilla/5.0 AppleWebKit/537.36 (KHTML, like Gecko; compatible; bingbot/2.0; +http://www.bing.com/bingbot.htm) Chrome/116.0.1938.76 Safari/537.36"
52.167.144.222 - - [14/Jun/2025:18:34:25 +0300] "GET /index.php?shopdetail/75291266412 HTTP/2" 404 1251 "-" "Mozilla/5.0 AppleWebKit/537.36 (KHTML, like Gecko; compatible; bingbot/2.0; +http://www.bing.com/bingbot.htm) Chrome/116.0.1938.76 Safari/537.36"
57.141.0.26 - - [14/Jun/2025:18:34:42 +0300] "GET /index.php?shopdetail/13459212903 HTTP/2" 404 1251 "-" "meta-externalagent/1.1 (+https://developers.facebook.com/docs/sharing/webmasters/crawler)"
57.141.0.3 - - [14/Jun/2025:18:34:43 +0300] "GET /index.php?shopdetail/6086237744 HTTP/2" 404 1251 "-" "meta-externalagent/1.1 (+https://developers.facebook.com/docs/sharing/webmasters/crawler)"
57.141.0.16 - - [14/Jun/2025:18:36:31 +0300] "GET /index.php?shopdetail/75291307182 HTTP/2" 404 1251 "-" "meta-externalagent/1.1 (+https://developers.facebook.com/docs/sharing/webmasters/crawler)"
57.141.0.3 - - [14/Jun/2025:18:36:41 +0300] "GET /index.php?shopdetail/48730209737 HTTP/2" 404 1251 "-" "meta-externalagent/1.1 (+https://developers.facebook.com/docs/sharing/webmasters/crawler)"
66.249.64.128 - - [14/Jun/2025:18:36:41 +0300] "GET /ammika.php?96021208938.htm HTTP/1.1" 404 1251 "-" "Mozilla/5.0 (Linux; Android 6.0.1; Nexus 5X Build/MMB29P) AppleWebKit/537.36 (KHTML, like Gecko) Chrome/136.0.7103.113 Mobile Safari/537.36 (compatible; Googlebot/2.1; +http://www.google.com/bot.html)"
57.141.0.13 - - [14/Jun/2025:18:37:09 +0300] "GET /index.php?shopdetail/13459195380 HTTP/2" 404 1251 "-" "meta-externalagent/1.1 (+https://developers.facebook.com/docs/sharing/webmasters/crawler)"
57.141.0.17 - - [14/Jun/2025:18:38:17 +0300] "GET /index.php?shopdetail/4873092428 HTTP/2" 404 1251 "-" "meta-externalagent/1.1 (+https://developers.facebook.com/docs/sharing/webmasters/crawler)"
57.141.0.9 - - [14/Jun/2025:18:38:21 +0300] "GET /index.php?shopdetail/13459229106 HTTP/2" 404 1251 "-" "meta-externalagent/1.1 (+https://developers.facebook.com/docs/sharing/webmasters/crawler)"
52.167.144.222 - - [14/Jun/2025:18:39:27 +0300] "GET /index.php?shopdetail/48730191553 HTTP/2" 404 1251 "-" "Mozilla/5.0 AppleWebKit/537.36 (KHTML, like Gecko; compatible; bingbot/2.0; +http://www.bing.com/bingbot.htm) Chrome/116.0.1938.76 Safari/537.36"
52.167.144.222 - - [14/Jun/2025:18:39:27 +0300] "GET /index.php?shopdetail/26964148691 HTTP/2" 404 1251 "-" "Mozilla/5.0 AppleWebKit/537.36 (KHTML, like Gecko; compatible; bingbot/2.0; +http://www.bing.com/bingbot.htm) Chrome/116.0.1938.76 Safari/537.36"
66.249.64.128 - - [14/Jun/2025:18:38:29 +0300] "GET /ammika.php?5340495876.htm HTTP/1.1" 404 1251 "-" "Mozilla/5.0 (Linux; Android 6.0.1; Nexus 5X Build/MMB29P) AppleWebKit/537.36 (KHTML, like Gecko) Chrome/136.0.7103.113 Mobile Safari/537.36 (compatible; Googlebot/2.1; +http://www.google.com/bot.html)"
57.141.0.23 - - [14/Jun/2025:18:39:08 +0300] "GET /index.php?shopdetail/487308102 HTTP/2" 404 1251 "-" "meta-externalagent/1.1 (+https://developers.facebook.com/docs/sharing/webmasters/crawler)"
57.141.0.11 - - [14/Jun/2025:18:39:25 +0300] "GET /index.php?shopdetail/13459254764 HTTP/2" 404 1251 "-" "meta-externalagent/1.1 (+https://developers.facebook.com/docs/sharing/webmasters/crawler)"
207.46.13.36 - - [14/Jun/2025:18:39:44 +0300] "GET /index.php?shopdetail/98394174134 HTTP/2" 404 1251 "-" "Mozilla/5.0 AppleWebKit/537.36 (KHTML, like Gecko; compatible; bingbot/2.0; +http://www.bing.com/bingbot.htm) Chrome/116.0.1938.76 Safari/537.36"
207.46.13.36 - - [14/Jun/2025:18:39:45 +0300] "GET /index.php?shopdetail/1297563487 HTTP/2" 404 1251 "-" "Mozilla/5.0 AppleWebKit/537.36 (KHTML, like Gecko; compatible; bingbot/2.0; +http://www.bing.com/bingbot.htm) Chrome/116.0.1938.76 Safari/537.36"
52.167.144.222 - - [14/Jun/2025:18:39:54 +0300] "GET /index.php?shopdetail/4475453618 HTTP/2" 404 1251 "-" "Mozilla/5.0 AppleWebKit/537.36 (KHTML, like Gecko; compatible; bingbot/2.0; +http://www.bing.com/bingbot.htm) Chrome/116.0.1938.76 Safari/537.36"
52.167.144.222 - - [14/Jun/2025:18:39:56 +0300] "GET /index.php?shopdetail/4475444310 HTTP/2" 404 1251 "-" "Mozilla/5.0 AppleWebKit/537.36 (KHTML, like Gecko; compatible; bingbot/2.0; +http://www.bing.com/bingbot.htm) Chrome/116.0.1938.76 Safari/537.36"
52.167.144.222 - - [14/Jun/2025:18:39:56 +0300] "GET /index.php?shopdetail/12975123352 HTTP/2" 404 1251 "-" "Mozilla/5.0 AppleWebKit/537.36 (KHTML, like Gecko; compatible; bingbot/2.0; +http://www.bing.com/bingbot.htm) Chrome/116.0.1938.76 Safari/537.36"
57.141.0.9 - - [14/Jun/2025:18:40:05 +0300] "GET /index.php?shopdetail/48730218467 HTTP/2" 404 1251 "-" "meta-externalagent/1.1 (+https://developers.facebook.com/docs/sharing/webmasters/crawler)"
57.141.0.30 - - [14/Jun/2025:18:40:20 +0300] "GET /index.php?shopdetail/4873064301 HTTP/2" 404 1251 "-" "meta-externalagent/1.1 (+https://developers.facebook.com/docs/sharing/webmasters/crawler)"
57.141.0.16 - - [14/Jun/2025:18:40:21 +0300] "GET /index.php?shopdetail/75291292749 HTTP/2" 404 1251 "-" "meta-externalagent/1.1 (+https://developers.facebook.com/docs/sharing/webmasters/crawler)"
57.141.0.27 - - [14/Jun/2025:18:40:22 +0300] "GET /index.php?shopdetail/13459307753 HTTP/2" 404 1251 "-" "meta-externalagent/1.1 (+https://developers.facebook.com/docs/sharing/webmasters/crawler)"
57.141.0.19 - - [14/Jun/2025:18:42:07 +0300] "GET /index.php?shopdetail/1297532186 HTTP/2" 404 1251 "-" "meta-externalagent/1.1 (+https://developers.facebook.com/docs/sharing/webmasters/crawler)"
52.167.144.222 - - [14/Jun/2025:18:42:16 +0300] "GET /index.php?shopdetail/4873062907 HTTP/2" 404 1251 "-" "Mozilla/5.0 AppleWebKit/537.36 (KHTML, like Gecko; compatible; bingbot/2.0; +http://www.bing.com/bingbot.htm) Chrome/116.0.1938.76 Safari/537.36"
207.46.13.36 - - [14/Jun/2025:18:42:21 +0300] "GET /index.php?shopdetail/48730123163 HTTP/2" 404 1251 "-" "Mozilla/5.0 AppleWebKit/537.36 (KHTML, like Gecko; compatible; bingbot/2.0; +http://www.bing.com/bingbot.htm) Chrome/116.0.1938.76 Safari/537.36"
57.141.0.5 - - [14/Jun/2025:18:42:52 +0300] "GET /index.php?shopdetail/48730216975 HTTP/2" 404 1251 "-" "meta-externalagent/1.1 (+https://developers.facebook.com/docs/sharing/webmasters/crawler)"
207.46.13.36 - - [14/Jun/2025:18:42:59 +0300] "GET /index.php?shopdetail/12975107441 HTTP/2" 404 1251 "-" "Mozilla/5.0 AppleWebKit/537.36 (KHTML, like Gecko; compatible; bingbot/2.0; +http://www.bing.com/bingbot.htm) Chrome/116.0.1938.76 Safari/537.36"
52.167.144.222 - - [14/Jun/2025:18:39:28 +0300] "GET /index.php?shopdetail/98394206936 HTTP/2" 404 1251 "-" "Mozilla/5.0 AppleWebKit/537.36 (KHTML, like Gecko; compatible; bingbot/2.0; +http://www.bing.com/bingbot.htm) Chrome/116.0.1938.76 Safari/537.36"
207.46.13.36 - - [14/Jun/2025:18:39:30 +0300] "GET /index.php?shopdetail/7529150728 HTTP/2" 404 1251 "-" "Mozilla/5.0 AppleWebKit/537.36 (KHTML, like Gecko; compatible; bingbot/2.0; +http://www.bing.com/bingbot.htm) Chrome/116.0.1938.76 Safari/537.36"
207.46.13.36 - - [14/Jun/2025:18:39:30 +0300] "GET /index.php?shopdetail/9839450564 HTTP/2" 404 1251 "-" "Mozilla/5.0 AppleWebKit/537.36 (KHTML, like Gecko; compatible; bingbot/2.0; +http://www.bing.com/bingbot.htm) Chrome/116.0.1938.76 Safari/537.36"
57.141.0.17 - - [14/Jun/2025:18:40:07 +0300] "GET /index.php?shopdetail/75291232347 HTTP/2" 404 1251 "-" "meta-externalagent/1.1 (+https://developers.facebook.com/docs/sharing/webmasters/crawler)"
57.141.0.21 - - [14/Jun/2025:18:40:13 +0300] "GET /index.php?shopdetail/44754162017 HTTP/2" 404 1251 "-" "meta-externalagent/1.1 (+https://developers.facebook.com/docs/sharing/webmasters/crawler)"
57.141.0.11 - - [14/Jun/2025:18:40:18 +0300] "GET /index.php?shopdetail/4475488325 HTTP/2" 404 1251 "-" "meta-externalagent/1.1 (+https://developers.facebook.com/docs/sharing/webmasters/crawler)"
52.167.144.222 - - [14/Jun/2025:18:40:55 +0300] "GET /index.php?shopdetail/26964177221 HTTP/2" 404 1251 "-" "Mozilla/5.0 AppleWebKit/537.36 (KHTML, like Gecko; compatible; bingbot/2.0; +http://www.bing.com/bingbot.htm) Chrome/116.0.1938.76 Safari/537.36"
57.141.0.5 - - [14/Jun/2025:18:41:08 +0300] "GET /index.php?shopdetail/48730242645 HTTP/2" 404 1251 "-" "meta-externalagent/1.1 (+https://developers.facebook.com/docs/sharing/webmasters/crawler)"
207.46.13.36 - - [14/Jun/2025:18:41:36 +0300] "GET /index.php?shopdetail/60862272679 HTTP/2" 404 1251 "-" "Mozilla/5.0 AppleWebKit/537.36 (KHTML, like Gecko; compatible; bingbot/2.0; +http://www.bing.com/bingbot.htm) Chrome/116.0.1938.76 Safari/537.36"
57.141.0.9 - - [14/Jun/2025:18:41:59 +0300] "GET /index.php?shopdetail/13459216548 HTTP/2" 404 1251 "-" "meta-externalagent/1.1 (+https://developers.facebook.com/docs/sharing/webmasters/crawler)"
209.141.36.186 - - [14/Jun/2025:18:42:44 +0300] "GET /wp-login.php HTTP/1.1" 302 0 "-" "Mozilla/5.0 (Windows NT 5.1; rv:30.0) Gecko/20100101 Firefox/30.0"
66.249.64.129 - - [14/Jun/2025:18:42:54 +0300] "GET /ammika.php?31477149180.htm HTTP/1.1" 404 1251 "-" "Mozilla/5.0 (Linux; Android 6.0.1; Nexus 5X Build/MMB29P) AppleWebKit/537.36 (KHTML, like Gecko) Chrome/136.0.7103.113 Mobile Safari/537.36 (compatible; Googlebot/2.1; +http://www.google.com/bot.html)"
52.167.144.211 - - [14/Jun/2025:18:42:55 +0300] "GET /index.php?shopdetail/48730300791 HTTP/2" 404 1251 "-" "Mozilla/5.0 AppleWebKit/537.36 (KHTML, like Gecko; compatible; bingbot/2.0; +http://www.bing.com/bingbot.htm) Chrome/116.0.1938.76 Safari/537.36"
209.141.36.186 - - [14/Jun/2025:18:42:50 +0300] "GET /wp-admin/install.php HTTP/1.1" 200 8213 "-" "Mozilla/5.0 (Windows NT 5.1; rv:30.0) Gecko/20100101 Firefox/30.0"
57.141.0.24 - - [14/Jun/2025:18:43:52 +0300] "GET /index.php?shopdetail/4873051597 HTTP/2" 404 1251 "-" "meta-externalagent/1.1 (+https://developers.facebook.com/docs/sharing/webmasters/crawler)"
57.141.0.8 - - [14/Jun/2025:18:44:02 +0300] "GET /index.php?shopdetail/2696481299 HTTP/2" 404 1251 "-" "meta-externalagent/1.1 (+https://developers.facebook.com/docs/sharing/webmasters/crawler)"
57.141.0.16 - - [14/Jun/2025:18:44:08 +0300] "GET /index.php?shopdetail/1345957804 HTTP/2" 404 1251 "-" "meta-externalagent/1.1 (+https://developers.facebook.com/docs/sharing/webmasters/crawler)"
57.141.0.23 - - [14/Jun/2025:18:44:39 +0300] "GET /index.php?shopdetail/48730262119 HTTP/2" 404 1251 "-" "meta-externalagent/1.1 (+https://developers.facebook.com/docs/sharing/webmasters/crawler)"
207.46.13.36 - - [14/Jun/2025:18:43:01 +0300] "GET /index.php?shopdetail/2696472130 HTTP/2" 404 1251 "-" "Mozilla/5.0 AppleWebKit/537.36 (KHTML, like Gecko; compatible; bingbot/2.0; +http://www.bing.com/bingbot.htm) Chrome/116.0.1938.76 Safari/537.36"
52.167.144.211 - - [14/Jun/2025:18:43:46 +0300] "GET /index.php?shopdetail/67994229100 HTTP/2" 404 1251 "-" "Mozilla/5.0 AppleWebKit/537.36 (KHTML, like Gecko; compatible; bingbot/2.0; +http://www.bing.com/bingbot.htm) Chrome/116.0.1938.76 Safari/537.36"
57.141.0.6 - - [14/Jun/2025:18:43:48 +0300] "GET /index.php?shopdetail/75291168853 HTTP/2" 404 1251 "-" "meta-externalagent/1.1 (+https://developers.facebook.com/docs/sharing/webmasters/crawler)"
207.46.13.36 - - [14/Jun/2025:18:44:28 +0300] "GET /index.php?shopdetail/75291182660 HTTP/2" 404 1251 "-" "Mozilla/5.0 AppleWebKit/537.36 (KHTML, like Gecko; compatible; bingbot/2.0; +http://www.bing.com/bingbot.htm) Chrome/116.0.1938.76 Safari/537.36"
52.167.144.211 - - [14/Jun/2025:18:44:36 +0300] "GET /index.php?shopdetail/67994149430 HTTP/2" 404 1251 "-" "Mozilla/5.0 AppleWebKit/537.36 (KHTML, like Gecko; compatible; bingbot/2.0; +http://www.bing.com/bingbot.htm) Chrome/116.0.1938.76 Safari/537.36"
52.167.144.211 - - [14/Jun/2025:18:44:37 +0300] "GET /index.php?shopdetail/1345940878 HTTP/2" 404 1251 "-" "Mozilla/5.0 AppleWebKit/537.36 (KHTML, like Gecko; compatible; bingbot/2.0; +http://www.bing.com/bingbot.htm) Chrome/116.0.1938.76 Safari/537.36"
216.73.216.64 - - [14/Jun/2025:18:45:27 +0300] "GET /shopdetail/12975136999 HTTP/2" 404 1251 "-" "Mozilla/5.0 AppleWebKit/537.36 (KHTML, like Gecko; compatible; ClaudeBot/1.0; +claudebot@anthropic.com)"
216.73.216.64 - - [14/Jun/2025:18:45:27 +0300] "GET /shopdetail/34419114511 HTTP/2" 404 1251 "-" "Mozilla/5.0 AppleWebKit/537.36 (KHTML, like Gecko; compatible; ClaudeBot/1.0; +claudebot@anthropic.com)"
216.73.216.64 - - [14/Jun/2025:18:45:27 +0300] "GET /shopdetail/9839488799 HTTP/2" 404 1251 "-" "Mozilla/5.0 AppleWebKit/537.36 (KHTML, like Gecko; compatible; ClaudeBot/1.0; +claudebot@anthropic.com)"
216.73.216.64 - - [14/Jun/2025:18:45:27 +0300] "GET /shopdetail/44754116480 HTTP/2" 404 1251 "-" "Mozilla/5.0 AppleWebKit/537.36 (KHTML, like Gecko; compatible; ClaudeBot/1.0; +claudebot@anthropic.com)"
216.73.216.64 - - [14/Jun/2025:18:45:27 +0300] "GET /shopdetail/44754221737 HTTP/2" 404 1251 "-" "Mozilla/5.0 AppleWebKit/537.36 (KHTML, like Gecko; compatible; ClaudeBot/1.0; +claudebot@anthropic.com)"
216.73.216.64 - - [14/Jun/2025:18:45:28 +0300] "GET /shopdetail/98394267505 HTTP/2" 404 1251 "-" "Mozilla/5.0 AppleWebKit/537.36 (KHTML, like Gecko; compatible; ClaudeBot/1.0; +claudebot@anthropic.com)"
216.73.216.64 - - [14/Jun/2025:18:45:28 +0300] "GET /shopdetail/60862136158 HTTP/2" 404 1251 "-" "Mozilla/5.0 AppleWebKit/537.36 (KHTML, like Gecko; compatible; ClaudeBot/1.0; +claudebot@anthropic.com)"
216.73.216.64 - - [14/Jun/2025:18:45:28 +0300] "GET /shopdetail/4475423019 HTTP/2" 404 1251 "-" "Mozilla/5.0 AppleWebKit/537.36 (KHTML, like Gecko; compatible; ClaudeBot/1.0; +claudebot@anthropic.com)"
216.73.216.64 - - [14/Jun/2025:18:45:28 +0300] "GET /shopdetail/3441944030 HTTP/2" 404 1251 "-" "Mozilla/5.0 AppleWebKit/537.36 (KHTML, like Gecko; compatible; ClaudeBot/1.0; +claudebot@anthropic.com)"
216.73.216.64 - - [14/Jun/2025:18:45:28 +0300] "GET /shopdetail/6086277800 HTTP/2" 404 1251 "-" "Mozilla/5.0 AppleWebKit/537.36 (KHTML, like Gecko; compatible; ClaudeBot/1.0; +claudebot@anthropic.com)"
216.73.216.64 - - [14/Jun/2025:18:45:29 +0300] "GET /shopdetail/7529186291 HTTP/2" 404 1251 "-" "Mozilla/5.0 AppleWebKit/537.36 (KHTML, like Gecko; compatible; ClaudeBot/1.0; +claudebot@anthropic.com)"
216.73.216.64 - - [14/Jun/2025:18:45:29 +0300] "GET /shopdetail/44754240751 HTTP/2" 404 1251 "-" "Mozilla/5.0 AppleWebKit/537.36 (KHTML, like Gecko; compatible; ClaudeBot/1.0; +claudebot@anthropic.com)"
57.141.0.20 - - [14/Jun/2025:18:45:00 +0300] "GET /index.php?shopdetail/75291129651 HTTP/2" 404 1251 "-" "meta-externalagent/1.1 (+https://developers.facebook.com/docs/sharing/webmasters/crawler)"
57.141.0.29 - - [14/Jun/2025:18:45:27 +0300] "GET /index.php?shopdetail/44754254710 HTTP/2" 404 1251 "-" "meta-externalagent/1.1 (+https://developers.facebook.com/docs/sharing/webmasters/crawler)"
57.141.0.21 - - [14/Jun/2025:18:45:45 +0300] "GET /index.php?shopdetail/75291308753 HTTP/2" 404 1251 "-" "meta-externalagent/1.1 (+https://developers.facebook.com/docs/sharing/webmasters/crawler)"
52.167.144.211 - - [14/Jun/2025:18:46:17 +0300] "GET /index.php?shopdetail/12975235078 HTTP/2" 404 1251 "-" "Mozilla/5.0 AppleWebKit/537.36 (KHTML, like Gecko; compatible; bingbot/2.0; +http://www.bing.com/bingbot.htm) Chrome/116.0.1938.76 Safari/537.36"
52.167.144.211 - - [14/Jun/2025:18:46:17 +0300] "GET /index.php?shopdetail/67994219662 HTTP/2" 404 1251 "-" "Mozilla/5.0 AppleWebKit/537.36 (KHTML, like Gecko; compatible; bingbot/2.0; +http://www.bing.com/bingbot.htm) Chrome/116.0.1938.76 Safari/537.36"
66.249.64.129 - - [14/Jun/2025:18:46:28 +0300] "GET /ammika.php?74434208425.htm HTTP/1.1" 404 1251 "-" "Mozilla/5.0 (Linux; Android 6.0.1; Nexus 5X Build/MMB29P) AppleWebKit/537.36 (KHTML, like Gecko) Chrome/136.0.7103.113 Mobile Safari/537.36 (compatible; Googlebot/2.1; +http://www.google.com/bot.html)"
57.141.0.15 - - [14/Jun/2025:18:46:50 +0300] "GET /index.php?shopdetail/26964162853 HTTP/2" 404 1251 "-" "meta-externalagent/1.1 (+https://developers.facebook.com/docs/sharing/webmasters/crawler)"
57.141.0.2 - - [14/Jun/2025:18:47:25 +0300] "GET /index.php?shopdetail/48730225965 HTTP/2" 404 1251 "-" "meta-externalagent/1.1 (+https://developers.facebook.com/docs/sharing/webmasters/crawler)"
216.73.216.64 - - [14/Jun/2025:18:45:29 +0300] "GET /shopdetail/7529135644 HTTP/2" 404 1251 "-" "Mozilla/5.0 AppleWebKit/537.36 (KHTML, like Gecko; compatible; ClaudeBot/1.0; +claudebot@anthropic.com)"
216.73.216.64 - - [14/Jun/2025:18:45:29 +0300] "GET /shopdetail/2696498800 HTTP/2" 404 1251 "-" "Mozilla/5.0 AppleWebKit/537.36 (KHTML, like Gecko; compatible; ClaudeBot/1.0; +claudebot@anthropic.com)"
216.73.216.64 - - [14/Jun/2025:18:45:29 +0300] "GET /shopdetail/26964276258 HTTP/2" 404 1251 "-" "Mozilla/5.0 AppleWebKit/537.36 (KHTML, like Gecko; compatible; ClaudeBot/1.0; +claudebot@anthropic.com)"
57.141.0.16 - - [14/Jun/2025:18:45:30 +0300] "GET /index.php?shopdetail/4873089019 HTTP/2" 404 1251 "-" "meta-externalagent/1.1 (+https://developers.facebook.com/docs/sharing/webmasters/crawler)"
216.73.216.64 - - [14/Jun/2025:18:45:31 +0300] "GET /shopdetail/60862217338 HTTP/2" 404 1251 "-" "Mozilla/5.0 AppleWebKit/537.36 (KHTML, like Gecko; compatible; ClaudeBot/1.0; +claudebot@anthropic.com)"
216.73.216.64 - - [14/Jun/2025:18:45:31 +0300] "GET /shopdetail/13459337454 HTTP/2" 404 1251 "-" "Mozilla/5.0 AppleWebKit/537.36 (KHTML, like Gecko; compatible; ClaudeBot/1.0; +claudebot@anthropic.com)"
216.73.216.64 - - [14/Jun/2025:18:45:31 +0300] "GET /shopdetail/98394240968 HTTP/2" 404 1251 "-" "Mozilla/5.0 AppleWebKit/537.36 (KHTML, like Gecko; compatible; ClaudeBot/1.0; +claudebot@anthropic.com)"
216.73.216.64 - - [14/Jun/2025:18:45:31 +0300] "GET /shopdetail/60862218479 HTTP/2" 404 1251 "-" "Mozilla/5.0 AppleWebKit/537.36 (KHTML, like Gecko; compatible; ClaudeBot/1.0; +claudebot@anthropic.com)"
52.167.144.211 - - [14/Jun/2025:18:46:35 +0300] "GET /index.php?shopdetail/60862315842 HTTP/2" 404 1251 "-" "Mozilla/5.0 AppleWebKit/537.36 (KHTML, like Gecko; compatible; bingbot/2.0; +http://www.bing.com/bingbot.htm) Chrome/116.0.1938.76 Safari/537.36"
66.249.64.129 - - [14/Jun/2025:18:47:11 +0300] "GET /ammika.php?43468294690.htm HTTP/1.1" 404 1251 "-" "Mozilla/5.0 (Linux; Android 6.0.1; Nexus 5X Build/MMB29P) AppleWebKit/537.36 (KHTML, like Gecko) Chrome/136.0.7103.113 Mobile Safari/537.36 (compatible; Googlebot/2.1; +http://www.google.com/bot.html)"
52.167.144.211 - - [14/Jun/2025:18:47:15 +0300] "GET /index.php?shopdetail/9839463185 HTTP/2" 404 1251 "-" "Mozilla/5.0 AppleWebKit/537.36 (KHTML, like Gecko; compatible; bingbot/2.0; +http://www.bing.com/bingbot.htm) Chrome/116.0.1938.76 Safari/537.36"
52.167.144.211 - - [14/Jun/2025:18:47:37 +0300] "GET /index.php?shopdetail/44754180531 HTTP/2" 404 1251 "-" "Mozilla/5.0 AppleWebKit/537.36 (KHTML, like Gecko; compatible; bingbot/2.0; +http://www.bing.com/bingbot.htm) Chrome/116.0.1938.76 Safari/537.36"
52.167.144.211 - - [14/Jun/2025:18:47:38 +0300] "GET /index.php?shopdetail/67994300264 HTTP/2" 404 1251 "-" "Mozilla/5.0 AppleWebKit/537.36 (KHTML, like Gecko; compatible; bingbot/2.0; +http://www.bing.com/bingbot.htm) Chrome/116.0.1938.76 Safari/537.36"
52.167.144.211 - - [14/Jun/2025:18:48:17 +0300] "GET /index.php?shopdetail/344195514 HTTP/2" 404 1251 "-" "Mozilla/5.0 AppleWebKit/537.36 (KHTML, like Gecko; compatible; bingbot/2.0; +http://www.bing.com/bingbot.htm) Chrome/116.0.1938.76 Safari/537.36"
57.141.0.22 - - [14/Jun/2025:18:48:34 +0300] "GET /index.php?shopdetail/4873075247 HTTP/2" 404 1251 "-" "meta-externalagent/1.1 (+https://developers.facebook.com/docs/sharing/webmasters/crawler)"
157.55.39.12 - - [14/Jun/2025:18:48:56 +0300] "GET /shopdetail/67994270437 HTTP/2" 404 1251 "-" "Mozilla/5.0 AppleWebKit/537.36 (KHTML, like Gecko; compatible; bingbot/2.0; +http://www.bing.com/bingbot.htm) Chrome/116.0.1938.76 Safari/537.36"
52.167.144.211 - - [14/Jun/2025:18:49:00 +0300] "GET /index.php?shopdetail/60862138993 HTTP/2" 404 1251 "-" "Mozilla/5.0 AppleWebKit/537.36 (KHTML, like Gecko; compatible; bingbot/2.0; +http://www.bing.com/bingbot.htm) Chrome/116.0.1938.76 Safari/537.36"
57.141.0.24 - - [14/Jun/2025:18:49:06 +0300] "GET /index.php?shopdetail/4873087162 HTTP/2" 404 1251 "-" "meta-externalagent/1.1 (+https://developers.facebook.com/docs/sharing/webmasters/crawler)"
57.141.0.20 - - [14/Jun/2025:18:49:09 +0300] "GET /index.php?shopdetail/487309867 HTTP/2" 404 1251 "-" "meta-externalagent/1.1 (+https://developers.facebook.com/docs/sharing/webmasters/crawler)"
57.141.0.11 - - [14/Jun/2025:18:49:19 +0300] "GET /index.php?shopdetail/48730371414 HTTP/2" 404 1251 "-" "meta-externalagent/1.1 (+https://developers.facebook.com/docs/sharing/webmasters/crawler)"
57.141.0.29 - - [14/Jun/2025:18:50:11 +0300] "GET /index.php?shopdetail/48730234032 HTTP/2" 404 1251 "-" "meta-externalagent/1.1 (+https://developers.facebook.com/docs/sharing/webmasters/crawler)"
157.55.39.12 - - [14/Jun/2025:18:50:47 +0300] "GET /index.php?shopdetail/48730330953 HTTP/2" 404 1251 "-" "Mozilla/5.0 AppleWebKit/537.36 (KHTML, like Gecko; compatible; bingbot/2.0; +http://www.bing.com/bingbot.htm) Chrome/116.0.1938.76 Safari/537.36"
157.55.39.12 - - [14/Jun/2025:18:50:48 +0300] "GET /index.php?shopdetail/13459336289 HTTP/2" 404 1251 "-" "Mozilla/5.0 AppleWebKit/537.36 (KHTML, like Gecko; compatible; bingbot/2.0; +http://www.bing.com/bingbot.htm) Chrome/116.0.1938.76 Safari/537.36"
52.167.144.211 - - [14/Jun/2025:18:52:15 +0300] "GET /index.php?shopdetail/48730246158 HTTP/2" 404 1251 "-" "Mozilla/5.0 AppleWebKit/537.36 (KHTML, like Gecko; compatible; bingbot/2.0; +http://www.bing.com/bingbot.htm) Chrome/116.0.1938.76 Safari/537.36"
157.55.39.12 - - [14/Jun/2025:18:52:47 +0300] "GET /index.php?shopdetail/6086240203 HTTP/2" 404 1251 "-" "Mozilla/5.0 AppleWebKit/537.36 (KHTML, like Gecko; compatible; bingbot/2.0; +http://www.bing.com/bingbot.htm) Chrome/116.0.1938.76 Safari/537.36"
157.55.39.12 - - [14/Jun/2025:18:53:42 +0300] "GET /index.php?shopdetail/75291124898 HTTP/2" 404 1251 "-" "Mozilla/5.0 AppleWebKit/537.36 (KHTML, like Gecko; compatible; bingbot/2.0; +http://www.bing.com/bingbot.htm) Chrome/116.0.1938.76 Safari/537.36"
157.55.39.12 - - [14/Jun/2025:18:53:43 +0300] "GET /index.php?shopdetail/48730301467 HTTP/2" 404 1251 "-" "Mozilla/5.0 AppleWebKit/537.36 (KHTML, like Gecko; compatible; bingbot/2.0; +http://www.bing.com/bingbot.htm) Chrome/116.0.1938.76 Safari/537.36"
157.55.39.12 - - [14/Jun/2025:18:53:57 +0300] "GET /index.php?shopdetail/44754278447 HTTP/2" 404 1251 "-" "Mozilla/5.0 AppleWebKit/537.36 (KHTML, like Gecko; compatible; bingbot/2.0; +http://www.bing.com/bingbot.htm) Chrome/116.0.1938.76 Safari/537.36"
40.77.167.241 - - [14/Jun/2025:18:54:18 +0300] "GET /index.php?shopdetail/44754127575 HTTP/2" 404 1251 "-" "Mozilla/5.0 AppleWebKit/537.36 (KHTML, like Gecko; compatible; bingbot/2.0; +http://www.bing.com/bingbot.htm) Chrome/116.0.1938.76 Safari/537.36"
57.141.0.23 - - [14/Jun/2025:18:54:26 +0300] "GET /index.php?shopdetail/44754105807 HTTP/2" 404 1251 "-" "meta-externalagent/1.1 (+https://developers.facebook.com/docs/sharing/webmasters/crawler)"
57.141.0.12 - - [14/Jun/2025:18:54:27 +0300] "GET /index.php?shopdetail/48730355656 HTTP/2" 404 1251 "-" "meta-externalagent/1.1 (+https://developers.facebook.com/docs/sharing/webmasters/crawler)"
52.167.144.211 - - [14/Jun/2025:18:48:45 +0300] "GET /index.php?shopdetail/75291225852 HTTP/2" 404 1251 "-" "Mozilla/5.0 AppleWebKit/537.36 (KHTML, like Gecko; compatible; bingbot/2.0; +http://www.bing.com/bingbot.htm) Chrome/116.0.1938.76 Safari/537.36"
52.167.144.211 - - [14/Jun/2025:18:48:46 +0300] "GET /index.php?shopdetail/48730313056 HTTP/2" 404 1251 "-" "Mozilla/5.0 AppleWebKit/537.36 (KHTML, like Gecko; compatible; bingbot/2.0; +http://www.bing.com/bingbot.htm) Chrome/116.0.1938.76 Safari/537.36"
157.55.39.12 - - [14/Jun/2025:18:49:21 +0300] "GET /index.php?shopdetail/4873077067 HTTP/2" 404 1251 "-" "Mozilla/5.0 AppleWebKit/537.36 (KHTML, like Gecko; compatible; bingbot/2.0; +http://www.bing.com/bingbot.htm) Chrome/116.0.1938.76 Safari/537.36"
57.141.0.22 - - [14/Jun/2025:18:49:24 +0300] "GET /index.php?shopdetail/7529166975 HTTP/2" 404 1251 "-" "meta-externalagent/1.1 (+https://developers.facebook.com/docs/sharing/webmasters/crawler)"
157.55.39.12 - - [14/Jun/2025:18:49:35 +0300] "GET /kaden.html HTTP/2" 404 1251 "-" "Mozilla/5.0 AppleWebKit/537.36 (KHTML, like Gecko; compatible; bingbot/2.0; +http://www.bing.com/bingbot.htm) Chrome/116.0.1938.76 Safari/537.36"
157.55.39.12 - - [14/Jun/2025:18:50:19 +0300] "GET /index.php?shopdetail/6086245028 HTTP/2" 404 1251 "-" "Mozilla/5.0 AppleWebKit/537.36 (KHTML, like Gecko; compatible; bingbot/2.0; +http://www.bing.com/bingbot.htm) Chrome/116.0.1938.76 Safari/537.36"
52.167.144.211 - - [14/Jun/2025:18:51:28 +0300] "GET /index.php?shopdetail/4475468411 HTTP/2" 404 1251 "-" "Mozilla/5.0 AppleWebKit/537.36 (KHTML, like Gecko; compatible; bingbot/2.0; +http://www.bing.com/bingbot.htm) Chrome/116.0.1938.76 Safari/537.36"
52.167.144.211 - - [14/Jun/2025:18:51:28 +0300] "GET /index.php?shopdetail/26964112511 HTTP/2" 404 1251 "-" "Mozilla/5.0 AppleWebKit/537.36 (KHTML, like Gecko; compatible; bingbot/2.0; +http://www.bing.com/bingbot.htm) Chrome/116.0.1938.76 Safari/537.36"
57.141.0.24 - - [14/Jun/2025:18:51:36 +0300] "GET /index.php?shopdetail/48730270974 HTTP/2" 404 1251 "-" "meta-externalagent/1.1 (+https://developers.facebook.com/docs/sharing/webmasters/crawler)"
52.167.144.211 - - [14/Jun/2025:18:51:36 +0300] "GET /index.php?shopdetail/98394129352 HTTP/2" 404 1251 "-" "Mozilla/5.0 AppleWebKit/537.36 (KHTML, like Gecko; compatible; bingbot/2.0; +http://www.bing.com/bingbot.htm) Chrome/116.0.1938.76 Safari/537.36"
57.141.0.21 - - [14/Jun/2025:18:51:38 +0300] "GET /index.php?shopdetail/48730341457 HTTP/2" 404 1251 "-" "meta-externalagent/1.1 (+https://developers.facebook.com/docs/sharing/webmasters/crawler)"
57.141.0.4 - - [14/Jun/2025:18:51:42 +0300] "GET /index.php?shopdetail/608622937 HTTP/2" 404 1251 "-" "meta-externalagent/1.1 (+https://developers.facebook.com/docs/sharing/webmasters/crawler)"
57.141.0.21 - - [14/Jun/2025:18:52:37 +0300] "GET /index.php?shopdetail/13459151351 HTTP/2" 404 1251 "-" "meta-externalagent/1.1 (+https://developers.facebook.com/docs/sharing/webmasters/crawler)"
57.141.0.17 - - [14/Jun/2025:18:52:44 +0300] "GET /index.php?shopdetail/4873035062 HTTP/2" 404 1251 "-" "meta-externalagent/1.1 (+https://developers.facebook.com/docs/sharing/webmasters/crawler)"
52.167.144.211 - - [14/Jun/2025:18:52:51 +0300] "GET /index.php?shopdetail/13459287253 HTTP/2" 404 1251 "-" "Mozilla/5.0 AppleWebKit/537.36 (KHTML, like Gecko; compatible; bingbot/2.0; +http://www.bing.com/bingbot.htm) Chrome/116.0.1938.76 Safari/537.36"
52.167.144.211 - - [14/Jun/2025:18:53:37 +0300] "GET /index.php?shopdetail/344199404 HTTP/2" 404 1251 "-" "Mozilla/5.0 AppleWebKit/537.36 (KHTML, like Gecko; compatible; bingbot/2.0; +http://www.bing.com/bingbot.htm) Chrome/116.0.1938.76 Safari/537.36"
57.141.0.13 - - [14/Jun/2025:18:54:30 +0300] "GET /index.php?shopdetail/4873076453 HTTP/2" 404 1251 "-" "meta-externalagent/1.1 (+https://developers.facebook.com/docs/sharing/webmasters/crawler)"
40.77.167.241 - - [14/Jun/2025:18:54:37 +0300] "GET /index.php?shopdetail/44754108520 HTTP/2" 404 1251 "-" "Mozilla/5.0 AppleWebKit/537.36 (KHTML, like Gecko; compatible; bingbot/2.0; +http://www.bing.com/bingbot.htm) Chrome/116.0.1938.76 Safari/537.36"
57.141.0.1 - - [14/Jun/2025:18:55:24 +0300] "GET /index.php?shopdetail/13459157362 HTTP/2" 404 1251 "-" "meta-externalagent/1.1 (+https://developers.facebook.com/docs/sharing/webmasters/crawler)"
216.73.216.64 - - [14/Jun/2025:18:55:28 +0300] "GET /shopdetail/34419142977 HTTP/2" 404 1251 "-" "Mozilla/5.0 AppleWebKit/537.36 (KHTML, like Gecko; compatible; ClaudeBot/1.0; +claudebot@anthropic.com)"
216.73.216.64 - - [14/Jun/2025:18:55:28 +0300] "GET /shopdetail/44754297743 HTTP/2" 404 1251 "-" "Mozilla/5.0 AppleWebKit/537.36 (KHTML, like Gecko; compatible; ClaudeBot/1.0; +claudebot@anthropic.com)"
216.73.216.64 - - [14/Jun/2025:18:55:28 +0300] "GET /shopdetail/98394288993 HTTP/2" 404 1251 "-" "Mozilla/5.0 AppleWebKit/537.36 (KHTML, like Gecko; compatible; ClaudeBot/1.0; +claudebot@anthropic.com)"
216.73.216.64 - - [14/Jun/2025:18:55:28 +0300] "GET /shopdetail/4873015534 HTTP/2" 404 1251 "-" "Mozilla/5.0 AppleWebKit/537.36 (KHTML, like Gecko; compatible; ClaudeBot/1.0; +claudebot@anthropic.com)"
216.73.216.64 - - [14/Jun/2025:18:55:28 +0300] "GET /shopdetail/34419175745 HTTP/2" 404 1251 "-" "Mozilla/5.0 AppleWebKit/537.36 (KHTML, like Gecko; compatible; ClaudeBot/1.0; +claudebot@anthropic.com)"
216.73.216.64 - - [14/Jun/2025:18:55:30 +0300] "GET /shopdetail/48730324999 HTTP/2" 404 1251 "-" "Mozilla/5.0 AppleWebKit/537.36 (KHTML, like Gecko; compatible; ClaudeBot/1.0; +claudebot@anthropic.com)"
216.73.216.64 - - [14/Jun/2025:18:55:30 +0300] "GET /shopdetail/983949391 HTTP/2" 404 1251 "-" "Mozilla/5.0 AppleWebKit/537.36 (KHTML, like Gecko; compatible; ClaudeBot/1.0; +claudebot@anthropic.com)"
216.73.216.64 - - [14/Jun/2025:18:55:30 +0300] "GET /shopdetail/26964212918 HTTP/2" 404 1251 "-" "Mozilla/5.0 AppleWebKit/537.36 (KHTML, like Gecko; compatible; ClaudeBot/1.0; +claudebot@anthropic.com)"
216.73.216.64 - - [14/Jun/2025:18:55:30 +0300] "GET /shopdetail/60862146469 HTTP/2" 404 1251 "-" "Mozilla/5.0 AppleWebKit/537.36 (KHTML, like Gecko; compatible; ClaudeBot/1.0; +claudebot@anthropic.com)"
216.73.216.64 - - [14/Jun/2025:18:55:30 +0300] "GET /shopdetail/2696470610 HTTP/2" 404 1251 "-" "Mozilla/5.0 AppleWebKit/537.36 (KHTML, like Gecko; compatible; ClaudeBot/1.0; +claudebot@anthropic.com)"
216.73.216.64 - - [14/Jun/2025:18:55:31 +0300] "GET /shopdetail/44754111327 HTTP/2" 404 1251 "-" "Mozilla/5.0 AppleWebKit/537.36 (KHTML, like Gecko; compatible; ClaudeBot/1.0; +claudebot@anthropic.com)"
216.73.216.64 - - [14/Jun/2025:18:55:31 +0300] "GET /shopdetail/98394126380 HTTP/2" 404 1251 "-" "Mozilla/5.0 AppleWebKit/537.36 (KHTML, like Gecko; compatible; ClaudeBot/1.0; +claudebot@anthropic.com)"
216.73.216.64 - - [14/Jun/2025:18:55:31 +0300] "GET /shopdetail/2696434335 HTTP/2" 404 1251 "-" "Mozilla/5.0 AppleWebKit/537.36 (KHTML, like Gecko; compatible; ClaudeBot/1.0; +claudebot@anthropic.com)"
216.73.216.64 - - [14/Jun/2025:18:55:31 +0300] "GET /shopdetail/26964192607 HTTP/2" 404 1251 "-" "Mozilla/5.0 AppleWebKit/537.36 (KHTML, like Gecko; compatible; ClaudeBot/1.0; +claudebot@anthropic.com)"
216.73.216.64 - - [14/Jun/2025:18:55:32 +0300] "GET /shopdetail/34419131375 HTTP/2" 404 1251 "-" "Mozilla/5.0 AppleWebKit/537.36 (KHTML, like Gecko; compatible; ClaudeBot/1.0; +claudebot@anthropic.com)"
216.73.216.64 - - [14/Jun/2025:18:55:32 +0300] "GET /shopdetail/3441986294 HTTP/2" 404 1251 "-" "Mozilla/5.0 AppleWebKit/537.36 (KHTML, like Gecko; compatible; ClaudeBot/1.0; +claudebot@anthropic.com)"
216.73.216.64 - - [14/Jun/2025:18:55:32 +0300] "GET /shopdetail/26964218754 HTTP/2" 404 1251 "-" "Mozilla/5.0 AppleWebKit/537.36 (KHTML, like Gecko; compatible; ClaudeBot/1.0; +claudebot@anthropic.com)"
216.73.216.64 - - [14/Jun/2025:18:55:33 +0300] "GET /shopdetail/6086216601 HTTP/2" 404 1251 "-" "Mozilla/5.0 AppleWebKit/537.36 (KHTML, like Gecko; compatible; ClaudeBot/1.0; +claudebot@anthropic.com)"
216.73.216.64 - - [14/Jun/2025:18:55:33 +0300] "GET /shopdetail/752915705 HTTP/2" 404 1251 "-" "Mozilla/5.0 AppleWebKit/537.36 (KHTML, like Gecko; compatible; ClaudeBot/1.0; +claudebot@anthropic.com)"
40.77.167.241 - - [14/Jun/2025:18:56:16 +0300] "GET /index.php?shopdetail/75291162266 HTTP/2" 404 1251 "-" "Mozilla/5.0 AppleWebKit/537.36 (KHTML, like Gecko; compatible; bingbot/2.0; +http://www.bing.com/bingbot.htm) Chrome/116.0.1938.76 Safari/537.36"
57.141.0.25 - - [14/Jun/2025:18:56:44 +0300] "GET /index.php?shopdetail/48730261725 HTTP/2" 404 1251 "-" "meta-externalagent/1.1 (+https://developers.facebook.com/docs/sharing/webmasters/crawler)"
57.141.0.5 - - [14/Jun/2025:18:56:48 +0300] "GET /index.php?shopdetail/48730368805 HTTP/2" 404 1251 "-" "meta-externalagent/1.1 (+https://developers.facebook.com/docs/sharing/webmasters/crawler)"
57.141.0.28 - - [14/Jun/2025:18:57:17 +0300] "GET /index.php?shopdetail/4873086524 HTTP/2" 404 1251 "-" "meta-externalagent/1.1 (+https://developers.facebook.com/docs/sharing/webmasters/crawler)"
157.55.39.12 - - [14/Jun/2025:18:57:19 +0300] "GET /index.php?shopdetail/9839456407 HTTP/2" 404 1251 "-" "Mozilla/5.0 AppleWebKit/537.36 (KHTML, like Gecko; compatible; bingbot/2.0; +http://www.bing.com/bingbot.htm) Chrome/116.0.1938.76 Safari/537.36"
57.141.0.24 - - [14/Jun/2025:18:57:20 +0300] "GET /index.php?shopdetail/13459127985 HTTP/2" 404 1251 "-" "meta-externalagent/1.1 (+https://developers.facebook.com/docs/sharing/webmasters/crawler)"
40.77.167.241 - - [14/Jun/2025:18:57:28 +0300] "GET /index.php?shopdetail/344195939 HTTP/2" 404 1251 "-" "Mozilla/5.0 AppleWebKit/537.36 (KHTML, like Gecko; compatible; bingbot/2.0; +http://www.bing.com/bingbot.htm) Chrome/116.0.1938.76 Safari/537.36"
40.77.167.241 - - [14/Jun/2025:18:57:29 +0300] "GET /index.php?shopdetail/12975273851 HTTP/2" 404 1251 "-" "Mozilla/5.0 AppleWebKit/537.36 (KHTML, like Gecko; compatible; bingbot/2.0; +http://www.bing.com/bingbot.htm) Chrome/116.0.1938.76 Safari/537.36"
40.77.167.241 - - [14/Jun/2025:18:57:38 +0300] "GET /index.php?shopdetail/67994246777 HTTP/2" 404 1251 "-" "Mozilla/5.0 AppleWebKit/537.36 (KHTML, like Gecko; compatible; bingbot/2.0; +http://www.bing.com/bingbot.htm) Chrome/116.0.1938.76 Safari/537.36"
57.141.0.2 - - [14/Jun/2025:18:58:07 +0300] "GET /index.php?shopdetail/4475434554 HTTP/2" 404 1251 "-" "meta-externalagent/1.1 (+https://developers.facebook.com/docs/sharing/webmasters/crawler)"
57.141.0.24 - - [14/Jun/2025:18:58:15 +0300] "GET /index.php?shopdetail/752917537 HTTP/2" 404 1251 "-" "meta-externalagent/1.1 (+https://developers.facebook.com/docs/sharing/webmasters/crawler)"
40.77.167.241 - - [14/Jun/2025:19:00:05 +0300] "GET / HTTP/2" 200 1887 "-" "Mozilla/5.0 AppleWebKit/537.36 (KHTML, like Gecko; compatible; bingbot/2.0; +http://www.bing.com/bingbot.htm) Chrome/116.0.1938.76 Safari/537.36"
40.77.167.241 - - [14/Jun/2025:19:00:06 +0300] "GET /index.php?shopdetail/75291248919 HTTP/2" 404 1251 "-" "Mozilla/5.0 AppleWebKit/537.36 (KHTML, like Gecko; compatible; bingbot/2.0; +http://www.bing.com/bingbot.htm) Chrome/116.0.1938.76 Safari/537.36"
40.77.167.241 - - [14/Jun/2025:19:00:07 +0300] "GET /index.php?shopdetail/1297520681 HTTP/2" 404 1251 "-" "Mozilla/5.0 AppleWebKit/537.36 (KHTML, like Gecko; compatible; bingbot/2.0; +http://www.bing.com/bingbot.htm) Chrome/116.0.1938.76 Safari/537.36"
57.141.0.16 - - [14/Jun/2025:19:00:08 +0300] "GET /index.php?shopdetail/48730216858 HTTP/2" 404 1251 "-" "meta-externalagent/1.1 (+https://developers.facebook.com/docs/sharing/webmasters/crawler)"
57.141.0.24 - - [14/Jun/2025:19:00:49 +0300] "GET /index.php?shopdetail/3441952559 HTTP/2" 404 1251 "-" "meta-externalagent/1.1 (+https://developers.facebook.com/docs/sharing/webmasters/crawler)"
157.55.39.12 - - [14/Jun/2025:18:54:58 +0300] "GET /index.php?shopdetail/4475442797 HTTP/2" 404 1251 "-" "Mozilla/5.0 AppleWebKit/537.36 (KHTML, like Gecko; compatible; bingbot/2.0; +http://www.bing.com/bingbot.htm) Chrome/116.0.1938.76 Safari/537.36"
157.55.39.12 - - [14/Jun/2025:18:55:47 +0300] "GET /index.php?shopdetail/44754204766 HTTP/2" 404 1251 "-" "Mozilla/5.0 AppleWebKit/537.36 (KHTML, like Gecko; compatible; bingbot/2.0; +http://www.bing.com/bingbot.htm) Chrome/116.0.1938.76 Safari/537.36"
