52.167.144.235 - - [14/Jun/2025:19:26:11 +0300] "GET /index.php?shopdetail/487305759 HTTP/2" 404 1251 "-" "Mozilla/5.0 AppleWebKit/537.36 (KHTML, like Gecko; compatible; bingbot/2.0; +http://www.bing.com/bingbot.htm) Chrome/116.0.1938.76 Safari/537.36"
147.135.212.201 - - [14/Jun/2025:19:26:12 +0300] "GET /smini.php?action=edit&file=radio.php&belekmata=/home/coinhaber/public_html/wp-content/plugins/zoszfjxutt HTTP/1.1" 200 512 "-" "Mozilla/5.0 (compatible; MJ12bot/v1.4.8; http://mj12bot.com/)"
147.135.212.201 - - [14/Jun/2025:19:26:19 +0300] "GET /smini.php?action=edit&file=radio.php&belekmata=/home/coinhaber/public_html/wp-content/plugins/ztpvvwnrog HTTP/1.1" 200 512 "-" "Mozilla/5.0 (compatible; MJ12bot/v1.4.8; http://mj12bot.com/)"
66.249.64.129 - - [14/Jun/2025:19:26:39 +0300] "GET /ammika.php?31477169184.htm HTTP/1.1" 404 1251 "-" "Mozilla/5.0 (Linux; Android 6.0.1; Nexus 5X Build/MMB29P) AppleWebKit/537.36 (KHTML, like Gecko) Chrome/136.0.7103.113 Mobile Safari/537.36 (compatible; Googlebot/2.1; +http://www.google.com/bot.html)"
57.141.0.7 - - [14/Jun/2025:19:26:48 +0300] "GET /index.php?shopdetail/44754175116 HTTP/2" 404 1251 "-" "meta-externalagent/1.1 (+https://developers.facebook.com/docs/sharing/webmasters/crawler)"
40.77.167.159 - - [14/Jun/2025:19:27:21 +0300] "GET /index.php?shopdetail/26964215979 HTTP/2" 404 1251 "-" "Mozilla/5.0 AppleWebKit/537.36 (KHTML, like Gecko; compatible; bingbot/2.0; +http://www.bing.com/bingbot.htm) Chrome/116.0.1938.76 Safari/537.36"
57.141.0.24 - - [14/Jun/2025:19:27:24 +0300] "GET /index.php?shopdetail/13459277610 HTTP/2" 404 1251 "-" "meta-externalagent/1.1 (+https://developers.facebook.com/docs/sharing/webmasters/crawler)"
57.141.0.2 - - [14/Jun/2025:19:27:28 +0300] "GET /index.php?shopdetail/4873068906 HTTP/2" 404 1251 "-" "meta-externalagent/1.1 (+https://developers.facebook.com/docs/sharing/webmasters/crawler)"
66.249.64.129 - - [14/Jun/2025:19:27:33 +0300] "GET /ammika.php?63944276087.htm HTTP/1.1" 404 1251 "-" "Mozilla/5.0 (Linux; Android 6.0.1; Nexus 5X Build/MMB29P) AppleWebKit/537.36 (KHTML, like Gecko) Chrome/136.0.7103.113 Mobile Safari/537.36 (compatible; Googlebot/2.1; +http://www.google.com/bot.html)"
40.77.167.159 - - [14/Jun/2025:19:27:49 +0300] "GET /index.php?shopdetail/75291250323 HTTP/2" 404 1251 "-" "Mozilla/5.0 AppleWebKit/537.36 (KHTML, like Gecko; compatible; bingbot/2.0; +http://www.bing.com/bingbot.htm) Chrome/116.0.1938.76 Safari/537.36"
147.135.212.201 - - [14/Jun/2025:19:27:50 +0300] "GET /smini.php?action=edit&file=ranlib&belekmata=/home/coinhaber/public_html/hex_sym404/root/bin HTTP/1.1" 200 26374 "-" "Mozilla/5.0 (compatible; MJ12bot/v1.4.8; http://mj12bot.com/)"
147.135.212.201 - - [14/Jun/2025:19:27:54 +0300] "GET /smini.php?action=edit&file=raw&belekmata=/home/coinhaber/public_html/hex_sym404/root/bin HTTP/1.1" 200 6246 "-" "Mozilla/5.0 (compatible; MJ12bot/v1.4.8; http://mj12bot.com/)"
147.135.212.201 - - [14/Jun/2025:19:27:59 +0300] "GET /smini.php?action=edit&file=rcrt1.o&belekmata=/home/coinhaber/public_html/hex_sym404/root/lib64 HTTP/1.1" 200 1966 "-" "Mozilla/5.0 (compatible; MJ12bot/v1.4.8; http://mj12bot.com/)"
147.135.212.201 - - [14/Jun/2025:19:28:04 +0300] "GET /smini.php?action=edit&file=readelf&belekmata=/home/coinhaber/public_html/hex_sym404/root/bin HTTP/1.1" 200 237297 "-" "Mozilla/5.0 (compatible; MJ12bot/v1.4.8; http://mj12bot.com/)"
147.135.212.201 - - [14/Jun/2025:19:28:11 +0300] "GET /smini.php?action=edit&file=readlink&belekmata=/home/coinhaber/public_html/hex_sym404/root/bin HTTP/1.1" 200 20090 "-" "Mozilla/5.0 (compatible; MJ12bot/v1.4.8; http://mj12bot.com/)"
216.73.216.64 - - [14/Jun/2025:19:27:51 +0300] "GET /shopdetail/6799411318 HTTP/2" 404 1251 "-" "Mozilla/5.0 AppleWebKit/537.36 (KHTML, like Gecko; compatible; ClaudeBot/1.0; +claudebot@anthropic.com)"
216.73.216.64 - - [14/Jun/2025:19:27:51 +0300] "GET /shopdetail/6799420252 HTTP/2" 404 1251 "-" "Mozilla/5.0 AppleWebKit/537.36 (KHTML, like Gecko; compatible; ClaudeBot/1.0; +claudebot@anthropic.com)"
216.73.216.64 - - [14/Jun/2025:19:27:51 +0300] "GET /shopdetail/44754133127 HTTP/2" 404 1251 "-" "Mozilla/5.0 AppleWebKit/537.36 (KHTML, like Gecko; compatible; ClaudeBot/1.0; +claudebot@anthropic.com)"
216.73.216.64 - - [14/Jun/2025:19:27:51 +0300] "GET /shopdetail/34419108368 HTTP/2" 404 1251 "-" "Mozilla/5.0 AppleWebKit/537.36 (KHTML, like Gecko; compatible; ClaudeBot/1.0; +claudebot@anthropic.com)"
216.73.216.64 - - [14/Jun/2025:19:27:51 +0300] "GET /shopdetail/98394157601 HTTP/2" 404 1251 "-" "Mozilla/5.0 AppleWebKit/537.36 (KHTML, like Gecko; compatible; ClaudeBot/1.0; +claudebot@anthropic.com)"
216.73.216.64 - - [14/Jun/2025:19:27:52 +0300] "GET /shopdetail/3441916804 HTTP/2" 404 1251 "-" "Mozilla/5.0 AppleWebKit/537.36 (KHTML, like Gecko; compatible; ClaudeBot/1.0; +claudebot@anthropic.com)"
216.73.216.64 - - [14/Jun/2025:19:27:52 +0300] "GET /shopdetail/12975294814 HTTP/2" 404 1251 "-" "Mozilla/5.0 AppleWebKit/537.36 (KHTML, like Gecko; compatible; ClaudeBot/1.0; +claudebot@anthropic.com)"
216.73.216.64 - - [14/Jun/2025:19:27:52 +0300] "GET /shopdetail/48730243546 HTTP/2" 404 1251 "-" "Mozilla/5.0 AppleWebKit/537.36 (KHTML, like Gecko; compatible; ClaudeBot/1.0; +claudebot@anthropic.com)"
216.73.216.64 - - [14/Jun/2025:19:27:52 +0300] "GET /shopdetail/60862294833 HTTP/2" 404 1251 "-" "Mozilla/5.0 AppleWebKit/537.36 (KHTML, like Gecko; compatible; ClaudeBot/1.0; +claudebot@anthropic.com)"
216.73.216.64 - - [14/Jun/2025:19:27:52 +0300] "GET /shopdetail/6799429360 HTTP/2" 404 1251 "-" "Mozilla/5.0 AppleWebKit/537.36 (KHTML, like Gecko; compatible; ClaudeBot/1.0; +claudebot@anthropic.com)"
216.73.216.64 - - [14/Jun/2025:19:27:53 +0300] "GET /shopdetail/34419256513 HTTP/2" 404 1251 "-" "Mozilla/5.0 AppleWebKit/537.36 (KHTML, like Gecko; compatible; ClaudeBot/1.0; +claudebot@anthropic.com)"
216.73.216.64 - - [14/Jun/2025:19:27:53 +0300] "GET /shopdetail/67994227588 HTTP/2" 404 1251 "-" "Mozilla/5.0 AppleWebKit/537.36 (KHTML, like Gecko; compatible; ClaudeBot/1.0; +claudebot@anthropic.com)"
216.73.216.64 - - [14/Jun/2025:19:27:53 +0300] "GET /shopdetail/9839474940 HTTP/2" 404 1251 "-" "Mozilla/5.0 AppleWebKit/537.36 (KHTML, like Gecko; compatible; ClaudeBot/1.0; +claudebot@anthropic.com)"
216.73.216.64 - - [14/Jun/2025:19:27:53 +0300] "GET /shopdetail/26964136478 HTTP/2" 404 1251 "-" "Mozilla/5.0 AppleWebKit/537.36 (KHTML, like Gecko; compatible; ClaudeBot/1.0; +claudebot@anthropic.com)"
216.73.216.64 - - [14/Jun/2025:19:27:54 +0300] "GET /shopdetail/34419244546 HTTP/2" 404 1251 "-" "Mozilla/5.0 AppleWebKit/537.36 (KHTML, like Gecko; compatible; ClaudeBot/1.0; +claudebot@anthropic.com)"
216.73.216.64 - - [14/Jun/2025:19:27:55 +0300] "GET /shopdetail/487305097 HTTP/2" 404 1251 "-" "Mozilla/5.0 AppleWebKit/537.36 (KHTML, like Gecko; compatible; ClaudeBot/1.0; +claudebot@anthropic.com)"
216.73.216.64 - - [14/Jun/2025:19:27:55 +0300] "GET /shopdetail/2696489797 HTTP/2" 404 1251 "-" "Mozilla/5.0 AppleWebKit/537.36 (KHTML, like Gecko; compatible; ClaudeBot/1.0; +claudebot@anthropic.com)"
216.73.216.64 - - [14/Jun/2025:19:27:55 +0300] "GET /shopdetail/12975198198 HTTP/2" 404 1251 "-" "Mozilla/5.0 AppleWebKit/537.36 (KHTML, like Gecko; compatible; ClaudeBot/1.0; +claudebot@anthropic.com)"
216.73.216.64 - - [14/Jun/2025:19:27:55 +0300] "GET /shopdetail/34419267565 HTTP/2" 404 1251 "-" "Mozilla/5.0 AppleWebKit/537.36 (KHTML, like Gecko; compatible; ClaudeBot/1.0; +claudebot@anthropic.com)"
57.141.0.10 - - [14/Jun/2025:19:28:41 +0300] "GET /index.php?shopdetail/13459101184 HTTP/2" 404 1251 "-" "meta-externalagent/1.1 (+https://developers.facebook.com/docs/sharing/webmasters/crawler)"
157.55.39.10 - - [14/Jun/2025:19:28:11 +0300] "GET /index.php?shopdetail/3441996159 HTTP/2" 404 1251 "-" "Mozilla/5.0 AppleWebKit/537.36 (KHTML, like Gecko; compatible; bingbot/2.0; +http://www.bing.com/bingbot.htm) Chrome/116.0.1938.76 Safari/537.36"
44.213.105.61 - - [14/Jun/2025:19:28:12 +0300] "GET /.git/config HTTP/1.1" 403 1242 "-" "Mozilla/5.0 (iPad; CPU OS 8_4_1 like Mac OS X) AppleWebKit/600.1.4 (KHTML, like Gecko) Version/8.0 Mobile/12H321 Safari/600.1.4"
147.135.212.201 - - [14/Jun/2025:19:28:16 +0300] "GET /smini.php?action=edit&file=readme.txt&belekmata=/home/coinhaber/public_html/wp-content/plugins/customizer-search HTTP/1.1" 200 1434 "-" "Mozilla/5.0 (compatible; MJ12bot/v1.4.8; http://mj12bot.com/)"
147.135.212.201 - - [14/Jun/2025:19:28:22 +0300] "GET /smini.php?action=edit&file=readme.txt&belekmata=/home/coinhaber/public_html/wp-content/plugins/file-manager-advanced HTTP/1.1" 200 7983 "-" "Mozilla/5.0 (compatible; MJ12bot/v1.4.8; http://mj12bot.com/)"
147.135.212.201 - - [14/Jun/2025:19:28:27 +0300] "GET /smini.php?action=edit&file=readme.txt&belekmata=/home/coinhaber/public_html/wp-content/plugins/filester HTTP/1.1" 200 4212 "-" "Mozilla/5.0 (compatible; MJ12bot/v1.4.8; http://mj12bot.com/)"
147.135.212.201 - - [14/Jun/2025:19:28:31 +0300] "GET /smini.php?action=edit&file=readme.txt&belekmata=/home/coinhaber/public_html/wp-content/plugins/protect-uploads HTTP/1.1" 200 1508 "-" "Mozilla/5.0 (compatible; MJ12bot/v1.4.8; http://mj12bot.com/)"
147.135.212.201 - - [14/Jun/2025:19:28:36 +0300] "GET /smini.php?action=edit&file=readme.txt&belekmata=/home/coinhaber/public_html/wp-content/plugins/wp-file-manager HTTP/1.1" 200 5835 "-" "Mozilla/5.0 (compatible; MJ12bot/v1.4.8; http://mj12bot.com/)"
147.135.212.201 - - [14/Jun/2025:19:28:42 +0300] "GET /smini.php?action=edit&file=realpath&belekmata=/home/coinhaber/public_html/hex_sym404/root/bin HTTP/1.1" 200 21246 "-" "Mozilla/5.0 (compatible; MJ12bot/v1.4.8; http://mj12bot.com/)"
147.135.212.201 - - [14/Jun/2025:19:28:46 +0300] "GET /smini.php?action=edit&file=recode&belekmata=/home/coinhaber/public_html/hex_sym404/root/bin HTTP/1.1" 200 19152 "-" "Mozilla/5.0 (compatible; MJ12bot/v1.4.8; http://mj12bot.com/)"
147.135.212.201 - - [14/Jun/2025:19:28:50 +0300] "GET /smini.php?action=edit&file=redirref.png&belekmata=/home/coinhaber/tmp/analog HTTP/1.1" 200 1893 "-" "Mozilla/5.0 (compatible; MJ12bot/v1.4.8; http://mj12bot.com/)"
147.135.212.201 - - [14/Jun/2025:19:28:55 +0300] "GET /smini.php?action=edit&file=redux-routine.js&belekmata=/home/coinhaber/public_html/wp-includes/js/dist HTTP/1.1" 200 6224 "-" "Mozilla/5.0 (compatible; MJ12bot/v1.4.8; http://mj12bot.com/)"
147.135.212.201 - - [14/Jun/2025:19:29:00 +0300] "GET /smini.php?action=edit&file=redux-routine.min.js&belekmata=/home/coinhaber/public_html/wp-includes/js/dist HTTP/1.1" 200 3458 "-" "Mozilla/5.0 (compatible; MJ12bot/v1.4.8; http://mj12bot.com/)"
147.135.212.201 - - [14/Jun/2025:19:29:04 +0300] "GET /smini.php?action=edit&file=refsite.png&belekmata=/home/coinhaber/tmp/analog HTTP/1.1" 200 1730 "-" "Mozilla/5.0 (compatible; MJ12bot/v1.4.8; http://mj12bot.com/)"
147.135.212.201 - - [14/Jun/2025:19:29:08 +0300] "GET /smini.php?action=edit&file=registration-functions.php&belekmata=/home/coinhaber/www/wp-includes HTTP/1.1" 200 649 "-" "Mozilla/5.0 (compatible; MJ12bot/v1.4.8; http://mj12bot.com/)"
157.55.39.10 - - [14/Jun/2025:19:29:11 +0300] "GET /index.php?shopdetail/67994206202 HTTP/2" 404 1251 "-" "Mozilla/5.0 AppleWebKit/537.36 (KHTML, like Gecko; compatible; bingbot/2.0; +http://www.bing.com/bingbot.htm) Chrome/116.0.1938.76 Safari/537.36"
147.135.212.201 - - [14/Jun/2025:19:29:12 +0300] "GET /smini.php?action=edit&file=registration.php&belekmata=/home/coinhaber/www/wp-includes HTTP/1.1" 200 644 "-" "Mozilla/5.0 (compatible; MJ12bot/v1.4.8; http://mj12bot.com/)"
147.135.212.201 - - [14/Jun/2025:19:29:16 +0300] "GET /smini.php?action=edit&file=relayhosts&belekmata=/home/coinhaber/public_html/hex_sym404/root/etc HTTP/1.1" 200 441 "-" "Mozilla/5.0 (compatible; MJ12bot/v1.4.8; http://mj12bot.com/)"
147.135.212.201 - - [14/Jun/2025:19:29:21 +0300] "GET /smini.php?action=edit&file=rename&belekmata=/home/coinhaber/public_html/hex_sym404/root/bin HTTP/1.1" 200 6463 "-" "Mozilla/5.0 (compatible; MJ12bot/v1.4.8; http://mj12bot.com/)"
147.135.212.201 - - [14/Jun/2025:19:29:25 +0300] "GET /smini.php?action=edit&file=renew-dummy-cert&belekmata=/home/coinhaber/public_html/hex_sym404/root/bin HTTP/1.1" 200 933 "-" "Mozilla/5.0 (compatible; MJ12bot/v1.4.8; http://mj12bot.com/)"
40.77.167.159 - - [14/Jun/2025:19:28:49 +0300] "GET /index.php?shopdetail/67994223237 HTTP/2" 404 1251 "-" "Mozilla/5.0 AppleWebKit/537.36 (KHTML, like Gecko; compatible; bingbot/2.0; +http://www.bing.com/bingbot.htm) Chrome/116.0.1938.76 Safari/537.36"
40.77.167.159 - - [14/Jun/2025:19:28:59 +0300] "GET /index.php?shopdetail/13459226447 HTTP/2" 404 1251 "-" "Mozilla/5.0 AppleWebKit/537.36 (KHTML, like Gecko; compatible; bingbot/2.0; +http://www.bing.com/bingbot.htm) Chrome/116.0.1938.76 Safari/537.36"
157.55.39.10 - - [14/Jun/2025:19:29:40 +0300] "GET /index.php?shopdetail/7529185892 HTTP/2" 404 1251 "-" "Mozilla/5.0 AppleWebKit/537.36 (KHTML, like Gecko; compatible; bingbot/2.0; +http://www.bing.com/bingbot.htm) Chrome/116.0.1938.76 Safari/537.36"
157.55.39.10 - - [14/Jun/2025:19:29:51 +0300] "GET /index.php?shopdetail/7529199117 HTTP/2" 404 1251 "-" "Mozilla/5.0 AppleWebKit/537.36 (KHTML, like Gecko; compatible; bingbot/2.0; +http://www.bing.com/bingbot.htm) Chrome/116.0.1938.76 Safari/537.36"
157.55.39.10 - - [14/Jun/2025:19:30:00 +0300] "GET /index.php?shopdetail/2696431195 HTTP/2" 404 1251 "-" "Mozilla/5.0 AppleWebKit/537.36 (KHTML, like Gecko; compatible; bingbot/2.0; +http://www.bing.com/bingbot.htm) Chrome/116.0.1938.76 Safari/537.36"
40.77.167.159 - - [14/Jun/2025:19:30:21 +0300] "GET /index.php?shopdetail/7529160341 HTTP/2" 404 1251 "-" "Mozilla/5.0 AppleWebKit/537.36 (KHTML, like Gecko; compatible; bingbot/2.0; +http://www.bing.com/bingbot.htm) Chrome/116.0.1938.76 Safari/537.36"
40.77.167.159 - - [14/Jun/2025:19:31:10 +0300] "GET /index.php?shopdetail/12975202951 HTTP/2" 404 1251 "-" "Mozilla/5.0 AppleWebKit/537.36 (KHTML, like Gecko; compatible; bingbot/2.0; +http://www.bing.com/bingbot.htm) Chrome/116.0.1938.76 Safari/537.36"
40.77.167.159 - - [14/Jun/2025:19:31:40 +0300] "GET /index.php?shopdetail/44754269945 HTTP/2" 404 1251 "-" "Mozilla/5.0 AppleWebKit/537.36 (KHTML, like Gecko; compatible; bingbot/2.0; +http://www.bing.com/bingbot.htm) Chrome/116.0.1938.76 Safari/537.36"
157.55.39.10 - - [14/Jun/2025:19:32:00 +0300] "GET /index.php?shopdetail/3441969172 HTTP/2" 404 1251 "-" "Mozilla/5.0 AppleWebKit/537.36 (KHTML, like Gecko; compatible; bingbot/2.0; +http://www.bing.com/bingbot.htm) Chrome/116.0.1938.76 Safari/537.36"
57.141.0.11 - - [14/Jun/2025:19:32:12 +0300] "GET /index.php?shopdetail/1345910019 HTTP/2" 404 1251 "-" "meta-externalagent/1.1 (+https://developers.facebook.com/docs/sharing/webmasters/crawler)"
57.141.0.12 - - [14/Jun/2025:19:32:31 +0300] "GET /index.php?shopdetail/48730248721 HTTP/2" 404 1251 "-" "meta-externalagent/1.1 (+https://developers.facebook.com/docs/sharing/webmasters/crawler)"
40.77.167.159 - - [14/Jun/2025:19:33:11 +0300] "GET /index.php?shopdetail/60862231963 HTTP/2" 404 1251 "-" "Mozilla/5.0 AppleWebKit/537.36 (KHTML, like Gecko; compatible; bingbot/2.0; +http://www.bing.com/bingbot.htm) Chrome/116.0.1938.76 Safari/537.36"
207.46.13.52 - - [14/Jun/2025:19:33:21 +0300] "GET /index.php?shopdetail/6086256205 HTTP/2" 404 1251 "-" "Mozilla/5.0 AppleWebKit/537.36 (KHTML, like Gecko; compatible; bingbot/2.0; +http://www.bing.com/bingbot.htm) Chrome/116.0.1938.76 Safari/537.36"
40.77.167.159 - - [14/Jun/2025:19:33:50 +0300] "GET /index.php?shopdetail/48730136417 HTTP/2" 404 1251 "-" "Mozilla/5.0 AppleWebKit/537.36 (KHTML, like Gecko; compatible; bingbot/2.0; +http://www.bing.com/bingbot.htm) Chrome/116.0.1938.76 Safari/537.36"
40.77.167.159 - - [14/Jun/2025:19:33:50 +0300] "GET /index.php?shopdetail/75291164197 HTTP/2" 404 1251 "-" "Mozilla/5.0 AppleWebKit/537.36 (KHTML, like Gecko; compatible; bingbot/2.0; +http://www.bing.com/bingbot.htm) Chrome/116.0.1938.76 Safari/537.36"
40.77.167.159 - - [14/Jun/2025:19:33:51 +0300] "GET /index.php?shopdetail/48730219431 HTTP/2" 404 1251 "-" "Mozilla/5.0 AppleWebKit/537.36 (KHTML, like Gecko; compatible; bingbot/2.0; +http://www.bing.com/bingbot.htm) Chrome/116.0.1938.76 Safari/537.36"
40.77.167.159 - - [14/Jun/2025:19:34:23 +0300] "GET /index.php?shopdetail/13459266118 HTTP/2" 404 1251 "-" "Mozilla/5.0 AppleWebKit/537.36 (KHTML, like Gecko; compatible; bingbot/2.0; +http://www.bing.com/bingbot.htm) Chrome/116.0.1938.76 Safari/537.36"
40.77.167.159 - - [14/Jun/2025:19:34:24 +0300] "GET /index.php?shopdetail/75291215869 HTTP/2" 404 1251 "-" "Mozilla/5.0 AppleWebKit/537.36 (KHTML, like Gecko; compatible; bingbot/2.0; +http://www.bing.com/bingbot.htm) Chrome/116.0.1938.76 Safari/537.36"
57.141.0.1 - - [14/Jun/2025:19:35:07 +0300] "GET /index.php?shopdetail/4873029713 HTTP/2" 404 1251 "-" "meta-externalagent/1.1 (+https://developers.facebook.com/docs/sharing/webmasters/crawler)"
40.77.167.159 - - [14/Jun/2025:19:35:22 +0300] "GET /index.php?shopdetail/1297569737 HTTP/2" 404 1251 "-" "Mozilla/5.0 AppleWebKit/537.36 (KHTML, like Gecko; compatible; bingbot/2.0; +http://www.bing.com/bingbot.htm) Chrome/116.0.1938.76 Safari/537.36"
198.98.53.81 - - [14/Jun/2025:19:35:20 +0300] "GET /wp-login.php HTTP/1.1" 302 0 "-" "Mozilla/5.0 (Windows NT 6.2; WOW64) AppleWebKit/537.36 (KHTML, like Gecko) Chrome/36.0.1985.125 Safari/537.36"
198.98.53.81 - - [14/Jun/2025:19:35:24 +0300] "GET /wp-admin/install.php HTTP/1.1" 200 13408 "-" "Mozilla/5.0 (Windows NT 6.2; WOW64) AppleWebKit/537.36 (KHTML, like Gecko) Chrome/36.0.1985.125 Safari/537.36"
198.98.53.81 - - [14/Jun/2025:19:35:49 +0300] "POST /wp-login.php HTTP/1.1" 403 1242 "-" "Mozilla/5.0 (Windows NT 6.2; WOW64) AppleWebKit/537.36 (KHTML, like Gecko) Chrome/36.0.1985.125 Safari/537.36"
198.98.53.81 - - [14/Jun/2025:19:35:50 +0300] "GET /wp-admin/themes.php HTTP/1.1" 302 0 "-" "python-requests/2.27.1"
198.98.53.81 - - [14/Jun/2025:19:35:56 +0300] "GET /wp-admin/install.php HTTP/1.1" 200 4585 "-" "python-requests/2.27.1"
198.98.53.81 - - [14/Jun/2025:19:36:21 +0300] "GET /wp-admin/plugin-install.php?tab=upload HTTP/1.1" 302 0 "-" "python-requests/2.27.1"
57.141.0.22 - - [14/Jun/2025:19:36:47 +0300] "GET /index.php?shopdetail/7529133655 HTTP/2" 404 1251 "-" "meta-externalagent/1.1 (+https://developers.facebook.com/docs/sharing/webmasters/crawler)"
198.98.53.81 - - [14/Jun/2025:19:36:26 +0300] "GET /wp-admin/install.php HTTP/1.1" 200 4585 "-" "python-requests/2.27.1"
57.141.0.30 - - [14/Jun/2025:19:37:43 +0300] "GET /index.php?shopdetail/75291197026 HTTP/2" 404 1251 "-" "meta-externalagent/1.1 (+https://developers.facebook.com/docs/sharing/webmasters/crawler)"
40.77.167.55 - - [14/Jun/2025:19:38:03 +0300] "GET /index.php?shopdetail/4475411865 HTTP/2" 404 1251 "-" "Mozilla/5.0 AppleWebKit/537.36 (KHTML, like Gecko; compatible; bingbot/2.0; +http://www.bing.com/bingbot.htm) Chrome/116.0.1938.76 Safari/537.36"
216.73.216.64 - - [14/Jun/2025:19:38:44 +0300] "GET /shopdetail/7529135227 HTTP/2" 404 1251 "-" "Mozilla/5.0 AppleWebKit/537.36 (KHTML, like Gecko; compatible; ClaudeBot/1.0; +claudebot@anthropic.com)"
216.73.216.64 - - [14/Jun/2025:19:38:44 +0300] "GET /shopdetail/48730125682 HTTP/2" 404 1251 "-" "Mozilla/5.0 AppleWebKit/537.36 (KHTML, like Gecko; compatible; ClaudeBot/1.0; +claudebot@anthropic.com)"
216.73.216.64 - - [14/Jun/2025:19:38:44 +0300] "GET /shopdetail/75291260809 HTTP/2" 404 1251 "-" "Mozilla/5.0 AppleWebKit/537.36 (KHTML, like Gecko; compatible; ClaudeBot/1.0; +claudebot@anthropic.com)"
216.73.216.64 - - [14/Jun/2025:19:38:44 +0300] "GET /shopdetail/12975292273 HTTP/2" 404 1251 "-" "Mozilla/5.0 AppleWebKit/537.36 (KHTML, like Gecko; compatible; ClaudeBot/1.0; +claudebot@anthropic.com)"
216.73.216.64 - - [14/Jun/2025:19:38:44 +0300] "GET /shopdetail/12975271133 HTTP/2" 404 1251 "-" "Mozilla/5.0 AppleWebKit/537.36 (KHTML, like Gecko; compatible; ClaudeBot/1.0; +claudebot@anthropic.com)"
216.73.216.64 - - [14/Jun/2025:19:38:46 +0300] "GET /shopdetail/75291211710 HTTP/2" 404 1251 "-" "Mozilla/5.0 AppleWebKit/537.36 (KHTML, like Gecko; compatible; ClaudeBot/1.0; +claudebot@anthropic.com)"
216.73.216.64 - - [14/Jun/2025:19:38:46 +0300] "GET /shopdetail/75291237435 HTTP/2" 404 1251 "-" "Mozilla/5.0 AppleWebKit/537.36 (KHTML, like Gecko; compatible; ClaudeBot/1.0; +claudebot@anthropic.com)"
216.73.216.64 - - [14/Jun/2025:19:38:46 +0300] "GET /shopdetail/48730227526 HTTP/2" 404 1251 "-" "Mozilla/5.0 AppleWebKit/537.36 (KHTML, like Gecko; compatible; ClaudeBot/1.0; +claudebot@anthropic.com)"
216.73.216.64 - - [14/Jun/2025:19:38:46 +0300] "GET /shopdetail/487308938 HTTP/2" 404 1251 "-" "Mozilla/5.0 AppleWebKit/537.36 (KHTML, like Gecko; compatible; ClaudeBot/1.0; +claudebot@anthropic.com)"
216.73.216.64 - - [14/Jun/2025:19:38:46 +0300] "GET /shopdetail/9839449091 HTTP/2" 404 1251 "-" "Mozilla/5.0 AppleWebKit/537.36 (KHTML, like Gecko; compatible; ClaudeBot/1.0; +claudebot@anthropic.com)"
216.73.216.64 - - [14/Jun/2025:19:38:47 +0300] "GET /shopdetail/7529136934 HTTP/2" 404 1251 "-" "Mozilla/5.0 AppleWebKit/537.36 (KHTML, like Gecko; compatible; ClaudeBot/1.0; +claudebot@anthropic.com)"
216.73.216.64 - - [14/Jun/2025:19:38:47 +0300] "GET /shopdetail/1345984502 HTTP/2" 404 1251 "-" "Mozilla/5.0 AppleWebKit/537.36 (KHTML, like Gecko; compatible; ClaudeBot/1.0; +claudebot@anthropic.com)"
216.73.216.64 - - [14/Jun/2025:19:38:47 +0300] "GET /shopdetail/12975278428 HTTP/2" 404 1251 "-" "Mozilla/5.0 AppleWebKit/537.36 (KHTML, like Gecko; compatible; ClaudeBot/1.0; +claudebot@anthropic.com)"
216.73.216.64 - - [14/Jun/2025:19:38:47 +0300] "GET /shopdetail/12975230974 HTTP/2" 404 1251 "-" "Mozilla/5.0 AppleWebKit/537.36 (KHTML, like Gecko; compatible; ClaudeBot/1.0; +claudebot@anthropic.com)"
216.73.216.64 - - [14/Jun/2025:19:38:48 +0300] "GET /shopdetail/1297530221 HTTP/2" 404 1251 "-" "Mozilla/5.0 AppleWebKit/537.36 (KHTML, like Gecko; compatible; ClaudeBot/1.0; +claudebot@anthropic.com)"
216.73.216.64 - - [14/Jun/2025:19:38:48 +0300] "GET /shopdetail/6799472737 HTTP/2" 404 1251 "-" "Mozilla/5.0 AppleWebKit/537.36 (KHTML, like Gecko; compatible; ClaudeBot/1.0; +claudebot@anthropic.com)"
216.73.216.64 - - [14/Jun/2025:19:38:48 +0300] "GET /shopdetail/34419154522 HTTP/2" 404 1251 "-" "Mozilla/5.0 AppleWebKit/537.36 (KHTML, like Gecko; compatible; ClaudeBot/1.0; +claudebot@anthropic.com)"
216.73.216.64 - - [14/Jun/2025:19:38:50 +0300] "GET /shopdetail/9839436465 HTTP/2" 404 1251 "-" "Mozilla/5.0 AppleWebKit/537.36 (KHTML, like Gecko; compatible; ClaudeBot/1.0; +claudebot@anthropic.com)"
216.73.216.64 - - [14/Jun/2025:19:38:50 +0300] "GET /shopdetail/13459316756 HTTP/2" 404 1251 "-" "Mozilla/5.0 AppleWebKit/537.36 (KHTML, like Gecko; compatible; ClaudeBot/1.0; +claudebot@anthropic.com)"
57.141.0.9 - - [14/Jun/2025:19:30:37 +0300] "GET /index.php?shopdetail/48730225982 HTTP/2" 404 1251 "-" "meta-externalagent/1.1 (+https://developers.facebook.com/docs/sharing/webmasters/crawler)"
57.141.0.15 - - [14/Jun/2025:19:31:38 +0300] "GET /index.php?shopdetail/48730235827 HTTP/2" 404 1251 "-" "meta-externalagent/1.1 (+https://developers.facebook.com/docs/sharing/webmasters/crawler)"
57.141.0.13 - - [14/Jun/2025:19:33:02 +0300] "GET /index.php?shopdetail/48730263038 HTTP/2" 404 1251 "-" "meta-externalagent/1.1 (+https://developers.facebook.com/docs/sharing/webmasters/crawler)"
57.141.0.20 - - [14/Jun/2025:19:33:12 +0300] "GET /index.php?shopdetail/4873033171 HTTP/2" 404 1251 "-" "meta-externalagent/1.1 (+https://developers.facebook.com/docs/sharing/webmasters/crawler)"
57.141.0.18 - - [14/Jun/2025:19:34:16 +0300] "GET /index.php?shopdetail/13459192567 HTTP/2" 404 1251 "-" "meta-externalagent/1.1 (+https://developers.facebook.com/docs/sharing/webmasters/crawler)"
66.249.64.130 - - [14/Jun/2025:19:34:29 +0300] "GET /ammika.php?53404267360.htm HTTP/1.1" 404 1251 "-" "Mozilla/5.0 (Linux; Android 6.0.1; Nexus 5X Build/MMB29P) AppleWebKit/537.36 (KHTML, like Gecko) Chrome/136.0.7103.113 Mobile Safari/537.36 (compatible; Googlebot/2.1; +http://www.google.com/bot.html)"
40.77.167.159 - - [14/Jun/2025:19:35:00 +0300] "GET /index.php?shopdetail/3441921880 HTTP/2" 404 1251 "-" "Mozilla/5.0 AppleWebKit/537.36 (KHTML, like Gecko; compatible; bingbot/2.0; +http://www.bing.com/bingbot.htm) Chrome/116.0.1938.76 Safari/537.36"
207.46.13.52 - - [14/Jun/2025:19:35:06 +0300] "GET /index.php?shopdetail/6086211103 HTTP/2" 404 1251 "-" "Mozilla/5.0 AppleWebKit/537.36 (KHTML, like Gecko; compatible; bingbot/2.0; +http://www.bing.com/bingbot.htm) Chrome/116.0.1938.76 Safari/537.36"
40.77.167.159 - - [14/Jun/2025:19:35:51 +0300] "GET /index.php?shopdetail/26964123157 HTTP/2" 404 1251 "-" "Mozilla/5.0 AppleWebKit/537.36 (KHTML, like Gecko; compatible; bingbot/2.0; +http://www.bing.com/bingbot.htm) Chrome/116.0.1938.76 Safari/537.36"
57.141.0.21 - - [14/Jun/2025:19:36:04 +0300] "GET /index.php?shopdetail/7529153299 HTTP/2" 404 1251 "-" "meta-externalagent/1.1 (+https://developers.facebook.com/docs/sharing/webmasters/crawler)"
40.77.167.159 - - [14/Jun/2025:19:37:01 +0300] "GET /index.php?shopdetail/48730270635 HTTP/2" 404 1251 "-" "Mozilla/5.0 AppleWebKit/537.36 (KHTML, like Gecko; compatible; bingbot/2.0; +http://www.bing.com/bingbot.htm) Chrome/116.0.1938.76 Safari/537.36"
40.77.167.159 - - [14/Jun/2025:19:37:01 +0300] "GET /index.php?shopdetail/67994271961 HTTP/2" 404 1251 "-" "Mozilla/5.0 AppleWebKit/537.36 (KHTML, like Gecko; compatible; bingbot/2.0; +http://www.bing.com/bingbot.htm) Chrome/116.0.1938.76 Safari/537.36"
207.46.13.52 - - [14/Jun/2025:19:37:20 +0300] "GET /index.php?shopdetail/98394142210 HTTP/2" 404 1251 "-" "Mozilla/5.0 AppleWebKit/537.36 (KHTML, like Gecko; compatible; bingbot/2.0; +http://www.bing.com/bingbot.htm) Chrome/116.0.1938.76 Safari/537.36"
207.46.13.52 - - [14/Jun/2025:19:38:32 +0300] "GET /index.php?shopdetail/34419239967 HTTP/2" 404 1251 "-" "Mozilla/5.0 AppleWebKit/537.36 (KHTML, like Gecko; compatible; bingbot/2.0; +http://www.bing.com/bingbot.htm) Chrome/116.0.1938.76 Safari/537.36"
40.77.167.55 - - [14/Jun/2025:19:39:12 +0300] "GET /index.php?shopdetail/1297511947 HTTP/2" 404 1251 "-" "Mozilla/5.0 AppleWebKit/537.36 (KHTML, like Gecko; compatible; bingbot/2.0; +http://www.bing.com/bingbot.htm) Chrome/116.0.1938.76 Safari/537.36"
57.141.0.9 - - [14/Jun/2025:19:39:25 +0300] "GET /index.php?shopdetail/13459327162 HTTP/2" 404 1251 "-" "meta-externalagent/1.1 (+https://developers.facebook.com/docs/sharing/webmasters/crawler)"
57.141.0.20 - - [14/Jun/2025:19:39:29 +0300] "GET /index.php?shopdetail/75291261114 HTTP/2" 404 1251 "-" "meta-externalagent/1.1 (+https://developers.facebook.com/docs/sharing/webmasters/crawler)"
40.77.167.55 - - [14/Jun/2025:19:39:52 +0300] "GET /index.php?shopdetail/48730269266 HTTP/2" 404 1251 "-" "Mozilla/5.0 AppleWebKit/537.36 (KHTML, like Gecko; compatible; bingbot/2.0; +http://www.bing.com/bingbot.htm) Chrome/116.0.1938.76 Safari/537.36"
40.77.167.55 - - [14/Jun/2025:19:40:11 +0300] "GET /index.php?shopdetail/447543851 HTTP/2" 404 1251 "-" "Mozilla/5.0 AppleWebKit/537.36 (KHTML, like Gecko; compatible; bingbot/2.0; +http://www.bing.com/bingbot.htm) Chrome/116.0.1938.76 Safari/537.36"
207.46.13.52 - - [14/Jun/2025:19:40:15 +0300] "GET /index.php?shopdetail/13459207570 HTTP/2" 404 1251 "-" "Mozilla/5.0 AppleWebKit/537.36 (KHTML, like Gecko; compatible; bingbot/2.0; +http://www.bing.com/bingbot.htm) Chrome/116.0.1938.76 Safari/537.36"
57.141.0.24 - - [14/Jun/2025:19:40:25 +0300] "GET /index.php?shopdetail/48730216319 HTTP/2" 404 1251 "-" "meta-externalagent/1.1 (+https://developers.facebook.com/docs/sharing/webmasters/crawler)"
40.77.167.55 - - [14/Jun/2025:19:40:41 +0300] "GET /index.php?shopdetail/679943203 HTTP/2" 404 1251 "-" "Mozilla/5.0 AppleWebKit/537.36 (KHTML, like Gecko; compatible; bingbot/2.0; +http://www.bing.com/bingbot.htm) Chrome/116.0.1938.76 Safari/537.36"
40.77.167.55 - - [14/Jun/2025:19:40:41 +0300] "GET /index.php?shopdetail/67994231603 HTTP/2" 404 1251 "-" "Mozilla/5.0 AppleWebKit/537.36 (KHTML, like Gecko; compatible; bingbot/2.0; +http://www.bing.com/bingbot.htm) Chrome/116.0.1938.76 Safari/537.36"
57.141.0.26 - - [14/Jun/2025:19:41:13 +0300] "GET /index.php?shopdetail/48730220435 HTTP/2" 404 1251 "-" "meta-externalagent/1.1 (+https://developers.facebook.com/docs/sharing/webmasters/crawler)"
40.77.167.55 - - [14/Jun/2025:19:41:40 +0300] "GET /index.php?shopdetail/6086252897 HTTP/2" 404 1251 "-" "Mozilla/5.0 AppleWebKit/537.36 (KHTML, like Gecko; compatible; bingbot/2.0; +http://www.bing.com/bingbot.htm) Chrome/116.0.1938.76 Safari/537.36"
40.77.167.55 - - [14/Jun/2025:19:41:41 +0300] "GET /index.php?shopdetail/6086271096 HTTP/2" 404 1251 "-" "Mozilla/5.0 AppleWebKit/537.36 (KHTML, like Gecko; compatible; bingbot/2.0; +http://www.bing.com/bingbot.htm) Chrome/116.0.1938.76 Safari/537.36"
40.77.167.55 - - [14/Jun/2025:19:41:41 +0300] "GET /index.php?shopdetail/67994108875 HTTP/2" 404 1251 "-" "Mozilla/5.0 AppleWebKit/537.36 (KHTML, like Gecko; compatible; bingbot/2.0; +http://www.bing.com/bingbot.htm) Chrome/116.0.1938.76 Safari/537.36"
40.77.167.55 - - [14/Jun/2025:19:41:50 +0300] "GET /index.php?shopdetail/26964272311 HTTP/2" 404 1251 "-" "Mozilla/5.0 AppleWebKit/537.36 (KHTML, like Gecko; compatible; bingbot/2.0; +http://www.bing.com/bingbot.htm) Chrome/116.0.1938.76 Safari/537.36"
40.77.167.55 - - [14/Jun/2025:19:42:00 +0300] "GET /search?category=50001 HTTP/2" 404 1251 "-" "Mozilla/5.0 AppleWebKit/537.36 (KHTML, like Gecko; compatible; bingbot/2.0; +http://www.bing.com/bingbot.htm) Chrome/116.0.1938.76 Safari/537.36"
57.141.0.20 - - [14/Jun/2025:19:42:05 +0300] "GET /index.php?shopdetail/13459219311 HTTP/2" 404 1251 "-" "meta-externalagent/1.1 (+https://developers.facebook.com/docs/sharing/webmasters/crawler)"
40.77.167.55 - - [14/Jun/2025:19:42:12 +0300] "GET /index.php?shopdetail/34419231010 HTTP/2" 404 1251 "-" "Mozilla/5.0 AppleWebKit/537.36 (KHTML, like Gecko; compatible; bingbot/2.0; +http://www.bing.com/bingbot.htm) Chrome/116.0.1938.76 Safari/537.36"
40.77.167.55 - - [14/Jun/2025:19:42:12 +0300] "GET /index.php?shopdetail/12975289802 HTTP/2" 404 1251 "-" "Mozilla/5.0 AppleWebKit/537.36 (KHTML, like Gecko; compatible; bingbot/2.0; +http://www.bing.com/bingbot.htm) Chrome/116.0.1938.76 Safari/537.36"
40.77.167.55 - - [14/Jun/2025:19:42:13 +0300] "GET /index.php?shopdetail/26964207987 HTTP/2" 404 1251 "-" "Mozilla/5.0 AppleWebKit/537.36 (KHTML, like Gecko; compatible; bingbot/2.0; +http://www.bing.com/bingbot.htm) Chrome/116.0.1938.76 Safari/537.36"
57.141.0.30 - - [14/Jun/2025:19:43:09 +0300] "GET /index.php?shopdetail/4873083688 HTTP/2" 404 1251 "-" "meta-externalagent/1.1 (+https://developers.facebook.com/docs/sharing/webmasters/crawler)"
207.46.13.52 - - [14/Jun/2025:19:44:06 +0300] "GET /index.php?shopdetail/48730139420 HTTP/2" 404 1251 "-" "Mozilla/5.0 AppleWebKit/537.36 (KHTML, like Gecko; compatible; bingbot/2.0; +http://www.bing.com/bingbot.htm) Chrome/116.0.1938.76 Safari/537.36"
40.77.167.55 - - [14/Jun/2025:19:44:07 +0300] "GET /index.php?shopdetail/9839450619 HTTP/2" 404 1251 "-" "Mozilla/5.0 AppleWebKit/537.36 (KHTML, like Gecko; compatible; bingbot/2.0; +http://www.bing.com/bingbot.htm) Chrome/116.0.1938.76 Safari/537.36"
57.141.0.17 - - [14/Jun/2025:19:44:24 +0300] "GET /index.php?shopdetail/48730213088 HTTP/2" 404 1251 "-" "meta-externalagent/1.1 (+https://developers.facebook.com/docs/sharing/webmasters/crawler)"
40.77.167.55 - - [14/Jun/2025:19:45:11 +0300] "GET /index.php?shopdetail/3441942456 HTTP/2" 404 1251 "-" "Mozilla/5.0 AppleWebKit/537.36 (KHTML, like Gecko; compatible; bingbot/2.0; +http://www.bing.com/bingbot.htm) Chrome/116.0.1938.76 Safari/537.36"
207.46.13.52 - - [14/Jun/2025:19:45:52 +0300] "GET /index.php?shopdetail/48730173872 HTTP/2" 404 1251 "-" "Mozilla/5.0 AppleWebKit/537.36 (KHTML, like Gecko; compatible; bingbot/2.0; +http://www.bing.com/bingbot.htm) Chrome/116.0.1938.76 Safari/537.36"
40.77.167.55 - - [14/Jun/2025:19:46:02 +0300] "GET /index.php?shopdetail/6086293093 HTTP/2" 404 1251 "-" "Mozilla/5.0 AppleWebKit/537.36 (KHTML, like Gecko; compatible; bingbot/2.0; +http://www.bing.com/bingbot.htm) Chrome/116.0.1938.76 Safari/537.36"
57.141.0.5 - - [14/Jun/2025:19:46:07 +0300] "GET /index.php?shopdetail/7529116155 HTTP/2" 404 1251 "-" "meta-externalagent/1.1 (+https://developers.facebook.com/docs/sharing/webmasters/crawler)"
57.141.0.15 - - [14/Jun/2025:19:46:38 +0300] "GET /index.php?shopdetail/4873044141 HTTP/2" 404 1251 "-" "meta-externalagent/1.1 (+https://developers.facebook.com/docs/sharing/webmasters/crawler)"
147.135.212.201 - - [14/Jun/2025:19:46:42 +0300] "GET /smini.php?action=edit&file=renice&belekmata=/home/coinhaber/public_html/hex_sym404/root/bin HTTP/1.1" 200 5817 "-" "Mozilla/5.0 (compatible; MJ12bot/v1.4.8; http://mj12bot.com/)"
57.141.0.10 - - [14/Jun/2025:19:46:44 +0300] "GET /index.php?shopdetail/13459259086 HTTP/2" 404 1251 "-" "meta-externalagent/1.1 (+https://developers.facebook.com/docs/sharing/webmasters/crawler)"
66.249.64.128 - - [14/Jun/2025:19:46:45 +0300] "GET /ammika.php?96021223204.htm HTTP/1.1" 404 1251 "-" "Mozilla/5.0 (Linux; Android 6.0.1; Nexus 5X Build/MMB29P) AppleWebKit/537.36 (KHTML, like Gecko) Chrome/136.0.7103.113 Mobile Safari/537.36 (compatible; Googlebot/2.1; +http://www.google.com/bot.html)"
147.135.212.201 - - [14/Jun/2025:19:46:45 +0300] "GET /smini.php?action=edit&file=req.png&belekmata=/home/coinhaber/tmp/analog HTTP/1.1" 200 1736 "-" "Mozilla/5.0 (compatible; MJ12bot/v1.4.8; http://mj12bot.com/)"
207.46.13.52 - - [14/Jun/2025:19:46:46 +0300] "GET /index.php?shopdetail/1345985838 HTTP/2" 404 1251 "-" "Mozilla/5.0 AppleWebKit/537.36 (KHTML, like Gecko; compatible; bingbot/2.0; +http://www.bing.com/bingbot.htm) Chrome/116.0.1938.76 Safari/537.36"
147.135.212.201 - - [14/Jun/2025:19:46:49 +0300] "GET /smini.php?action=edit&file=reset&belekmata=/home/coinhaber/public_html/hex_sym404/root/bin HTTP/1.1" 200 10571 "-" "Mozilla/5.0 (compatible; MJ12bot/v1.4.8; http://mj12bot.com/)"
147.135.212.201 - - [14/Jun/2025:19:46:52 +0300] "GET /smini.php?action=edit&file=resolv.conf&belekmata=/home/coinhaber/public_html/hex_sym404/root/etc HTTP/1.1" 200 573 "-" "Mozilla/5.0 (compatible; MJ12bot/v1.4.8; http://mj12bot.com/)"
147.135.212.201 - - [14/Jun/2025:19:46:55 +0300] "GET /smini.php?action=edit&file=rest-api.php&belekmata=/home/coinhaber/www/wp-includes HTTP/1.1" 200 23343 "-" "Mozilla/5.0 (compatible; MJ12bot/v1.4.8; http://mj12bot.com/)"
207.46.13.52 - - [14/Jun/2025:19:46:56 +0300] "GET /index.php?shopdetail/6086263823 HTTP/2" 404 1251 "-" "Mozilla/5.0 AppleWebKit/537.36 (KHTML, like Gecko; compatible; bingbot/2.0; +http://www.bing.com/bingbot.htm) Chrome/116.0.1938.76 Safari/537.36"
147.135.212.201 - - [14/Jun/2025:19:46:58 +0300] "GET /smini.php?action=edit&file=reusable-blocks.js&belekmata=/home/coinhaber/public_html/wp-includes/js/dist HTTP/1.1" 200 5537 "-" "Mozilla/5.0 (compatible; MJ12bot/v1.4.8; http://mj12bot.com/)"
147.135.212.201 - - [14/Jun/2025:19:47:01 +0300] "GET /smini.php?action=edit&file=reusable-blocks.min.js&belekmata=/home/coinhaber/public_html/wp-includes/js/dist HTTP/1.1" 200 3122 "-" "Mozilla/5.0 (compatible; MJ12bot/v1.4.8; http://mj12bot.com/)"
147.135.212.201 - - [14/Jun/2025:19:47:05 +0300] "GET /smini.php?action=edit&file=rev&belekmata=/home/coinhaber/public_html/hex_sym404/root/bin HTTP/1.1" 200 5347 "-" "Mozilla/5.0 (compatible; MJ12bot/v1.4.8; http://mj12bot.com/)"
147.135.212.201 - - [14/Jun/2025:19:47:08 +0300] "GET /smini.php?action=edit&file=revision.php&belekmata=/home/coinhaber/www/wp-admin HTTP/1.1" 200 2653 "-" "Mozilla/5.0 (compatible; MJ12bot/v1.4.8; http://mj12bot.com/)"
66.249.64.128 - - [14/Jun/2025:19:47:11 +0300] "GET /ammika.php?5392094908.htm HTTP/1.1" 404 1251 "-" "Mozilla/5.0 (Linux; Android 6.0.1; Nexus 5X Build/MMB29P) AppleWebKit/537.36 (KHTML, like Gecko) Chrome/136.0.7103.113 Mobile Safari/537.36 (compatible; Googlebot/2.1; +http://www.google.com/bot.html)"
147.135.212.201 - - [14/Jun/2025:19:47:12 +0300] "GET /smini.php?action=edit&file=revision.php&belekmata=/home/coinhaber/www/wp-includes HTTP/1.1" 200 8949 "-" "Mozilla/5.0 (compatible; MJ12bot/v1.4.8; http://mj12bot.com/)"
147.135.212.201 - - [14/Jun/2025:19:47:15 +0300] "GET /smini.php?action=edit&file=rewrite.php&belekmata=/home/coinhaber/www/wp-includes HTTP/1.1" 200 6705 "-" "Mozilla/5.0 (compatible; MJ12bot/v1.4.8; http://mj12bot.com/)"
147.135.212.201 - - [14/Jun/2025:19:47:18 +0300] "GET /smini.php?action=edit&file=rich-text.js&belekmata=/home/coinhaber/public_html/wp-includes/js/dist HTTP/1.1" 200 29672 "-" "Mozilla/5.0 (compatible; MJ12bot/v1.4.8; http://mj12bot.com/)"
147.135.212.201 - - [14/Jun/2025:19:47:22 +0300] "GET /smini.php?action=edit&file=rich-text.min.js&belekmata=/home/coinhaber/public_html/wp-includes/js/dist HTTP/1.1" 200 11358 "-" "Mozilla/5.0 (compatible; MJ12bot/v1.4.8; http://mj12bot.com/)"
147.135.212.201 - - [14/Jun/2025:19:47:25 +0300] "GET /smini.php?action=edit&file=ristretto255.php&belekmata=/home/coinhaber/public_html/wp-includes/sodium_compat/lib HTTP/1.1" 200 1337 "-" "Mozilla/5.0 (compatible; MJ12bot/v1.4.8; http://mj12bot.com/)"
147.135.212.201 - - [14/Jun/2025:19:47:28 +0300] "GET /smini.php?action=edit&file=rm&belekmata=/home/coinhaber/public_html/hex_sym404/root/bin HTTP/1.1" 200 31014 "-" "Mozilla/5.0 (compatible; MJ12bot/v1.4.8; http://mj12bot.com/)"
147.135.212.201 - - [14/Jun/2025:19:47:32 +0300] "GET /smini.php?action=edit&file=rmdir&belekmata=/home/coinhaber/public_html/hex_sym404/root/bin HTTP/1.1" 200 19377 "-" "Mozilla/5.0 (compatible; MJ12bot/v1.4.8; http://mj12bot.com/)"
147.135.212.201 - - [14/Jun/2025:19:47:36 +0300] "GET /smini.php?action=edit&file=rnano&belekmata=/home/coinhaber/public_html/hex_sym404/root/bin HTTP/1.1" 200 111626 "-" "Mozilla/5.0 (compatible; MJ12bot/v1.4.8; http://mj12bot.com/)"
147.135.212.201 - - [14/Jun/2025:19:47:40 +0300] "GET /smini.php?action=edit&file=robots-template.php&belekmata=/home/coinhaber/www/wp-includes HTTP/1.1" 200 1717 "-" "Mozilla/5.0 (compatible; MJ12bot/v1.4.8; http://mj12bot.com/)"
147.135.212.201 - - [14/Jun/2025:19:47:44 +0300] "GET /smini.php?action=edit&file=rolleyes.png&belekmata=/home/coinhaber/public_html/wp-includes/images/smilies HTTP/1.1" 200 1661 "-" "Mozilla/5.0 (compatible; MJ12bot/v1.4.8; http://mj12bot.com/)"
57.141.0.12 - - [14/Jun/2025:19:39:27 +0300] "GET /index.php?shopdetail/3441989164 HTTP/2" 404 1251 "-" "meta-externalagent/1.1 (+https://developers.facebook.com/docs/sharing/webmasters/crawler)"
57.141.0.25 - - [14/Jun/2025:19:39:55 +0300] "GET /index.php?shopdetail/48730242693 HTTP/2" 404 1251 "-" "meta-externalagent/1.1 (+https://developers.facebook.com/docs/sharing/webmasters/crawler)"
57.141.0.27 - - [14/Jun/2025:19:39:57 +0300] "GET /index.php?shopdetail/4873057403 HTTP/2" 404 1251 "-" "meta-externalagent/1.1 (+https://developers.facebook.com/docs/sharing/webmasters/crawler)"
66.249.64.129 - - [14/Jun/2025:19:39:58 +0300] "GET /ammika.php?53404108216.htm HTTP/1.1" 404 1251 "-" "Mozilla/5.0 (Linux; Android 6.0.1; Nexus 5X Build/MMB29P) AppleWebKit/537.36 (KHTML, like Gecko) Chrome/136.0.7103.113 Mobile Safari/537.36 (compatible; Googlebot/2.1; +http://www.google.com/bot.html)"
40.77.167.55 - - [14/Jun/2025:19:42:52 +0300] "GET /index.php?shopdetail/4873084340 HTTP/2" 404 1251 "-" "Mozilla/5.0 AppleWebKit/537.36 (KHTML, like Gecko; compatible; bingbot/2.0; +http://www.bing.com/bingbot.htm) Chrome/116.0.1938.76 Safari/537.36"
66.249.64.129 - - [14/Jun/2025:19:42:58 +0300] "GET /ammika.php?6394432083.htm HTTP/1.1" 404 1251 "-" "Mozilla/5.0 (Linux; Android 6.0.1; Nexus 5X Build/MMB29P) AppleWebKit/537.36 (KHTML, like Gecko) Chrome/136.0.7103.113 Mobile Safari/537.36 (compatible; Googlebot/2.1; +http://www.google.com/bot.html)"
57.141.0.4 - - [14/Jun/2025:19:43:00 +0300] "GET /index.php?shopdetail/48730246055 HTTP/2" 404 1251 "-" "meta-externalagent/1.1 (+https://developers.facebook.com/docs/sharing/webmasters/crawler)"
57.141.0.17 - - [14/Jun/2025:19:43:03 +0300] "GET /index.php?shopdetail/48730244242 HTTP/2" 404 1251 "-" "meta-externalagent/1.1 (+https://developers.facebook.com/docs/sharing/webmasters/crawler)"
57.141.0.3 - - [14/Jun/2025:19:43:32 +0300] "GET /index.php?shopdetail/48730255229 HTTP/2" 404 1251 "-" "meta-externalagent/1.1 (+https://developers.facebook.com/docs/sharing/webmasters/crawler)"
57.141.0.18 - - [14/Jun/2025:19:44:50 +0300] "GET /index.php?shopdetail/7529132165 HTTP/2" 404 1251 "-" "meta-externalagent/1.1 (+https://developers.facebook.com/docs/sharing/webmasters/crawler)"
40.77.167.55 - - [14/Jun/2025:19:44:51 +0300] "GET /index.php?shopdetail/7529137912 HTTP/2" 404 1251 "-" "Mozilla/5.0 AppleWebKit/537.36 (KHTML, like Gecko; compatible; bingbot/2.0; +http://www.bing.com/bingbot.htm) Chrome/116.0.1938.76 Safari/537.36"
57.141.0.19 - - [14/Jun/2025:19:46:03 +0300] "GET /index.php?shopdetail/48730264480 HTTP/2" 404 1251 "-" "meta-externalagent/1.1 (+https://developers.facebook.com/docs/sharing/webmasters/crawler)"
40.77.167.55 - - [14/Jun/2025:19:46:42 +0300] "GET /index.php?shopdetail/4475486789 HTTP/2" 404 1251 "-" "Mozilla/5.0 AppleWebKit/537.36 (KHTML, like Gecko; compatible; bingbot/2.0; +http://www.bing.com/bingbot.htm) Chrome/116.0.1938.76 Safari/537.36"
40.77.167.55 - - [14/Jun/2025:19:46:50 +0300] "GET /index.php?shopdetail/6799487758 HTTP/2" 404 1251 "-" "Mozilla/5.0 AppleWebKit/537.36 (KHTML, like Gecko; compatible; bingbot/2.0; +http://www.bing.com/bingbot.htm) Chrome/116.0.1938.76 Safari/537.36"
207.46.13.52 - - [14/Jun/2025:19:48:23 +0300] "GET /index.php?shopdetail/12975175620 HTTP/2" 404 1251 "-" "Mozilla/5.0 AppleWebKit/537.36 (KHTML, like Gecko; compatible; bingbot/2.0; +http://www.bing.com/bingbot.htm) Chrome/116.0.1938.76 Safari/537.36"
216.73.216.64 - - [14/Jun/2025:19:48:59 +0300] "GET /shopdetail/13459302885 HTTP/2" 404 1251 "-" "Mozilla/5.0 AppleWebKit/537.36 (KHTML, like Gecko; compatible; ClaudeBot/1.0; +claudebot@anthropic.com)"
216.73.216.64 - - [14/Jun/2025:19:48:59 +0300] "GET /shopdetail/60862230100 HTTP/2" 404 1251 "-" "Mozilla/5.0 AppleWebKit/537.36 (KHTML, like Gecko; compatible; ClaudeBot/1.0; +claudebot@anthropic.com)"
216.73.216.64 - - [14/Jun/2025:19:48:59 +0300] "GET /shopdetail/67994176216 HTTP/2" 404 1251 "-" "Mozilla/5.0 AppleWebKit/537.36 (KHTML, like Gecko; compatible; ClaudeBot/1.0; +claudebot@anthropic.com)"
216.73.216.64 - - [14/Jun/2025:19:48:59 +0300] "GET /shopdetail/48730264274 HTTP/2" 404 1251 "-" "Mozilla/5.0 AppleWebKit/537.36 (KHTML, like Gecko; compatible; ClaudeBot/1.0; +claudebot@anthropic.com)"
216.73.216.64 - - [14/Jun/2025:19:48:59 +0300] "GET /shopdetail/48730200832 HTTP/2" 404 1251 "-" "Mozilla/5.0 AppleWebKit/537.36 (KHTML, like Gecko; compatible; ClaudeBot/1.0; +claudebot@anthropic.com)"
216.73.216.64 - - [14/Jun/2025:19:48:59 +0300] "GET /shopdetail/1297581061 HTTP/2" 404 1251 "-" "Mozilla/5.0 AppleWebKit/537.36 (KHTML, like Gecko; compatible; ClaudeBot/1.0; +claudebot@anthropic.com)"
216.73.216.64 - - [14/Jun/2025:19:48:59 +0300] "GET /shopdetail/6799412750 HTTP/2" 404 1251 "-" "Mozilla/5.0 AppleWebKit/537.36 (KHTML, like Gecko; compatible; ClaudeBot/1.0; +claudebot@anthropic.com)"
216.73.216.64 - - [14/Jun/2025:19:48:59 +0300] "GET /shopdetail/9839431672 HTTP/2" 404 1251 "-" "Mozilla/5.0 AppleWebKit/537.36 (KHTML, like Gecko; compatible; ClaudeBot/1.0; +claudebot@anthropic.com)"
216.73.216.64 - - [14/Jun/2025:19:48:59 +0300] "GET /shopdetail/26964185574 HTTP/2" 404 1251 "-" "Mozilla/5.0 AppleWebKit/537.36 (KHTML, like Gecko; compatible; ClaudeBot/1.0; +claudebot@anthropic.com)"
216.73.216.64 - - [14/Jun/2025:19:48:59 +0300] "GET /shopdetail/26964284496 HTTP/2" 404 1251 "-" "Mozilla/5.0 AppleWebKit/537.36 (KHTML, like Gecko; compatible; ClaudeBot/1.0; +claudebot@anthropic.com)"
216.73.216.64 - - [14/Jun/2025:19:49:00 +0300] "GET /shopdetail/129754245 HTTP/2" 404 1251 "-" "Mozilla/5.0 AppleWebKit/537.36 (KHTML, like Gecko; compatible; ClaudeBot/1.0; +claudebot@anthropic.com)"
216.73.216.64 - - [14/Jun/2025:19:49:00 +0300] "GET /shopdetail/48730292965 HTTP/2" 404 1251 "-" "Mozilla/5.0 AppleWebKit/537.36 (KHTML, like Gecko; compatible; ClaudeBot/1.0; +claudebot@anthropic.com)"
216.73.216.64 - - [14/Jun/2025:19:49:00 +0300] "GET /shopdetail/34419245469 HTTP/2" 404 1251 "-" "Mozilla/5.0 AppleWebKit/537.36 (KHTML, like Gecko; compatible; ClaudeBot/1.0; +claudebot@anthropic.com)"
216.73.216.64 - - [14/Jun/2025:19:49:00 +0300] "GET /shopdetail/98394217989 HTTP/2" 404 1251 "-" "Mozilla/5.0 AppleWebKit/537.36 (KHTML, like Gecko; compatible; ClaudeBot/1.0; +claudebot@anthropic.com)"
216.73.216.64 - - [14/Jun/2025:19:49:00 +0300] "GET /shopdetail/13459289538 HTTP/2" 404 1251 "-" "Mozilla/5.0 AppleWebKit/537.36 (KHTML, like Gecko; compatible; ClaudeBot/1.0; +claudebot@anthropic.com)"
216.73.216.64 - - [14/Jun/2025:19:49:00 +0300] "GET /shopdetail/48730232532 HTTP/2" 404 1251 "-" "Mozilla/5.0 AppleWebKit/537.36 (KHTML, like Gecko; compatible; ClaudeBot/1.0; +claudebot@anthropic.com)"
216.73.216.64 - - [14/Jun/2025:19:49:00 +0300] "GET /shopdetail/26964260161 HTTP/2" 404 1251 "-" "Mozilla/5.0 AppleWebKit/537.36 (KHTML, like Gecko; compatible; ClaudeBot/1.0; +claudebot@anthropic.com)"
216.73.216.64 - - [14/Jun/2025:19:49:00 +0300] "GET /shopdetail/7529189316 HTTP/2" 404 1251 "-" "Mozilla/5.0 AppleWebKit/537.36 (KHTML, like Gecko; compatible; ClaudeBot/1.0; +claudebot@anthropic.com)"
40.77.167.13 - - [14/Jun/2025:19:49:01 +0300] "GET /index.php?shopdetail/98394176928 HTTP/2" 404 1251 "-" "Mozilla/5.0 AppleWebKit/537.36 (KHTML, like Gecko; compatible; bingbot/2.0; +http://www.bing.com/bingbot.htm) Chrome/116.0.1938.76 Safari/537.36"
216.73.216.64 - - [14/Jun/2025:19:49:01 +0300] "GET /shopdetail/44754256571 HTTP/2" 404 1251 "-" "Mozilla/5.0 AppleWebKit/537.36 (KHTML, like Gecko; compatible; ClaudeBot/1.0; +claudebot@anthropic.com)"
207.46.13.52 - - [14/Jun/2025:19:49:43 +0300] "GET /index.php?shopdetail/1297578125 HTTP/2" 404 1251 "-" "Mozilla/5.0 AppleWebKit/537.36 (KHTML, like Gecko; compatible; bingbot/2.0; +http://www.bing.com/bingbot.htm) Chrome/116.0.1938.76 Safari/537.36"
57.141.0.19 - - [14/Jun/2025:19:50:17 +0300] "GET /index.php?shopdetail/4873038472 HTTP/2" 404 1251 "-" "meta-externalagent/1.1 (+https://developers.facebook.com/docs/sharing/webmasters/crawler)"
147.135.212.201 - - [14/Jun/2025:19:47:48 +0300] "GET /smini.php?action=edit&file=root-BoxBilling.txt&belekmata=/home/coinhaber/www/hex_sym404 HTTP/1.1" 200 441 "-" "Mozilla/5.0 (compatible; MJ12bot/v1.4.8; http://mj12bot.com/)"
147.135.212.201 - - [14/Jun/2025:19:47:51 +0300] "GET /smini.php?action=edit&file=root-Drupal.txt&belekmata=/home/coinhaber/www/hex_sym404 HTTP/1.1" 200 441 "-" "Mozilla/5.0 (compatible; MJ12bot/v1.4.8; http://mj12bot.com/)"
147.135.212.201 - - [14/Jun/2025:19:47:55 +0300] "GET /smini.php?action=edit&file=root-Ellislab.txt&belekmata=/home/coinhaber/www/hex_sym404 HTTP/1.1" 200 441 "-" "Mozilla/5.0 (compatible; MJ12bot/v1.4.8; http://mj12bot.com/)"
147.135.212.201 - - [14/Jun/2025:19:47:59 +0300] "GET /smini.php?action=edit&file=root-Hostbills.txt&belekmata=/home/coinhaber/www/hex_sym404 HTTP/1.1" 200 441 "-" "Mozilla/5.0 (compatible; MJ12bot/v1.4.8; http://mj12bot.com/)"
147.135.212.201 - - [14/Jun/2025:19:48:02 +0300] "GET /smini.php?action=edit&file=root-IPB.txt&belekmata=/home/coinhaber/www/hex_sym404 HTTP/1.1" 200 441 "-" "Mozilla/5.0 (compatible; MJ12bot/v1.4.8; http://mj12bot.com/)"
147.135.212.201 - - [14/Jun/2025:19:48:06 +0300] "GET /smini.php?action=edit&file=root-Joomla.txt&belekmata=/home/coinhaber/www/hex_sym404 HTTP/1.1" 200 441 "-" "Mozilla/5.0 (compatible; MJ12bot/v1.4.8; http://mj12bot.com/)"
40.77.167.55 - - [14/Jun/2025:19:48:11 +0300] "GET /index.php?shopdetail/75291190824 HTTP/2" 404 1251 "-" "Mozilla/5.0 AppleWebKit/537.36 (KHTML, like Gecko; compatible; bingbot/2.0; +http://www.bing.com/bingbot.htm) Chrome/116.0.1938.76 Safari/537.36"
40.77.167.55 - - [14/Jun/2025:19:48:12 +0300] "GET /index.php?shopdetail/13459157556 HTTP/2" 404 1251 "-" "Mozilla/5.0 AppleWebKit/537.36 (KHTML, like Gecko; compatible; bingbot/2.0; +http://www.bing.com/bingbot.htm) Chrome/116.0.1938.76 Safari/537.36"
40.77.167.55 - - [14/Jun/2025:19:48:12 +0300] "GET /index.php?shopdetail/48730215580 HTTP/2" 404 1251 "-" "Mozilla/5.0 AppleWebKit/537.36 (KHTML, like Gecko; compatible; bingbot/2.0; +http://www.bing.com/bingbot.htm) Chrome/116.0.1938.76 Safari/537.36"
57.141.0.4 - - [14/Jun/2025:19:49:39 +0300] "GET /index.php?shopdetail/48730230898 HTTP/2" 404 1251 "-" "meta-externalagent/1.1 (+https://developers.facebook.com/docs/sharing/webmasters/crawler)"
57.141.0.8 - - [14/Jun/2025:19:50:15 +0300] "GET /index.php?shopdetail/48730210904 HTTP/2" 404 1251 "-" "meta-externalagent/1.1 (+https://developers.facebook.com/docs/sharing/webmasters/crawler)"
66.249.64.128 - - [14/Jun/2025:19:50:17 +0300] "GET /ammika.php?836065093.htm HTTP/1.1" 404 1251 "-" "Mozilla/5.0 (Linux; Android 6.0.1; Nexus 5X Build/MMB29P) AppleWebKit/537.36 (KHTML, like Gecko) Chrome/136.0.7103.113 Mobile Safari/537.36 (compatible; Googlebot/2.1; +http://www.google.com/bot.html)"
57.141.0.25 - - [14/Jun/2025:19:52:09 +0300] "GET /index.php?shopdetail/48730217498 HTTP/2" 404 1251 "-" "meta-externalagent/1.1 (+https://developers.facebook.com/docs/sharing/webmasters/crawler)"
40.77.167.13 - - [14/Jun/2025:19:52:23 +0300] "GET /index.php?shopdetail/4873054648 HTTP/2" 404 1251 "-" "Mozilla/5.0 AppleWebKit/537.36 (KHTML, like Gecko; compatible; bingbot/2.0; +http://www.bing.com/bingbot.htm) Chrome/116.0.1938.76 Safari/537.36"
40.77.167.13 - - [14/Jun/2025:19:52:43 +0300] "GET /index.php?shopdetail/44754131816 HTTP/2" 404 1251 "-" "Mozilla/5.0 AppleWebKit/537.36 (KHTML, like Gecko; compatible; bingbot/2.0; +http://www.bing.com/bingbot.htm) Chrome/116.0.1938.76 Safari/537.36"
