20.171.207.145 - - [20/Jun/2025:22:06:29 +0300] "GET /wp-includes/ms-default-filters.php HTTP/1.1" 500 0 "-" "Mozilla/5.0 AppleWebKit/537.36 (KHTML, like Gecko; compatible; GPTBot/1.2; +https://openai.com/gptbot)"
20.171.207.145 - - [20/Jun/2025:22:06:32 +0300] "GET /.well-known/acme-challenge/O31UZR3FBRTSVQ2B-8HO8KAEFVA1B-S5 HTTP/1.1" 404 1251 "-" "Mozilla/5.0 AppleWebKit/537.36 (KHTML, like Gecko; compatible; GPTBot/1.2; +https://openai.com/gptbot)"
193.124.124.124 - - [20/Jun/2025:22:06:36 +0300] "GET /2025/06/20/hello-world/ HTTP/1.1" 200 0 "-" "WordPress/6.8.1; http://coinhaber.tr"
20.171.207.145 - - [20/Jun/2025:22:06:44 +0300] "GET /wp-includes/speculative-loading.php HTTP/1.1" 200 0 "-" "Mozilla/5.0 AppleWebKit/537.36 (KHTML, like Gecko; compatible; GPTBot/1.2; +https://openai.com/gptbot)"
103.145.74.137 - - [20/Jun/2025:22:06:23 +0300] "GET //wp-admin/install.php?step=2 HTTP/1.1" 200 516 "-" "Mozilla/5.0 (Windows NT 10.0; Win64; x64; rv:140.0) Gecko/20100101 Firefox/140.0"
193.124.124.124 - - [20/Jun/2025:22:08:09 +0300] "POST /wp-cron.php?doing_wp_cron=1750446489.3628571033477783203125 HTTP/1.1" 200 0 "-" "WordPress/6.8.1; http://coinhaber.tr"
103.145.74.137 - - [20/Jun/2025:22:10:22 +0300] "GET /wp-login.php HTTP/1.1" 200 2168 "http://coinhaber.tr//wp-admin/install.php?step=2" "Mozilla/5.0 (Windows NT 10.0; Win64; x64; rv:140.0) Gecko/20100101 Firefox/140.0"
20.171.207.145 - - [20/Jun/2025:22:08:45 +0300] "GET /wp-includes/script-modules.php HTTP/1.1" 200 0 "-" "Mozilla/5.0 AppleWebKit/537.36 (KHTML, like Gecko; compatible; GPTBot/1.2; +https://openai.com/gptbot)"
20.171.207.145 - - [20/Jun/2025:22:08:48 +0300] "GET /wp-includes/block-patterns.php HTTP/1.1" 500 0 "-" "Mozilla/5.0 AppleWebKit/537.36 (KHTML, like Gecko; compatible; GPTBot/1.2; +https://openai.com/gptbot)"
20.171.207.145 - - [20/Jun/2025:22:08:50 +0300] "GET /wp-includes/block-template.php HTTP/1.1" 200 0 "-" "Mozilla/5.0 AppleWebKit/537.36 (KHTML, like Gecko; compatible; GPTBot/1.2; +https://openai.com/gptbot)"
20.171.207.145 - - [20/Jun/2025:22:08:59 +0300] "GET /wp-content/plugins/ HTTP/1.1" 200 0 "-" "Mozilla/5.0 AppleWebKit/537.36 (KHTML, like Gecko; compatible; GPTBot/1.2; +https://openai.com/gptbot)"
20.171.207.145 - - [20/Jun/2025:22:09:06 +0300] "GET /wp-includes/js/jquery/jquery-migrate.min.js HTTP/1.1" 200 4678 "-" "Mozilla/5.0 AppleWebKit/537.36 (KHTML, like Gecko; compatible; GPTBot/1.2; +https://openai.com/gptbot)"
20.171.207.145 - - [20/Jun/2025:22:09:13 +0300] "GET /wp-includes/media-template.php HTTP/1.1" 200 0 "-" "Mozilla/5.0 AppleWebKit/537.36 (KHTML, like Gecko; compatible; GPTBot/1.2; +https://openai.com/gptbot)"
20.171.207.145 - - [20/Jun/2025:22:09:18 +0300] "GET /wp-includes/class-requests.php HTTP/1.1" 200 0 "-" "Mozilla/5.0 AppleWebKit/537.36 (KHTML, like Gecko; compatible; GPTBot/1.2; +https://openai.com/gptbot)"
20.171.207.145 - - [20/Jun/2025:22:09:24 +0300] "GET /wp-includes/interactivity-api/interactivity-api.php HTTP/1.1" 200 0 "-" "Mozilla/5.0 AppleWebKit/537.36 (KHTML, like Gecko; compatible; GPTBot/1.2; +https://openai.com/gptbot)"
20.171.207.145 - - [20/Jun/2025:22:09:28 +0300] "GET /wp-includes/interactivity-api/class-wp-interactivity-api.php HTTP/1.1" 200 0 "-" "Mozilla/5.0 AppleWebKit/537.36 (KHTML, like Gecko; compatible; GPTBot/1.2; +https://openai.com/gptbot)"
20.171.207.145 - - [20/Jun/2025:22:09:33 +0300] "GET /wp-includes/interactivity-api/class-wp-interactivity-api-directives-processor.php HTTP/1.1" 500 0 "-" "Mozilla/5.0 AppleWebKit/537.36 (KHTML, like Gecko; compatible; GPTBot/1.2; +https://openai.com/gptbot)"
20.171.207.145 - - [20/Jun/2025:22:09:37 +0300] "GET /wp-includes/theme-previews.php HTTP/1.1" 200 0 "-" "Mozilla/5.0 AppleWebKit/537.36 (KHTML, like Gecko; compatible; GPTBot/1.2; +https://openai.com/gptbot)"
20.171.207.145 - - [20/Jun/2025:22:09:49 +0300] "GET /wp-includes/class.wp-dependencies.php HTTP/1.1" 500 0 "-" "Mozilla/5.0 AppleWebKit/537.36 (KHTML, like Gecko; compatible; GPTBot/1.2; +https://openai.com/gptbot)"
20.171.207.145 - - [20/Jun/2025:22:09:59 +0300] "GET /wp-admin/includes/class-wp-internal-pointers.php HTTP/1.1" 200 0 "-" "Mozilla/5.0 AppleWebKit/537.36 (KHTML, like Gecko; compatible; GPTBot/1.2; +https://openai.com/gptbot)"
103.145.74.137 - - [20/Jun/2025:22:10:26 +0300] "GET /wp-admin/load-styles.php?c=0&dir=ltr&load%5Bchunk_0%5D=dashicons,buttons,forms,l10n,login&ver=6.8.1 HTTP/1.1" 200 48280 "http://coinhaber.tr/wp-login.php" "Mozilla/5.0 (Windows NT 10.0; Win64; x64; rv:140.0) Gecko/20100101 Firefox/140.0"
103.145.74.137 - - [20/Jun/2025:22:10:26 +0300] "GET /wp-admin/js/user-profile.min.js?ver=6.8.1 HTTP/1.1" 200 2602 "http://coinhaber.tr/wp-login.php" "Mozilla/5.0 (Windows NT 10.0; Win64; x64; rv:140.0) Gecko/20100101 Firefox/140.0"
103.145.74.137 - - [20/Jun/2025:22:10:27 +0300] "GET /wp-includes/js/zxcvbn.min.js HTTP/1.1" 200 393079 "http://coinhaber.tr/wp-login.php" "Mozilla/5.0 (Windows NT 10.0; Win64; x64; rv:140.0) Gecko/20100101 Firefox/140.0"
20.171.207.145 - - [20/Jun/2025:22:11:01 +0300] "GET /wp-admin/includes/class-ftp-pure.php HTTP/1.1" 500 0 "-" "Mozilla/5.0 AppleWebKit/537.36 (KHTML, like Gecko; compatible; GPTBot/1.2; +https://openai.com/gptbot)"
20.171.207.145 - - [20/Jun/2025:22:11:27 +0300] "GET /.tmb/mariju.php HTTP/1.1" 200 0 "-" "Mozilla/5.0 AppleWebKit/537.36 (KHTML, like Gecko; compatible; GPTBot/1.2; +https://openai.com/gptbot)"
103.145.74.137 - - [20/Jun/2025:22:10:26 +0300] "GET /wp-admin/load-scripts.php?c=0&load%5Bchunk_0%5D=clipboard,jquery-core,jquery-migrate,zxcvbn-async,wp-hooks&ver=6.8.1 HTTP/1.1" 200 43841 "http://coinhaber.tr/wp-login.php" "Mozilla/5.0 (Windows NT 10.0; Win64; x64; rv:140.0) Gecko/20100101 Firefox/140.0"
20.171.207.145 - - [20/Jun/2025:22:10:33 +0300] "GET /wp-admin/includes/class-wp-automatic-updater.php HTTP/1.1" 200 0 "-" "Mozilla/5.0 AppleWebKit/537.36 (KHTML, like Gecko; compatible; GPTBot/1.2; +https://openai.com/gptbot)"
20.171.207.145 - - [20/Jun/2025:22:12:29 +0300] "GET /wp-admin/network/class_api.php HTTP/1.1" 200 0 "-" "Mozilla/5.0 AppleWebKit/537.36 (KHTML, like Gecko; compatible; GPTBot/1.2; +https://openai.com/gptbot)"
20.171.207.145 - - [20/Jun/2025:22:13:24 +0300] "GET /wp-includes/class-wp-phpmailer.php HTTP/1.1" 500 0 "-" "Mozilla/5.0 AppleWebKit/537.36 (KHTML, like Gecko; compatible; GPTBot/1.2; +https://openai.com/gptbot)"
20.171.207.145 - - [20/Jun/2025:22:14:16 +0300] "GET /wp-includes/class-wp-dependencies.php HTTP/1.1" 200 0 "-" "Mozilla/5.0 AppleWebKit/537.36 (KHTML, like Gecko; compatible; GPTBot/1.2; +https://openai.com/gptbot)"
20.171.207.145 - - [20/Jun/2025:22:15:21 +0300] "GET /wp-admin/includes/ms-deprecated.php HTTP/1.1" 200 0 "-" "Mozilla/5.0 AppleWebKit/537.36 (KHTML, like Gecko; compatible; GPTBot/1.2; +https://openai.com/gptbot)"
20.171.207.145 - - [20/Jun/2025:22:16:17 +0300] "GET /wp-includes/class-wp-theme-json-data.php HTTP/1.1" 200 0 "-" "Mozilla/5.0 AppleWebKit/537.36 (KHTML, like Gecko; compatible; GPTBot/1.2; +https://openai.com/gptbot)"
20.171.207.145 - - [20/Jun/2025:22:17:57 +0300] "GET /.well-known/pki-validation/atomlib.php HTTP/1.1" 404 1251 "-" "Mozilla/5.0 AppleWebKit/537.36 (KHTML, like Gecko; compatible; GPTBot/1.2; +https://openai.com/gptbot)"
20.171.207.145 - - [20/Jun/2025:22:19:17 +0300] "GET /wp-includes/robots-template.php HTTP/1.1" 200 0 "-" "Mozilla/5.0 AppleWebKit/537.36 (KHTML, like Gecko; compatible; GPTBot/1.2; +https://openai.com/gptbot)"
20.171.207.145 - - [20/Jun/2025:22:22:15 +0300] "GET /wp-admin/js/updates.js HTTP/1.1" 200 19212 "-" "Mozilla/5.0 AppleWebKit/537.36 (KHTML, like Gecko; compatible; GPTBot/1.2; +https://openai.com/gptbot)"
20.171.207.145 - - [20/Jun/2025:22:23:09 +0300] "GET /wp-admin/js/postbox.js HTTP/1.1" 200 4730 "-" "Mozilla/5.0 AppleWebKit/537.36 (KHTML, like Gecko; compatible; GPTBot/1.2; +https://openai.com/gptbot)"
103.145.74.137 - - [20/Jun/2025:22:23:07 +0300] "POST /wp-login.php HTTP/1.1" 302 0 "http://coinhaber.tr/wp-login.php" "Mozilla/5.0 (Windows NT 10.0; Win64; x64; rv:140.0) Gecko/20100101 Firefox/140.0"
103.145.74.137 - - [20/Jun/2025:22:23:34 +0300] "GET /wp-includes/js/thickbox/thickbox.css?ver=6.8.1 HTTP/1.1" 200 951 "http://coinhaber.tr/wp-admin/" "Mozilla/5.0 (Windows NT 10.0; Win64; x64; rv:140.0) Gecko/20100101 Firefox/140.0"
103.145.74.137 - - [20/Jun/2025:22:23:34 +0300] "GET /wp-admin/load-scripts.php?c=0&load%5Bchunk_0%5D=jquery-core,jquery-migrate,utils&ver=6.8.1 HTTP/1.1" 200 39678 "http://coinhaber.tr/wp-admin/" "Mozilla/5.0 (Windows NT 10.0; Win64; x64; rv:140.0) Gecko/20100101 Firefox/140.0"
103.145.74.137 - - [20/Jun/2025:22:23:11 +0300] "GET /wp-admin/ HTTP/1.1" 200 19925 "http://coinhaber.tr/wp-login.php" "Mozilla/5.0 (Windows NT 10.0; Win64; x64; rv:140.0) Gecko/20100101 Firefox/140.0"
103.145.74.137 - - [20/Jun/2025:22:23:39 +0300] "GET /wp-includes/js/hoverintent-js.min.js?ver=2.2.1 HTTP/1.1" 200 715 "http://coinhaber.tr/wp-admin/" "Mozilla/5.0 (Windows NT 10.0; Win64; x64; rv:140.0) Gecko/20100101 Firefox/140.0"
103.145.74.137 - - [20/Jun/2025:22:23:39 +0300] "GET /wp-admin/js/common.min.js?ver=6.8.1 HTTP/1.1" 200 7809 "http://coinhaber.tr/wp-admin/" "Mozilla/5.0 (Windows NT 10.0; Win64; x64; rv:140.0) Gecko/20100101 Firefox/140.0"
103.145.74.137 - - [20/Jun/2025:22:23:39 +0300] "GET /wp-admin/load-scripts.php?c=0&load%5Bchunk_0%5D=hoverIntent,wp-dom-ready,wp-hooks&ver=6.8.1 HTTP/1.1" 200 2516 "http://coinhaber.tr/wp-admin/" "Mozilla/5.0 (Windows NT 10.0; Win64; x64; rv:140.0) Gecko/20100101 Firefox/140.0"
103.145.74.137 - - [20/Jun/2025:22:23:39 +0300] "GET /wp-includes/js/dist/a11y.min.js?ver=3156534cc54473497e14 HTTP/1.1" 200 953 "http://coinhaber.tr/wp-admin/" "Mozilla/5.0 (Windows NT 10.0; Win64; x64; rv:140.0) Gecko/20100101 Firefox/140.0"
103.145.74.137 - - [20/Jun/2025:22:23:40 +0300] "GET /wp-includes/js/dist/vendor/wp-polyfill.min.js?ver=3.15.0 HTTP/1.1" 200 14487 "http://coinhaber.tr/wp-admin/" "Mozilla/5.0 (Windows NT 10.0; Win64; x64; rv:140.0) Gecko/20100101 Firefox/140.0"
103.145.74.137 - - [20/Jun/2025:22:23:40 +0300] "GET /wp-admin/js/site-health.min.js?ver=6.8.1 HTTP/1.1" 200 2180 "http://coinhaber.tr/wp-admin/" "Mozilla/5.0 (Windows NT 10.0; Win64; x64; rv:140.0) Gecko/20100101 Firefox/140.0"
103.145.74.137 - - [20/Jun/2025:22:23:40 +0300] "GET /wp-includes/js/wp-ajax-response.min.js?ver=6.8.1 HTTP/1.1" 200 1130 "http://coinhaber.tr/wp-admin/" "Mozilla/5.0 (Windows NT 10.0; Win64; x64; rv:140.0) Gecko/20100101 Firefox/140.0"
20.171.207.145 - - [20/Jun/2025:22:17:09 +0300] "GET /_autoindex/assets/icons/folder-fill.svg HTTP/1.1" 200 333 "-" "Mozilla/5.0 AppleWebKit/537.36 (KHTML, like Gecko; compatible; GPTBot/1.2; +https://openai.com/gptbot)"
20.171.207.145 - - [20/Jun/2025:22:18:36 +0300] "GET /.well-known/acme-challenge/atomlib.php HTTP/1.1" 404 1251 "-" "Mozilla/5.0 AppleWebKit/537.36 (KHTML, like Gecko; compatible; GPTBot/1.2; +https://openai.com/gptbot)"
20.171.207.145 - - [20/Jun/2025:22:20:01 +0300] "GET /wp-includes/https-migration.php HTTP/1.1" 200 0 "-" "Mozilla/5.0 AppleWebKit/537.36 (KHTML, like Gecko; compatible; GPTBot/1.2; +https://openai.com/gptbot)"
20.171.207.145 - - [20/Jun/2025:22:20:36 +0300] "GET /wp-includes/template-loader.php HTTP/1.1" 500 0 "-" "Mozilla/5.0 AppleWebKit/537.36 (KHTML, like Gecko; compatible; GPTBot/1.2; +https://openai.com/gptbot)"
20.171.207.145 - - [20/Jun/2025:22:21:11 +0300] "GET /wp-admin/js/widgets.js HTTP/1.1" 200 6048 "-" "Mozilla/5.0 AppleWebKit/537.36 (KHTML, like Gecko; compatible; GPTBot/1.2; +https://openai.com/gptbot)"
103.145.74.137 - - [20/Jun/2025:22:23:34 +0300] "GET /wp-admin/load-styles.php?c=0&dir=ltr&load%5Bchunk_0%5D=dashicons,admin-bar,site-health,common,forms,admin-menu,dashboard,list-tables,edit,revisions,media,themes,about,nav-menus,wp-poi&load%5Bchunk_1%5D=nter,widgets,site-icon,l10n,buttons,wp-auth-check&ver=6.8.1 HTTP/1.1" 200 122574 "http://coinhaber.tr/wp-admin/" "Mozilla/5.0 (Windows NT 10.0; Win64; x64; rv:140.0) Gecko/20100101 Firefox/140.0"
103.145.74.137 - - [20/Jun/2025:22:23:37 +0300] "GET /favicon.ico HTTP/1.1" 404 1251 "http://coinhaber.tr/wp-admin/" "Mozilla/5.0 (Windows NT 10.0; Win64; x64; rv:140.0) Gecko/20100101 Firefox/140.0"
103.145.74.137 - - [20/Jun/2025:22:23:39 +0300] "GET /wp-includes/css/editor.min.css?ver=6.8.1 HTTP/1.1" 200 5835 "http://coinhaber.tr/wp-admin/" "Mozilla/5.0 (Windows NT 10.0; Win64; x64; rv:140.0) Gecko/20100101 Firefox/140.0"
103.145.74.137 - - [20/Jun/2025:22:23:39 +0300] "GET /wp-includes/js/admin-bar.min.js?ver=6.8.1 HTTP/1.1" 200 1353 "http://coinhaber.tr/wp-admin/" "Mozilla/5.0 (Windows NT 10.0; Win64; x64; rv:140.0) Gecko/20100101 Firefox/140.0"
103.145.74.137 - - [20/Jun/2025:22:23:39 +0300] "GET /wp-includes/js/dist/i18n.min.js?ver=5e580eb46a90c2b997e6 HTTP/1.1" 200 3667 "http://coinhaber.tr/wp-admin/" "Mozilla/5.0 (Windows NT 10.0; Win64; x64; rv:140.0) Gecko/20100101 Firefox/140.0"
103.145.74.137 - - [20/Jun/2025:22:23:39 +0300] "GET /wp-includes/js/api-request.min.js?ver=6.8.1 HTTP/1.1" 200 595 "http://coinhaber.tr/wp-admin/" "Mozilla/5.0 (Windows NT 10.0; Win64; x64; rv:140.0) Gecko/20100101 Firefox/140.0"
103.145.74.137 - - [20/Jun/2025:22:23:40 +0300] "GET /wp-includes/js/dist/url.min.js?ver=6bf93e90403a1eec6501 HTTP/1.1" 200 3933 "http://coinhaber.tr/wp-admin/" "Mozilla/5.0 (Windows NT 10.0; Win64; x64; rv:140.0) Gecko/20100101 Firefox/140.0"
103.145.74.137 - - [20/Jun/2025:22:23:40 +0300] "GET /wp-includes/js/wp-lists.min.js?ver=6.8.1 HTTP/1.1" 200 2526 "http://coinhaber.tr/wp-admin/" "Mozilla/5.0 (Windows NT 10.0; Win64; x64; rv:140.0) Gecko/20100101 Firefox/140.0"
103.145.74.137 - - [20/Jun/2025:22:23:40 +0300] "GET /wp-includes/js/quicktags.min.js?ver=6.8.1 HTTP/1.1" 200 3511 "http://coinhaber.tr/wp-admin/" "Mozilla/5.0 (Windows NT 10.0; Win64; x64; rv:140.0) Gecko/20100101 Firefox/140.0"
103.145.74.137 - - [20/Jun/2025:22:23:40 +0300] "GET /wp-includes/js/jquery/ui/mouse.min.js?ver=1.13.3 HTTP/1.1" 200 1096 "http://coinhaber.tr/wp-admin/" "Mozilla/5.0 (Windows NT 10.0; Win64; x64; rv:140.0) Gecko/20100101 Firefox/140.0"
103.145.74.137 - - [20/Jun/2025:22:23:40 +0300] "GET /wp-admin/js/postbox.min.js?ver=6.8.1 HTTP/1.1" 200 2221 "http://coinhaber.tr/wp-admin/" "Mozilla/5.0 (Windows NT 10.0; Win64; x64; rv:140.0) Gecko/20100101 Firefox/140.0"
103.145.74.137 - - [20/Jun/2025:22:23:40 +0300] "GET /wp-admin/js/dashboard.min.js?ver=6.8.1 HTTP/1.1" 200 3081 "http://coinhaber.tr/wp-admin/" "Mozilla/5.0 (Windows NT 10.0; Win64; x64; rv:140.0) Gecko/20100101 Firefox/140.0"
103.145.74.137 - - [20/Jun/2025:22:23:40 +0300] "GET /wp-includes/js/jquery/jquery.color.min.js?ver=3.0.0 HTTP/1.1" 200 2733 "http://coinhaber.tr/wp-admin/" "Mozilla/5.0 (Windows NT 10.0; Win64; x64; rv:140.0) Gecko/20100101 Firefox/140.0"
103.145.74.137 - - [20/Jun/2025:22:23:40 +0300] "GET /wp-includes/js/jquery/jquery.query.js?ver=2.2.3 HTTP/1.1" 200 1627 "http://coinhaber.tr/wp-admin/" "Mozilla/5.0 (Windows NT 10.0; Win64; x64; rv:140.0) Gecko/20100101 Firefox/140.0"
103.145.74.137 - - [20/Jun/2025:22:23:40 +0300] "GET /wp-admin/js/edit-comments.min.js?ver=6.8.1 HTTP/1.1" 200 5169 "http://coinhaber.tr/wp-admin/" "Mozilla/5.0 (Windows NT 10.0; Win64; x64; rv:140.0) Gecko/20100101 Firefox/140.0"
103.145.74.137 - - [20/Jun/2025:22:23:40 +0300] "GET /wp-includes/js/jquery/ui/core.min.js?ver=1.13.3 HTTP/1.1" 200 7104 "http://coinhaber.tr/wp-admin/" "Mozilla/5.0 (Windows NT 10.0; Win64; x64; rv:140.0) Gecko/20100101 Firefox/140.0"
103.145.74.137 - - [20/Jun/2025:22:23:40 +0300] "GET /wp-includes/js/jquery/ui/sortable.min.js?ver=1.13.3 HTTP/1.1" 200 6596 "http://coinhaber.tr/wp-admin/" "Mozilla/5.0 (Windows NT 10.0; Win64; x64; rv:140.0) Gecko/20100101 Firefox/140.0"
103.145.74.137 - - [20/Jun/2025:22:23:40 +0300] "GET /wp-includes/js/dist/vendor/moment.min.js?ver=2.30.1 HTTP/1.1" 200 18858 "http://coinhaber.tr/wp-admin/" "Mozilla/5.0 (Windows NT 10.0; Win64; x64; rv:140.0) Gecko/20100101 Firefox/140.0"
103.145.74.137 - - [20/Jun/2025:22:23:40 +0300] "GET /wp-includes/js/dist/deprecated.min.js?ver=e1f84915c5e8ae38964c HTTP/1.1" 200 451 "http://coinhaber.tr/wp-admin/" "Mozilla/5.0 (Windows NT 10.0; Win64; x64; rv:140.0) Gecko/20100101 Firefox/140.0"
103.145.74.137 - - [20/Jun/2025:22:23:40 +0300] "GET /wp-includes/js/dist/date.min.js?ver=85ff222add187a4e358f HTTP/1.1" 200 43060 "http://coinhaber.tr/wp-admin/" "Mozilla/5.0 (Windows NT 10.0; Win64; x64; rv:140.0) Gecko/20100101 Firefox/140.0"
103.145.74.137 - - [20/Jun/2025:22:23:40 +0300] "GET /wp-includes/js/thickbox/thickbox.js?ver=3.1-20121105 HTTP/1.1" 200 4059 "http://coinhaber.tr/wp-admin/" "Mozilla/5.0 (Windows NT 10.0; Win64; x64; rv:140.0) Gecko/20100101 Firefox/140.0"
103.145.74.137 - - [20/Jun/2025:22:23:40 +0300] "GET /wp-includes/js/wp-sanitize.min.js?ver=6.8.1 HTTP/1.1" 200 285 "http://coinhaber.tr/wp-admin/" "Mozilla/5.0 (Windows NT 10.0; Win64; x64; rv:140.0) Gecko/20100101 Firefox/140.0"
103.145.74.137 - - [20/Jun/2025:22:23:41 +0300] "GET /wp-includes/js/shortcode.min.js?ver=6.8.1 HTTP/1.1" 200 1157 "http://coinhaber.tr/wp-admin/" "Mozilla/5.0 (Windows NT 10.0; Win64; x64; rv:140.0) Gecko/20100101 Firefox/140.0"
103.145.74.137 - - [20/Jun/2025:22:23:41 +0300] "GET /wp-admin/js/svg-painter.js?ver=6.8.1 HTTP/1.1" 200 1221 "http://coinhaber.tr/wp-admin/" "Mozilla/5.0 (Windows NT 10.0; Win64; x64; rv:140.0) Gecko/20100101 Firefox/140.0"
103.145.74.137 - - [20/Jun/2025:22:23:41 +0300] "GET /wp-includes/js/wp-auth-check.min.js?ver=6.8.1 HTTP/1.1" 200 774 "http://coinhaber.tr/wp-admin/" "Mozilla/5.0 (Windows NT 10.0; Win64; x64; rv:140.0) Gecko/20100101 Firefox/140.0"
103.145.74.137 - - [20/Jun/2025:22:23:41 +0300] "GET /wp-includes/js/heartbeat.min.js?ver=6.8.1 HTTP/1.1" 200 2042 "http://coinhaber.tr/wp-admin/" "Mozilla/5.0 (Windows NT 10.0; Win64; x64; rv:140.0) Gecko/20100101 Firefox/140.0"
103.145.74.137 - - [20/Jun/2025:22:23:41 +0300] "GET /wp-includes/js/jquery/ui/menu.min.js?ver=1.13.3 HTTP/1.1" 200 3068 "http://coinhaber.tr/wp-admin/" "Mozilla/5.0 (Windows NT 10.0; Win64; x64; rv:140.0) Gecko/20100101 Firefox/140.0"
103.145.74.137 - - [20/Jun/2025:22:23:41 +0300] "GET /wp-includes/js/jquery/ui/autocomplete.min.js?ver=1.13.3 HTTP/1.1" 200 2905 "http://coinhaber.tr/wp-admin/" "Mozilla/5.0 (Windows NT 10.0; Win64; x64; rv:140.0) Gecko/20100101 Firefox/140.0"
103.145.74.137 - - [20/Jun/2025:22:23:41 +0300] "GET /wp-includes/js/wp-emoji-release.min.js?ver=6.8.1 HTTP/1.1" 200 5172 "http://coinhaber.tr/wp-admin/" "Mozilla/5.0 (Windows NT 10.0; Win64; x64; rv:140.0) Gecko/20100101 Firefox/140.0"
103.145.74.137 - - [20/Jun/2025:22:23:40 +0300] "GET /wp-admin/js/plugin-install.min.js?ver=6.8.1 HTTP/1.1" 200 1023 "http://coinhaber.tr/wp-admin/" "Mozilla/5.0 (Windows NT 10.0; Win64; x64; rv:140.0) Gecko/20100101 Firefox/140.0"
103.145.74.137 - - [20/Jun/2025:22:23:40 +0300] "GET /wp-admin/js/updates.min.js?ver=6.8.1 HTTP/1.1" 200 10407 "http://coinhaber.tr/wp-admin/" "Mozilla/5.0 (Windows NT 10.0; Win64; x64; rv:140.0) Gecko/20100101 Firefox/140.0"
103.145.74.137 - - [20/Jun/2025:22:23:41 +0300] "GET /wp-admin/js/media-upload.min.js?ver=6.8.1 HTTP/1.1" 200 612 "http://coinhaber.tr/wp-admin/" "Mozilla/5.0 (Windows NT 10.0; Win64; x64; rv:140.0) Gecko/20100101 Firefox/140.0"
103.145.74.137 - - [20/Jun/2025:22:23:41 +0300] "GET /wp-includes/js/wplink.min.js?ver=6.8.1 HTTP/1.1" 200 3885 "http://coinhaber.tr/wp-admin/" "Mozilla/5.0 (Windows NT 10.0; Win64; x64; rv:140.0) Gecko/20100101 Firefox/140.0"
193.124.124.124 - - [20/Jun/2025:22:23:45 +0300] "POST /wp-cron.php?doing_wp_cron=1750447424.9818010330200195312500 HTTP/1.1" 200 0 "-" "WordPress/6.8.1; http://coinhaber.tr"
103.145.74.137 - - [20/Jun/2025:22:23:41 +0300] "GET /wp-admin/admin-ajax.php?action=wp-compression-test&test=1&_ajax_nonce=a12e083a00&1750447423064 HTTP/1.1" 200 573 "http://coinhaber.tr/wp-admin/" "Mozilla/5.0 (Windows NT 10.0; Win64; x64; rv:140.0) Gecko/20100101 Firefox/140.0"
103.145.74.137 - - [20/Jun/2025:22:23:47 +0300] "GET /wp-includes/js/thickbox/loadingAnimation.gif HTTP/1.1" 200 15238 "http://coinhaber.tr/wp-admin/" "Mozilla/5.0 (Windows NT 10.0; Win64; x64; rv:140.0) Gecko/20100101 Firefox/140.0"
103.145.74.137 - - [20/Jun/2025:22:23:46 +0300] "GET /wp-admin/admin-ajax.php?action=wp-compression-test&test=no&_ajax_nonce=a12e083a00&1750447427536 HTTP/1.1" 200 21 "http://coinhaber.tr/wp-admin/" "Mozilla/5.0 (Windows NT 10.0; Win64; x64; rv:140.0) Gecko/20100101 Firefox/140.0"
103.145.74.137 - - [20/Jun/2025:22:23:49 +0300] "GET /wp-admin/admin-ajax.php?action=dashboard-widgets&widget=dashboard_primary&pagenow=dashboard HTTP/1.1" 200 0 "http://coinhaber.tr/wp-admin/" "Mozilla/5.0 (Windows NT 10.0; Win64; x64; rv:140.0) Gecko/20100101 Firefox/140.0"
103.145.74.137 - - [20/Jun/2025:22:23:54 +0300] "GET /wp-admin/plugin-install.php HTTP/1.1" 200 15079 "http://coinhaber.tr/wp-admin/" "Mozilla/5.0 (Windows NT 10.0; Win64; x64; rv:140.0) Gecko/20100101 Firefox/140.0"
103.145.74.137 - - [20/Jun/2025:22:24:02 +0300] "GET /wp-admin/images/spinner.gif HTTP/1.1" 200 3656 "http://coinhaber.tr/wp-admin/load-styles.php?c=0&dir=ltr&load%5Bchunk_0%5D=dashicons,admin-bar,common,forms,admin-menu,dashboard,list-tables,edit,revisions,media,themes,about,nav-menus,wp-pointer,widgets&load%5Bchunk_1%5D=,site-icon,l10n,buttons,wp-auth-check&ver=6.8.1" "Mozilla/5.0 (Windows NT 10.0; Win64; x64; rv:140.0) Gecko/20100101 Firefox/140.0"
103.145.74.137 - - [20/Jun/2025:22:24:05 +0300] "POST /wp-admin/admin-ajax.php HTTP/1.1" 200 10676 "http://coinhaber.tr/wp-admin/plugin-install.php?s=file&tab=search&type=term" "Mozilla/5.0 (Windows NT 10.0; Win64; x64; rv:140.0) Gecko/20100101 Firefox/140.0"
103.145.74.137 - - [20/Jun/2025:22:24:13 +0300] "POST /wp-admin/admin-ajax.php HTTP/1.1" 200 154 "http://coinhaber.tr/wp-admin/plugin-install.php?s=file&tab=search&type=term" "Mozilla/5.0 (Windows NT 10.0; Win64; x64; rv:140.0) Gecko/20100101 Firefox/140.0"
193.124.124.124 - - [20/Jun/2025:22:25:07 +0300] "POST /wp-cron.php?doing_wp_cron=1750447507.0665380954742431640625 HTTP/1.1" 200 0 "-" "WordPress/6.8.1; http://coinhaber.tr"
20.171.207.145 - - [20/Jun/2025:22:26:09 +0300] "GET /wp-includes/class-simplepie.php HTTP/1.1" 500 0 "-" "Mozilla/5.0 AppleWebKit/537.36 (KHTML, like Gecko; compatible; GPTBot/1.2; +https://openai.com/gptbot)"
103.145.74.137 - - [20/Jun/2025:22:27:41 +0300] "POST /wp-admin/admin-ajax.php HTTP/1.1" 200 67 "http://coinhaber.tr/wp-admin/plugin-install.php?s=file&tab=search&type=term" "Mozilla/5.0 (Windows NT 10.0; Win64; x64; rv:140.0) Gecko/20100101 Firefox/140.0"
103.145.74.137 - - [20/Jun/2025:22:23:45 +0300] "POST /wp-admin/admin-ajax.php HTTP/1.1" 200 413 "http://coinhaber.tr/wp-admin/" "Mozilla/5.0 (Windows NT 10.0; Win64; x64; rv:140.0) Gecko/20100101 Firefox/140.0"
20.171.207.145 - - [20/Jun/2025:22:24:00 +0300] "GET /wp-includes/https-detection.php HTTP/1.1" 200 0 "-" "Mozilla/5.0 AppleWebKit/537.36 (KHTML, like Gecko; compatible; GPTBot/1.2; +https://openai.com/gptbot)"
103.145.74.137 - - [20/Jun/2025:22:24:00 +0300] "GET /wp-admin/load-styles.php?c=0&dir=ltr&load%5Bchunk_0%5D=dashicons,admin-bar,common,forms,admin-menu,dashboard,list-tables,edit,revisions,media,themes,about,nav-menus,wp-pointer,widgets&load%5Bchunk_1%5D=,site-icon,l10n,buttons,wp-auth-check&ver=6.8.1 HTTP/1.1" 200 121131 "http://coinhaber.tr/wp-admin/plugin-install.php" "Mozilla/5.0 (Windows NT 10.0; Win64; x64; rv:140.0) Gecko/20100101 Firefox/140.0"
20.171.207.145 - - [20/Jun/2025:22:24:48 +0300] "GET /wp-includes/theme-templates.php HTTP/1.1" 200 0 "-" "Mozilla/5.0 AppleWebKit/537.36 (KHTML, like Gecko; compatible; GPTBot/1.2; +https://openai.com/gptbot)"
103.145.74.137 - - [20/Jun/2025:22:25:04 +0300] "POST /wp-admin/admin-ajax.php HTTP/1.1" 200 67 "http://coinhaber.tr/wp-admin/plugin-install.php?s=file&tab=search&type=term" "Mozilla/5.0 (Windows NT 10.0; Win64; x64; rv:140.0) Gecko/20100101 Firefox/140.0"
20.171.207.145 - - [20/Jun/2025:22:25:32 +0300] "GET /wp-includes/template-canvas.php HTTP/1.1" 500 0 "-" "Mozilla/5.0 AppleWebKit/537.36 (KHTML, like Gecko; compatible; GPTBot/1.2; +https://openai.com/gptbot)"
103.145.74.137 - - [20/Jun/2025:22:26:41 +0300] "POST /wp-admin/admin-ajax.php HTTP/1.1" 200 67 "http://coinhaber.tr/wp-admin/plugin-install.php?s=file&tab=search&type=term" "Mozilla/5.0 (Windows NT 10.0; Win64; x64; rv:140.0) Gecko/20100101 Firefox/140.0"
20.171.207.145 - - [20/Jun/2025:22:27:15 +0300] "GET /wp-includes/class-wp-theme-json-schema.php HTTP/1.1" 200 0 "-" "Mozilla/5.0 AppleWebKit/537.36 (KHTML, like Gecko; compatible; GPTBot/1.2; +https://openai.com/gptbot)"
103.145.74.137 - - [20/Jun/2025:22:27:58 +0300] "GET /wp-admin/plugin-install.php?s=file&tab=search&type=term HTTP/1.1" 200 20138 "http://coinhaber.tr/wp-admin/" "Mozilla/5.0 (Windows NT 10.0; Win64; x64; rv:140.0) Gecko/20100101 Firefox/140.0"
20.171.207.145 - - [20/Jun/2025:22:28:14 +0300] "GET /wp-admin/includes/class-wp-importer.php HTTP/1.1" 200 0 "-" "Mozilla/5.0 AppleWebKit/537.36 (KHTML, like Gecko; compatible; GPTBot/1.2; +https://openai.com/gptbot)"
103.145.74.137 - - [20/Jun/2025:22:28:32 +0300] "GET /wp-content/plugins/wp-file-manager/css/fm_common.css?ver=6.8.1 HTTP/1.1" 200 184 "http://coinhaber.tr/wp-admin/plugins.php?activate=true&plugin_status=all&paged=1&s=" "Mozilla/5.0 (Windows NT 10.0; Win64; x64; rv:140.0) Gecko/20100101 Firefox/140.0"
103.145.74.137 - - [20/Jun/2025:22:28:41 +0300] "GET /wp-content/plugins/wp-file-manager/lib/css/common.css?ver=8.0.2 HTTP/1.1" 200 2094 "http://coinhaber.tr/wp-admin/admin.php?page=wp_file_manager" "Mozilla/5.0 (Windows NT 10.0; Win64; x64; rv:140.0) Gecko/20100101 Firefox/140.0"
103.145.74.137 - - [20/Jun/2025:22:28:42 +0300] "GET /wp-content/plugins/wp-file-manager/lib/css/cwd.css?ver=8.0.2 HTTP/1.1" 200 4959 "http://coinhaber.tr/wp-admin/admin.php?page=wp_file_manager" "Mozilla/5.0 (Windows NT 10.0; Win64; x64; rv:140.0) Gecko/20100101 Firefox/140.0"
103.145.74.137 - - [20/Jun/2025:22:28:42 +0300] "GET /wp-content/plugins/wp-file-manager/lib/css/fonts.css?ver=8.0.2 HTTP/1.1" 200 414 "http://coinhaber.tr/wp-admin/admin.php?page=wp_file_manager" "Mozilla/5.0 (Windows NT 10.0; Win64; x64; rv:140.0) Gecko/20100101 Firefox/140.0"
103.145.74.137 - - [20/Jun/2025:22:28:42 +0300] "GET /wp-content/plugins/wp-file-manager/lib/css/quicklook.css?ver=8.0.2 HTTP/1.1" 200 2281 "http://coinhaber.tr/wp-admin/admin.php?page=wp_file_manager" "Mozilla/5.0 (Windows NT 10.0; Win64; x64; rv:140.0) Gecko/20100101 Firefox/140.0"
103.145.74.137 - - [20/Jun/2025:22:28:17 +0300] "GET /wp-admin/plugins.php?_wpnonce=9d098fe25e&action=activate&plugin=wp-file-manager/file_folder_manager.php HTTP/1.1" 302 0 "http://coinhaber.tr/wp-admin/plugin-install.php?s=file&tab=search&type=term" "Mozilla/5.0 (Windows NT 10.0; Win64; x64; rv:140.0) Gecko/20100101 Firefox/140.0"
103.145.74.137 - - [20/Jun/2025:22:28:25 +0300] "GET /wp-admin/plugins.php?activate=true&plugin_status=all&paged=1&s= HTTP/1.1" 200 17996 "http://coinhaber.tr/wp-admin/plugin-install.php?s=file&tab=search&type=term" "Mozilla/5.0 (Windows NT 10.0; Win64; x64; rv:140.0) Gecko/20100101 Firefox/140.0"
103.145.74.137 - - [20/Jun/2025:22:28:33 +0300] "GET /wp-content/plugins/wp-file-manager/images/wp_file_manager.svg HTTP/1.1" 200 1307 "http://coinhaber.tr/wp-admin/plugins.php?activate=true&plugin_status=all&paged=1&s=" "Mozilla/5.0 (Windows NT 10.0; Win64; x64; rv:140.0) Gecko/20100101 Firefox/140.0"
103.145.74.137 - - [20/Jun/2025:22:28:34 +0300] "POST /wp-admin/admin-ajax.php HTTP/1.1" 200 67 "http://coinhaber.tr/wp-admin/plugins.php?plugin_status=all&paged=1&s" "Mozilla/5.0 (Windows NT 10.0; Win64; x64; rv:140.0) Gecko/20100101 Firefox/140.0"
103.145.74.137 - - [20/Jun/2025:22:28:41 +0300] "GET /wp-content/plugins/wp-file-manager/css/jquery-ui.css?ver=8.0.2 HTTP/1.1" 200 8737 "http://coinhaber.tr/wp-admin/admin.php?page=wp_file_manager" "Mozilla/5.0 (Windows NT 10.0; Win64; x64; rv:140.0) Gecko/20100101 Firefox/140.0"
103.145.74.137 - - [20/Jun/2025:22:28:41 +0300] "GET /wp-content/plugins/wp-file-manager/lib/css/commands.css?ver=8.0.2 HTTP/1.1" 200 3556 "http://coinhaber.tr/wp-admin/admin.php?page=wp_file_manager" "Mozilla/5.0 (Windows NT 10.0; Win64; x64; rv:140.0) Gecko/20100101 Firefox/140.0"
103.145.74.137 - - [20/Jun/2025:22:28:41 +0300] "GET /wp-content/plugins/wp-file-manager/lib/css/contextmenu.css?ver=8.0.2 HTTP/1.1" 200 1140 "http://coinhaber.tr/wp-admin/admin.php?page=wp_file_manager" "Mozilla/5.0 (Windows NT 10.0; Win64; x64; rv:140.0) Gecko/20100101 Firefox/140.0"
103.145.74.137 - - [20/Jun/2025:22:28:42 +0300] "GET /wp-content/plugins/wp-file-manager/lib/css/dialog.css?ver=8.0.2 HTTP/1.1" 200 3029 "http://coinhaber.tr/wp-admin/admin.php?page=wp_file_manager" "Mozilla/5.0 (Windows NT 10.0; Win64; x64; rv:140.0) Gecko/20100101 Firefox/140.0"
103.145.74.137 - - [20/Jun/2025:22:28:42 +0300] "GET /wp-content/plugins/wp-file-manager/lib/css/navbar.css?ver=8.0.2 HTTP/1.1" 200 1688 "http://coinhaber.tr/wp-admin/admin.php?page=wp_file_manager" "Mozilla/5.0 (Windows NT 10.0; Win64; x64; rv:140.0) Gecko/20100101 Firefox/140.0"
103.145.74.137 - - [20/Jun/2025:22:28:42 +0300] "GET /wp-content/plugins/wp-file-manager/lib/css/places.css?ver=8.0.2 HTTP/1.1" 200 252 "http://coinhaber.tr/wp-admin/admin.php?page=wp_file_manager" "Mozilla/5.0 (Windows NT 10.0; Win64; x64; rv:140.0) Gecko/20100101 Firefox/140.0"
103.145.74.137 - - [20/Jun/2025:22:28:42 +0300] "GET /wp-content/plugins/wp-file-manager/lib/css/statusbar.css?ver=8.0.2 HTTP/1.1" 200 801 "http://coinhaber.tr/wp-admin/admin.php?page=wp_file_manager" "Mozilla/5.0 (Windows NT 10.0; Win64; x64; rv:140.0) Gecko/20100101 Firefox/140.0"
103.145.74.137 - - [20/Jun/2025:22:28:42 +0300] "GET /wp-content/plugins/wp-file-manager/lib/css/toolbar.css?ver=8.0.2 HTTP/1.1" 200 2553 "http://coinhaber.tr/wp-admin/admin.php?page=wp_file_manager" "Mozilla/5.0 (Windows NT 10.0; Win64; x64; rv:140.0) Gecko/20100101 Firefox/140.0"
103.145.74.137 - - [20/Jun/2025:22:28:42 +0300] "GET /wp-content/plugins/wp-file-manager/lib/css/toast.css?ver=8.0.2 HTTP/1.1" 200 2621 "http://coinhaber.tr/wp-admin/admin.php?page=wp_file_manager" "Mozilla/5.0 (Windows NT 10.0; Win64; x64; rv:140.0) Gecko/20100101 Firefox/140.0"
103.145.74.137 - - [20/Jun/2025:22:28:35 +0300] "GET /wp-admin/admin.php?page=wp_file_manager HTTP/1.1" 200 10722 "http://coinhaber.tr/wp-admin/plugins.php?plugin_status=all&paged=1&s" "Mozilla/5.0 (Windows NT 10.0; Win64; x64; rv:140.0) Gecko/20100101 Firefox/140.0"
103.145.74.137 - - [20/Jun/2025:22:28:42 +0300] "GET /wp-content/plugins/wp-file-manager/lib/codemirror/theme/3024-day.css?ver=8.0.2 HTTP/1.1" 200 582 "http://coinhaber.tr/wp-admin/admin.php?page=wp_file_manager" "Mozilla/5.0 (Windows NT 10.0; Win64; x64; rv:140.0) Gecko/20100101 Firefox/140.0"
103.145.74.137 - - [20/Jun/2025:22:28:42 +0300] "GET /wp-content/plugins/wp-file-manager/css/fm_script.css?ver=8.0.2 HTTP/1.1" 200 2333 "http://coinhaber.tr/wp-admin/admin.php?page=wp_file_manager" "Mozilla/5.0 (Windows NT 10.0; Win64; x64; rv:140.0) Gecko/20100101 Firefox/140.0"
103.145.74.137 - - [20/Jun/2025:22:28:42 +0300] "GET /wp-content/plugins/wp-file-manager/lib/js/elFinder.version.js?ver=8.0.2 HTTP/1.1" 200 91 "http://coinhaber.tr/wp-admin/admin.php?page=wp_file_manager" "Mozilla/5.0 (Windows NT 10.0; Win64; x64; rv:140.0) Gecko/20100101 Firefox/140.0"
103.145.74.137 - - [20/Jun/2025:22:28:42 +0300] "GET /wp-content/plugins/wp-file-manager/js/fm_script.js?ver=8.0.2 HTTP/1.1" 200 890 "http://coinhaber.tr/wp-admin/admin.php?page=wp_file_manager" "Mozilla/5.0 (Windows NT 10.0; Win64; x64; rv:140.0) Gecko/20100101 Firefox/140.0"
103.145.74.137 - - [20/Jun/2025:22:28:43 +0300] "GET /wp-content/plugins/wp-file-manager/lib/js/jquery.elfinder.js?ver=8.0.2 HTTP/1.1" 200 3614 "http://coinhaber.tr/wp-admin/admin.php?page=wp_file_manager" "Mozilla/5.0 (Windows NT 10.0; Win64; x64; rv:140.0) Gecko/20100101 Firefox/140.0"
103.145.74.137 - - [20/Jun/2025:22:28:43 +0300] "GET /wp-content/plugins/wp-file-manager/lib/js/elFinder.options.js?ver=8.0.2 HTTP/1.1" 200 12966 "http://coinhaber.tr/wp-admin/admin.php?page=wp_file_manager" "Mozilla/5.0 (Windows NT 10.0; Win64; x64; rv:140.0) Gecko/20100101 Firefox/140.0"
103.145.74.137 - - [20/Jun/2025:22:28:42 +0300] "GET /wp-content/plugins/wp-file-manager/lib/jquery/jquery-ui-1.13.2.js?ver=6.8.1 HTTP/1.1" 200 126852 "http://coinhaber.tr/wp-admin/admin.php?page=wp_file_manager" "Mozilla/5.0 (Windows NT 10.0; Win64; x64; rv:140.0) Gecko/20100101 Firefox/140.0"
103.145.74.137 - - [20/Jun/2025:22:28:42 +0300] "GET /wp-content/plugins/wp-file-manager/lib/js/elfinder.min.js?ver=8.0.2 HTTP/1.1" 200 161698 "http://coinhaber.tr/wp-admin/admin.php?page=wp_file_manager" "Mozilla/5.0 (Windows NT 10.0; Win64; x64; rv:140.0) Gecko/20100101 Firefox/140.0"
103.145.74.137 - - [20/Jun/2025:22:28:43 +0300] "GET /wp-content/plugins/wp-file-manager/lib/js/elFinder.options.netmount.js?ver=8.0.2 HTTP/1.1" 200 556 "http://coinhaber.tr/wp-admin/admin.php?page=wp_file_manager" "Mozilla/5.0 (Windows NT 10.0; Win64; x64; rv:140.0) Gecko/20100101 Firefox/140.0"
103.145.74.137 - - [20/Jun/2025:22:28:43 +0300] "GET /wp-content/plugins/wp-file-manager/lib/js/elFinder.resources.js?ver=8.0.2 HTTP/1.1" 200 4209 "http://coinhaber.tr/wp-admin/admin.php?page=wp_file_manager" "Mozilla/5.0 (Windows NT 10.0; Win64; x64; rv:140.0) Gecko/20100101 Firefox/140.0"
103.145.74.137 - - [20/Jun/2025:22:28:43 +0300] "GET /wp-content/plugins/wp-file-manager/lib/js/jquery.dialogelfinder.js?ver=8.0.2 HTTP/1.1" 200 1260 "http://coinhaber.tr/wp-admin/admin.php?page=wp_file_manager" "Mozilla/5.0 (Windows NT 10.0; Win64; x64; rv:140.0) Gecko/20100101 Firefox/140.0"
103.145.74.137 - - [20/Jun/2025:22:28:44 +0300] "GET /wp-content/plugins/wp-file-manager/lib/js/ui/cwd.js?ver=8.0.2 HTTP/1.1" 200 21887 "http://coinhaber.tr/wp-admin/admin.php?page=wp_file_manager" "Mozilla/5.0 (Windows NT 10.0; Win64; x64; rv:140.0) Gecko/20100101 Firefox/140.0"
103.145.74.137 - - [20/Jun/2025:22:28:44 +0300] "GET /wp-content/plugins/wp-file-manager/lib/js/ui/contextmenu.js?ver=8.0.2 HTTP/1.1" 200 5800 "http://coinhaber.tr/wp-admin/admin.php?page=wp_file_manager" "Mozilla/5.0 (Windows NT 10.0; Win64; x64; rv:140.0) Gecko/20100101 Firefox/140.0"
103.145.74.137 - - [20/Jun/2025:22:28:44 +0300] "GET /wp-content/plugins/wp-file-manager/lib/js/ui/fullscreenbutton.js?ver=8.0.2 HTTP/1.1" 200 338 "http://coinhaber.tr/wp-admin/admin.php?page=wp_file_manager" "Mozilla/5.0 (Windows NT 10.0; Win64; x64; rv:140.0) Gecko/20100101 Firefox/140.0"
103.145.74.137 - - [20/Jun/2025:22:28:42 +0300] "GET /wp-content/plugins/wp-file-manager/lib/css/theme.css?ver=8.0.2 HTTP/1.1" 200 2545 "http://coinhaber.tr/wp-admin/admin.php?page=wp_file_manager" "Mozilla/5.0 (Windows NT 10.0; Win64; x64; rv:140.0) Gecko/20100101 Firefox/140.0"
103.145.74.137 - - [20/Jun/2025:22:28:42 +0300] "GET /wp-content/plugins/wp-file-manager/lib/codemirror/lib/codemirror.css?ver=8.0.2 HTTP/1.1" 200 2528 "http://coinhaber.tr/wp-admin/admin.php?page=wp_file_manager" "Mozilla/5.0 (Windows NT 10.0; Win64; x64; rv:140.0) Gecko/20100101 Firefox/140.0"
103.145.74.137 - - [20/Jun/2025:22:28:42 +0300] "GET /wp-content/plugins/wp-file-manager/js/top.js?ver=8.0.2 HTTP/1.1" 200 248 "http://coinhaber.tr/wp-admin/admin.php?page=wp_file_manager" "Mozilla/5.0 (Windows NT 10.0; Win64; x64; rv:140.0) Gecko/20100101 Firefox/140.0"
103.145.74.137 - - [20/Jun/2025:22:28:43 +0300] "GET /wp-content/plugins/wp-file-manager/lib/js/elFinder.mimetypes.js?ver=8.0.2 HTTP/1.1" 200 7486 "http://coinhaber.tr/wp-admin/admin.php?page=wp_file_manager" "Mozilla/5.0 (Windows NT 10.0; Win64; x64; rv:140.0) Gecko/20100101 Firefox/140.0"
103.145.74.137 - - [20/Jun/2025:22:28:42 +0300] "GET /wp-content/plugins/wp-file-manager/lib/js/elFinder.js?ver=8.0.2 HTTP/1.1" 200 77241 "http://coinhaber.tr/wp-admin/admin.php?page=wp_file_manager" "Mozilla/5.0 (Windows NT 10.0; Win64; x64; rv:140.0) Gecko/20100101 Firefox/140.0"
103.145.74.137 - - [20/Jun/2025:22:28:43 +0300] "GET /wp-content/plugins/wp-file-manager/lib/js/elFinder.history.js?ver=8.0.2 HTTP/1.1" 200 964 "http://coinhaber.tr/wp-admin/admin.php?page=wp_file_manager" "Mozilla/5.0 (Windows NT 10.0; Win64; x64; rv:140.0) Gecko/20100101 Firefox/140.0"
103.145.74.137 - - [20/Jun/2025:22:28:43 +0300] "GET /wp-content/plugins/wp-file-manager/lib/js/elFinder.command.js?ver=8.0.2 HTTP/1.1" 200 2477 "http://coinhaber.tr/wp-admin/admin.php?page=wp_file_manager" "Mozilla/5.0 (Windows NT 10.0; Win64; x64; rv:140.0) Gecko/20100101 Firefox/140.0"
103.145.74.137 - - [20/Jun/2025:22:28:43 +0300] "GET /wp-content/plugins/wp-file-manager/lib/js/i18n/elfinder.en.js?ver=8.0.2 HTTP/1.1" 200 9018 "http://coinhaber.tr/wp-admin/admin.php?page=wp_file_manager" "Mozilla/5.0 (Windows NT 10.0; Win64; x64; rv:140.0) Gecko/20100101 Firefox/140.0"
103.145.74.137 - - [20/Jun/2025:22:28:44 +0300] "GET /wp-content/plugins/wp-file-manager/lib/js/ui/button.js?ver=8.0.2 HTTP/1.1" 200 1527 "http://coinhaber.tr/wp-admin/admin.php?page=wp_file_manager" "Mozilla/5.0 (Windows NT 10.0; Win64; x64; rv:140.0) Gecko/20100101 Firefox/140.0"
103.145.74.137 - - [20/Jun/2025:22:28:44 +0300] "GET /wp-content/plugins/wp-file-manager/lib/js/ui/dialog.js?ver=8.0.2 HTTP/1.1" 200 6937 "http://coinhaber.tr/wp-admin/admin.php?page=wp_file_manager" "Mozilla/5.0 (Windows NT 10.0; Win64; x64; rv:140.0) Gecko/20100101 Firefox/140.0"
103.145.74.137 - - [20/Jun/2025:22:28:44 +0300] "GET /wp-content/plugins/wp-file-manager/lib/js/ui/navbar.js?ver=8.0.2 HTTP/1.1" 200 1875 "http://coinhaber.tr/wp-admin/admin.php?page=wp_file_manager" "Mozilla/5.0 (Windows NT 10.0; Win64; x64; rv:140.0) Gecko/20100101 Firefox/140.0"
103.145.74.137 - - [20/Jun/2025:22:28:44 +0300] "GET /wp-content/plugins/wp-file-manager/lib/js/ui/navdock.js?ver=8.0.2 HTTP/1.1" 200 1569 "http://coinhaber.tr/wp-admin/admin.php?page=wp_file_manager" "Mozilla/5.0 (Windows NT 10.0; Win64; x64; rv:140.0) Gecko/20100101 Firefox/140.0"
103.145.74.137 - - [20/Jun/2025:22:28:44 +0300] "GET /wp-content/plugins/wp-file-manager/lib/js/ui/sortbutton.js?ver=8.0.2 HTTP/1.1" 200 1323 "http://coinhaber.tr/wp-admin/admin.php?page=wp_file_manager" "Mozilla/5.0 (Windows NT 10.0; Win64; x64; rv:140.0) Gecko/20100101 Firefox/140.0"
103.145.74.137 - - [20/Jun/2025:22:28:44 +0300] "GET /wp-content/plugins/wp-file-manager/lib/js/ui/stat.js?ver=8.0.2 HTTP/1.1" 200 1303 "http://coinhaber.tr/wp-admin/admin.php?page=wp_file_manager" "Mozilla/5.0 (Windows NT 10.0; Win64; x64; rv:140.0) Gecko/20100101 Firefox/140.0"
103.145.74.137 - - [20/Jun/2025:22:28:44 +0300] "GET /wp-content/plugins/wp-file-manager/lib/js/ui/overlay.js?ver=8.0.2 HTTP/1.1" 200 465 "http://coinhaber.tr/wp-admin/admin.php?page=wp_file_manager" "Mozilla/5.0 (Windows NT 10.0; Win64; x64; rv:140.0) Gecko/20100101 Firefox/140.0"
103.145.74.137 - - [20/Jun/2025:22:28:44 +0300] "GET /wp-content/plugins/wp-file-manager/lib/js/ui/panel.js?ver=8.0.2 HTTP/1.1" 200 324 "http://coinhaber.tr/wp-admin/admin.php?page=wp_file_manager" "Mozilla/5.0 (Windows NT 10.0; Win64; x64; rv:140.0) Gecko/20100101 Firefox/140.0"
103.145.74.137 - - [20/Jun/2025:22:28:44 +0300] "GET /wp-content/plugins/wp-file-manager/lib/js/ui/searchbutton.js?ver=8.0.2 HTTP/1.1" 200 3021 "http://coinhaber.tr/wp-admin/admin.php?page=wp_file_manager" "Mozilla/5.0 (Windows NT 10.0; Win64; x64; rv:140.0) Gecko/20100101 Firefox/140.0"
103.145.74.137 - - [20/Jun/2025:22:28:44 +0300] "GET /wp-content/plugins/wp-file-manager/lib/js/ui/path.js?ver=8.0.2 HTTP/1.1" 200 1956 "http://coinhaber.tr/wp-admin/admin.php?page=wp_file_manager" "Mozilla/5.0 (Windows NT 10.0; Win64; x64; rv:140.0) Gecko/20100101 Firefox/140.0"
103.145.74.137 - - [20/Jun/2025:22:28:44 +0300] "GET /wp-content/plugins/wp-file-manager/lib/js/ui/toast.js?ver=8.0.2 HTTP/1.1" 200 1106 "http://coinhaber.tr/wp-admin/admin.php?page=wp_file_manager" "Mozilla/5.0 (Windows NT 10.0; Win64; x64; rv:140.0) Gecko/20100101 Firefox/140.0"
103.145.74.137 - - [20/Jun/2025:22:28:44 +0300] "GET /wp-content/plugins/wp-file-manager/lib/js/ui/toolbar.js?ver=8.0.2 HTTP/1.1" 200 3018 "http://coinhaber.tr/wp-admin/admin.php?page=wp_file_manager" "Mozilla/5.0 (Windows NT 10.0; Win64; x64; rv:140.0) Gecko/20100101 Firefox/140.0"
103.145.74.137 - - [20/Jun/2025:22:28:44 +0300] "GET /wp-content/plugins/wp-file-manager/lib/js/ui/uploadButton.js?ver=8.0.2 HTTP/1.1" 200 569 "http://coinhaber.tr/wp-admin/admin.php?page=wp_file_manager" "Mozilla/5.0 (Windows NT 10.0; Win64; x64; rv:140.0) Gecko/20100101 Firefox/140.0"
103.145.74.137 - - [20/Jun/2025:22:28:44 +0300] "GET /wp-content/plugins/wp-file-manager/lib/js/ui/tree.js?ver=8.0.2 HTTP/1.1" 200 10430 "http://coinhaber.tr/wp-admin/admin.php?page=wp_file_manager" "Mozilla/5.0 (Windows NT 10.0; Win64; x64; rv:140.0) Gecko/20100101 Firefox/140.0"
103.145.74.137 - - [20/Jun/2025:22:28:44 +0300] "GET /wp-content/plugins/wp-file-manager/lib/js/ui/workzone.js?ver=8.0.2 HTTP/1.1" 200 652 "http://coinhaber.tr/wp-admin/admin.php?page=wp_file_manager" "Mozilla/5.0 (Windows NT 10.0; Win64; x64; rv:140.0) Gecko/20100101 Firefox/140.0"
103.145.74.137 - - [20/Jun/2025:22:28:44 +0300] "GET /wp-content/plugins/wp-file-manager/lib/js/commands/back.js?ver=8.0.2 HTTP/1.1" 200 322 "http://coinhaber.tr/wp-admin/admin.php?page=wp_file_manager" "Mozilla/5.0 (Windows NT 10.0; Win64; x64; rv:140.0) Gecko/20100101 Firefox/140.0"
103.145.74.137 - - [20/Jun/2025:22:28:45 +0300] "GET /wp-content/plugins/wp-file-manager/lib/js/commands/chmod.js?ver=8.0.2 HTTP/1.1" 200 3057 "http://coinhaber.tr/wp-admin/admin.php?page=wp_file_manager" "Mozilla/5.0 (Windows NT 10.0; Win64; x64; rv:140.0) Gecko/20100101 Firefox/140.0"
103.145.74.137 - - [20/Jun/2025:22:28:45 +0300] "GET /wp-content/plugins/wp-file-manager/lib/js/commands/colwidth.js?ver=8.0.2 HTTP/1.1" 200 306 "http://coinhaber.tr/wp-admin/admin.php?page=wp_file_manager" "Mozilla/5.0 (Windows NT 10.0; Win64; x64; rv:140.0) Gecko/20100101 Firefox/140.0"
103.145.74.137 - - [20/Jun/2025:22:28:45 +0300] "GET /wp-content/plugins/wp-file-manager/lib/js/commands/copy.js?ver=8.0.2 HTTP/1.1" 200 508 "http://coinhaber.tr/wp-admin/admin.php?page=wp_file_manager" "Mozilla/5.0 (Windows NT 10.0; Win64; x64; rv:140.0) Gecko/20100101 Firefox/140.0"
103.145.74.137 - - [20/Jun/2025:22:28:45 +0300] "GET /wp-content/plugins/wp-file-manager/lib/js/commands/duplicate.js?ver=8.0.2 HTTP/1.1" 200 669 "http://coinhaber.tr/wp-admin/admin.php?page=wp_file_manager" "Mozilla/5.0 (Windows NT 10.0; Win64; x64; rv:140.0) Gecko/20100101 Firefox/140.0"
103.145.74.137 - - [20/Jun/2025:22:28:45 +0300] "GET /wp-content/plugins/wp-file-manager/lib/js/commands/edit.js?ver=8.0.2 HTTP/1.1" 200 9424 "http://coinhaber.tr/wp-admin/admin.php?page=wp_file_manager" "Mozilla/5.0 (Windows NT 10.0; Win64; x64; rv:140.0) Gecko/20100101 Firefox/140.0"
103.145.74.137 - - [20/Jun/2025:22:28:45 +0300] "GET /wp-content/plugins/wp-file-manager/lib/js/commands/empty.js?ver=8.0.2 HTTP/1.1" 200 1350 "http://coinhaber.tr/wp-admin/admin.php?page=wp_file_manager" "Mozilla/5.0 (Windows NT 10.0; Win64; x64; rv:140.0) Gecko/20100101 Firefox/140.0"
103.145.74.137 - - [20/Jun/2025:22:28:45 +0300] "GET /wp-content/plugins/wp-file-manager/lib/js/commands/extract.js?ver=8.0.2 HTTP/1.1" 200 1685 "http://coinhaber.tr/wp-admin/admin.php?page=wp_file_manager" "Mozilla/5.0 (Windows NT 10.0; Win64; x64; rv:140.0) Gecko/20100101 Firefox/140.0"
103.145.74.137 - - [20/Jun/2025:22:28:45 +0300] "GET /wp-content/plugins/wp-file-manager/lib/js/commands/fullscreen.js?ver=8.0.2 HTTP/1.1" 200 517 "http://coinhaber.tr/wp-admin/admin.php?page=wp_file_manager" "Mozilla/5.0 (Windows NT 10.0; Win64; x64; rv:140.0) Gecko/20100101 Firefox/140.0"
103.145.74.137 - - [20/Jun/2025:22:28:45 +0300] "GET /wp-content/plugins/wp-file-manager/lib/js/commands/hidden.js?ver=8.0.2 HTTP/1.1" 200 196 "http://coinhaber.tr/wp-admin/admin.php?page=wp_file_manager" "Mozilla/5.0 (Windows NT 10.0; Win64; x64; rv:140.0) Gecko/20100101 Firefox/140.0"
103.145.74.137 - - [20/Jun/2025:22:28:45 +0300] "GET /wp-content/plugins/wp-file-manager/lib/js/commands/help.js?ver=8.0.2 HTTP/1.1" 200 4341 "http://coinhaber.tr/wp-admin/admin.php?page=wp_file_manager" "Mozilla/5.0 (Windows NT 10.0; Win64; x64; rv:140.0) Gecko/20100101 Firefox/140.0"
103.145.74.137 - - [20/Jun/2025:22:28:45 +0300] "GET /wp-content/plugins/wp-file-manager/lib/js/commands/hide.js?ver=8.0.2 HTTP/1.1" 200 1448 "http://coinhaber.tr/wp-admin/admin.php?page=wp_file_manager" "Mozilla/5.0 (Windows NT 10.0; Win64; x64; rv:140.0) Gecko/20100101 Firefox/140.0"
103.145.74.137 - - [20/Jun/2025:22:28:45 +0300] "GET /wp-content/plugins/wp-file-manager/lib/js/commands/info.js?ver=8.0.2 HTTP/1.1" 200 4204 "http://coinhaber.tr/wp-admin/admin.php?page=wp_file_manager" "Mozilla/5.0 (Windows NT 10.0; Win64; x64; rv:140.0) Gecko/20100101 Firefox/140.0"
103.145.74.137 - - [20/Jun/2025:22:28:46 +0300] "GET /wp-content/plugins/wp-file-manager/lib/js/commands/mkfile.js?ver=8.0.2 HTTP/1.1" 200 741 "http://coinhaber.tr/wp-admin/admin.php?page=wp_file_manager" "Mozilla/5.0 (Windows NT 10.0; Win64; x64; rv:140.0) Gecko/20100101 Firefox/140.0"
103.145.74.137 - - [20/Jun/2025:22:28:46 +0300] "GET /wp-content/plugins/wp-file-manager/lib/js/commands/netmount.js?ver=8.0.2 HTTP/1.1" 200 3142 "http://coinhaber.tr/wp-admin/admin.php?page=wp_file_manager" "Mozilla/5.0 (Windows NT 10.0; Win64; x64; rv:140.0) Gecko/20100101 Firefox/140.0"
103.145.74.137 - - [20/Jun/2025:22:28:46 +0300] "GET /wp-content/plugins/wp-file-manager/lib/js/commands/open.js?ver=8.0.2 HTTP/1.1" 200 2664 "http://coinhaber.tr/wp-admin/admin.php?page=wp_file_manager" "Mozilla/5.0 (Windows NT 10.0; Win64; x64; rv:140.0) Gecko/20100101 Firefox/140.0"
103.145.74.137 - - [20/Jun/2025:22:28:46 +0300] "GET /wp-content/plugins/wp-file-manager/lib/js/commands/opennew.js?ver=8.0.2 HTTP/1.1" 200 639 "http://coinhaber.tr/wp-admin/admin.php?page=wp_file_manager" "Mozilla/5.0 (Windows NT 10.0; Win64; x64; rv:140.0) Gecko/20100101 Firefox/140.0"
103.145.74.137 - - [20/Jun/2025:22:28:46 +0300] "GET /wp-content/plugins/wp-file-manager/lib/js/commands/places.js?ver=8.0.2 HTTP/1.1" 200 417 "http://coinhaber.tr/wp-admin/admin.php?page=wp_file_manager" "Mozilla/5.0 (Windows NT 10.0; Win64; x64; rv:140.0) Gecko/20100101 Firefox/140.0"
103.145.74.137 - - [20/Jun/2025:22:28:46 +0300] "GET /wp-content/plugins/wp-file-manager/lib/js/commands/quicklook.js?ver=8.0.2 HTTP/1.1" 200 7089 "http://coinhaber.tr/wp-admin/admin.php?page=wp_file_manager" "Mozilla/5.0 (Windows NT 10.0; Win64; x64; rv:140.0) Gecko/20100101 Firefox/140.0"
103.145.74.137 - - [20/Jun/2025:22:28:44 +0300] "GET /wp-content/plugins/wp-file-manager/lib/js/ui/viewbutton.js?ver=8.0.2 HTTP/1.1" 200 396 "http://coinhaber.tr/wp-admin/admin.php?page=wp_file_manager" "Mozilla/5.0 (Windows NT 10.0; Win64; x64; rv:140.0) Gecko/20100101 Firefox/140.0"
103.145.74.137 - - [20/Jun/2025:22:28:44 +0300] "GET /wp-content/plugins/wp-file-manager/lib/js/commands/archive.js?ver=8.0.2 HTTP/1.1" 200 1106 "http://coinhaber.tr/wp-admin/admin.php?page=wp_file_manager" "Mozilla/5.0 (Windows NT 10.0; Win64; x64; rv:140.0) Gecko/20100101 Firefox/140.0"
103.145.74.137 - - [20/Jun/2025:22:28:45 +0300] "GET /wp-content/plugins/wp-file-manager/lib/js/commands/cut.js?ver=8.0.2 HTTP/1.1" 200 557 "http://coinhaber.tr/wp-admin/admin.php?page=wp_file_manager" "Mozilla/5.0 (Windows NT 10.0; Win64; x64; rv:140.0) Gecko/20100101 Firefox/140.0"
103.145.74.137 - - [20/Jun/2025:22:28:45 +0300] "GET /wp-content/plugins/wp-file-manager/lib/js/commands/download.js?ver=8.0.2 HTTP/1.1" 200 4679 "http://coinhaber.tr/wp-admin/admin.php?page=wp_file_manager" "Mozilla/5.0 (Windows NT 10.0; Win64; x64; rv:140.0) Gecko/20100101 Firefox/140.0"
103.145.74.137 - - [20/Jun/2025:22:28:45 +0300] "GET /wp-content/plugins/wp-file-manager/lib/js/commands/forward.js?ver=8.0.2 HTTP/1.1" 200 314 "http://coinhaber.tr/wp-admin/admin.php?page=wp_file_manager" "Mozilla/5.0 (Windows NT 10.0; Win64; x64; rv:140.0) Gecko/20100101 Firefox/140.0"
103.145.74.137 - - [20/Jun/2025:22:28:45 +0300] "GET /wp-content/plugins/wp-file-manager/lib/js/commands/getfile.js?ver=8.0.2 HTTP/1.1" 200 1494 "http://coinhaber.tr/wp-admin/admin.php?page=wp_file_manager" "Mozilla/5.0 (Windows NT 10.0; Win64; x64; rv:140.0) Gecko/20100101 Firefox/140.0"
103.145.74.137 - - [20/Jun/2025:22:28:45 +0300] "GET /wp-content/plugins/wp-file-manager/lib/js/commands/home.js?ver=8.0.2 HTTP/1.1" 200 324 "http://coinhaber.tr/wp-admin/admin.php?page=wp_file_manager" "Mozilla/5.0 (Windows NT 10.0; Win64; x64; rv:140.0) Gecko/20100101 Firefox/140.0"
103.145.74.137 - - [20/Jun/2025:22:28:45 +0300] "GET /wp-content/plugins/wp-file-manager/lib/js/commands/mkdir.js?ver=8.0.2 HTTP/1.1" 200 1049 "http://coinhaber.tr/wp-admin/admin.php?page=wp_file_manager" "Mozilla/5.0 (Windows NT 10.0; Win64; x64; rv:140.0) Gecko/20100101 Firefox/140.0"
103.145.74.137 - - [20/Jun/2025:22:28:46 +0300] "GET /wp-content/plugins/wp-file-manager/lib/js/commands/opendir.js?ver=8.0.2 HTTP/1.1" 200 507 "http://coinhaber.tr/wp-admin/admin.php?page=wp_file_manager" "Mozilla/5.0 (Windows NT 10.0; Win64; x64; rv:140.0) Gecko/20100101 Firefox/140.0"
103.145.74.137 - - [20/Jun/2025:22:28:46 +0300] "GET /wp-content/plugins/wp-file-manager/lib/js/commands/paste.js?ver=8.0.2 HTTP/1.1" 200 3094 "http://coinhaber.tr/wp-admin/admin.php?page=wp_file_manager" "Mozilla/5.0 (Windows NT 10.0; Win64; x64; rv:140.0) Gecko/20100101 Firefox/140.0"
103.145.74.137 - - [20/Jun/2025:22:28:46 +0300] "GET /wp-content/plugins/wp-file-manager/lib/js/commands/reload.js?ver=8.0.2 HTTP/1.1" 200 884 "http://coinhaber.tr/wp-admin/admin.php?page=wp_file_manager" "Mozilla/5.0 (Windows NT 10.0; Win64; x64; rv:140.0) Gecko/20100101 Firefox/140.0"
