216.73.216.171 - - [15/Jun/2025:17:57:36 +0300] "GET /smini.php?action=edit&belekmata=%2Fhome%2Fcoinhaber%2Fpublic_html%2Fwp-includes%2Fblocks%2Fcomments-pagination&file=editor-rtl.css HTTP/2" 200 692 "-" "Mozilla/5.0 AppleWebKit/537.36 (KHTML, like Gecko; compatible; ClaudeBot/1.0; +claudebot@anthropic.com)"
66.249.64.128 - - [15/Jun/2025:17:55:25 +0300] "GET /ammika.php?3147780544.htm HTTP/1.1" 404 1251 "-" "Mozilla/5.0 (Linux; Android 6.0.1; Nexus 5X Build/MMB29P) AppleWebKit/537.36 (KHTML, like Gecko) Chrome/136.0.7103.113 Mobile Safari/537.36 (compatible; Googlebot/2.1; +http://www.google.com/bot.html)"
66.249.64.128 - - [15/Jun/2025:17:55:25 +0300] "GET /ammika.php?6394425591.htm HTTP/1.1" 404 1251 "-" "Mozilla/5.0 (Linux; Android 6.0.1; Nexus 5X Build/MMB29P) AppleWebKit/537.36 (KHTML, like Gecko) Chrome/136.0.7103.113 Mobile Safari/537.36 (compatible; Googlebot/2.1; +http://www.google.com/bot.html)"
40.77.167.16 - - [15/Jun/2025:17:55:34 +0300] "GET /index.php?shopdetail/44754252173 HTTP/2" 404 1251 "-" "Mozilla/5.0 AppleWebKit/537.36 (KHTML, like Gecko; compatible; bingbot/2.0; +http://www.bing.com/bingbot.htm) Chrome/116.0.1938.76 Safari/537.36"
57.141.0.22 - - [15/Jun/2025:17:55:40 +0300] "GET /index.php?shopdetail/44754285264 HTTP/2" 404 1251 "-" "meta-externalagent/1.1 (+https://developers.facebook.com/docs/sharing/webmasters/crawler)"
66.249.64.129 - - [15/Jun/2025:17:56:01 +0300] "GET /ammika.php?539209059.htm HTTP/1.1" 404 1251 "-" "Mozilla/5.0 (Linux; Android 6.0.1; Nexus 5X Build/MMB29P) AppleWebKit/537.36 (KHTML, like Gecko) Chrome/136.0.7103.113 Mobile Safari/537.36 (compatible; Googlebot/2.1; +http://www.google.com/bot.html)"
40.77.167.55 - - [15/Jun/2025:17:57:57 +0300] "GET /index.php?shopdetail/4873019343 HTTP/2" 404 1251 "-" "Mozilla/5.0 AppleWebKit/537.36 (KHTML, like Gecko; compatible; bingbot/2.0; +http://www.bing.com/bingbot.htm) Chrome/116.0.1938.76 Safari/537.36"
216.73.216.171 - - [15/Jun/2025:17:58:11 +0300] "GET /smini.php?belekmata=%2Fhome%2Fcoinhaber%2Fpublic_html%2Fhex_sym404%2Froot%2Flib64%2Fperl5%2FB HTTP/2" 200 900 "-" "Mozilla/5.0 AppleWebKit/537.36 (KHTML, like Gecko; compatible; ClaudeBot/1.0; +claudebot@anthropic.com)"
216.73.216.171 - - [15/Jun/2025:17:58:11 +0300] "GET /smini.php?action=edit&belekmata=%2Fhome%2Fcoinhaber%2Fpublic_html%2Fwp-content%2Fplugins%2Ftathkdgbxx&file=lock360.php HTTP/2" 200 516 "-" "Mozilla/5.0 AppleWebKit/537.36 (KHTML, like Gecko; compatible; ClaudeBot/1.0; +claudebot@anthropic.com)"
216.73.216.171 - - [15/Jun/2025:17:58:11 +0300] "GET /smini.php?action=edit&belekmata=%2Fhome%2Fcoinhaber%2Fpublic_html%2Fwp-content%2Fplugins%2Fznwurgiwrj&file=wp-info.php HTTP/2" 200 516 "-" "Mozilla/5.0 AppleWebKit/537.36 (KHTML, like Gecko; compatible; ClaudeBot/1.0; +claudebot@anthropic.com)"
216.73.216.171 - - [15/Jun/2025:17:58:11 +0300] "GET /smini.php?action=edit&belekmata=%2Fhome%2Fcoinhaber%2Fpublic_html%2Fwp-includes%2Fblocks%2Fpost-comments-form&file=editor-rtl.css HTTP/2" 200 568 "-" "Mozilla/5.0 AppleWebKit/537.36 (KHTML, like Gecko; compatible; ClaudeBot/1.0; +claudebot@anthropic.com)"
216.73.216.171 - - [15/Jun/2025:17:58:11 +0300] "GET /smini.php?action=edit&belekmata=%2Fhome%2Fcoinhaber%2Fpublic_html%2Fhex_sym404%2Froot%2Flib64%2Fpython2.7&file=_MozillaCookieJar.pyo HTTP/2" 200 2834 "-" "Mozilla/5.0 AppleWebKit/537.36 (KHTML, like Gecko; compatible; ClaudeBot/1.0; +claudebot@anthropic.com)"
216.73.216.171 - - [15/Jun/2025:17:58:11 +0300] "GET /smini.php?action=edit&belekmata=%2Fhome%2Fcoinhaber%2Fpublic_html%2Fwp-content%2Fplugins%2Fjealous-whale&file=litter.php HTTP/2" 200 513 "-" "Mozilla/5.0 AppleWebKit/537.36 (KHTML, like Gecko; compatible; ClaudeBot/1.0; +claudebot@anthropic.com)"
216.73.216.171 - - [15/Jun/2025:17:58:11 +0300] "GET /smini.php?action=edit&belekmata=%2Fhome%2Fcoinhaber%2Fpublic_html%2Fwp-content%2Fplugins%2Fzhhzgwzpjm&file=up.php HTTP/2" 200 512 "-" "Mozilla/5.0 AppleWebKit/537.36 (KHTML, like Gecko; compatible; ClaudeBot/1.0; +claudebot@anthropic.com)"
216.73.216.171 - - [15/Jun/2025:17:58:11 +0300] "GET /smini.php?action=edit&belekmata=%2Fhome%2Fcoinhaber%2Fpublic_html%2Fwp-content%2Fplugins%2Fvdesxkkhqj&file=up.php HTTP/2" 200 512 "-" "Mozilla/5.0 AppleWebKit/537.36 (KHTML, like Gecko; compatible; ClaudeBot/1.0; +claudebot@anthropic.com)"
216.73.216.171 - - [15/Jun/2025:17:57:36 +0300] "GET /smini.php?action=edit&belekmata=%2Fhome%2Fcoinhaber%2Fpublic_html%2Fwp-includes%2Fblocks%2Ftext-columns&file=editor-rtl.min.css HTTP/2" 200 564 "-" "Mozilla/5.0 AppleWebKit/537.36 (KHTML, like Gecko; compatible; ClaudeBot/1.0; +claudebot@anthropic.com)"
216.73.216.171 - - [15/Jun/2025:17:57:36 +0300] "GET /smini.php?action=edit&belekmata=%2Fhome%2Fcoinhaber%2Fpublic_html%2Fwp-includes%2Fblocks%2Fcomments-pagination-numbers&file=editor-rtl.css HTTP/2" 200 579 "-" "Mozilla/5.0 AppleWebKit/537.36 (KHTML, like Gecko; compatible; ClaudeBot/1.0; +claudebot@anthropic.com)"
216.73.216.171 - - [15/Jun/2025:17:57:37 +0300] "GET /smini.php?action=edit&belekmata=%2Fhome%2Fcoinhaber%2Fpublic_html%2Fhex_sym404%2Froot%2Flib64%2Fperl5&file=_h2ph_pre.ph HTTP/2" 200 5006 "-" "Mozilla/5.0 AppleWebKit/537.36 (KHTML, like Gecko; compatible; ClaudeBot/1.0; +claudebot@anthropic.com)"
216.73.216.171 - - [15/Jun/2025:17:57:37 +0300] "GET /smini.php?action=edit&belekmata=%2Fhome%2Fcoinhaber%2Fpublic_html%2Fwp-content%2Fplugins%2Fnwntnknmne&file=xx.php HTTP/2" 200 512 "-" "Mozilla/5.0 AppleWebKit/537.36 (KHTML, like Gecko; compatible; ClaudeBot/1.0; +claudebot@anthropic.com)"
216.73.216.171 - - [15/Jun/2025:17:57:37 +0300] "GET /smini.php?action=edit&belekmata=%2Fhome%2Fcoinhaber%2Fpublic_html%2Fwp-includes%2Fblocks%2Ftext-columns&file=editor.min.css HTTP/2" 200 562 "-" "Mozilla/5.0 AppleWebKit/537.36 (KHTML, like Gecko; compatible; ClaudeBot/1.0; +claudebot@anthropic.com)"
216.73.216.171 - - [15/Jun/2025:17:57:37 +0300] "GET /smini.php?action=edit&belekmata=%2Fhome%2Fcoinhaber%2Fpublic_html%2Fwp-content%2Fplugins%2Fsyuqovhhsg&file=radio.php HTTP/2" 200 512 "-" "Mozilla/5.0 AppleWebKit/537.36 (KHTML, like Gecko; compatible; ClaudeBot/1.0; +claudebot@anthropic.com)"
57.141.0.15 - - [15/Jun/2025:17:57:51 +0300] "GET /index.php?shopdetail/48730262776 HTTP/2" 404 1251 "-" "meta-externalagent/1.1 (+https://developers.facebook.com/docs/sharing/webmasters/crawler)"
216.73.216.171 - - [15/Jun/2025:17:58:11 +0300] "GET /smini.php?action=edit&belekmata=%2Fhome%2Fcoinhaber%2Fpublic_html%2Fwp-content%2Fplugins%2Frofyfvveii&file=wp-info.php HTTP/2" 200 516 "-" "Mozilla/5.0 AppleWebKit/537.36 (KHTML, like Gecko; compatible; ClaudeBot/1.0; +claudebot@anthropic.com)"
66.249.64.129 - - [15/Jun/2025:17:58:23 +0300] "GET /ammika.php?96021154329.htm HTTP/1.1" 404 1251 "-" "Mozilla/5.0 (Linux; Android 6.0.1; Nexus 5X Build/MMB29P) AppleWebKit/537.36 (KHTML, like Gecko) Chrome/136.0.7103.113 Mobile Safari/537.36 (compatible; Googlebot/2.1; +http://www.google.com/bot.html)"
40.77.167.55 - - [15/Jun/2025:17:58:36 +0300] "GET /index.php?shopdetail/1297534830 HTTP/2" 404 1251 "-" "Mozilla/5.0 AppleWebKit/537.36 (KHTML, like Gecko; compatible; bingbot/2.0; +http://www.bing.com/bingbot.htm) Chrome/116.0.1938.76 Safari/537.36"
57.141.0.26 - - [15/Jun/2025:17:58:41 +0300] "GET /index.php?shopdetail/44754106314 HTTP/2" 404 1251 "-" "meta-externalagent/1.1 (+https://developers.facebook.com/docs/sharing/webmasters/crawler)"
40.77.167.55 - - [15/Jun/2025:17:58:57 +0300] "GET /index.php?shopdetail/7529122075 HTTP/2" 404 1251 "-" "Mozilla/5.0 AppleWebKit/537.36 (KHTML, like Gecko; compatible; bingbot/2.0; +http://www.bing.com/bingbot.htm) Chrome/116.0.1938.76 Safari/537.36"
57.141.0.26 - - [15/Jun/2025:17:59:04 +0300] "GET /index.php?shopdetail/48730235471 HTTP/2" 404 1251 "-" "meta-externalagent/1.1 (+https://developers.facebook.com/docs/sharing/webmasters/crawler)"
40.77.167.16 - - [15/Jun/2025:17:59:14 +0300] "GET /index.php?shopdetail/6086283281 HTTP/2" 404 1251 "-" "Mozilla/5.0 AppleWebKit/537.36 (KHTML, like Gecko; compatible; bingbot/2.0; +http://www.bing.com/bingbot.htm) Chrome/116.0.1938.76 Safari/537.36"
40.77.167.55 - - [15/Jun/2025:17:59:18 +0300] "GET /index.php?shopdetail/44754225565 HTTP/2" 404 1251 "-" "Mozilla/5.0 AppleWebKit/537.36 (KHTML, like Gecko; compatible; bingbot/2.0; +http://www.bing.com/bingbot.htm) Chrome/116.0.1938.76 Safari/537.36"
216.73.216.171 - - [15/Jun/2025:17:58:11 +0300] "GET /smini.php?action=edit&belekmata=%2Fhome%2Fcoinhaber%2Fpublic_html%2Fwp-includes%2Fblocks%2Fcode&file=style.css HTTP/2" 200 610 "-" "Mozilla/5.0 AppleWebKit/537.36 (KHTML, like Gecko; compatible; ClaudeBot/1.0; +claudebot@anthropic.com)"
57.141.0.7 - - [15/Jun/2025:17:58:23 +0300] "GET /index.php?shopdetail/75291152161 HTTP/2" 404 1251 "-" "meta-externalagent/1.1 (+https://developers.facebook.com/docs/sharing/webmasters/crawler)"
57.141.0.10 - - [15/Jun/2025:17:58:43 +0300] "GET /index.php?shopdetail/7529131432 HTTP/2" 404 1251 "-" "meta-externalagent/1.1 (+https://developers.facebook.com/docs/sharing/webmasters/crawler)"
216.73.216.171 - - [15/Jun/2025:17:58:46 +0300] "GET /smini.php?action=edit&belekmata=%2Fhome%2Fcoinhaber%2Fpublic_html%2Fwp-content%2Fplugins%2Fanmljuvtly&file=radio.php HTTP/2" 200 5757 "-" "Mozilla/5.0 AppleWebKit/537.36 (KHTML, like Gecko; compatible; ClaudeBot/1.0; +claudebot@anthropic.com)"
216.73.216.171 - - [15/Jun/2025:17:58:46 +0300] "GET /smini.php?action=edit&belekmata=%2Fhome%2Fcoinhaber%2Fpublic_html%2Fwp-content%2Fplugins%2Fztpvvwnrog&file=lock360.php HTTP/2" 200 516 "-" "Mozilla/5.0 AppleWebKit/537.36 (KHTML, like Gecko; compatible; ClaudeBot/1.0; +claudebot@anthropic.com)"
216.73.216.171 - - [15/Jun/2025:17:58:46 +0300] "GET /smini.php?action=edit&belekmata=%2Fhome%2Fcoinhaber%2Fpublic_html%2Fwp-content%2Fplugins%2Fmdptyvfzmf&file=lock360.php HTTP/2" 200 37126 "-" "Mozilla/5.0 AppleWebKit/537.36 (KHTML, like Gecko; compatible; ClaudeBot/1.0; +claudebot@anthropic.com)"
216.73.216.171 - - [15/Jun/2025:17:58:46 +0300] "GET /smini.php?action=edit&belekmata=%2Fhome%2Fcoinhaber%2Fpublic_html%2Fwp-content%2Fplugins%2Fumozqjmjot&file=lock360.php HTTP/2" 200 37126 "-" "Mozilla/5.0 AppleWebKit/537.36 (KHTML, like Gecko; compatible; ClaudeBot/1.0; +claudebot@anthropic.com)"
216.73.216.171 - - [15/Jun/2025:17:58:46 +0300] "GET /smini.php?action=edit&belekmata=%2Fhome%2Fcoinhaber%2Fpublic_html%2Fwp-includes%2Fblocks%2Fhtml&file=editor-rtl.css HTTP/2" 200 796 "-" "Mozilla/5.0 AppleWebKit/537.36 (KHTML, like Gecko; compatible; ClaudeBot/1.0; +claudebot@anthropic.com)"
216.73.216.171 - - [15/Jun/2025:17:58:46 +0300] "GET /smini.php?belekmata=%2Fhome%2Fcoinhaber%2Fpublic_html%2Fhex_sym404%2Froot%2Flib64%2Fperl5%2FTie HTTP/2" 200 810 "-" "Mozilla/5.0 AppleWebKit/537.36 (KHTML, like Gecko; compatible; ClaudeBot/1.0; +claudebot@anthropic.com)"
216.73.216.171 - - [15/Jun/2025:17:58:46 +0300] "GET /smini.php?action=edit&belekmata=%2Fhome%2Fcoinhaber%2Fpublic_html%2Fwp-content%2Fplugins%2Fpueolzdbok&file=lock360.php HTTP/2" 200 516 "-" "Mozilla/5.0 AppleWebKit/537.36 (KHTML, like Gecko; compatible; ClaudeBot/1.0; +claudebot@anthropic.com)"
216.73.216.171 - - [15/Jun/2025:17:58:46 +0300] "GET /smini.php?action=edit&belekmata=%2Fhome%2Fcoinhaber%2Fpublic_html%2Fwp-content%2Fplugins%2Fyorgupdlzi&file=radio.php HTTP/2" 200 512 "-" "Mozilla/5.0 AppleWebKit/537.36 (KHTML, like Gecko; compatible; ClaudeBot/1.0; +claudebot@anthropic.com)"
216.73.216.171 - - [15/Jun/2025:17:58:46 +0300] "GET /smini.php?action=edit&belekmata=%2Fhome%2Fcoinhaber%2Fpublic_html%2Fhex_sym404%2Froot%2Flib64%2Fpython2.7&file=pdb.doc HTTP/2" 200 3519 "-" "Mozilla/5.0 AppleWebKit/537.36 (KHTML, like Gecko; compatible; ClaudeBot/1.0; +claudebot@anthropic.com)"
216.73.216.171 - - [15/Jun/2025:17:58:46 +0300] "GET /smini.php?action=edit&belekmata=%2Fhome%2Fcoinhaber%2Fpublic_html%2Fwp-content%2Fplugins%2Fqshhsxyzhu&file=xx.php HTTP/2" 200 512 "-" "Mozilla/5.0 AppleWebKit/537.36 (KHTML, like Gecko; compatible; ClaudeBot/1.0; +claudebot@anthropic.com)"
57.141.0.24 - - [15/Jun/2025:17:59:01 +0300] "GET /index.php?shopdetail/48730211750 HTTP/2" 404 1251 "-" "meta-externalagent/1.1 (+https://developers.facebook.com/docs/sharing/webmasters/crawler)"
51.68.235.235 - - [15/Jun/2025:17:59:35 +0300] "GET /robots.txt HTTP/1.1" 200 322 "-" "Mozilla/5.0 (compatible; MJ12bot/v1.4.8; http://mj12bot.com/)"
40.77.167.55 - - [15/Jun/2025:17:59:19 +0300] "GET /index.php?shopdetail/60862272817 HTTP/2" 404 1251 "-" "Mozilla/5.0 AppleWebKit/537.36 (KHTML, like Gecko; compatible; bingbot/2.0; +http://www.bing.com/bingbot.htm) Chrome/116.0.1938.76 Safari/537.36"
216.73.216.171 - - [15/Jun/2025:17:59:20 +0300] "GET /smini.php?action=edit&belekmata=%2Fhome%2Fcoinhaber%2Fpublic_html%2Fwp-content%2Fplugins%2Ftathkdgbxx&file=radio.php HTTP/2" 200 512 "-" "Mozilla/5.0 AppleWebKit/537.36 (KHTML, like Gecko; compatible; ClaudeBot/1.0; +claudebot@anthropic.com)"
216.73.216.171 - - [15/Jun/2025:17:59:20 +0300] "GET /smini.php?action=edit&belekmata=%2Fhome%2Fcoinhaber%2Fpublic_html%2Fwp-includes%2Fblocks%2Fpost-comments-form&file=style-rtl.css HTTP/2" 200 970 "-" "Mozilla/5.0 AppleWebKit/537.36 (KHTML, like Gecko; compatible; ClaudeBot/1.0; +claudebot@anthropic.com)"
216.73.216.171 - - [15/Jun/2025:17:59:20 +0300] "GET /smini.php?action=edit&belekmata=%2Fhome%2Fcoinhaber%2Fpublic_html%2Fwp-content%2Fplugins%2Fmicwnzktiz&file=lock360.php HTTP/2" 200 516 "-" "Mozilla/5.0 AppleWebKit/537.36 (KHTML, like Gecko; compatible; ClaudeBot/1.0; +claudebot@anthropic.com)"
216.73.216.171 - - [15/Jun/2025:17:59:20 +0300] "GET /smini.php?action=edit&belekmata=%2Fhome%2Fcoinhaber%2Fpublic_html%2Fwp-content%2Fplugins%2Fpueolzdbok&file=radio.php HTTP/2" 200 512 "-" "Mozilla/5.0 AppleWebKit/537.36 (KHTML, like Gecko; compatible; ClaudeBot/1.0; +claudebot@anthropic.com)"
216.73.216.171 - - [15/Jun/2025:17:59:20 +0300] "GET /smini.php?action=edit&belekmata=%2Fhome%2Fcoinhaber%2Fpublic_html%2Fwp-content%2Fplugins%2Fsurwhiozuv&file=lock360.php HTTP/2" 200 516 "-" "Mozilla/5.0 AppleWebKit/537.36 (KHTML, like Gecko; compatible; ClaudeBot/1.0; +claudebot@anthropic.com)"
216.73.216.171 - - [15/Jun/2025:17:59:20 +0300] "GET /smini.php?action=edit&belekmata=%2Fhome%2Fcoinhaber%2Fpublic_html%2Fwp-content%2Fplugins%2Fvdvhfpxqox&file=lock360.php HTTP/2" 200 37126 "-" "Mozilla/5.0 AppleWebKit/537.36 (KHTML, like Gecko; compatible; ClaudeBot/1.0; +claudebot@anthropic.com)"
216.73.216.171 - - [15/Jun/2025:17:59:20 +0300] "GET /smini.php?action=edit&belekmata=%2Fhome%2Fcoinhaber%2Fpublic_html%2Fwp-content%2Fplugins%2Fmpurajzsyx&file=sim.php HTTP/2" 200 25998 "-" "Mozilla/5.0 AppleWebKit/537.36 (KHTML, like Gecko; compatible; ClaudeBot/1.0; +claudebot@anthropic.com)"
216.73.216.171 - - [15/Jun/2025:17:59:20 +0300] "GET /smini.php?action=edit&belekmata=%2Fhome%2Fcoinhaber%2Fpublic_html%2Fwp-content%2Fplugins%2Fkjzhyzoqba&file=lock360.php HTTP/2" 200 516 "-" "Mozilla/5.0 AppleWebKit/537.36 (KHTML, like Gecko; compatible; ClaudeBot/1.0; +claudebot@anthropic.com)"
216.73.216.171 - - [15/Jun/2025:17:59:20 +0300] "GET /smini.php?action=edit&belekmata=%2Fhome%2Fcoinhaber%2Fpublic_html%2Fwp-includes%2Fblocks%2Fcomments-pagination&file=style-rtl.css HTTP/2" 200 709 "-" "Mozilla/5.0 AppleWebKit/537.36 (KHTML, like Gecko; compatible; ClaudeBot/1.0; +claudebot@anthropic.com)"
216.73.216.171 - - [15/Jun/2025:17:59:20 +0300] "GET /smini.php?action=edit&belekmata=%2Fhome%2Fcoinhaber%2Fpublic_html%2Fwp-includes%2Fblocks%2Ftext-columns&file=style-rtl.min.css HTTP/2" 200 624 "-" "Mozilla/5.0 AppleWebKit/537.36 (KHTML, like Gecko; compatible; ClaudeBot/1.0; +claudebot@anthropic.com)"
167.86.122.45 - - [15/Jun/2025:17:59:21 +0300] "GET /robots.txt HTTP/1.1" 200 322 "-" "Mozilla/5.0 (compatible; MJ12bot/v1.4.8; http://mj12bot.com/)"
167.86.122.45 - - [15/Jun/2025:17:59:26 +0300] "GET /smini.php?action=edit&file=libisccfg.so.163&belekmata=/home/coinhaber/public_html/hex_sym404/root/usr/lib64 HTTP/1.1" 200 53418 "-" "Mozilla/5.0 (compatible; MJ12bot/v1.4.8; http://mj12bot.com/)"
167.86.122.45 - - [15/Jun/2025:17:59:35 +0300] "GET /smini.php?action=edit&file=libisccfg.so.163.0.8&belekmata=/home/coinhaber/public_html/hex_sym404/root/usr/lib64 HTTP/1.1" 200 53427 "-" "Mozilla/5.0 (compatible; MJ12bot/v1.4.8; http://mj12bot.com/)"
40.77.167.55 - - [15/Jun/2025:17:59:36 +0300] "GET /index.php?shopdetail/98394179728 HTTP/2" 404 1251 "-" "Mozilla/5.0 AppleWebKit/537.36 (KHTML, like Gecko; compatible; bingbot/2.0; +http://www.bing.com/bingbot.htm) Chrome/116.0.1938.76 Safari/537.36"
51.68.235.235 - - [15/Jun/2025:17:59:37 +0300] "GET /smini.php?action=edit&file=.bash_logout&belekmata=/home/coinhaber/public_html/hex_sym404/root/etc/skel HTTP/1.1" 200 523 "-" "Mozilla/5.0 (compatible; MJ12bot/v1.4.8; http://mj12bot.com/)"
51.68.235.235 - - [15/Jun/2025:17:59:42 +0300] "GET /smini.php?action=edit&file=fenv.h&belekmata=/home/coinhaber/public_html/hex_sym404/root/usr/include HTTP/1.1" 200 2460 "-" "Mozilla/5.0 (compatible; MJ12bot/v1.4.8; http://mj12bot.com/)"
51.68.235.235 - - [15/Jun/2025:17:59:46 +0300] "GET /smini.php?action=edit&file=libformw.so.6&belekmata=/home/coinhaber/public_html/hex_sym404/root/usr/lib64 HTTP/1.1" 200 32614 "-" "Mozilla/5.0 (compatible; MJ12bot/v1.4.8; http://mj12bot.com/)"
57.141.0.12 - - [15/Jun/2025:17:59:46 +0300] "GET /index.php?shopdetail/1345945581 HTTP/2" 404 1251 "-" "meta-externalagent/1.1 (+https://developers.facebook.com/docs/sharing/webmasters/crawler)"
51.68.235.235 - - [15/Jun/2025:17:59:50 +0300] "GET /smini.php?action=edit&file=libfreeblpriv3.chk&belekmata=/home/coinhaber/public_html/hex_sym404/root/usr/lib64 HTTP/1.1" 200 635 "-" "Mozilla/5.0 (compatible; MJ12bot/v1.4.8; http://mj12bot.com/)"
216.73.216.171 - - [15/Jun/2025:17:59:54 +0300] "GET /smini.php?action=edit&belekmata=%2Fhome%2Fcoinhaber%2Fpublic_html%2Fwp-content%2Fplugins%2Frofyfvveii&file=lock360.php HTTP/2" 200 516 "-" "Mozilla/5.0 AppleWebKit/537.36 (KHTML, like Gecko; compatible; ClaudeBot/1.0; +claudebot@anthropic.com)"
216.73.216.171 - - [15/Jun/2025:17:59:54 +0300] "GET /smini.php?action=edit&belekmata=%2Fhome%2Fcoinhaber%2Fpublic_html%2Fwp-content%2Fplugins%2Fznwurgiwrj&file=lock360.php HTTP/2" 200 516 "-" "Mozilla/5.0 AppleWebKit/537.36 (KHTML, like Gecko; compatible; ClaudeBot/1.0; +claudebot@anthropic.com)"
216.73.216.171 - - [15/Jun/2025:17:59:54 +0300] "GET /smini.php?action=edit&belekmata=%2Fhome%2Fcoinhaber%2Fpublic_html%2Fwp-content%2Fplugins%2Fmxgmstxfww&file=lock360.php HTTP/2" 200 516 "-" "Mozilla/5.0 AppleWebKit/537.36 (KHTML, like Gecko; compatible; ClaudeBot/1.0; +claudebot@anthropic.com)"
216.73.216.171 - - [15/Jun/2025:17:59:54 +0300] "GET /smini.php?action=edit&belekmata=%2Fhome%2Fcoinhaber%2Fpublic_html%2Fwp-content%2Fplugins%2Fztpvvwnrog&file=radio.php HTTP/2" 200 512 "-" "Mozilla/5.0 AppleWebKit/537.36 (KHTML, like Gecko; compatible; ClaudeBot/1.0; +claudebot@anthropic.com)"
216.73.216.171 - - [15/Jun/2025:17:59:54 +0300] "GET /smini.php?action=edit&belekmata=%2Fhome%2Fcoinhaber%2Fpublic_html%2Fwp-content%2Fplugins%2Fmdptyvfzmf&file=radio.php HTTP/2" 200 5774 "-" "Mozilla/5.0 AppleWebKit/537.36 (KHTML, like Gecko; compatible; ClaudeBot/1.0; +claudebot@anthropic.com)"
216.73.216.171 - - [15/Jun/2025:17:59:54 +0300] "GET /smini.php?action=edit&belekmata=%2Fhome%2Fcoinhaber%2Fpublic_html%2Fwp-content%2Fplugins%2Fumozqjmjot&file=radio.php HTTP/2" 200 5757 "-" "Mozilla/5.0 AppleWebKit/537.36 (KHTML, like Gecko; compatible; ClaudeBot/1.0; +claudebot@anthropic.com)"
216.73.216.171 - - [15/Jun/2025:17:59:54 +0300] "GET /smini.php?action=edit&belekmata=%2Fhome%2Fcoinhaber%2Fpublic_html%2Fwp-includes%2Fblocks%2Fpost-content&file=style-rtl.css HTTP/2" 200 544 "-" "Mozilla/5.0 AppleWebKit/537.36 (KHTML, like Gecko; compatible; ClaudeBot/1.0; +claudebot@anthropic.com)"
216.73.216.171 - - [15/Jun/2025:17:59:54 +0300] "GET /smini.php?action=edit&belekmata=%2Fhome%2Fcoinhaber%2Fpublic_html%2Fwp-includes%2Fblocks%2Fcomment-date&file=style-rtl.css HTTP/2" 200 548 "-" "Mozilla/5.0 AppleWebKit/537.36 (KHTML, like Gecko; compatible; ClaudeBot/1.0; +claudebot@anthropic.com)"
216.73.216.171 - - [15/Jun/2025:17:59:54 +0300] "GET /smini.php?action=edit&belekmata=%2Fhome%2Fcoinhaber%2Fpublic_html%2Fwp-includes%2Fblocks%2Fcode&file=theme.min.css HTTP/2" 200 574 "-" "Mozilla/5.0 AppleWebKit/537.36 (KHTML, like Gecko; compatible; ClaudeBot/1.0; +claudebot@anthropic.com)"
216.73.216.171 - - [15/Jun/2025:17:59:54 +0300] "GET /smini.php?action=edit&belekmata=%2Fhome%2Fcoinhaber%2Fpublic_html%2Fwp-content%2Fplugins%2Fmpurajzsyx&file=up.php HTTP/2" 200 1017 "-" "Mozilla/5.0 AppleWebKit/537.36 (KHTML, like Gecko; compatible; ClaudeBot/1.0; +claudebot@anthropic.com)"
51.68.235.235 - - [15/Jun/2025:17:59:54 +0300] "GET /smini.php?action=edit&file=libfreeblpriv3.so&belekmata=/home/coinhaber/public_html/hex_sym404/root/usr/lib64 HTTP/1.1" 200 301428 "-" "Mozilla/5.0 (compatible; MJ12bot/v1.4.8; http://mj12bot.com/)"
51.68.235.235 - - [15/Jun/2025:18:00:00 +0300] "GET /smini.php?action=edit&file=libfreetype.so&belekmata=/home/coinhaber/public_html/hex_sym404/root/usr/lib64 HTTP/1.1" 200 349463 "-" "Mozilla/5.0 (compatible; MJ12bot/v1.4.8; http://mj12bot.com/)"
51.68.235.235 - - [15/Jun/2025:18:00:06 +0300] "GET /smini.php?action=edit&file=libfreetype.so.6&belekmata=/home/coinhaber/public_html/hex_sym404/root/usr/lib64 HTTP/1.1" 200 349612 "-" "Mozilla/5.0 (compatible; MJ12bot/v1.4.8; http://mj12bot.com/)"
51.68.235.235 - - [15/Jun/2025:18:00:12 +0300] "GET /smini.php?action=edit&file=libfreetype.so.6.16.1&belekmata=/home/coinhaber/public_html/hex_sym404/root/usr/lib64 HTTP/1.1" 200 349626 "-" "Mozilla/5.0 (compatible; MJ12bot/v1.4.8; http://mj12bot.com/)"
57.141.0.17 - - [15/Jun/2025:18:00:13 +0300] "GET /index.php?shopdetail/13459257804 HTTP/2" 404 1251 "-" "meta-externalagent/1.1 (+https://developers.facebook.com/docs/sharing/webmasters/crawler)"
51.68.235.235 - - [15/Jun/2025:18:00:18 +0300] "GET /smini.php?action=edit&file=libfribidi.so.0&belekmata=/home/coinhaber/public_html/hex_sym404/root/usr/lib64 HTTP/1.1" 200 21195 "-" "Mozilla/5.0 (compatible; MJ12bot/v1.4.8; http://mj12bot.com/)"
51.68.235.235 - - [15/Jun/2025:18:00:21 +0300] "GET /smini.php?action=edit&file=libfstrm.so&belekmata=/home/coinhaber/public_html/hex_sym404/root/usr/lib64 HTTP/1.1" 200 17629 "-" "Mozilla/5.0 (compatible; MJ12bot/v1.4.8; http://mj12bot.com/)"
51.68.235.235 - - [15/Jun/2025:18:00:25 +0300] "GET /smini.php?action=edit&file=libfstrm.so.0&belekmata=/home/coinhaber/public_html/hex_sym404/root/usr/lib64 HTTP/1.1" 200 17649 "-" "Mozilla/5.0 (compatible; MJ12bot/v1.4.8; http://mj12bot.com/)"
51.68.235.235 - - [15/Jun/2025:18:00:29 +0300] "GET /smini.php?action=edit&file=libfstrm.so.0.1.0&belekmata=/home/coinhaber/public_html/hex_sym404/root/usr/lib64 HTTP/1.1" 200 17731 "-" "Mozilla/5.0 (compatible; MJ12bot/v1.4.8; http://mj12bot.com/)"
216.73.216.171 - - [15/Jun/2025:18:00:30 +0300] "GET /smini.php?action=edit&belekmata=%2Fhome%2Fcoinhaber%2Fpublic_html%2Fwp-content%2Fplugins%2Fmicwnzktiz&file=radio.php HTTP/2" 200 512 "-" "Mozilla/5.0 AppleWebKit/537.36 (KHTML, like Gecko; compatible; ClaudeBot/1.0; +claudebot@anthropic.com)"
216.73.216.171 - - [15/Jun/2025:18:00:30 +0300] "GET /smini.php?action=edit&belekmata=%2Fhome%2Fcoinhaber%2Fpublic_html%2Fwp-content%2Fplugins%2Fsurwhiozuv&file=radio.php HTTP/2" 200 512 "-" "Mozilla/5.0 AppleWebKit/537.36 (KHTML, like Gecko; compatible; ClaudeBot/1.0; +claudebot@anthropic.com)"
216.73.216.171 - - [15/Jun/2025:18:00:30 +0300] "GET /smini.php?action=edit&belekmata=%2Fhome%2Fcoinhaber%2Fpublic_html%2Fwp-content%2Fplugins%2Fyorgupdlzi&file=xx.php HTTP/2" 200 512 "-" "Mozilla/5.0 AppleWebKit/537.36 (KHTML, like Gecko; compatible; ClaudeBot/1.0; +claudebot@anthropic.com)"
216.73.216.171 - - [15/Jun/2025:18:00:30 +0300] "GET /smini.php?action=edit&belekmata=%2Fhome%2Fcoinhaber%2Fpublic_html%2Fwp-content%2Fplugins%2Fanmljuvtly&file=xx.php HTTP/2" 200 5782 "-" "Mozilla/5.0 AppleWebKit/537.36 (KHTML, like Gecko; compatible; ClaudeBot/1.0; +claudebot@anthropic.com)"
167.86.122.45 - - [15/Jun/2025:17:59:43 +0300] "GET /smini.php?action=edit&file=libisl.so.13&belekmata=/home/coinhaber/public_html/hex_sym404/root/usr/lib64 HTTP/1.1" 200 548827 "-" "Mozilla/5.0 (compatible; MJ12bot/v1.4.8; http://mj12bot.com/)"
167.86.122.45 - - [15/Jun/2025:17:59:50 +0300] "GET /smini.php?action=edit&file=libisl.so.13.1.0&belekmata=/home/coinhaber/public_html/hex_sym404/root/usr/lib64 HTTP/1.1" 200 548246 "-" "Mozilla/5.0 (compatible; MJ12bot/v1.4.8; http://mj12bot.com/)"
40.77.167.55 - - [15/Jun/2025:17:59:56 +0300] "GET /category/1513-9839400021.html HTTP/2" 404 1251 "-" "Mozilla/5.0 AppleWebKit/537.36 (KHTML, like Gecko; compatible; bingbot/2.0; +http://www.bing.com/bingbot.htm) Chrome/116.0.1938.76 Safari/537.36"
167.86.122.45 - - [15/Jun/2025:18:00:00 +0300] "GET /smini.php?action=edit&file=libisl.so.15&belekmata=/home/coinhaber/public_html/hex_sym404/root/usr/lib64 HTTP/1.1" 200 649375 "-" "Mozilla/5.0 (compatible; MJ12bot/v1.4.8; http://mj12bot.com/)"
66.249.64.130 - - [15/Jun/2025:18:00:11 +0300] "GET /ammika.php?96021231602.htm HTTP/1.1" 404 1251 "-" "Mozilla/5.0 (Linux; Android 6.0.1; Nexus 5X Build/MMB29P) AppleWebKit/537.36 (KHTML, like Gecko) Chrome/136.0.7103.113 Mobile Safari/537.36 (compatible; Googlebot/2.1; +http://www.google.com/bot.html)"
167.86.122.45 - - [15/Jun/2025:18:00:11 +0300] "GET /smini.php?action=edit&file=libisl.so.15.1.1&belekmata=/home/coinhaber/public_html/hex_sym404/root/usr/lib64 HTTP/1.1" 200 649733 "-" "Mozilla/5.0 (compatible; MJ12bot/v1.4.8; http://mj12bot.com/)"
167.86.122.45 - - [15/Jun/2025:18:00:18 +0300] "GET /smini.php?action=edit&file=libjansson.so.4&belekmata=/home/coinhaber/public_html/hex_sym404/root/usr/lib64 HTTP/1.1" 200 26231 "-" "Mozilla/5.0 (compatible; MJ12bot/v1.4.8; http://mj12bot.com/)"
167.86.122.45 - - [15/Jun/2025:18:00:24 +0300] "GET /smini.php?action=edit&file=libjansson.so.4.14.0&belekmata=/home/coinhaber/public_html/hex_sym404/root/usr/lib64 HTTP/1.1" 200 26291 "-" "Mozilla/5.0 (compatible; MJ12bot/v1.4.8; http://mj12bot.com/)"
167.86.122.45 - - [15/Jun/2025:18:00:29 +0300] "GET /smini.php?action=edit&file=libjasper.so&belekmata=/home/coinhaber/public_html/hex_sym404/root/usr/lib64 HTTP/1.1" 200 151017 "-" "Mozilla/5.0 (compatible; MJ12bot/v1.4.8; http://mj12bot.com/)"
57.141.0.24 - - [15/Jun/2025:18:00:31 +0300] "GET /index.php?shopdetail/48730229872 HTTP/2" 404 1251 "-" "meta-externalagent/1.1 (+https://developers.facebook.com/docs/sharing/webmasters/crawler)"
167.86.122.45 - - [15/Jun/2025:18:00:33 +0300] "GET /smini.php?action=edit&file=libjasper.so.4&belekmata=/home/coinhaber/public_html/hex_sym404/root/usr/lib64 HTTP/1.1" 200 150859 "-" "Mozilla/5.0 (compatible; MJ12bot/v1.4.8; http://mj12bot.com/)"
167.86.122.45 - - [15/Jun/2025:18:00:38 +0300] "GET /smini.php?action=edit&file=libjasper.so.4.0.0&belekmata=/home/coinhaber/public_html/hex_sym404/root/usr/lib64 HTTP/1.1" 200 150833 "-" "Mozilla/5.0 (compatible; MJ12bot/v1.4.8; http://mj12bot.com/)"
167.86.122.45 - - [15/Jun/2025:18:00:43 +0300] "GET /smini.php?action=edit&file=libjbig.so.2.1&belekmata=/home/coinhaber/public_html/hex_sym404/root/usr/lib64 HTTP/1.1" 200 21526 "-" "Mozilla/5.0 (compatible; MJ12bot/v1.4.8; http://mj12bot.com/)"
216.73.216.171 - - [15/Jun/2025:18:00:30 +0300] "GET /smini.php?action=edit&belekmata=%2Fhome%2Fcoinhaber%2Fpublic_html%2Fhex_sym404%2Froot%2Flib64%2Fgssproxy&file=proxymech.so HTTP/2" 200 43879 "-" "Mozilla/5.0 AppleWebKit/537.36 (KHTML, like Gecko; compatible; ClaudeBot/1.0; +claudebot@anthropic.com)"
216.73.216.171 - - [15/Jun/2025:18:00:30 +0300] "GET /smini.php?action=edit&belekmata=%2Fhome%2Fcoinhaber%2Fpublic_html%2Fwp-includes%2Fblocks%2Ftext-columns&file=style.css HTTP/2" 200 624 "-" "Mozilla/5.0 AppleWebKit/537.36 (KHTML, like Gecko; compatible; ClaudeBot/1.0; +claudebot@anthropic.com)"
216.73.216.171 - - [15/Jun/2025:18:00:30 +0300] "GET /smini.php?action=edit&belekmata=%2Fhome%2Fcoinhaber%2Fpublic_html%2Fwp-content%2Fplugins%2Fkjzhyzoqba&file=radio.php HTTP/2" 200 512 "-" "Mozilla/5.0 AppleWebKit/537.36 (KHTML, like Gecko; compatible; ClaudeBot/1.0; +claudebot@anthropic.com)"
216.73.216.171 - - [15/Jun/2025:18:00:30 +0300] "GET /smini.php?action=edit&belekmata=%2Fhome%2Fcoinhaber%2Fpublic_html%2Fhex_sym404%2Froot%2Flib64%2Fperl5&file=stddef.ph HTTP/2" 200 2624 "-" "Mozilla/5.0 AppleWebKit/537.36 (KHTML, like Gecko; compatible; ClaudeBot/1.0; +claudebot@anthropic.com)"
216.73.216.171 - - [15/Jun/2025:18:00:30 +0300] "GET /smini.php?action=edit&belekmata=%2Fhome%2Fcoinhaber%2Fpublic_html%2Fwp-includes%2Fblocks%2Fnavigation-link&file=editor-rtl.css HTTP/2" 200 1023 "-" "Mozilla/5.0 AppleWebKit/537.36 (KHTML, like Gecko; compatible; ClaudeBot/1.0; +claudebot@anthropic.com)"
216.73.216.171 - - [15/Jun/2025:18:00:30 +0300] "GET /smini.php?action=edit&belekmata=%2Fhome%2Fcoinhaber%2Fpublic_html%2Fwp-includes%2Fblocks%2Fnavigation-link&file=editor.css HTTP/2" 200 1017 "-" "Mozilla/5.0 AppleWebKit/537.36 (KHTML, like Gecko; compatible; ClaudeBot/1.0; +claudebot@anthropic.com)"
66.249.64.128 - - [15/Jun/2025:18:00:30 +0300] "GET /ammika.php?43468327430.htm HTTP/1.1" 404 1251 "-" "Mozilla/5.0 (Linux; Android 6.0.1; Nexus 5X Build/MMB29P) AppleWebKit/537.36 (KHTML, like Gecko) Chrome/136.0.7103.113 Mobile Safari/537.36 (compatible; Googlebot/2.1; +http://www.google.com/bot.html)"
51.68.235.235 - - [15/Jun/2025:18:00:33 +0300] "GET /smini.php?action=edit&file=libfuse.so.2&belekmata=/home/coinhaber/public_html/hex_sym404/root/usr/lib64 HTTP/1.1" 200 74503 "-" "Mozilla/5.0 (compatible; MJ12bot/v1.4.8; http://mj12bot.com/)"
51.68.235.235 - - [15/Jun/2025:18:00:37 +0300] "GET /smini.php?action=edit&file=libfuse.so.2.9.7&belekmata=/home/coinhaber/public_html/hex_sym404/root/usr/lib64 HTTP/1.1" 200 74358 "-" "Mozilla/5.0 (compatible; MJ12bot/v1.4.8; http://mj12bot.com/)"
51.68.235.235 - - [15/Jun/2025:18:00:41 +0300] "GET /smini.php?action=edit&file=libg.a&belekmata=/home/coinhaber/public_html/hex_sym404/root/usr/lib64 HTTP/1.1" 200 1798 "-" "Mozilla/5.0 (compatible; MJ12bot/v1.4.8; http://mj12bot.com/)"
51.68.235.235 - - [15/Jun/2025:18:00:44 +0300] "GET /smini.php?action=edit&file=libgailutil.so.18&belekmata=/home/coinhaber/public_html/hex_sym404/root/usr/lib64 HTTP/1.1" 200 11092 "-" "Mozilla/5.0 (compatible; MJ12bot/v1.4.8; http://mj12bot.com/)"
167.86.122.45 - - [15/Jun/2025:18:00:48 +0300] "GET /smini.php?action=edit&file=libjbig2dec.so.0&belekmata=/home/coinhaber/public_html/hex_sym404/root/usr/lib64 HTTP/1.1" 200 47595 "-" "Mozilla/5.0 (compatible; MJ12bot/v1.4.8; http://mj12bot.com/)"
167.86.122.45 - - [15/Jun/2025:18:00:53 +0300] "GET /smini.php?action=edit&file=libjbig2dec.so.0.0.0&belekmata=/home/coinhaber/public_html/hex_sym404/root/usr/lib64 HTTP/1.1" 200 47652 "-" "Mozilla/5.0 (compatible; MJ12bot/v1.4.8; http://mj12bot.com/)"
57.141.0.9 - - [15/Jun/2025:18:00:56 +0300] "GET /index.php?shopdetail/4873068383 HTTP/2" 404 1251 "-" "meta-externalagent/1.1 (+https://developers.facebook.com/docs/sharing/webmasters/crawler)"
167.86.122.45 - - [15/Jun/2025:18:00:57 +0300] "GET /smini.php?action=edit&file=libjbig85.so.2.1&belekmata=/home/coinhaber/public_html/hex_sym404/root/lib64 HTTP/1.1" 200 9652 "-" "Mozilla/5.0 (compatible; MJ12bot/v1.4.8; http://mj12bot.com/)"
167.86.122.45 - - [15/Jun/2025:18:01:03 +0300] "GET /smini.php?action=edit&file=libjbig85.so.2.1&belekmata=/home/coinhaber/public_html/hex_sym404/root/usr/lib64 HTTP/1.1" 200 9652 "-" "Mozilla/5.0 (compatible; MJ12bot/v1.4.8; http://mj12bot.com/)"
167.86.122.45 - - [15/Jun/2025:18:01:08 +0300] "GET /smini.php?action=edit&file=libjpeg.so&belekmata=/home/coinhaber/public_html/hex_sym404/root/lib64 HTTP/1.1" 200 111641 "-" "Mozilla/5.0 (compatible; MJ12bot/v1.4.8; http://mj12bot.com/)"
216.73.216.171 - - [15/Jun/2025:18:01:09 +0300] "GET /smini.php?action=edit&belekmata=%2Fhome%2Fcoinhaber%2Fpublic_html%2Fwp-content%2Fplugins%2Ftathkdgbxx&file=xx.php HTTP/2" 200 512 "-" "Mozilla/5.0 AppleWebKit/537.36 (KHTML, like Gecko; compatible; ClaudeBot/1.0; +claudebot@anthropic.com)"
216.73.216.171 - - [15/Jun/2025:18:01:09 +0300] "GET /smini.php?action=edit&belekmata=%2Fhome%2Fcoinhaber%2Fpublic_html%2Fwp-content%2Fplugins%2Fpueolzdbok&file=xx.php HTTP/2" 200 512 "-" "Mozilla/5.0 AppleWebKit/537.36 (KHTML, like Gecko; compatible; ClaudeBot/1.0; +claudebot@anthropic.com)"
216.73.216.171 - - [15/Jun/2025:18:01:09 +0300] "GET /smini.php?action=edit&belekmata=%2Fhome%2Fcoinhaber%2Fpublic_html%2Fwp-content%2Fplugins%2Frofyfvveii&file=radio.php HTTP/2" 200 512 "-" "Mozilla/5.0 AppleWebKit/537.36 (KHTML, like Gecko; compatible; ClaudeBot/1.0; +claudebot@anthropic.com)"
216.73.216.171 - - [15/Jun/2025:18:01:09 +0300] "GET /smini.php?action=edit&belekmata=%2Fhome%2Fcoinhaber%2Fpublic_html%2Fwp-content%2Fplugins%2Fznwurgiwrj&file=radio.php HTTP/2" 200 512 "-" "Mozilla/5.0 AppleWebKit/537.36 (KHTML, like Gecko; compatible; ClaudeBot/1.0; +claudebot@anthropic.com)"
216.73.216.171 - - [15/Jun/2025:18:01:09 +0300] "GET /smini.php?belekmata=%2Fhome%2Fcoinhaber%2Fpublic_html%2Fhex_sym404%2Froot%2Flib64%2Fperl5%2FDevel HTTP/2" 200 847 "-" "Mozilla/5.0 AppleWebKit/537.36 (KHTML, like Gecko; compatible; ClaudeBot/1.0; +claudebot@anthropic.com)"
216.73.216.171 - - [15/Jun/2025:18:01:09 +0300] "GET /smini.php?action=edit&belekmata=%2Fhome%2Fcoinhaber%2Fpublic_html%2Fwp-includes%2Fblocks%2Fquery-pagination&file=editor.min.css HTTP/2" 200 606 "-" "Mozilla/5.0 AppleWebKit/537.36 (KHTML, like Gecko; compatible; ClaudeBot/1.0; +claudebot@anthropic.com)"
216.73.216.171 - - [15/Jun/2025:18:01:09 +0300] "GET /smini.php?action=edit&belekmata=%2Fhome%2Fcoinhaber%2Fpublic_html%2Fwp-includes%2Fblocks%2Fquery-pagination&file=editor-rtl.min.css HTTP/2" 200 608 "-" "Mozilla/5.0 AppleWebKit/537.36 (KHTML, like Gecko; compatible; ClaudeBot/1.0; +claudebot@anthropic.com)"
216.73.216.171 - - [15/Jun/2025:18:01:09 +0300] "GET /smini.php?action=edit&belekmata=%2Fhome%2Fcoinhaber%2Fpublic_html%2Fwp-content%2Fplugins%2Futqblkxzpx&file=radio.php HTTP/2" 200 5774 "-" "Mozilla/5.0 AppleWebKit/537.36 (KHTML, like Gecko; compatible; ClaudeBot/1.0; +claudebot@anthropic.com)"
57.141.0.4 - - [15/Jun/2025:18:00:45 +0300] "GET /index.php?shopdetail/13459199752 HTTP/2" 404 1251 "-" "meta-externalagent/1.1 (+https://developers.facebook.com/docs/sharing/webmasters/crawler)"
51.68.235.235 - - [15/Jun/2025:18:00:48 +0300] "GET /smini.php?action=edit&file=libgailutil.so.18.0.1&belekmata=/home/coinhaber/public_html/hex_sym404/root/usr/lib64 HTTP/1.1" 200 11152 "-" "Mozilla/5.0 (compatible; MJ12bot/v1.4.8; http://mj12bot.com/)"
51.68.235.235 - - [15/Jun/2025:18:00:51 +0300] "GET /smini.php?action=edit&file=libgcc_s-8-20210514.so.1&belekmata=/home/coinhaber/public_html/hex_sym404/root/usr/lib64 HTTP/1.1" 200 41193 "-" "Mozilla/5.0 (compatible; MJ12bot/v1.4.8; http://mj12bot.com/)"
51.68.235.235 - - [15/Jun/2025:18:00:54 +0300] "GET /smini.php?action=edit&file=libgcc_s.so.1&belekmata=/home/coinhaber/public_html/hex_sym404/root/usr/lib64 HTTP/1.1" 200 41207 "-" "Mozilla/5.0 (compatible; MJ12bot/v1.4.8; http://mj12bot.com/)"
51.68.235.235 - - [15/Jun/2025:18:00:58 +0300] "GET /smini.php?action=edit&file=libgcrypt.so&belekmata=/home/coinhaber/public_html/hex_sym404/root/usr/lib64 HTTP/1.1" 200 408874 "-" "Mozilla/5.0 (compatible; MJ12bot/v1.4.8; http://mj12bot.com/)"
51.68.235.235 - - [15/Jun/2025:18:01:04 +0300] "GET /smini.php?action=edit&file=libgcrypt.so.20&belekmata=/home/coinhaber/public_html/hex_sym404/root/usr/lib64 HTTP/1.1" 200 408474 "-" "Mozilla/5.0 (compatible; MJ12bot/v1.4.8; http://mj12bot.com/)"
51.68.235.235 - - [15/Jun/2025:18:01:09 +0300] "GET /smini.php?action=edit&file=libgcrypt.so.20.2.5&belekmata=/home/coinhaber/public_html/hex_sym404/root/usr/lib64 HTTP/1.1" 200 408832 "-" "Mozilla/5.0 (compatible; MJ12bot/v1.4.8; http://mj12bot.com/)"
51.68.235.235 - - [15/Jun/2025:18:01:13 +0300] "GET /smini.php?action=edit&file=libgd.so&belekmata=/home/coinhaber/public_html/hex_sym404/root/usr/lib64 HTTP/1.1" 200 123735 "-" "Mozilla/5.0 (compatible; MJ12bot/v1.4.8; http://mj12bot.com/)"
57.141.0.30 - - [15/Jun/2025:18:01:15 +0300] "GET /index.php?shopdetail/1345930825 HTTP/2" 404 1251 "-" "meta-externalagent/1.1 (+https://developers.facebook.com/docs/sharing/webmasters/crawler)"
51.68.235.235 - - [15/Jun/2025:18:01:17 +0300] "GET /smini.php?action=edit&file=libgd.so.3&belekmata=/home/coinhaber/public_html/hex_sym404/root/usr/lib64 HTTP/1.1" 200 123676 "-" "Mozilla/5.0 (compatible; MJ12bot/v1.4.8; http://mj12bot.com/)"
51.68.235.235 - - [15/Jun/2025:18:01:21 +0300] "GET /smini.php?action=edit&file=libgd.so.3.0.5&belekmata=/home/coinhaber/public_html/hex_sym404/root/usr/lib64 HTTP/1.1" 200 123746 "-" "Mozilla/5.0 (compatible; MJ12bot/v1.4.8; http://mj12bot.com/)"
57.141.0.6 - - [15/Jun/2025:18:01:22 +0300] "GET /index.php?shopdetail/44754142452 HTTP/2" 404 1251 "-" "meta-externalagent/1.1 (+https://developers.facebook.com/docs/sharing/webmasters/crawler)"
51.68.235.235 - - [15/Jun/2025:18:01:25 +0300] "GET /smini.php?action=edit&file=libgdbm.so&belekmata=/home/coinhaber/public_html/hex_sym404/root/usr/lib64 HTTP/1.1" 200 27191 "-" "Mozilla/5.0 (compatible; MJ12bot/v1.4.8; http://mj12bot.com/)"
40.77.167.16 - - [15/Jun/2025:18:01:25 +0300] "GET /index.php?shopdetail/679942411 HTTP/2" 404 1251 "-" "Mozilla/5.0 AppleWebKit/537.36 (KHTML, like Gecko; compatible; bingbot/2.0; +http://www.bing.com/bingbot.htm) Chrome/116.0.1938.76 Safari/537.36"
51.68.235.235 - - [15/Jun/2025:18:01:28 +0300] "GET /smini.php?action=edit&file=libgdbm.so.6&belekmata=/home/coinhaber/public_html/hex_sym404/root/usr/lib64 HTTP/1.1" 200 27212 "-" "Mozilla/5.0 (compatible; MJ12bot/v1.4.8; http://mj12bot.com/)"
51.68.235.235 - - [15/Jun/2025:18:01:32 +0300] "GET /smini.php?action=edit&file=libgdbm.so.6.0.0&belekmata=/home/coinhaber/public_html/hex_sym404/root/usr/lib64 HTTP/1.1" 200 27177 "-" "Mozilla/5.0 (compatible; MJ12bot/v1.4.8; http://mj12bot.com/)"
51.68.235.235 - - [15/Jun/2025:18:01:35 +0300] "GET /smini.php?action=edit&file=libgdbm_compat.so&belekmata=/home/coinhaber/public_html/hex_sym404/root/usr/lib64 HTTP/1.1" 200 5751 "-" "Mozilla/5.0 (compatible; MJ12bot/v1.4.8; http://mj12bot.com/)"
51.68.235.235 - - [15/Jun/2025:18:01:38 +0300] "GET /smini.php?action=edit&file=libgdbm_compat.so.4&belekmata=/home/coinhaber/public_html/hex_sym404/root/usr/lib64 HTTP/1.1" 200 5735 "-" "Mozilla/5.0 (compatible; MJ12bot/v1.4.8; http://mj12bot.com/)"
51.68.235.235 - - [15/Jun/2025:18:01:42 +0300] "GET /smini.php?action=edit&file=libgdbm_compat.so.4.0.0&belekmata=/home/coinhaber/public_html/hex_sym404/root/usr/lib64 HTTP/1.1" 200 5783 "-" "Mozilla/5.0 (compatible; MJ12bot/v1.4.8; http://mj12bot.com/)"
216.73.216.171 - - [15/Jun/2025:18:01:43 +0300] "GET /smini.php?belekmata=%2Fhome%2Fcoinhaber%2Fpublic_html%2Fhex_sym404%2Froot%2Flib64%2Fperl5%2FI18N HTTP/2" 200 850 "-" "Mozilla/5.0 AppleWebKit/537.36 (KHTML, like Gecko; compatible; ClaudeBot/1.0; +claudebot@anthropic.com)"
216.73.216.171 - - [15/Jun/2025:18:01:43 +0300] "GET /smini.php?action=edit&belekmata=%2Fhome%2Fcoinhaber%2Fpublic_html%2Fwp-includes%2Fblocks%2Fpost-navigation-link&file=style-rtl.min.css HTTP/2" 200 677 "-" "Mozilla/5.0 AppleWebKit/537.36 (KHTML, like Gecko; compatible; ClaudeBot/1.0; +claudebot@anthropic.com)"
216.73.216.171 - - [15/Jun/2025:18:01:43 +0300] "GET /smini.php?action=edit&belekmata=%2Fhome%2Fcoinhaber%2Fpublic_html%2Fwp-content%2Fplugins%2Fkjzhyzoqba&file=xx.php HTTP/2" 200 512 "-" "Mozilla/5.0 AppleWebKit/537.36 (KHTML, like Gecko; compatible; ClaudeBot/1.0; +claudebot@anthropic.com)"
216.73.216.171 - - [15/Jun/2025:18:01:43 +0300] "GET /smini.php?action=edit&belekmata=%2Fhome%2Fcoinhaber%2Fpublic_html%2Fwp-includes%2Fblocks%2Fnavigation-link&file=style-rtl.css HTTP/2" 200 655 "-" "Mozilla/5.0 AppleWebKit/537.36 (KHTML, like Gecko; compatible; ClaudeBot/1.0; +claudebot@anthropic.com)"
216.73.216.171 - - [15/Jun/2025:18:01:43 +0300] "GET /smini.php?action=edit&belekmata=%2Fhome%2Fcoinhaber%2Fpublic_html%2Fwp-content%2Fplugins%2Fmdptyvfzmf&file=xx.php HTTP/2" 200 5782 "-" "Mozilla/5.0 AppleWebKit/537.36 (KHTML, like Gecko; compatible; ClaudeBot/1.0; +claudebot@anthropic.com)"
216.73.216.171 - - [15/Jun/2025:18:01:43 +0300] "GET /smini.php?action=edit&belekmata=%2Fhome%2Fcoinhaber%2Fpublic_html%2Fwp-content%2Fplugins%2Fumozqjmjot&file=xx.php HTTP/2" 200 5782 "-" "Mozilla/5.0 AppleWebKit/537.36 (KHTML, like Gecko; compatible; ClaudeBot/1.0; +claudebot@anthropic.com)"
216.73.216.171 - - [15/Jun/2025:18:01:43 +0300] "GET /smini.php?action=edit&belekmata=%2Fhome%2Fcoinhaber%2Fpublic_html%2Fwp-includes%2Fblocks%2Fcomment-reply-link&file=style-rtl.css HTTP/2" 200 554 "-" "Mozilla/5.0 AppleWebKit/537.36 (KHTML, like Gecko; compatible; ClaudeBot/1.0; +claudebot@anthropic.com)"
216.73.216.171 - - [15/Jun/2025:18:01:43 +0300] "GET /smini.php?action=edit&belekmata=%2Fhome%2Fcoinhaber%2Fpublic_html%2Fwp-includes%2Fblocks%2Fcomment-edit-link&file=style-rtl.css HTTP/2" 200 552 "-" "Mozilla/5.0 AppleWebKit/537.36 (KHTML, like Gecko; compatible; ClaudeBot/1.0; +claudebot@anthropic.com)"
216.73.216.171 - - [15/Jun/2025:18:01:43 +0300] "GET /smini.php?action=edit&belekmata=%2Fhome%2Fcoinhaber%2Fpublic_html%2Fwp-includes%2Fblocks%2Fquery-title&file=style-rtl.css HTTP/2" 200 549 "-" "Mozilla/5.0 AppleWebKit/537.36 (KHTML, like Gecko; compatible; ClaudeBot/1.0; +claudebot@anthropic.com)"
216.73.216.171 - - [15/Jun/2025:18:01:43 +0300] "GET /smini.php?action=edit&belekmata=%2Fhome%2Fcoinhaber%2Fpublic_html%2Fwp-content%2Fplugins%2Fztpvvwnrog&file=xx.php HTTP/2" 200 512 "-" "Mozilla/5.0 AppleWebKit/537.36 (KHTML, like Gecko; compatible; ClaudeBot/1.0; +claudebot@anthropic.com)"
51.68.235.235 - - [15/Jun/2025:18:01:46 +0300] "GET /smini.php?action=edit&file=libgdk-x11-2.0.so.0&belekmata=/home/coinhaber/public_html/hex_sym404/root/usr/lib64 HTTP/1.1" 200 317394 "-" "Mozilla/5.0 (compatible; MJ12bot/v1.4.8; http://mj12bot.com/)"
57.141.0.2 - - [15/Jun/2025:18:01:49 +0300] "GET /index.php?shopdetail/44754101264 HTTP/2" 404 1251 "-" "meta-externalagent/1.1 (+https://developers.facebook.com/docs/sharing/webmasters/crawler)"
216.73.216.171 - - [15/Jun/2025:18:01:09 +0300] "GET /smini.php?action=edit&belekmata=%2Fhome%2Fcoinhaber%2Fpublic_html%2Fwp-content%2Fplugins%2Fmxgmstxfww&file=radio.php HTTP/2" 200 512 "-" "Mozilla/5.0 AppleWebKit/537.36 (KHTML, like Gecko; compatible; ClaudeBot/1.0; +claudebot@anthropic.com)"
216.73.216.171 - - [15/Jun/2025:18:01:09 +0300] "GET /smini.php?action=edit&belekmata=%2Fhome%2Fcoinhaber%2Fpublic_html%2Fwp-content%2Fplugins%2Fvdvhfpxqox&file=radio.php HTTP/2" 200 5757 "-" "Mozilla/5.0 AppleWebKit/537.36 (KHTML, like Gecko; compatible; ClaudeBot/1.0; +claudebot@anthropic.com)"
167.86.122.45 - - [15/Jun/2025:18:01:13 +0300] "GET /smini.php?action=edit&file=libjpeg.so&belekmata=/home/coinhaber/public_html/hex_sym404/root/usr/lib64 HTTP/1.1" 200 111641 "-" "Mozilla/5.0 (compatible; MJ12bot/v1.4.8; http://mj12bot.com/)"
40.77.167.121 - - [15/Jun/2025:18:01:17 +0300] "GET /index.php?shopdetail/1345967680 HTTP/2" 404 1251 "-" "Mozilla/5.0 AppleWebKit/537.36 (KHTML, like Gecko; compatible; bingbot/2.0; +http://www.bing.com/bingbot.htm) Chrome/116.0.1938.76 Safari/537.36"
167.86.122.45 - - [15/Jun/2025:18:01:19 +0300] "GET /smini.php?action=edit&file=libjpeg.so.62&belekmata=/home/coinhaber/public_html/hex_sym404/root/lib64 HTTP/1.1" 200 111702 "-" "Mozilla/5.0 (compatible; MJ12bot/v1.4.8; http://mj12bot.com/)"
66.249.64.128 - - [15/Jun/2025:18:01:23 +0300] "GET /ammika.php?74434251115.htm HTTP/1.1" 404 1251 "-" "Mozilla/5.0 (Linux; Android 6.0.1; Nexus 5X Build/MMB29P) AppleWebKit/537.36 (KHTML, like Gecko) Chrome/136.0.7103.113 Mobile Safari/537.36 (compatible; Googlebot/2.1; +http://www.google.com/bot.html)"
167.86.122.45 - - [15/Jun/2025:18:01:24 +0300] "GET /smini.php?action=edit&file=libjpeg.so.62&belekmata=/home/coinhaber/public_html/hex_sym404/root/usr/lib64 HTTP/1.1" 200 111702 "-" "Mozilla/5.0 (compatible; MJ12bot/v1.4.8; http://mj12bot.com/)"
167.86.122.45 - - [15/Jun/2025:18:01:30 +0300] "GET /smini.php?action=edit&file=libjpeg.so.62.2.0&belekmata=/home/coinhaber/public_html/hex_sym404/root/lib64 HTTP/1.1" 200 111793 "-" "Mozilla/5.0 (compatible; MJ12bot/v1.4.8; http://mj12bot.com/)"
167.86.122.45 - - [15/Jun/2025:18:01:35 +0300] "GET /smini.php?action=edit&file=libjpeg.so.62.2.0&belekmata=/home/coinhaber/public_html/hex_sym404/root/usr/lib64 HTTP/1.1" 200 111833 "-" "Mozilla/5.0 (compatible; MJ12bot/v1.4.8; http://mj12bot.com/)"
167.86.122.45 - - [15/Jun/2025:18:01:40 +0300] "GET /smini.php?action=edit&file=libjq.so.1&belekmata=/home/coinhaber/public_html/hex_sym404/root/lib64 HTTP/1.1" 200 148964 "-" "Mozilla/5.0 (compatible; MJ12bot/v1.4.8; http://mj12bot.com/)"
167.86.122.45 - - [15/Jun/2025:18:01:43 +0300] "GET /smini.php?action=edit&file=libjq.so.1&belekmata=/home/coinhaber/public_html/hex_sym404/root/usr/lib64 HTTP/1.1" 200 148964 "-" "Mozilla/5.0 (compatible; MJ12bot/v1.4.8; http://mj12bot.com/)"
167.86.122.45 - - [15/Jun/2025:18:01:48 +0300] "GET /smini.php?action=edit&file=libjq.so.1.0.4&belekmata=/home/coinhaber/public_html/hex_sym404/root/lib64 HTTP/1.1" 200 149015 "-" "Mozilla/5.0 (compatible; MJ12bot/v1.4.8; http://mj12bot.com/)"
167.86.122.45 - - [15/Jun/2025:18:01:53 +0300] "GET /smini.php?action=edit&file=libjq.so.1.0.4&belekmata=/home/coinhaber/public_html/hex_sym404/root/usr/lib64 HTTP/1.1" 200 149015 "-" "Mozilla/5.0 (compatible; MJ12bot/v1.4.8; http://mj12bot.com/)"
167.86.122.45 - - [15/Jun/2025:18:01:57 +0300] "GET /smini.php?action=edit&file=libjson-c.so&belekmata=/home/coinhaber/public_html/hex_sym404/root/lib64 HTTP/1.1" 200 26534 "-" "Mozilla/5.0 (compatible; MJ12bot/v1.4.8; http://mj12bot.com/)"
167.86.122.45 - - [15/Jun/2025:18:02:02 +0300] "GET /smini.php?action=edit&file=libjson-c.so&belekmata=/home/coinhaber/public_html/hex_sym404/root/usr/lib64 HTTP/1.1" 200 26534 "-" "Mozilla/5.0 (compatible; MJ12bot/v1.4.8; http://mj12bot.com/)"
167.86.122.45 - - [15/Jun/2025:18:02:07 +0300] "GET /smini.php?action=edit&file=libjson-c.so.4&belekmata=/home/coinhaber/public_html/hex_sym404/root/lib64 HTTP/1.1" 200 26504 "-" "Mozilla/5.0 (compatible; MJ12bot/v1.4.8; http://mj12bot.com/)"
51.68.235.235 - - [15/Jun/2025:18:01:51 +0300] "GET /smini.php?action=edit&file=libgdk-x11-2.0.so.0.2400.32&belekmata=/home/coinhaber/public_html/hex_sym404/root/usr/lib64 HTTP/1.1" 200 317379 "-" "Mozilla/5.0 (compatible; MJ12bot/v1.4.8; http://mj12bot.com/)"
51.68.235.235 - - [15/Jun/2025:18:01:55 +0300] "GET /smini.php?action=edit&file=libgdk_pixbuf-2.0.so.0&belekmata=/home/coinhaber/public_html/hex_sym404/root/usr/lib64 HTTP/1.1" 200 65627 "-" "Mozilla/5.0 (compatible; MJ12bot/v1.4.8; http://mj12bot.com/)"
51.68.235.235 - - [15/Jun/2025:18:02:00 +0300] "GET /smini.php?action=edit&file=libgdk_pixbuf-2.0.so.0.3612.0&belekmata=/home/coinhaber/public_html/hex_sym404/root/usr/lib64 HTTP/1.1" 200 65676 "-" "Mozilla/5.0 (compatible; MJ12bot/v1.4.8; http://mj12bot.com/)"
51.68.235.235 - - [15/Jun/2025:18:02:03 +0300] "GET /smini.php?action=edit&file=libgearman.so.8&belekmata=/home/coinhaber/public_html/hex_sym404/root/usr/lib64 HTTP/1.1" 200 79343 "-" "Mozilla/5.0 (compatible; MJ12bot/v1.4.8; http://mj12bot.com/)"
40.77.167.121 - - [15/Jun/2025:18:02:06 +0300] "GET /index.php?shopdetail/67994247907 HTTP/2" 404 1251 "-" "Mozilla/5.0 AppleWebKit/537.36 (KHTML, like Gecko; compatible; bingbot/2.0; +http://www.bing.com/bingbot.htm) Chrome/116.0.1938.76 Safari/537.36"
51.68.235.235 - - [15/Jun/2025:18:02:07 +0300] "GET /smini.php?action=edit&file=libgearman.so.8.0.0&belekmata=/home/coinhaber/public_html/hex_sym404/root/usr/lib64 HTTP/1.1" 200 79446 "-" "Mozilla/5.0 (compatible; MJ12bot/v1.4.8; http://mj12bot.com/)"
40.77.167.121 - - [15/Jun/2025:18:02:07 +0300] "GET /index.php?shopdetail/3441957555 HTTP/2" 404 1251 "-" "Mozilla/5.0 AppleWebKit/537.36 (KHTML, like Gecko; compatible; bingbot/2.0; +http://www.bing.com/bingbot.htm) Chrome/116.0.1938.76 Safari/537.36"
51.68.235.235 - - [15/Jun/2025:18:02:10 +0300] "GET /smini.php?action=edit&file=libgen.h&belekmata=/home/coinhaber/public_html/hex_sym404/root/usr/include HTTP/1.1" 200 1194 "-" "Mozilla/5.0 (compatible; MJ12bot/v1.4.8; http://mj12bot.com/)"
51.68.235.235 - - [15/Jun/2025:18:02:14 +0300] "GET /smini.php?action=edit&file=libgettextlib-0.19.8.1.so&belekmata=/home/coinhaber/public_html/hex_sym404/root/usr/lib64 HTTP/1.1" 200 100207 "-" "Mozilla/5.0 (compatible; MJ12bot/v1.4.8; http://mj12bot.com/)"
40.77.167.121 - - [15/Jun/2025:18:02:17 +0300] "GET /index.php?shopdetail/98394769 HTTP/2" 404 1251 "-" "Mozilla/5.0 AppleWebKit/537.36 (KHTML, like Gecko; compatible; bingbot/2.0; +http://www.bing.com/bingbot.htm) Chrome/116.0.1938.76 Safari/537.36"
51.68.235.235 - - [15/Jun/2025:18:02:19 +0300] "GET /smini.php?action=edit&file=libgettextpo.so&belekmata=/home/coinhaber/public_html/hex_sym404/root/usr/lib64 HTTP/1.1" 200 135474 "-" "Mozilla/5.0 (compatible; MJ12bot/v1.4.8; http://mj12bot.com/)"
216.73.216.171 - - [15/Jun/2025:18:02:21 +0300] "GET /smini.php?action=edit&belekmata=%2Fhome%2Fcoinhaber%2Fpublic_html%2Fwp-content%2Fplugins%2Fmxgmstxfww&file=xx.php HTTP/2" 200 512 "-" "Mozilla/5.0 AppleWebKit/537.36 (KHTML, like Gecko; compatible; ClaudeBot/1.0; +claudebot@anthropic.com)"
216.73.216.171 - - [15/Jun/2025:18:02:21 +0300] "GET /smini.php?action=edit&belekmata=%2Fhome%2Fcoinhaber%2Fpublic_html%2Fwp-includes%2Fblocks%2Fquery-pagination&file=style-rtl.min.css HTTP/2" 200 700 "-" "Mozilla/5.0 AppleWebKit/537.36 (KHTML, like Gecko; compatible; ClaudeBot/1.0; +claudebot@anthropic.com)"
216.73.216.171 - - [15/Jun/2025:18:02:21 +0300] "GET /smini.php?action=edit&belekmata=%2Fhome%2Fcoinhaber%2Fpublic_html%2Fwp-includes%2Fblocks%2Fcomments-pagination-numbers&file=editor.min.css HTTP/2" 200 570 "-" "Mozilla/5.0 AppleWebKit/537.36 (KHTML, like Gecko; compatible; ClaudeBot/1.0; +claudebot@anthropic.com)"
