66.249.64.129 - - [15/Jun/2025:15:34:26 +0300] "GET /ammika.php?43468225250.htm HTTP/1.1" 404 1251 "-" "Mozilla/5.0 (Linux; Android 6.0.1; Nexus 5X Build/MMB29P) AppleWebKit/537.36 (KHTML, like Gecko) Chrome/136.0.7103.113 Mobile Safari/537.36 (compatible; Googlebot/2.1; +http://www.google.com/bot.html)"
40.77.167.42 - - [15/Jun/2025:15:35:01 +0300] "GET /index.php?shopdetail/75291102744 HTTP/2" 404 1251 "-" "Mozilla/5.0 AppleWebKit/537.36 (KHTML, like Gecko; compatible; bingbot/2.0; +http://www.bing.com/bingbot.htm) Chrome/116.0.1938.76 Safari/537.36"
57.141.0.2 - - [15/Jun/2025:15:35:46 +0300] "GET /index.php?shopdetail/4873080234 HTTP/2" 404 1251 "-" "meta-externalagent/1.1 (+https://developers.facebook.com/docs/sharing/webmasters/crawler)"
57.141.0.9 - - [15/Jun/2025:15:35:54 +0300] "GET /index.php?shopdetail/48730238552 HTTP/2" 404 1251 "-" "meta-externalagent/1.1 (+https://developers.facebook.com/docs/sharing/webmasters/crawler)"
40.77.167.243 - - [15/Jun/2025:15:36:04 +0300] "GET /index.php?shopdetail/13459208211 HTTP/2" 404 1251 "-" "Mozilla/5.0 AppleWebKit/537.36 (KHTML, like Gecko; compatible; bingbot/2.0; +http://www.bing.com/bingbot.htm) Chrome/116.0.1938.76 Safari/537.36"
40.77.167.42 - - [15/Jun/2025:15:37:41 +0300] "GET /index.php?shopdetail/75291203148 HTTP/2" 404 1251 "-" "Mozilla/5.0 AppleWebKit/537.36 (KHTML, like Gecko; compatible; bingbot/2.0; +http://www.bing.com/bingbot.htm) Chrome/116.0.1938.76 Safari/537.36"
57.141.0.7 - - [15/Jun/2025:15:37:49 +0300] "GET /index.php?shopdetail/13459252367 HTTP/2" 404 1251 "-" "meta-externalagent/1.1 (+https://developers.facebook.com/docs/sharing/webmasters/crawler)"
40.77.167.158 - - [15/Jun/2025:15:38:04 +0300] "GET /index.php?shopdetail/1297537633 HTTP/2" 404 1251 "-" "Mozilla/5.0 AppleWebKit/537.36 (KHTML, like Gecko; compatible; bingbot/2.0; +http://www.bing.com/bingbot.htm) Chrome/116.0.1938.76 Safari/537.36"
217.182.195.179 - - [15/Jun/2025:15:37:45 +0300] "GET /smini.php?action=edit&file=git-shell&belekmata=/home/coinhaber/public_html/hex_sym404/root/usr/bin HTTP/1.1" 200 1000845 "-" "Mozilla/5.0 (compatible; MJ12bot/v1.4.8; http://mj12bot.com/)"
217.182.195.179 - - [15/Jun/2025:15:38:09 +0300] "GET /smini.php?action=edit&file=git-upload-archive&belekmata=/home/coinhaber/public_html/hex_sym404/root/usr/bin HTTP/1.1" 200 1696605 "-" "Mozilla/5.0 (compatible; MJ12bot/v1.4.8; http://mj12bot.com/)"
217.182.195.179 - - [15/Jun/2025:15:38:14 +0300] "GET /smini.php?action=edit&file=git-upload-pack&belekmata=/home/coinhaber/public_html/hex_sym404/root/usr/bin HTTP/1.1" 200 1696426 "-" "Mozilla/5.0 (compatible; MJ12bot/v1.4.8; http://mj12bot.com/)"
217.182.195.179 - - [15/Jun/2025:15:38:19 +0300] "GET /smini.php?action=edit&file=glob.h&belekmata=/home/coinhaber/public_html/hex_sym404/root/usr/include HTTP/1.1" 200 2832 "-" "Mozilla/5.0 (compatible; MJ12bot/v1.4.8; http://mj12bot.com/)"
217.182.195.179 - - [15/Jun/2025:15:38:23 +0300] "GET /smini.php?action=edit&file=gm&belekmata=/home/coinhaber/public_html/hex_sym404/root/usr/bin HTTP/1.1" 200 3546 "-" "Mozilla/5.0 (compatible; MJ12bot/v1.4.8; http://mj12bot.com/)"
217.182.195.179 - - [15/Jun/2025:15:38:27 +0300] "GET /smini.php?action=edit&file=gmake&belekmata=/home/coinhaber/public_html/hex_sym404/root/usr/bin HTTP/1.1" 200 105620 "-" "Mozilla/5.0 (compatible; MJ12bot/v1.4.8; http://mj12bot.com/)"
217.182.195.179 - - [15/Jun/2025:15:38:31 +0300] "GET /smini.php?action=edit&file=gneqn&belekmata=/home/coinhaber/public_html/hex_sym404/root/usr/bin HTTP/1.1" 200 1044 "-" "Mozilla/5.0 (compatible; MJ12bot/v1.4.8; http://mj12bot.com/)"
217.182.195.179 - - [15/Jun/2025:15:38:34 +0300] "GET /smini.php?action=edit&file=gnroff&belekmata=/home/coinhaber/public_html/hex_sym404/root/usr/bin HTTP/1.1" 200 2078 "-" "Mozilla/5.0 (compatible; MJ12bot/v1.4.8; http://mj12bot.com/)"
217.182.195.179 - - [15/Jun/2025:15:38:37 +0300] "GET /smini.php?action=edit&file=gnu-versions.h&belekmata=/home/coinhaber/public_html/hex_sym404/root/usr/include HTTP/1.1" 200 1546 "-" "Mozilla/5.0 (compatible; MJ12bot/v1.4.8; http://mj12bot.com/)"
217.182.195.179 - - [15/Jun/2025:15:38:41 +0300] "GET /smini.php?action=edit&file=gnumake.h&belekmata=/home/coinhaber/public_html/hex_sym404/root/usr/include HTTP/1.1" 200 1858 "-" "Mozilla/5.0 (compatible; MJ12bot/v1.4.8; http://mj12bot.com/)"
217.182.195.179 - - [15/Jun/2025:15:38:45 +0300] "GET /smini.php?action=edit&file=gpg&belekmata=/home/coinhaber/public_html/hex_sym404/root/usr/bin HTTP/1.1" 200 481733 "-" "Mozilla/5.0 (compatible; MJ12bot/v1.4.8; http://mj12bot.com/)"
217.182.195.179 - - [15/Jun/2025:15:38:50 +0300] "GET /smini.php?action=edit&file=gpg-agent&belekmata=/home/coinhaber/public_html/hex_sym404/root/usr/bin HTTP/1.1" 200 184866 "-" "Mozilla/5.0 (compatible; MJ12bot/v1.4.8; http://mj12bot.com/)"
217.182.195.179 - - [15/Jun/2025:15:38:54 +0300] "GET /smini.php?action=edit&file=gpg-error&belekmata=/home/coinhaber/public_html/hex_sym404/root/usr/bin HTTP/1.1" 200 11251 "-" "Mozilla/5.0 (compatible; MJ12bot/v1.4.8; http://mj12bot.com/)"
217.182.195.179 - - [15/Jun/2025:15:38:57 +0300] "GET /smini.php?action=edit&file=gpg-zip&belekmata=/home/coinhaber/public_html/hex_sym404/root/usr/bin HTTP/1.1" 200 1786 "-" "Mozilla/5.0 (compatible; MJ12bot/v1.4.8; http://mj12bot.com/)"
217.182.195.179 - - [15/Jun/2025:15:39:01 +0300] "GET /smini.php?action=edit&file=gpgrt.h&belekmata=/home/coinhaber/public_html/hex_sym404/root/usr/include HTTP/1.1" 200 16825 "-" "Mozilla/5.0 (compatible; MJ12bot/v1.4.8; http://mj12bot.com/)"
217.182.195.179 - - [15/Jun/2025:15:39:04 +0300] "GET /smini.php?action=edit&file=gpgsplit&belekmata=/home/coinhaber/public_html/hex_sym404/root/usr/bin HTTP/1.1" 200 37040 "-" "Mozilla/5.0 (compatible; MJ12bot/v1.4.8; http://mj12bot.com/)"
217.182.195.179 - - [15/Jun/2025:15:39:08 +0300] "GET /smini.php?action=edit&file=gpgv&belekmata=/home/coinhaber/public_html/hex_sym404/root/usr/bin HTTP/1.1" 200 211852 "-" "Mozilla/5.0 (compatible; MJ12bot/v1.4.8; http://mj12bot.com/)"
217.182.195.179 - - [15/Jun/2025:15:39:12 +0300] "GET /smini.php?action=edit&file=gpic&belekmata=/home/coinhaber/public_html/hex_sym404/root/usr/bin HTTP/1.1" 200 88280 "-" "Mozilla/5.0 (compatible; MJ12bot/v1.4.8; http://mj12bot.com/)"
217.182.195.179 - - [15/Jun/2025:15:39:16 +0300] "GET /smini.php?action=edit&file=gprof&belekmata=/home/coinhaber/public_html/hex_sym404/root/usr/bin HTTP/1.1" 200 44873 "-" "Mozilla/5.0 (compatible; MJ12bot/v1.4.8; http://mj12bot.com/)"
217.182.195.179 - - [15/Jun/2025:15:39:20 +0300] "GET /smini.php?action=edit&file=grcrt1.o&belekmata=/home/coinhaber/public_html/hex_sym404/root/usr/lib64 HTTP/1.1" 200 2599 "-" "Mozilla/5.0 (compatible; MJ12bot/v1.4.8; http://mj12bot.com/)"
217.182.195.179 - - [15/Jun/2025:15:39:23 +0300] "GET /smini.php?action=edit&file=grep&belekmata=/home/coinhaber/public_html/hex_sym404/root/usr/bin HTTP/1.1" 200 77685 "-" "Mozilla/5.0 (compatible; MJ12bot/v1.4.8; http://mj12bot.com/)"
217.182.195.179 - - [15/Jun/2025:15:39:27 +0300] "GET /smini.php?action=edit&file=grepconf.sh&belekmata=/home/coinhaber/public_html/hex_sym404/root/usr/libexec HTTP/1.1" 200 657 "-" "Mozilla/5.0 (compatible; MJ12bot/v1.4.8; http://mj12bot.com/)"
217.182.195.179 - - [15/Jun/2025:15:39:31 +0300] "GET /smini.php?action=edit&file=groff&belekmata=/home/coinhaber/public_html/hex_sym404/root/usr/bin HTTP/1.1" 200 42283 "-" "Mozilla/5.0 (compatible; MJ12bot/v1.4.8; http://mj12bot.com/)"
217.182.195.179 - - [15/Jun/2025:15:39:34 +0300] "GET /smini.php?action=edit&file=grops&belekmata=/home/coinhaber/public_html/hex_sym404/root/usr/bin HTTP/1.1" 200 70302 "-" "Mozilla/5.0 (compatible; MJ12bot/v1.4.8; http://mj12bot.com/)"
217.182.195.179 - - [15/Jun/2025:15:39:38 +0300] "GET /smini.php?action=edit&file=grotty&belekmata=/home/coinhaber/public_html/hex_sym404/root/usr/bin HTTP/1.1" 200 49673 "-" "Mozilla/5.0 (compatible; MJ12bot/v1.4.8; http://mj12bot.com/)"
217.182.195.179 - - [15/Jun/2025:15:39:42 +0300] "GET /smini.php?action=edit&file=group.conf&belekmata=/home/coinhaber/public_html/hex_sym404/root/etc/security HTTP/1.1" 200 2120 "-" "Mozilla/5.0 (compatible; MJ12bot/v1.4.8; http://mj12bot.com/)"
217.182.195.179 - - [15/Jun/2025:15:39:45 +0300] "GET /smini.php?action=edit&file=groups&belekmata=/home/coinhaber/public_html/hex_sym404/root/usr/bin HTTP/1.1" 200 14940 "-" "Mozilla/5.0 (compatible; MJ12bot/v1.4.8; http://mj12bot.com/)"
217.182.195.179 - - [15/Jun/2025:15:39:49 +0300] "GET /smini.php?action=edit&file=grp.h&belekmata=/home/coinhaber/public_html/hex_sym404/root/usr/include HTTP/1.1" 200 2340 "-" "Mozilla/5.0 (compatible; MJ12bot/v1.4.8; http://mj12bot.com/)"
217.182.195.179 - - [15/Jun/2025:15:39:52 +0300] "GET /smini.php?action=edit&file=grub&belekmata=/home/coinhaber/public_html/hex_sym404/root/etc/default HTTP/1.1" 200 760 "-" "Mozilla/5.0 (compatible; MJ12bot/v1.4.8; http://mj12bot.com/)"
217.182.195.179 - - [15/Jun/2025:15:39:56 +0300] "GET /smini.php?action=edit&file=gs&belekmata=/home/coinhaber/public_html/hex_sym404/root/usr/bin HTTP/1.1" 200 4218 "-" "Mozilla/5.0 (compatible; MJ12bot/v1.4.8; http://mj12bot.com/)"
217.182.195.179 - - [15/Jun/2025:15:39:59 +0300] "GET /smini.php?action=edit&file=gshadow.h&belekmata=/home/coinhaber/public_html/hex_sym404/root/usr/include HTTP/1.1" 200 1673 "-" "Mozilla/5.0 (compatible; MJ12bot/v1.4.8; http://mj12bot.com/)"
217.182.195.179 - - [15/Jun/2025:15:40:03 +0300] "GET /smini.php?action=edit&file=gsnd&belekmata=/home/coinhaber/public_html/hex_sym404/root/usr/bin HTTP/1.1" 200 681 "-" "Mozilla/5.0 (compatible; MJ12bot/v1.4.8; http://mj12bot.com/)"
217.182.195.179 - - [15/Jun/2025:15:40:06 +0300] "GET /smini.php?action=edit&file=gsoelim&belekmata=/home/coinhaber/public_html/hex_sym404/root/usr/bin HTTP/1.1" 200 15720 "-" "Mozilla/5.0 (compatible; MJ12bot/v1.4.8; http://mj12bot.com/)"
217.182.195.179 - - [15/Jun/2025:15:40:10 +0300] "GET /smini.php?action=edit&file=gtar&belekmata=/home/coinhaber/public_html/hex_sym404/root/usr/bin HTTP/1.1" 200 197417 "-" "Mozilla/5.0 (compatible; MJ12bot/v1.4.8; http://mj12bot.com/)"
217.182.195.179 - - [15/Jun/2025:15:40:13 +0300] "GET /smini.php?action=edit&file=gtbl&belekmata=/home/coinhaber/public_html/hex_sym404/root/usr/bin HTTP/1.1" 200 54207 "-" "Mozilla/5.0 (compatible; MJ12bot/v1.4.8; http://mj12bot.com/)"
217.182.195.179 - - [15/Jun/2025:15:40:15 +0300] "GET /smini.php?action=edit&file=haberler-66166612c72ba-195x110.webp&belekmata=/home/coinhaber/public_html/wp-content/uploads/2024/04 HTTP/1.1" 200 5892 "-" "Mozilla/5.0 (compatible; MJ12bot/v1.4.8; http://mj12bot.com/)"
217.182.195.179 - - [15/Jun/2025:15:40:20 +0300] "GET /smini.php?action=edit&file=host&belekmata=/home/coinhaber/public_html/hex_sym404/root/usr/bin HTTP/1.1" 200 55378 "-" "Mozilla/5.0 (compatible; MJ12bot/v1.4.8; http://mj12bot.com/)"
217.182.195.179 - - [15/Jun/2025:15:40:23 +0300] "GET /smini.php?action=edit&file=hostid&belekmata=/home/coinhaber/public_html/hex_sym404/root/usr/bin HTTP/1.1" 200 13716 "-" "Mozilla/5.0 (compatible; MJ12bot/v1.4.8; http://mj12bot.com/)"
217.182.195.179 - - [15/Jun/2025:15:40:25 +0300] "GET /smini.php?action=edit&file=hostname&belekmata=/home/coinhaber/public_html/hex_sym404/root/bin HTTP/1.1" 200 7298 "-" "Mozilla/5.0 (compatible; MJ12bot/v1.4.8; http://mj12bot.com/)"
217.182.195.179 - - [15/Jun/2025:15:40:29 +0300] "GET /smini.php?action=edit&file=hostname&belekmata=/home/coinhaber/public_html/hex_sym404/root/usr/bin HTTP/1.1" 200 7298 "-" "Mozilla/5.0 (compatible; MJ12bot/v1.4.8; http://mj12bot.com/)"
217.182.195.179 - - [15/Jun/2025:15:40:32 +0300] "GET /smini.php?action=edit&file=htc_7010.fw&belekmata=/home/coinhaber/public_html/hex_sym404/root/lib/firmware HTTP/1.1" 200 31742 "-" "Mozilla/5.0 (compatible; MJ12bot/v1.4.8; http://mj12bot.com/)"
40.77.167.158 - - [15/Jun/2025:15:40:34 +0300] "GET /index.php?shopdetail/48730221202 HTTP/2" 404 1251 "-" "Mozilla/5.0 AppleWebKit/537.36 (KHTML, like Gecko; compatible; bingbot/2.0; +http://www.bing.com/bingbot.htm) Chrome/116.0.1938.76 Safari/537.36"
217.182.195.179 - - [15/Jun/2025:15:40:35 +0300] "GET /smini.php?action=edit&file=htc_9271.fw&belekmata=/home/coinhaber/public_html/hex_sym404/root/lib/firmware HTTP/1.1" 200 27461 "-" "Mozilla/5.0 (compatible; MJ12bot/v1.4.8; http://mj12bot.com/)"
217.182.195.179 - - [15/Jun/2025:15:40:39 +0300] "GET /smini.php?action=edit&file=html-filter.info&belekmata=/home/coinhaber/public_html/hex_sym404/root/lib64/aspell-0.60 HTTP/1.1" 200 763 "-" "Mozilla/5.0 (compatible; MJ12bot/v1.4.8; http://mj12bot.com/)"
40.77.167.42 - - [15/Jun/2025:15:40:41 +0300] "GET /index.php?shopdetail/12975246490 HTTP/2" 404 1251 "-" "Mozilla/5.0 AppleWebKit/537.36 (KHTML, like Gecko; compatible; bingbot/2.0; +http://www.bing.com/bingbot.htm) Chrome/116.0.1938.76 Safari/537.36"
217.182.195.179 - - [15/Jun/2025:15:40:42 +0300] "GET /smini.php?action=edit&file=html.amf&belekmata=/home/coinhaber/public_html/hex_sym404/root/lib64/aspell-0.60 HTTP/1.1" 200 679 "-" "Mozilla/5.0 (compatible; MJ12bot/v1.4.8; http://mj12bot.com/)"
40.77.167.158 - - [15/Jun/2025:15:40:45 +0300] "GET /index.php?shopdetail/48730346167 HTTP/2" 404 1251 "-" "Mozilla/5.0 AppleWebKit/537.36 (KHTML, like Gecko; compatible; bingbot/2.0; +http://www.bing.com/bingbot.htm) Chrome/116.0.1938.76 Safari/537.36"
217.182.195.179 - - [15/Jun/2025:15:40:45 +0300] "GET /smini.php?action=edit&file=hunspell&belekmata=/home/coinhaber/public_html/hex_sym404/root/usr/bin HTTP/1.1" 200 50813 "-" "Mozilla/5.0 (compatible; MJ12bot/v1.4.8; http://mj12bot.com/)"
217.182.195.179 - - [15/Jun/2025:15:40:50 +0300] "GET /smini.php?action=edit&file=icolar-ieolar-ve-idolar-kripto-para-birimlerinin-finansman-yollari-6615cb9dde458-195x110.webp&belekmata=/home/coinhaber/public_html/wp-content/uploads/2024/04 HTTP/1.1" 200 4079 "-" "Mozilla/5.0 (compatible; MJ12bot/v1.4.8; http://mj12bot.com/)"
40.77.167.158 - - [15/Jun/2025:15:38:04 +0300] "GET /index.php?shopdetail/12975158385 HTTP/2" 404 1251 "-" "Mozilla/5.0 AppleWebKit/537.36 (KHTML, like Gecko; compatible; bingbot/2.0; +http://www.bing.com/bingbot.htm) Chrome/116.0.1938.76 Safari/537.36"
57.141.0.9 - - [15/Jun/2025:15:38:33 +0300] "GET /index.php?shopdetail/48730233894 HTTP/2" 404 1251 "-" "meta-externalagent/1.1 (+https://developers.facebook.com/docs/sharing/webmasters/crawler)"
57.141.0.16 - - [15/Jun/2025:15:39:35 +0300] "GET /index.php?shopdetail/4475472368 HTTP/2" 404 1251 "-" "meta-externalagent/1.1 (+https://developers.facebook.com/docs/sharing/webmasters/crawler)"
57.141.0.3 - - [15/Jun/2025:15:40:20 +0300] "GET /index.php?shopdetail/487308112 HTTP/2" 404 1251 "-" "meta-externalagent/1.1 (+https://developers.facebook.com/docs/sharing/webmasters/crawler)"
216.73.216.252 - - [15/Jun/2025:15:41:01 +0300] "GET /shopdetail/98394158225 HTTP/2" 404 1251 "-" "Mozilla/5.0 AppleWebKit/537.36 (KHTML, like Gecko; compatible; ClaudeBot/1.0; +claudebot@anthropic.com)"
216.73.216.252 - - [15/Jun/2025:15:41:01 +0300] "GET /shopdetail/6799437951 HTTP/2" 404 1251 "-" "Mozilla/5.0 AppleWebKit/537.36 (KHTML, like Gecko; compatible; ClaudeBot/1.0; +claudebot@anthropic.com)"
216.73.216.252 - - [15/Jun/2025:15:41:01 +0300] "GET /shopdetail/9839465228 HTTP/2" 404 1251 "-" "Mozilla/5.0 AppleWebKit/537.36 (KHTML, like Gecko; compatible; ClaudeBot/1.0; +claudebot@anthropic.com)"
216.73.216.252 - - [15/Jun/2025:15:41:01 +0300] "GET /shopdetail/2696475916 HTTP/2" 404 1251 "-" "Mozilla/5.0 AppleWebKit/537.36 (KHTML, like Gecko; compatible; ClaudeBot/1.0; +claudebot@anthropic.com)"
216.73.216.252 - - [15/Jun/2025:15:41:01 +0300] "GET /shopdetail/60862346059 HTTP/2" 404 1251 "-" "Mozilla/5.0 AppleWebKit/537.36 (KHTML, like Gecko; compatible; ClaudeBot/1.0; +claudebot@anthropic.com)"
216.73.216.252 - - [15/Jun/2025:15:41:02 +0300] "GET /shopdetail/67994203266 HTTP/2" 404 1251 "-" "Mozilla/5.0 AppleWebKit/537.36 (KHTML, like Gecko; compatible; ClaudeBot/1.0; +claudebot@anthropic.com)"
216.73.216.252 - - [15/Jun/2025:15:41:02 +0300] "GET /shopdetail/44754208887 HTTP/2" 404 1251 "-" "Mozilla/5.0 AppleWebKit/537.36 (KHTML, like Gecko; compatible; ClaudeBot/1.0; +claudebot@anthropic.com)"
216.73.216.252 - - [15/Jun/2025:15:41:02 +0300] "GET /shopdetail/48730223980 HTTP/2" 404 1251 "-" "Mozilla/5.0 AppleWebKit/537.36 (KHTML, like Gecko; compatible; ClaudeBot/1.0; +claudebot@anthropic.com)"
216.73.216.252 - - [15/Jun/2025:15:41:03 +0300] "GET /shopdetail/983946467 HTTP/2" 404 1251 "-" "Mozilla/5.0 AppleWebKit/537.36 (KHTML, like Gecko; compatible; ClaudeBot/1.0; +claudebot@anthropic.com)"
216.73.216.252 - - [15/Jun/2025:15:41:03 +0300] "GET /shopdetail/34419252133 HTTP/2" 404 1251 "-" "Mozilla/5.0 AppleWebKit/537.36 (KHTML, like Gecko; compatible; ClaudeBot/1.0; +claudebot@anthropic.com)"
216.73.216.252 - - [15/Jun/2025:15:41:03 +0300] "GET /shopdetail/2696443285 HTTP/2" 404 1251 "-" "Mozilla/5.0 AppleWebKit/537.36 (KHTML, like Gecko; compatible; ClaudeBot/1.0; +claudebot@anthropic.com)"
216.73.216.252 - - [15/Jun/2025:15:41:04 +0300] "GET /shopdetail/4475486809 HTTP/2" 404 1251 "-" "Mozilla/5.0 AppleWebKit/537.36 (KHTML, like Gecko; compatible; ClaudeBot/1.0; +claudebot@anthropic.com)"
216.73.216.252 - - [15/Jun/2025:15:41:04 +0300] "GET /shopdetail/4873098006 HTTP/2" 404 1251 "-" "Mozilla/5.0 AppleWebKit/537.36 (KHTML, like Gecko; compatible; ClaudeBot/1.0; +claudebot@anthropic.com)"
216.73.216.252 - - [15/Jun/2025:15:41:04 +0300] "GET /shopdetail/67994204251 HTTP/2" 404 1251 "-" "Mozilla/5.0 AppleWebKit/537.36 (KHTML, like Gecko; compatible; ClaudeBot/1.0; +claudebot@anthropic.com)"
216.73.216.252 - - [15/Jun/2025:15:41:04 +0300] "GET /shopdetail/48730117971 HTTP/2" 404 1251 "-" "Mozilla/5.0 AppleWebKit/537.36 (KHTML, like Gecko; compatible; ClaudeBot/1.0; +claudebot@anthropic.com)"
217.182.195.179 - - [15/Jun/2025:15:40:54 +0300] "GET /smini.php?action=edit&file=icolar-ieolar-ve-idolar-kripto-para-birimlerinin-finansman-yollari-6615cb9dde458-300x169.webp&belekmata=/home/coinhaber/public_html/wp-content/uploads/2024/04 HTTP/1.1" 200 6722 "-" "Mozilla/5.0 (compatible; MJ12bot/v1.4.8; http://mj12bot.com/)"
217.182.195.179 - - [15/Jun/2025:15:40:57 +0300] "GET /smini.php?action=edit&file=icolar-ieolar-ve-idolar-kripto-para-birimlerinin-finansman-yollari-6615cb9dde458-390x220.webp&belekmata=/home/coinhaber/public_html/wp-content/uploads/2024/04 HTTP/1.1" 200 9157 "-" "Mozilla/5.0 (compatible; MJ12bot/v1.4.8; http://mj12bot.com/)"
217.182.195.179 - - [15/Jun/2025:15:41:00 +0300] "GET /smini.php?action=edit&file=icolar-ieolar-ve-idolar-kripto-para-birimlerinin-finansman-yollari-6615cb9dde458-450x255.webp&belekmata=/home/coinhaber/public_html/wp-content/uploads/2024/04 HTTP/1.1" 200 10936 "-" "Mozilla/5.0 (compatible; MJ12bot/v1.4.8; http://mj12bot.com/)"
217.182.195.179 - - [15/Jun/2025:15:41:04 +0300] "GET /smini.php?action=edit&file=icolar-ieolar-ve-idolar-kripto-para-birimlerinin-finansman-yollari-6615cb9dde458-768x432.webp&belekmata=/home/coinhaber/public_html/wp-content/uploads/2024/04 HTTP/1.1" 200 19875 "-" "Mozilla/5.0 (compatible; MJ12bot/v1.4.8; http://mj12bot.com/)"
217.182.195.179 - - [15/Jun/2025:15:41:07 +0300] "GET /smini.php?action=edit&file=icolar-ieolar-ve-idolar-kripto-para-birimlerinin-finansman-yollari-6615cb9dde458.webp&belekmata=/home/coinhaber/public_html/wp-content/uploads/2024/04 HTTP/1.1" 200 34826 "-" "Mozilla/5.0 (compatible; MJ12bot/v1.4.8; http://mj12bot.com/)"
217.182.195.179 - - [15/Jun/2025:15:41:10 +0300] "GET /smini.php?action=edit&file=iconv&belekmata=/home/coinhaber/public_html/hex_sym404/root/usr/bin HTTP/1.1" 200 25234 "-" "Mozilla/5.0 (compatible; MJ12bot/v1.4.8; http://mj12bot.com/)"
40.77.167.42 - - [15/Jun/2025:15:41:11 +0300] "GET /index.php?shopdetail/12975274571 HTTP/2" 404 1251 "-" "Mozilla/5.0 AppleWebKit/537.36 (KHTML, like Gecko; compatible; bingbot/2.0; +http://www.bing.com/bingbot.htm) Chrome/116.0.1938.76 Safari/537.36"
217.182.195.179 - - [15/Jun/2025:15:41:13 +0300] "GET /smini.php?action=edit&file=iconv.h&belekmata=/home/coinhaber/public_html/hex_sym404/root/usr/include HTTP/1.1" 200 1348 "-" "Mozilla/5.0 (compatible; MJ12bot/v1.4.8; http://mj12bot.com/)"
217.182.195.179 - - [15/Jun/2025:15:41:17 +0300] "GET /smini.php?action=edit&file=id&belekmata=/home/coinhaber/public_html/hex_sym404/root/usr/bin HTTP/1.1" 200 18103 "-" "Mozilla/5.0 (compatible; MJ12bot/v1.4.8; http://mj12bot.com/)"
66.249.64.130 - - [15/Jun/2025:15:41:18 +0300] "GET /ammika.php?63944120894.htm HTTP/1.1" 404 1251 "-" "Mozilla/5.0 (Linux; Android 6.0.1; Nexus 5X Build/MMB29P) AppleWebKit/537.36 (KHTML, like Gecko) Chrome/136.0.7103.113 Mobile Safari/537.36 (compatible; Googlebot/2.1; +http://www.google.com/bot.html)"
217.182.195.179 - - [15/Jun/2025:15:41:20 +0300] "GET /smini.php?action=edit&file=identify&belekmata=/home/coinhaber/public_html/hex_sym404/root/usr/bin HTTP/1.1" 200 4028 "-" "Mozilla/5.0 (compatible; MJ12bot/v1.4.8; http://mj12bot.com/)"
217.182.195.179 - - [15/Jun/2025:15:41:23 +0300] "GET /smini.php?action=edit&file=idn&belekmata=/home/coinhaber/public_html/hex_sym404/root/usr/bin HTTP/1.1" 200 13451 "-" "Mozilla/5.0 (compatible; MJ12bot/v1.4.8; http://mj12bot.com/)"
40.77.167.158 - - [15/Jun/2025:15:41:23 +0300] "GET /index.php?shopdetail/2696430780 HTTP/2" 404 1251 "-" "Mozilla/5.0 AppleWebKit/537.36 (KHTML, like Gecko; compatible; bingbot/2.0; +http://www.bing.com/bingbot.htm) Chrome/116.0.1938.76 Safari/537.36"
217.182.195.179 - - [15/Jun/2025:15:41:26 +0300] "GET /smini.php?action=edit&file=idn-free.h&belekmata=/home/coinhaber/public_html/hex_sym404/root/usr/include HTTP/1.1" 200 1598 "-" "Mozilla/5.0 (compatible; MJ12bot/v1.4.8; http://mj12bot.com/)"
217.182.195.179 - - [15/Jun/2025:15:41:30 +0300] "GET /smini.php?action=edit&file=idn-int.h&belekmata=/home/coinhaber/public_html/hex_sym404/root/usr/include HTTP/1.1" 200 531 "-" "Mozilla/5.0 (compatible; MJ12bot/v1.4.8; http://mj12bot.com/)"
217.182.195.179 - - [15/Jun/2025:15:41:33 +0300] "GET /smini.php?action=edit&file=idna.h&belekmata=/home/coinhaber/public_html/hex_sym404/root/usr/include HTTP/1.1" 200 1778 "-" "Mozilla/5.0 (compatible; MJ12bot/v1.4.8; http://mj12bot.com/)"
217.182.195.179 - - [15/Jun/2025:15:41:36 +0300] "GET /smini.php?action=edit&file=ieee754.h&belekmata=/home/coinhaber/public_html/hex_sym404/root/usr/include HTTP/1.1" 200 1574 "-" "Mozilla/5.0 (compatible; MJ12bot/v1.4.8; http://mj12bot.com/)"
217.182.195.179 - - [15/Jun/2025:15:41:39 +0300] "GET /smini.php?action=edit&file=ifaddrs.h&belekmata=/home/coinhaber/public_html/hex_sym404/root/usr/include HTTP/1.1" 200 1764 "-" "Mozilla/5.0 (compatible; MJ12bot/v1.4.8; http://mj12bot.com/)"
217.182.195.179 - - [15/Jun/2025:15:41:42 +0300] "GET /smini.php?action=edit&file=ifdown&belekmata=/home/coinhaber/public_html/hex_sym404/root/etc/alternatives HTTP/1.1" 200 441 "-" "Mozilla/5.0 (compatible; MJ12bot/v1.4.8; http://mj12bot.com/)"
217.182.195.179 - - [15/Jun/2025:15:41:46 +0300] "GET /smini.php?action=edit&file=ifnames&belekmata=/home/coinhaber/public_html/hex_sym404/root/usr/bin HTTP/1.1" 200 2547 "-" "Mozilla/5.0 (compatible; MJ12bot/v1.4.8; http://mj12bot.com/)"
217.182.195.179 - - [15/Jun/2025:15:41:49 +0300] "GET /smini.php?action=edit&file=ifup&belekmata=/home/coinhaber/public_html/hex_sym404/root/etc/alternatives HTTP/1.1" 200 441 "-" "Mozilla/5.0 (compatible; MJ12bot/v1.4.8; http://mj12bot.com/)"
217.182.195.179 - - [15/Jun/2025:15:41:54 +0300] "GET /smini.php?action=edit&file=import&belekmata=/home/coinhaber/public_html/hex_sym404/root/usr/bin HTTP/1.1" 200 3922 "-" "Mozilla/5.0 (compatible; MJ12bot/v1.4.8; http://mj12bot.com/)"
217.182.195.179 - - [15/Jun/2025:15:41:58 +0300] "GET /smini.php?action=edit&file=index.php&belekmata=/home/coinhaber/public_html/wp-content/plugins/protect-uploads/languages HTTP/1.1" 200 530 "-" "Mozilla/5.0 (compatible; MJ12bot/v1.4.8; http://mj12bot.com/)"
217.182.195.179 - - [15/Jun/2025:15:42:02 +0300] "GET /smini.php?action=edit&file=index.php&belekmata=/home/coinhaber/public_html/wp-content/plugins/wp-file-manager/lib HTTP/1.1" 200 509 "-" "Mozilla/5.0 (compatible; MJ12bot/v1.4.8; http://mj12bot.com/)"
217.182.195.179 - - [15/Jun/2025:15:42:05 +0300] "GET /smini.php?action=edit&file=index.php&belekmata=/home/coinhaber/public_html/wp-content/themes/Oruno/assets HTTP/1.1" 200 531 "-" "Mozilla/5.0 (compatible; MJ12bot/v1.4.8; http://mj12bot.com/)"
217.182.195.179 - - [15/Jun/2025:15:42:08 +0300] "GET /smini.php?action=edit&file=index.php&belekmata=/home/coinhaber/public_html/wp-content/themes/Oruno/inc HTTP/1.1" 200 2060 "-" "Mozilla/5.0 (compatible; MJ12bot/v1.4.8; http://mj12bot.com/)"
40.77.167.42 - - [15/Jun/2025:15:42:11 +0300] "GET /index.php?shopdetail/67994252039 HTTP/2" 404 1251 "-" "Mozilla/5.0 AppleWebKit/537.36 (KHTML, like Gecko; compatible; bingbot/2.0; +http://www.bing.com/bingbot.htm) Chrome/116.0.1938.76 Safari/537.36"
217.182.195.179 - - [15/Jun/2025:15:42:11 +0300] "GET /smini.php?action=edit&file=infocmp&belekmata=/home/coinhaber/public_html/hex_sym404/root/usr/bin HTTP/1.1" 200 26629 "-" "Mozilla/5.0 (compatible; MJ12bot/v1.4.8; http://mj12bot.com/)"
217.182.195.179 - - [15/Jun/2025:15:42:15 +0300] "GET /smini.php?action=edit&file=infotocap&belekmata=/home/coinhaber/public_html/hex_sym404/root/usr/bin HTTP/1.1" 200 34537 "-" "Mozilla/5.0 (compatible; MJ12bot/v1.4.8; http://mj12bot.com/)"
217.182.195.179 - - [15/Jun/2025:15:42:18 +0300] "GET /smini.php?action=edit&file=initrc&belekmata=/home/coinhaber/public_html/hex_sym404/root/etc/environment-modules HTTP/1.1" 200 693 "-" "Mozilla/5.0 (compatible; MJ12bot/v1.4.8; http://mj12bot.com/)"
217.182.195.179 - - [15/Jun/2025:15:42:21 +0300] "GET /smini.php?action=edit&file=inline.php&belekmata=/home/coinhaber/public_html/wp-includes/Text/Diff/Renderer HTTP/1.1" 200 2205 "-" "Mozilla/5.0 (compatible; MJ12bot/v1.4.8; http://mj12bot.com/)"
217.182.195.179 - - [15/Jun/2025:15:42:24 +0300] "GET /smini.php?action=edit&file=install&belekmata=/home/coinhaber/public_html/hex_sym404/root/usr/bin HTTP/1.1" 200 68952 "-" "Mozilla/5.0 (compatible; MJ12bot/v1.4.8; http://mj12bot.com/)"
217.182.195.179 - - [15/Jun/2025:15:42:28 +0300] "GET /smini.php?action=edit&file=instmodsh&belekmata=/home/coinhaber/public_html/hex_sym404/root/usr/bin HTTP/1.1" 200 1889 "-" "Mozilla/5.0 (compatible; MJ12bot/v1.4.8; http://mj12bot.com/)"
217.182.195.179 - - [15/Jun/2025:15:42:31 +0300] "GET /smini.php?action=edit&file=inttypes.h&belekmata=/home/coinhaber/public_html/hex_sym404/root/usr/include HTTP/1.1" 200 2904 "-" "Mozilla/5.0 (compatible; MJ12bot/v1.4.8; http://mj12bot.com/)"
57.141.0.7 - - [15/Jun/2025:15:42:31 +0300] "GET /index.php?shopdetail/13459137036 HTTP/2" 404 1251 "-" "meta-externalagent/1.1 (+https://developers.facebook.com/docs/sharing/webmasters/crawler)"
40.77.167.158 - - [15/Jun/2025:15:42:32 +0300] "GET /index.php?shopdetail/48730106102 HTTP/2" 404 1251 "-" "Mozilla/5.0 AppleWebKit/537.36 (KHTML, like Gecko; compatible; bingbot/2.0; +http://www.bing.com/bingbot.htm) Chrome/116.0.1938.76 Safari/537.36"
217.182.195.179 - - [15/Jun/2025:15:42:34 +0300] "GET /smini.php?action=edit&file=io&belekmata=/home/coinhaber/public_html/hex_sym404/root/proc/self HTTP/1.1" 200 577 "-" "Mozilla/5.0 (compatible; MJ12bot/v1.4.8; http://mj12bot.com/)"
217.182.195.179 - - [15/Jun/2025:15:42:38 +0300] "GET /smini.php?action=edit&file=ionice&belekmata=/home/coinhaber/public_html/hex_sym404/root/usr/bin HTTP/1.1" 200 11508 "-" "Mozilla/5.0 (compatible; MJ12bot/v1.4.8; http://mj12bot.com/)"
217.182.195.179 - - [15/Jun/2025:15:42:41 +0300] "GET /smini.php?action=edit&file=ip&belekmata=/home/coinhaber/public_html/hex_sym404/root/usr/sbin HTTP/1.1" 200 271395 "-" "Mozilla/5.0 (compatible; MJ12bot/v1.4.8; http://mj12bot.com/)"
217.182.195.179 - - [15/Jun/2025:15:42:45 +0300] "GET /smini.php?action=edit&file=ipcrm&belekmata=/home/coinhaber/public_html/hex_sym404/root/usr/bin HTTP/1.1" 200 12091 "-" "Mozilla/5.0 (compatible; MJ12bot/v1.4.8; http://mj12bot.com/)"
217.182.195.179 - - [15/Jun/2025:15:42:48 +0300] "GET /smini.php?action=edit&file=ipcs&belekmata=/home/coinhaber/public_html/hex_sym404/root/usr/bin HTTP/1.1" 200 21278 "-" "Mozilla/5.0 (compatible; MJ12bot/v1.4.8; http://mj12bot.com/)"
217.182.195.179 - - [15/Jun/2025:15:42:51 +0300] "GET /smini.php?action=edit&file=isc-hmac-fixup&belekmata=/home/coinhaber/public_html/hex_sym404/root/usr/sbin HTTP/1.1" 200 4949 "-" "Mozilla/5.0 (compatible; MJ12bot/v1.4.8; http://mj12bot.com/)"
217.182.195.179 - - [15/Jun/2025:15:42:55 +0300] "GET /smini.php?action=edit&file=isdbt_nova_12mhz.inp&belekmata=/home/coinhaber/public_html/hex_sym404/root/lib/firmware HTTP/1.1" 200 44327 "-" "Mozilla/5.0 (compatible; MJ12bot/v1.4.8; http://mj12bot.com/)"
217.182.195.179 - - [15/Jun/2025:15:42:58 +0300] "GET /smini.php?action=edit&file=isdbt_nova_12mhz_b0.inp&belekmata=/home/coinhaber/public_html/hex_sym404/root/lib/firmware HTTP/1.1" 200 59936 "-" "Mozilla/5.0 (compatible; MJ12bot/v1.4.8; http://mj12bot.com/)"
45.61.188.211 - - [15/Jun/2025:15:42:54 +0300] "GET /wp-login.php HTTP/1.1" 302 0 "-" "Mozilla/5.0 (Macintosh; Intel Mac OS X 10_9_2) AppleWebKit/537.36 (KHTML, like Gecko) Chrome/35.0.1916.153 Safari/537.36"
217.182.195.179 - - [15/Jun/2025:15:43:02 +0300] "GET /smini.php?action=edit&file=isdbt_rio.inp&belekmata=/home/coinhaber/public_html/hex_sym404/root/lib/firmware HTTP/1.1" 200 49491 "-" "Mozilla/5.0 (compatible; MJ12bot/v1.4.8; http://mj12bot.com/)"
217.182.195.179 - - [15/Jun/2025:15:43:05 +0300] "GET /smini.php?action=edit&file=iso-8859-1.cmap&belekmata=/home/coinhaber/public_html/hex_sym404/root/lib64/aspell-0.60 HTTP/1.1" 200 5853 "-" "Mozilla/5.0 (compatible; MJ12bot/v1.4.8; http://mj12bot.com/)"
217.182.195.179 - - [15/Jun/2025:15:43:09 +0300] "GET /smini.php?action=edit&file=iso-8859-1.cset&belekmata=/home/coinhaber/public_html/hex_sym404/root/lib64/aspell-0.60 HTTP/1.1" 200 3661 "-" "Mozilla/5.0 (compatible; MJ12bot/v1.4.8; http://mj12bot.com/)"
217.182.195.179 - - [15/Jun/2025:15:43:12 +0300] "GET /smini.php?action=edit&file=iso-8859-10.cmap&belekmata=/home/coinhaber/public_html/hex_sym404/root/lib64/aspell-0.60 HTTP/1.1" 200 6191 "-" "Mozilla/5.0 (compatible; MJ12bot/v1.4.8; http://mj12bot.com/)"
40.77.167.158 - - [15/Jun/2025:15:43:14 +0300] "GET /index.php?shopdetail/3441946085 HTTP/2" 404 1251 "-" "Mozilla/5.0 AppleWebKit/537.36 (KHTML, like Gecko; compatible; bingbot/2.0; +http://www.bing.com/bingbot.htm) Chrome/116.0.1938.76 Safari/537.36"
217.182.195.179 - - [15/Jun/2025:15:43:15 +0300] "GET /smini.php?action=edit&file=iso-8859-10.cset&belekmata=/home/coinhaber/public_html/hex_sym404/root/lib64/aspell-0.60 HTTP/1.1" 200 3670 "-" "Mozilla/5.0 (compatible; MJ12bot/v1.4.8; http://mj12bot.com/)"
45.61.188.211 - - [15/Jun/2025:15:42:59 +0300] "GET /wp-admin/install.php HTTP/1.1" 200 8213 "-" "Mozilla/5.0 (Macintosh; Intel Mac OS X 10_9_2) AppleWebKit/537.36 (KHTML, like Gecko) Chrome/35.0.1916.153 Safari/537.36"
217.182.195.179 - - [15/Jun/2025:15:43:18 +0300] "GET /smini.php?action=edit&file=iso-8859-11.cmap&belekmata=/home/coinhaber/public_html/hex_sym404/root/lib64/aspell-0.60 HTTP/1.1" 200 5659 "-" "Mozilla/5.0 (compatible; MJ12bot/v1.4.8; http://mj12bot.com/)"
217.182.195.179 - - [15/Jun/2025:15:43:21 +0300] "GET /smini.php?action=edit&file=iso-8859-11.cset&belekmata=/home/coinhaber/public_html/hex_sym404/root/lib64/aspell-0.60 HTTP/1.1" 200 3716 "-" "Mozilla/5.0 (compatible; MJ12bot/v1.4.8; http://mj12bot.com/)"
217.182.195.179 - - [15/Jun/2025:15:43:25 +0300] "GET /smini.php?action=edit&file=iso-8859-13.cmap&belekmata=/home/coinhaber/public_html/hex_sym404/root/lib64/aspell-0.60 HTTP/1.1" 200 6206 "-" "Mozilla/5.0 (compatible; MJ12bot/v1.4.8; http://mj12bot.com/)"
217.182.195.179 - - [15/Jun/2025:15:43:28 +0300] "GET /smini.php?action=edit&file=iso-8859-13.cset&belekmata=/home/coinhaber/public_html/hex_sym404/root/lib64/aspell-0.60 HTTP/1.1" 200 3738 "-" "Mozilla/5.0 (compatible; MJ12bot/v1.4.8; http://mj12bot.com/)"
217.182.195.179 - - [15/Jun/2025:15:43:31 +0300] "GET /smini.php?action=edit&file=iso-8859-14.cmap&belekmata=/home/coinhaber/public_html/hex_sym404/root/lib64/aspell-0.60 HTTP/1.1" 200 6064 "-" "Mozilla/5.0 (compatible; MJ12bot/v1.4.8; http://mj12bot.com/)"
40.77.167.27 - - [15/Jun/2025:15:43:31 +0300] "GET /index.php?shopdetail/48730330595 HTTP/2" 404 1251 "-" "Mozilla/5.0 AppleWebKit/537.36 (KHTML, like Gecko; compatible; bingbot/2.0; +http://www.bing.com/bingbot.htm) Chrome/116.0.1938.76 Safari/537.36"
217.182.195.179 - - [15/Jun/2025:15:43:34 +0300] "GET /smini.php?action=edit&file=iso-8859-14.cset&belekmata=/home/coinhaber/public_html/hex_sym404/root/lib64/aspell-0.60 HTTP/1.1" 200 3604 "-" "Mozilla/5.0 (compatible; MJ12bot/v1.4.8; http://mj12bot.com/)"
217.182.195.179 - - [15/Jun/2025:15:43:37 +0300] "GET /smini.php?action=edit&file=iso-8859-15.cmap&belekmata=/home/coinhaber/public_html/hex_sym404/root/lib64/aspell-0.60 HTTP/1.1" 200 5861 "-" "Mozilla/5.0 (compatible; MJ12bot/v1.4.8; http://mj12bot.com/)"
217.182.195.179 - - [15/Jun/2025:15:43:41 +0300] "GET /smini.php?action=edit&file=iso-8859-15.cset&belekmata=/home/coinhaber/public_html/hex_sym404/root/lib64/aspell-0.60 HTTP/1.1" 200 3694 "-" "Mozilla/5.0 (compatible; MJ12bot/v1.4.8; http://mj12bot.com/)"
40.77.167.27 - - [15/Jun/2025:15:43:41 +0300] "GET /index.php?shopdetail/13459319357 HTTP/2" 404 1251 "-" "Mozilla/5.0 AppleWebKit/537.36 (KHTML, like Gecko; compatible; bingbot/2.0; +http://www.bing.com/bingbot.htm) Chrome/116.0.1938.76 Safari/537.36"
217.182.195.179 - - [15/Jun/2025:15:43:44 +0300] "GET /smini.php?action=edit&file=iso-8859-16.cmap&belekmata=/home/coinhaber/public_html/hex_sym404/root/lib64/aspell-0.60 HTTP/1.1" 200 6108 "-" "Mozilla/5.0 (compatible; MJ12bot/v1.4.8; http://mj12bot.com/)"
217.182.195.179 - - [15/Jun/2025:15:43:47 +0300] "GET /smini.php?action=edit&file=iso-8859-16.cset&belekmata=/home/coinhaber/public_html/hex_sym404/root/lib64/aspell-0.60 HTTP/1.1" 200 3681 "-" "Mozilla/5.0 (compatible; MJ12bot/v1.4.8; http://mj12bot.com/)"
217.182.195.179 - - [15/Jun/2025:15:43:50 +0300] "GET /smini.php?action=edit&file=iso-8859-2.cmap&belekmata=/home/coinhaber/public_html/hex_sym404/root/lib64/aspell-0.60 HTTP/1.1" 200 6270 "-" "Mozilla/5.0 (compatible; MJ12bot/v1.4.8; http://mj12bot.com/)"
217.182.195.179 - - [15/Jun/2025:15:43:54 +0300] "GET /smini.php?action=edit&file=iso-8859-2.cset&belekmata=/home/coinhaber/public_html/hex_sym404/root/lib64/aspell-0.60 HTTP/1.1" 200 3637 "-" "Mozilla/5.0 (compatible; MJ12bot/v1.4.8; http://mj12bot.com/)"
217.182.195.179 - - [15/Jun/2025:15:43:57 +0300] "GET /smini.php?action=edit&file=iso-8859-3.cmap&belekmata=/home/coinhaber/public_html/hex_sym404/root/lib64/aspell-0.60 HTTP/1.1" 200 6081 "-" "Mozilla/5.0 (compatible; MJ12bot/v1.4.8; http://mj12bot.com/)"
217.182.195.179 - - [15/Jun/2025:15:44:00 +0300] "GET /smini.php?action=edit&file=iso-8859-3.cset&belekmata=/home/coinhaber/public_html/hex_sym404/root/lib64/aspell-0.60 HTTP/1.1" 200 3675 "-" "Mozilla/5.0 (compatible; MJ12bot/v1.4.8; http://mj12bot.com/)"
40.77.167.158 - - [15/Jun/2025:15:44:03 +0300] "GET /index.php?shopdetail/129752851 HTTP/2" 404 1251 "-" "Mozilla/5.0 AppleWebKit/537.36 (KHTML, like Gecko; compatible; bingbot/2.0; +http://www.bing.com/bingbot.htm) Chrome/116.0.1938.76 Safari/537.36"
217.182.195.179 - - [15/Jun/2025:15:44:03 +0300] "GET /smini.php?action=edit&file=iso-8859-4.cmap&belekmata=/home/coinhaber/public_html/hex_sym404/root/lib64/aspell-0.60 HTTP/1.1" 200 6284 "-" "Mozilla/5.0 (compatible; MJ12bot/v1.4.8; http://mj12bot.com/)"
40.77.167.158 - - [15/Jun/2025:15:44:03 +0300] "GET /index.php?shopdetail/44754128519 HTTP/2" 404 1251 "-" "Mozilla/5.0 AppleWebKit/537.36 (KHTML, like Gecko; compatible; bingbot/2.0; +http://www.bing.com/bingbot.htm) Chrome/116.0.1938.76 Safari/537.36"
40.77.167.158 - - [15/Jun/2025:15:44:04 +0300] "GET /index.php?shopdetail/26964119741 HTTP/2" 404 1251 "-" "Mozilla/5.0 AppleWebKit/537.36 (KHTML, like Gecko; compatible; bingbot/2.0; +http://www.bing.com/bingbot.htm) Chrome/116.0.1938.76 Safari/537.36"
217.182.195.179 - - [15/Jun/2025:15:44:06 +0300] "GET /smini.php?action=edit&file=iso-8859-4.cset&belekmata=/home/coinhaber/public_html/hex_sym404/root/lib64/aspell-0.60 HTTP/1.1" 200 3678 "-" "Mozilla/5.0 (compatible; MJ12bot/v1.4.8; http://mj12bot.com/)"
217.182.195.179 - - [15/Jun/2025:15:44:09 +0300] "GET /smini.php?action=edit&file=iso-8859-5.cmap&belekmata=/home/coinhaber/public_html/hex_sym404/root/lib64/aspell-0.60 HTTP/1.1" 200 6046 "-" "Mozilla/5.0 (compatible; MJ12bot/v1.4.8; http://mj12bot.com/)"
217.182.195.179 - - [15/Jun/2025:15:44:12 +0300] "GET /smini.php?action=edit&file=iso-8859-5.cset&belekmata=/home/coinhaber/public_html/hex_sym404/root/lib64/aspell-0.60 HTTP/1.1" 200 3695 "-" "Mozilla/5.0 (compatible; MJ12bot/v1.4.8; http://mj12bot.com/)"
217.182.195.179 - - [15/Jun/2025:15:44:16 +0300] "GET /smini.php?action=edit&file=iso-8859-6.cmap&belekmata=/home/coinhaber/public_html/hex_sym404/root/lib64/aspell-0.60 HTTP/1.1" 200 7632 "-" "Mozilla/5.0 (compatible; MJ12bot/v1.4.8; http://mj12bot.com/)"
217.182.195.179 - - [15/Jun/2025:15:44:19 +0300] "GET /smini.php?action=edit&file=iso-8859-6.cset&belekmata=/home/coinhaber/public_html/hex_sym404/root/lib64/aspell-0.60 HTTP/1.1" 200 3417 "-" "Mozilla/5.0 (compatible; MJ12bot/v1.4.8; http://mj12bot.com/)"
217.182.195.179 - - [15/Jun/2025:15:44:22 +0300] "GET /smini.php?action=edit&file=iso-8859-7.cmap&belekmata=/home/coinhaber/public_html/hex_sym404/root/lib64/aspell-0.60 HTTP/1.1" 200 7215 "-" "Mozilla/5.0 (compatible; MJ12bot/v1.4.8; http://mj12bot.com/)"
217.182.195.179 - - [15/Jun/2025:15:44:25 +0300] "GET /smini.php?action=edit&file=iso-8859-7.cset&belekmata=/home/coinhaber/public_html/hex_sym404/root/lib64/aspell-0.60 HTTP/1.1" 200 3780 "-" "Mozilla/5.0 (compatible; MJ12bot/v1.4.8; http://mj12bot.com/)"
217.182.195.179 - - [15/Jun/2025:15:44:28 +0300] "GET /smini.php?action=edit&file=iso-8859-8.cmap&belekmata=/home/coinhaber/public_html/hex_sym404/root/lib64/aspell-0.60 HTTP/1.1" 200 5762 "-" "Mozilla/5.0 (compatible; MJ12bot/v1.4.8; http://mj12bot.com/)"
217.182.195.179 - - [15/Jun/2025:15:44:29 +0300] "GET /smini.php?action=edit&file=iso-8859-8.cset&belekmata=/home/coinhaber/public_html/hex_sym404/root/lib64/aspell-0.60 HTTP/1.1" 200 3494 "-" "Mozilla/5.0 (compatible; MJ12bot/v1.4.8; http://mj12bot.com/)"
217.182.195.179 - - [15/Jun/2025:15:44:33 +0300] "GET /smini.php?action=edit&file=iso-8859-9.cset&belekmata=/home/coinhaber/public_html/hex_sym404/root/lib64/aspell-0.60 HTTP/1.1" 200 3687 "-" "Mozilla/5.0 (compatible; MJ12bot/v1.4.8; http://mj12bot.com/)"
217.182.195.179 - - [15/Jun/2025:15:44:36 +0300] "GET /smini.php?action=edit&file=isosize&belekmata=/home/coinhaber/public_html/hex_sym404/root/usr/bin HTTP/1.1" 200 10862 "-" "Mozilla/5.0 (compatible; MJ12bot/v1.4.8; http://mj12bot.com/)"
217.182.195.179 - - [15/Jun/2025:15:44:39 +0300] "GET /smini.php?action=edit&file=ispell&belekmata=/home/coinhaber/public_html/hex_sym404/root/usr/bin HTTP/1.1" 200 960 "-" "Mozilla/5.0 (compatible; MJ12bot/v1.4.8; http://mj12bot.com/)"
217.182.195.179 - - [15/Jun/2025:15:44:42 +0300] "GET /smini.php?action=edit&file=iwlwifi-100-5.ucode&belekmata=/home/coinhaber/public_html/hex_sym404/root/lib/firmware HTTP/1.1" 200 162758 "-" "Mozilla/5.0 (compatible; MJ12bot/v1.4.8; http://mj12bot.com/)"
217.182.195.179 - - [15/Jun/2025:15:44:43 +0300] "GET /smini.php?action=edit&file=iwlwifi-1000-5.ucode&belekmata=/home/coinhaber/public_html/hex_sym404/root/lib/firmware HTTP/1.1" 200 162595 "-" "Mozilla/5.0 (compatible; MJ12bot/v1.4.8; http://mj12bot.com/)"
217.182.195.179 - - [15/Jun/2025:15:44:47 +0300] "GET /smini.php?action=edit&file=iwlwifi-105-6.ucode&belekmata=/home/coinhaber/public_html/hex_sym404/root/lib/firmware HTTP/1.1" 200 303276 "-" "Mozilla/5.0 (compatible; MJ12bot/v1.4.8; http://mj12bot.com/)"
217.182.195.179 - - [15/Jun/2025:15:44:51 +0300] "GET /smini.php?action=edit&file=iwlwifi-135-6.ucode&belekmata=/home/coinhaber/public_html/hex_sym404/root/lib/firmware HTTP/1.1" 200 311702 "-" "Mozilla/5.0 (compatible; MJ12bot/v1.4.8; http://mj12bot.com/)"
217.182.195.179 - - [15/Jun/2025:15:44:54 +0300] "GET /smini.php?action=edit&file=iwlwifi-2000-6.ucode&belekmata=/home/coinhaber/public_html/hex_sym404/root/lib/firmware HTTP/1.1" 200 308309 "-" "Mozilla/5.0 (compatible; MJ12bot/v1.4.8; http://mj12bot.com/)"
217.182.195.179 - - [15/Jun/2025:15:44:58 +0300] "GET /smini.php?action=edit&file=iwlwifi-8000C-36.ucode&belekmata=/home/coinhaber/public_html/hex_sym404/root/lib/firmware HTTP/1.1" 200 880641 "-" "Mozilla/5.0 (compatible; MJ12bot/v1.4.8; http://mj12bot.com/)"
217.182.195.179 - - [15/Jun/2025:15:45:05 +0300] "GET /smini.php?action=edit&file=libbrotlienc.so.1.0.6&belekmata=/home/coinhaber/public_html/hex_sym404/root/usr/lib64 HTTP/1.1" 200 217509 "-" "Mozilla/5.0 (compatible; MJ12bot/v1.4.8; http://mj12bot.com/)"
217.182.195.179 - - [15/Jun/2025:15:45:08 +0300] "GET /smini.php?action=edit&file=libbsock.so&belekmata=/home/coinhaber/public_html/hex_sym404/root/usr/lib64 HTTP/1.1" 200 11082 "-" "Mozilla/5.0 (compatible; MJ12bot/v1.4.8; http://mj12bot.com/)"
217.182.195.179 - - [15/Jun/2025:15:45:11 +0300] "GET /smini.php?action=edit&file=libbsock_preload.so&belekmata=/home/coinhaber/public_html/hex_sym404/root/usr/lib64 HTTP/1.1" 200 3759 "-" "Mozilla/5.0 (compatible; MJ12bot/v1.4.8; http://mj12bot.com/)"
217.182.195.179 - - [15/Jun/2025:15:45:14 +0300] "GET /smini.php?action=edit&file=libbz2.so&belekmata=/home/coinhaber/public_html/hex_sym404/root/usr/lib64 HTTP/1.1" 200 29132 "-" "Mozilla/5.0 (compatible; MJ12bot/v1.4.8; http://mj12bot.com/)"
217.182.195.179 - - [15/Jun/2025:15:45:17 +0300] "GET /smini.php?action=edit&file=libbz2.so.1&belekmata=/home/coinhaber/public_html/hex_sym404/root/usr/lib64 HTTP/1.1" 200 29157 "-" "Mozilla/5.0 (compatible; MJ12bot/v1.4.8; http://mj12bot.com/)"
217.182.195.179 - - [15/Jun/2025:15:45:20 +0300] "GET /smini.php?action=edit&file=libbz2.so.1.0.6&belekmata=/home/coinhaber/public_html/hex_sym404/root/usr/lib64 HTTP/1.1" 200 29114 "-" "Mozilla/5.0 (compatible; MJ12bot/v1.4.8; http://mj12bot.com/)"
217.182.195.179 - - [15/Jun/2025:15:45:23 +0300] "GET /smini.php?action=edit&file=libc-2.28.so&belekmata=/home/coinhaber/public_html/hex_sym404/root/usr/lib64 HTTP/1.1" 200 760666 "-" "Mozilla/5.0 (compatible; MJ12bot/v1.4.8; http://mj12bot.com/)"
217.182.195.179 - - [15/Jun/2025:15:45:27 +0300] "GET /smini.php?action=edit&file=libc-client.so.2007&belekmata=/home/coinhaber/public_html/hex_sym404/root/usr/lib64 HTTP/1.1" 200 436087 "-" "Mozilla/5.0 (compatible; MJ12bot/v1.4.8; http://mj12bot.com/)"
217.182.195.179 - - [15/Jun/2025:15:45:31 +0300] "GET /smini.php?action=edit&file=libc.so&belekmata=/home/coinhaber/public_html/hex_sym404/root/usr/lib64 HTTP/1.1" 200 673 "-" "Mozilla/5.0 (compatible; MJ12bot/v1.4.8; http://mj12bot.com/)"
217.182.195.179 - - [15/Jun/2025:15:45:34 +0300] "GET /smini.php?action=edit&file=libc.so.6&belekmata=/home/coinhaber/public_html/hex_sym404/root/usr/lib64 HTTP/1.1" 200 760852 "-" "Mozilla/5.0 (compatible; MJ12bot/v1.4.8; http://mj12bot.com/)"
217.182.195.179 - - [15/Jun/2025:15:45:38 +0300] "GET /smini.php?action=edit&file=libc_nonshared.a&belekmata=/home/coinhaber/public_html/hex_sym404/root/usr/lib64 HTTP/1.1" 200 5502 "-" "Mozilla/5.0 (compatible; MJ12bot/v1.4.8; http://mj12bot.com/)"
217.182.195.179 - - [15/Jun/2025:15:45:41 +0300] "GET /smini.php?action=edit&file=libcairo-script-interpreter.so.2&belekmata=/home/coinhaber/public_html/hex_sym404/root/usr/lib64 HTTP/1.1" 200 51872 "-" "Mozilla/5.0 (compatible; MJ12bot/v1.4.8; http://mj12bot.com/)"
57.141.0.8 - - [15/Jun/2025:15:45:42 +0300] "GET /index.php?shopdetail/4873085968 HTTP/2" 404 1251 "-" "meta-externalagent/1.1 (+https://developers.facebook.com/docs/sharing/webmasters/crawler)"
217.182.195.179 - - [15/Jun/2025:15:45:44 +0300] "GET /smini.php?action=edit&file=libcairo-script-interpreter.so.2.11512.0&belekmata=/home/coinhaber/public_html/hex_sym404/root/usr/lib64 HTTP/1.1" 200 51796 "-" "Mozilla/5.0 (compatible; MJ12bot/v1.4.8; http://mj12bot.com/)"
217.182.195.179 - - [15/Jun/2025:15:45:48 +0300] "GET /smini.php?action=edit&file=libcairo.so.2&belekmata=/home/coinhaber/public_html/hex_sym404/root/usr/lib64 HTTP/1.1" 200 521578 "-" "Mozilla/5.0 (compatible; MJ12bot/v1.4.8; http://mj12bot.com/)"
217.182.195.179 - - [15/Jun/2025:15:45:52 +0300] "GET /smini.php?action=edit&file=libcairo.so.2.11512.0&belekmata=/home/coinhaber/public_html/hex_sym404/root/usr/lib64 HTTP/1.1" 200 521502 "-" "Mozilla/5.0 (compatible; MJ12bot/v1.4.8; http://mj12bot.com/)"
40.77.167.158 - - [15/Jun/2025:15:45:53 +0300] "GET /index.php?shopdetail/44754234411 HTTP/2" 404 1251 "-" "Mozilla/5.0 AppleWebKit/537.36 (KHTML, like Gecko; compatible; bingbot/2.0; +http://www.bing.com/bingbot.htm) Chrome/116.0.1938.76 Safari/537.36"
217.182.195.179 - - [15/Jun/2025:15:45:55 +0300] "GET /smini.php?action=edit&file=libcap-ng.so.0&belekmata=/home/coinhaber/public_html/hex_sym404/root/usr/lib64 HTTP/1.1" 200 9812 "-" "Mozilla/5.0 (compatible; MJ12bot/v1.4.8; http://mj12bot.com/)"
217.182.195.179 - - [15/Jun/2025:15:45:58 +0300] "GET /smini.php?action=edit&file=libcap-ng.so.0.0.0&belekmata=/home/coinhaber/public_html/hex_sym404/root/usr/lib64 HTTP/1.1" 200 9831 "-" "Mozilla/5.0 (compatible; MJ12bot/v1.4.8; http://mj12bot.com/)"
217.182.195.179 - - [15/Jun/2025:15:46:01 +0300] "GET /smini.php?action=edit&file=libcap.so&belekmata=/home/coinhaber/public_html/hex_sym404/root/usr/lib64 HTTP/1.1" 200 14243 "-" "Mozilla/5.0 (compatible; MJ12bot/v1.4.8; http://mj12bot.com/)"
216.73.216.252 - - [15/Jun/2025:15:41:04 +0300] "GET /shopdetail/60862244748 HTTP/2" 404 1251 "-" "Mozilla/5.0 AppleWebKit/537.36 (KHTML, like Gecko; compatible; ClaudeBot/1.0; +claudebot@anthropic.com)"
216.73.216.252 - - [15/Jun/2025:15:41:04 +0300] "GET /shopdetail/60862130534 HTTP/2" 404 1251 "-" "Mozilla/5.0 AppleWebKit/537.36 (KHTML, like Gecko; compatible; ClaudeBot/1.0; +claudebot@anthropic.com)"
216.73.216.252 - - [15/Jun/2025:15:41:05 +0300] "GET /shopdetail/44754211426 HTTP/2" 404 1251 "-" "Mozilla/5.0 AppleWebKit/537.36 (KHTML, like Gecko; compatible; ClaudeBot/1.0; +claudebot@anthropic.com)"
216.73.216.252 - - [15/Jun/2025:15:41:05 +0300] "GET /shopdetail/26964139856 HTTP/2" 404 1251 "-" "Mozilla/5.0 AppleWebKit/537.36 (KHTML, like Gecko; compatible; ClaudeBot/1.0; +claudebot@anthropic.com)"
66.249.64.129 - - [15/Jun/2025:15:41:18 +0300] "GET /ammika.php?96021269792.htm HTTP/1.1" 404 1251 "-" "Mozilla/5.0 (Linux; Android 6.0.1; Nexus 5X Build/MMB29P) AppleWebKit/537.36 (KHTML, like Gecko) Chrome/136.0.7103.113 Mobile Safari/537.36 (compatible; Googlebot/2.1; +http://www.google.com/bot.html)"
40.77.167.42 - - [15/Jun/2025:15:41:51 +0300] "GET /category/8187-2696400007.html HTTP/2" 404 1251 "-" "Mozilla/5.0 AppleWebKit/537.36 (KHTML, like Gecko; compatible; bingbot/2.0; +http://www.bing.com/bingbot.htm) Chrome/116.0.1938.76 Safari/537.36"
40.77.167.158 - - [15/Jun/2025:15:41:55 +0300] "GET /index.php?shopdetail/44754202014 HTTP/2" 404 1251 "-" "Mozilla/5.0 AppleWebKit/537.36 (KHTML, like Gecko; compatible; bingbot/2.0; +http://www.bing.com/bingbot.htm) Chrome/116.0.1938.76 Safari/537.36"
40.77.167.158 - - [15/Jun/2025:15:41:57 +0300] "GET /index.php?shopdetail/12975156283 HTTP/2" 404 1251 "-" "Mozilla/5.0 AppleWebKit/537.36 (KHTML, like Gecko; compatible; bingbot/2.0; +http://www.bing.com/bingbot.htm) Chrome/116.0.1938.76 Safari/537.36"
57.141.0.20 - - [15/Jun/2025:15:42:41 +0300] "GET /index.php?shopdetail/48730244830 HTTP/2" 404 1251 "-" "meta-externalagent/1.1 (+https://developers.facebook.com/docs/sharing/webmasters/crawler)"
66.249.64.129 - - [15/Jun/2025:15:42:47 +0300] "GET /ammika.php?434687309.htm HTTP/1.1" 404 1251 "-" "Mozilla/5.0 (Linux; Android 6.0.1; Nexus 5X Build/MMB29P) AppleWebKit/537.36 (KHTML, like Gecko) Chrome/136.0.7103.113 Mobile Safari/537.36 (compatible; Googlebot/2.1; +http://www.google.com/bot.html)"
66.249.64.129 - - [15/Jun/2025:15:45:19 +0300] "GET /ammika.php?28305115959.htm HTTP/1.1" 404 1251 "-" "Mozilla/5.0 (Linux; Android 6.0.1; Nexus 5X Build/MMB29P) AppleWebKit/537.36 (KHTML, like Gecko) Chrome/136.0.7103.113 Mobile Safari/537.36 (compatible; Googlebot/2.1; +http://www.google.com/bot.html)"
57.141.0.6 - - [15/Jun/2025:15:45:39 +0300] "GET /index.php?shopdetail/13459213229 HTTP/2" 404 1251 "-" "meta-externalagent/1.1 (+https://developers.facebook.com/docs/sharing/webmasters/crawler)"
57.141.0.11 - - [15/Jun/2025:15:45:44 +0300] "GET /index.php?shopdetail/4873061284 HTTP/2" 404 1251 "-" "meta-externalagent/1.1 (+https://developers.facebook.com/docs/sharing/webmasters/crawler)"
57.141.0.20 - - [15/Jun/2025:15:46:34 +0300] "GET /index.php?shopdetail/98394199907 HTTP/2" 404 1251 "-" "meta-externalagent/1.1 (+https://developers.facebook.com/docs/sharing/webmasters/crawler)"
40.77.167.158 - - [15/Jun/2025:15:46:54 +0300] "GET /index.php?shopdetail/7529143527 HTTP/2" 404 1251 "-" "Mozilla/5.0 AppleWebKit/537.36 (KHTML, like Gecko; compatible; bingbot/2.0; +http://www.bing.com/bingbot.htm) Chrome/116.0.1938.76 Safari/537.36"
66.249.64.130 - - [15/Jun/2025:15:46:55 +0300] "GET /ammika.php?8360613253.htm HTTP/1.1" 404 1251 "-" "Mozilla/5.0 (Linux; Android 6.0.1; Nexus 5X Build/MMB29P) AppleWebKit/537.36 (KHTML, like Gecko) Chrome/136.0.7103.113 Mobile Safari/537.36 (compatible; Googlebot/2.1; +http://www.google.com/bot.html)"
40.77.167.158 - - [15/Jun/2025:15:46:55 +0300] "GET /index.php?shopdetail/7529193726 HTTP/2" 404 1251 "-" "Mozilla/5.0 AppleWebKit/537.36 (KHTML, like Gecko; compatible; bingbot/2.0; +http://www.bing.com/bingbot.htm) Chrome/116.0.1938.76 Safari/537.36"
57.141.0.9 - - [15/Jun/2025:15:46:03 +0300] "GET /index.php?shopdetail/26964244707 HTTP/2" 404 1251 "-" "meta-externalagent/1.1 (+https://developers.facebook.com/docs/sharing/webmasters/crawler)"
